-- Dumping data for table `xc_product_stats`
--


--
-- Table structure for table `xc_product_tab_translations`
--

CREATE TABLE `xc_product_tab_translations` (
  `label_id` int(11) NOT NULL AUTO_INCREMENT,
  `id` int(10) unsigned DEFAULT NULL,
  `name` varchar(255) COLLATE utf8mb4_unicode_ci NOT NULL,
  `brief_info` longtext COLLATE utf8mb4_unicode_ci NOT NULL,
  `content` longtext COLLATE utf8mb4_unicode_ci NOT NULL,
  `code` char(2) COLLATE utf8mb4_unicode_ci NOT NULL,
  PRIMARY KEY (`label_id`),
  KEY `IDX_EFB00A05BF396750` (`id`),
  CONSTRAINT `FK_EFB00A05BF396750` FOREIGN KEY (`id`) REFERENCES `xc_product_tabs` (`id`) ON DELETE CASCADE
) ENGINE=InnoDB AUTO_INCREMENT=5 DEFAULT CHARSET=utf8mb4 COLLATE=utf8mb4_unicode_ci;

--
-- Dumping data for table `xc_product_tab_translations`
--

INSERT INTO `xc_product_tab_translations` (`label_id`, `id`, `name`, `brief_info`, `content`, `code`) VALUES (1,190,'Privacy','','<h2 class=\"hero-headline\">Apple’s commitment to your privacy</h2>\n<p>At Apple, your trust means everything to us. That’s why we respect your privacy and protect it with strong encryption, plus strict policies that govern how all data is handled.</p>\n<p>Security and privacy are fundamental to the design of all our hardware, software, and services, including iCloud and new services like Apple Pay. And we continue to make improvements. Two-step verification, which we encourage all our customers to use, in addition to protecting your Apple ID account information, now also protects all of the data you store and keep up to date with iCloud.</p>\n<p>We believe in telling you up front exactly what’s going to happen to your personal information and asking for your permission before you share it with us. And if you change your mind later, we make it easy to stop sharing with us. Every Apple product is designed around those principles. When we do ask to use your data, it’s to provide you with a better user experience.</p>\n<p>We’re publishing this website to explain how we handle your personal information, what we do and don’t collect, and why. We’re going to make sure you get updates here about privacy at Apple at least once a year and whenever there are significant changes to our policies.</p>\n<p>A few years ago, users of Internet services began to realize that when an online service is free, you’re not the customer. You’re the product. But at Apple, we believe a great customer experience shouldn’t come at the expense of your privacy.</p>\n<p>Our business model is very straightforward: We sell great products. We don’t build a profile based on your email content or web browsing habits to sell to advertisers. We don’t “monetize” the information you store on your iPhone or in iCloud. And we don’t read your email or your messages to get information to market to you. Our software and services are designed to make our devices better. Plain and simple.</p>\n<p>One very small part of our business does serve advertisers, and that’s iAd. We built an advertising network because some app developers depend on that business model, and we want to support them as well as a free iTunes Radio service. iAd sticks to the same privacy policy that applies to every other Apple product. It doesn’t get data from Health and HomeKit, Maps, Siri, iMessage, your call history, or any iCloud service like Contacts or Mail, and you can always just opt out altogether.</p>\n<p>Finally, I want to be absolutely clear that we have never worked with any government agency from any country to create a backdoor in any of our products or services. We have also never allowed access to our servers. And we never will.</p>\n<p>Our commitment to protecting your privacy comes from a deep respect for our customers. We know that your trust doesn’t come easy. That’s why we have and always will work as hard as we can to earn and keep it.</p>\n<p><strong>Tim Cook</strong><br /><span class=\"attribution-title\">CEO, Apple Inc.</span></p>','en'),(2,190,'Конфиденциальность','','<h2 class=\"hero-headline\">Политика конфиденциальности Apple</h2>\n<p>Компания Apple очень дорожит вашим доверием. И мы уважаем ваше право на защиту личных данных. Чтобы обеспечить конфиденциальность, мы используем надёжное шифрование и выполняем строгие правила, которые применяются при обработке любой информации.</p>\n<p>Безопасность и конфиденциальность лежат в основе всех наших устройств, приложений и служб, включая iCloud и новые сервисы, такие как Apple Pay. И мы продолжаем совершенствовать средства защиты. Так, все данные, которые хранятся в iCloud или синхронизируются через него, теперь защищаются при помощи проверки подлинности в два этапа. Мы всем рекомендуем пользоваться ей и обязательно хранить в тайне Apple ID и пароль.</p>\n<p>Мы считаем своей обязанностью заранее предупреждать вас о том, что может случиться с вашей личной информацией, и получать согласие на предоставление этих данных. А если вы передумаете, то в любой момент сможете отключить передачу личных данных. По этому принципу работает каждый продукт Apple. Если мы запрашиваем ваши данные, то только для того, чтобы вам было проще и удобнее пользоваться нашей продукцией.</p>\n<p>Мы создали этот веб-сайт, чтобы объяснить вам, как и почему мы используем личную информацию, какие сведения мы собираем, а какие нет. Мы обязательно будем обновлять текст Политики конфиденциальности на этом сайте как минимум раз в год, а также при внесении любых существенных изменений.</p>\n<p>Несколько лет назад пользователи некоторых интернет-сервисов стали замечать, что из клиентов они превращаются в товар. Мы в Apple убеждены, что высокое качество обслуживания не должно достигаться в ущерб конфиденциальности.</p>\n<p>Модель нашего бизнеса крайне проста: мы продаём отличные продукты. Мы не создаём досье на основе переписки, истории просмотра веб-сайтов и других действий, и мы никогда не выставим на продажу данные своих пользователей. Мы не пытаемся заработать на информации, которую вы храните на iPad и в iCloud. И мы не читаем вашу почту и сообщения, чтобы показывать вам рекламу. Наше программное обеспечение и услуги созданы для вашего удобства. И ни для чего другого.</p>\n<p>Единственное, что мы делаем для рекламодателей — это iAd. Мы создали рекламную сеть, потому что некоторые разработчики зависят от такой модели ведения бизнеса, и нам хотелось бы их поддержать. То же самое можно сказать про бесплатную службу iTunes Radio. iAd подчиняется той же политике безопасности, что и все остальные решения Apple. Она не получает информацию от приложений Здоровье, HomeKit, Карты, Siri и iMessage, не имеет доступа к истории звонков, не подключается к таким службам iCloud, как Контакты или Mail, и так далее. И вы можете полностью от неё отказаться в любой момент.</p>\n<p>Наконец, я хотел бы прямо заявить, что мы никогда не сотрудничали с государственными органами каких бы то ни было стран на предмет создания «лазеек» в наших продуктах и службах. Мы никогда не давали доступа к нашим серверам. И обязуемся не делать этого в будущем.</p>\n<p>Мы защищаем вашу личную информацию, потому что уважаем вас. Мы знаем, как непросто заслужить доверие. И именно поэтому мы всегда будем делать всё возможное, чтобы не утратить его.</p>\n<p><strong>Тим Кук</strong><br /><span class=\"attribution-title\">Генеральный директор Apple Inc.</span></p>','ru'),(3,191,'Конфиденциальность','','<h2 class=\"hero-headline\">Политика конфиденциальности Apple</h2>\n<p>Компания Apple очень дорожит вашим доверием. И мы уважаем ваше право на защиту личных данных. Чтобы обеспечить конфиденциальность, мы используем надёжное шифрование и выполняем строгие правила, которые применяются при обработке любой информации.</p>\n<p>Безопасность и конфиденциальность лежат в основе всех наших устройств, приложений и служб, включая iCloud и новые сервисы, такие как Apple Pay. И мы продолжаем совершенствовать средства защиты. Так, все данные, которые хранятся в iCloud или синхронизируются через него, теперь защищаются при помощи проверки подлинности в два этапа. Мы всем рекомендуем пользоваться ей и обязательно хранить в тайне Apple ID и пароль.</p>\n<p>Мы считаем своей обязанностью заранее предупреждать вас о том, что может случиться с вашей личной информацией, и получать согласие на предоставление этих данных. А если вы передумаете, то в любой момент сможете отключить передачу личных данных. По этому принципу работает каждый продукт Apple. Если мы запрашиваем ваши данные, то только для того, чтобы вам было проще и удобнее пользоваться нашей продукцией.</p>\n<p>Мы создали этот веб-сайт, чтобы объяснить вам, как и почему мы используем личную информацию, какие сведения мы собираем, а какие нет. Мы обязательно будем обновлять текст Политики конфиденциальности на этом сайте как минимум раз в год, а также при внесении любых существенных изменений.</p>\n<p>Несколько лет назад пользователи некоторых интернет-сервисов стали замечать, что из клиентов они превращаются в товар. Мы в Apple убеждены, что высокое качество обслуживания не должно достигаться в ущерб конфиденциальности.</p>\n<p>Модель нашего бизнеса крайне проста: мы продаём отличные продукты. Мы не создаём досье на основе переписки, истории просмотра веб-сайтов и других действий, и мы никогда не выставим на продажу данные своих пользователей. Мы не пытаемся заработать на информации, которую вы храните на iPad и в iCloud. И мы не читаем вашу почту и сообщения, чтобы показывать вам рекламу. Наше программное обеспечение и услуги созданы для вашего удобства. И ни для чего другого.</p>\n<p>Единственное, что мы делаем для рекламодателей — это iAd. Мы создали рекламную сеть, потому что некоторые разработчики зависят от такой модели ведения бизнеса, и нам хотелось бы их поддержать. То же самое можно сказать про бесплатную службу iTunes Radio. iAd подчиняется той же политике безопасности, что и все остальные решения Apple. Она не получает информацию от приложений Здоровье, HomeKit, Карты, Siri и iMessage, не имеет доступа к истории звонков, не подключается к таким службам iCloud, как Контакты или Mail, и так далее. И вы можете полностью от неё отказаться в любой момент.</p>\n<p>Наконец, я хотел бы прямо заявить, что мы никогда не сотрудничали с государственными органами каких бы то ни было стран на предмет создания «лазеек» в наших продуктах и службах. Мы никогда не давали доступа к нашим серверам. И обязуемся не делать этого в будущем.</p>\n<p>Мы защищаем вашу личную информацию, потому что уважаем вас. Мы знаем, как непросто заслужить доверие. И именно поэтому мы всегда будем делать всё возможное, чтобы не утратить его.</p>\n<p><strong>Тим Кук</strong><br /><span class=\"attribution-title\">Генеральный директор Apple Inc.</span></p>','ru'),(4,191,'Privacy','','<h2 class=\"hero-headline\">Apple’s commitment to your privacy</h2>\n<p>At Apple, your trust means everything to us. That’s why we respect your privacy and protect it with strong encryption, plus strict policies that govern how all data is handled.</p>\n<p>Security and privacy are fundamental to the design of all our hardware, software, and services, including iCloud and new services like Apple Pay. And we continue to make improvements. Two-step verification, which we encourage all our customers to use, in addition to protecting your Apple ID account information, now also protects all of the data you store and keep up to date with iCloud.</p>\n<p>We believe in telling you up front exactly what’s going to happen to your personal information and asking for your permission before you share it with us. And if you change your mind later, we make it easy to stop sharing with us. Every Apple product is designed around those principles. When we do ask to use your data, it’s to provide you with a better user experience.</p>\n<p>We’re publishing this website to explain how we handle your personal information, what we do and don’t collect, and why. We’re going to make sure you get updates here about privacy at Apple at least once a year and whenever there are significant changes to our policies.</p>\n<p>A few years ago, users of Internet services began to realize that when an online service is free, you’re not the customer. You’re the product. But at Apple, we believe a great customer experience shouldn’t come at the expense of your privacy.</p>\n<p>Our business model is very straightforward: We sell great products. We don’t build a profile based on your email content or web browsing habits to sell to advertisers. We don’t “monetize” the information you store on your iPhone or in iCloud. And we don’t read your email or your messages to get information to market to you. Our software and services are designed to make our devices better. Plain and simple.</p>\n<p>One very small part of our business does serve advertisers, and that’s iAd. We built an advertising network because some app developers depend on that business model, and we want to support them as well as a free iTunes Radio service. iAd sticks to the same privacy policy that applies to every other Apple product. It doesn’t get data from Health and HomeKit, Maps, Siri, iMessage, your call history, or any iCloud service like Contacts or Mail, and you can always just opt out altogether.</p>\n<p>Finally, I want to be absolutely clear that we have never worked with any government agency from any country to create a backdoor in any of our products or services. We have also never allowed access to our servers. And we never will.</p>\n<p>Our commitment to protecting your privacy comes from a deep respect for our customers. We know that your trust doesn’t come easy. That’s why we have and always will work as hard as we can to earn and keep it.</p>\n<p><strong>Tim Cook</strong><br /><span class=\"attribution-title\">CEO, Apple Inc.</span></p>','en');

--
-- Table structure for table `xc_product_tabs`
--

CREATE TABLE `xc_product_tabs` (
  `id` int(10) unsigned NOT NULL AUTO_INCREMENT,
  `product_id` int(10) unsigned DEFAULT NULL,
  `global_tab_id` int(10) unsigned DEFAULT NULL,
  `position` int(11) NOT NULL,
  `enabled` tinyint(1) NOT NULL,
  `link` varchar(255) COLLATE utf8mb4_unicode_ci DEFAULT NULL,
  PRIMARY KEY (`id`),
  UNIQUE KEY `product_global_tab` (`product_id`,`global_tab_id`),
  KEY `IDX_24B6D9D74584665A` (`product_id`),
  KEY `IDX_24B6D9D7629D8673` (`global_tab_id`),
  CONSTRAINT `FK_24B6D9D74584665A` FOREIGN KEY (`product_id`) REFERENCES `xc_products` (`product_id`) ON DELETE CASCADE,
  CONSTRAINT `FK_24B6D9D7629D8673` FOREIGN KEY (`global_tab_id`) REFERENCES `xc_global_product_tabs` (`id`) ON DELETE CASCADE
) ENGINE=InnoDB AUTO_INCREMENT=444 DEFAULT CHARSET=utf8mb4 COLLATE=utf8mb4_unicode_ci;

--
-- Dumping data for table `xc_product_tabs`
--

INSERT INTO `xc_product_tabs` (`id`, `product_id`, `global_tab_id`, `position`, `enabled`, `link`) VALUES (1,1,5,-10,1,NULL),(2,2,5,-10,1,NULL),(3,3,5,-10,1,NULL),(4,4,5,-10,1,NULL),(5,5,5,-10,1,NULL),(6,6,5,-10,1,NULL),(7,7,5,-10,1,NULL),(8,8,5,-10,1,NULL),(9,9,5,-10,1,NULL),(10,10,5,-10,1,NULL),(11,11,5,-10,1,NULL),(12,12,5,-10,1,NULL),(13,13,5,-10,1,NULL),(14,14,5,-10,1,NULL),(15,15,5,-10,1,NULL),(16,16,5,-10,1,NULL),(17,17,5,-10,1,NULL),(18,18,5,-10,1,NULL),(19,19,5,-10,1,NULL),(20,20,5,-10,1,NULL),(21,21,5,-10,1,NULL),(22,22,5,-10,1,NULL),(23,23,5,-10,1,NULL),(24,24,5,-10,1,NULL),(25,25,5,-10,1,NULL),(26,26,5,-10,1,NULL),(27,27,5,-10,1,NULL),(28,28,5,-10,1,NULL),(29,29,5,-10,1,NULL),(30,30,5,-10,1,NULL),(31,31,5,-10,1,NULL),(32,32,5,-10,1,NULL),(33,33,5,-10,1,NULL),(34,34,5,-10,1,NULL),(35,35,5,-10,1,NULL),(36,36,5,-10,1,NULL),(37,37,5,-10,1,NULL),(38,38,5,-10,1,NULL),(39,39,5,-10,1,NULL),(40,40,5,-10,1,NULL),(41,41,5,-10,1,NULL),(42,42,5,-10,1,NULL),(43,43,5,-10,1,NULL),(44,44,5,-10,1,NULL),(45,45,5,-10,1,NULL),(46,46,5,-10,1,NULL),(47,47,5,-10,1,NULL),(48,48,5,-10,1,NULL),(49,49,5,-10,1,NULL),(50,50,5,-10,1,NULL),(64,1,6,-10,1,NULL),(65,2,6,-10,1,NULL),(66,3,6,-10,1,NULL),(67,4,6,-10,1,NULL),(68,5,6,-10,1,NULL),(69,6,6,-10,1,NULL),(70,7,6,-10,1,NULL),(71,8,6,-10,1,NULL),(72,9,6,-10,1,NULL),(73,10,6,-10,1,NULL),(74,11,6,-10,1,NULL),(75,12,6,-10,1,NULL),(76,13,6,-10,1,NULL),(77,14,6,-10,1,NULL),(78,15,6,-10,1,NULL),(79,16,6,-10,1,NULL),(80,17,6,-10,1,NULL),(81,18,6,-10,1,NULL),(82,19,6,-10,1,NULL),(83,20,6,-10,1,NULL),(84,21,6,-10,1,NULL),(85,22,6,-10,1,NULL),(86,23,6,-10,1,NULL),(87,24,6,-10,1,NULL),(88,25,6,-10,1,NULL),(89,26,6,-10,1,NULL),(90,27,6,-10,1,NULL),(91,28,6,-10,1,NULL),(92,29,6,-10,1,NULL),(93,30,6,-10,1,NULL),(94,31,6,-10,1,NULL),(95,32,6,-10,1,NULL),(96,33,6,-10,1,NULL),(97,34,6,-10,1,NULL),(98,35,6,-10,1,NULL),(99,36,6,-10,1,NULL),(100,37,6,-10,1,NULL),(101,38,6,-10,1,NULL),(102,39,6,-10,1,NULL),(103,40,6,-10,1,NULL),(104,41,6,-10,1,NULL),(105,42,6,-10,1,NULL),(106,43,6,-10,1,NULL),(107,44,6,-10,1,NULL),(108,45,6,-10,1,NULL),(109,46,6,-10,1,NULL),(110,47,6,-10,1,NULL),(111,48,6,-10,1,NULL),(112,49,6,-10,1,NULL),(113,50,6,-10,1,NULL),(127,1,7,-10,1,NULL),(128,2,7,-10,1,NULL),(129,3,7,-10,1,NULL),(130,4,7,-10,1,NULL),(131,5,7,-10,1,NULL),(132,6,7,-10,1,NULL),(133,7,7,-10,1,NULL),(134,8,7,-10,1,NULL),(135,9,7,-10,1,NULL),(136,10,7,-10,1,NULL),(137,11,7,-10,1,NULL),(138,12,7,-10,1,NULL),(139,13,7,-10,1,NULL),(140,14,7,-10,1,NULL),(141,15,7,-10,1,NULL),(142,16,7,-10,1,NULL),(143,17,7,-10,1,NULL),(144,18,7,-10,1,NULL),(145,19,7,-10,1,NULL),(146,20,7,-10,1,NULL),(147,21,7,-10,1,NULL),(148,22,7,-10,1,NULL),(149,23,7,-10,1,NULL),(150,24,7,-10,1,NULL),(151,25,7,-10,1,NULL),(152,26,7,-10,1,NULL),(153,27,7,-10,1,NULL),(154,28,7,-10,1,NULL),(155,29,7,-10,1,NULL),(156,30,7,-10,1,NULL),(157,31,7,-10,1,NULL),(158,32,7,-10,1,NULL),(159,33,7,-10,1,NULL),(160,34,7,-10,1,NULL),(161,35,7,-10,1,NULL),(162,36,7,-10,1,NULL),(163,37,7,-10,1,NULL),(164,38,7,-10,1,NULL),(165,39,7,-10,1,NULL),(166,40,7,-10,1,NULL),(167,41,7,-10,1,NULL),(168,42,7,-10,1,NULL),(169,43,7,-10,1,NULL),(170,44,7,-10,1,NULL),(171,45,7,-10,1,NULL),(172,46,7,-10,1,NULL),(173,47,7,-10,1,NULL),(174,48,7,-10,1,NULL),(175,49,7,-10,1,NULL),(176,50,7,-10,1,NULL),(190,29,NULL,0,1,'Privacy'),(191,28,NULL,0,1,'Privacy'),(192,1,1,-80,1,NULL),(193,2,1,-80,1,NULL),(194,3,1,-80,1,NULL),(195,4,1,-80,1,NULL),(196,5,1,-80,1,NULL),(197,6,1,-80,1,NULL),(198,7,1,-80,1,NULL),(199,8,1,-80,1,NULL),(200,9,1,-80,1,NULL),(201,10,1,-80,1,NULL),(202,11,1,-80,1,NULL),(203,12,1,-80,1,NULL),(204,13,1,-80,1,NULL),(205,14,1,-80,1,NULL),(206,15,1,-80,1,NULL),(207,16,1,-80,1,NULL),(208,17,1,-80,1,NULL),(209,18,1,-80,1,NULL),(210,19,1,-80,1,NULL),(211,20,1,-80,1,NULL),(212,21,1,-80,1,NULL),(213,22,1,-80,1,NULL),(214,23,1,-80,1,NULL),(215,24,1,-80,1,NULL),(216,25,1,-80,1,NULL),(217,26,1,-80,1,NULL),(218,27,1,-80,1,NULL),(219,28,1,-80,1,NULL),(220,29,1,-80,1,NULL),(221,30,1,-80,1,NULL),(222,31,1,-80,1,NULL),(223,32,1,-80,1,NULL),(224,33,1,-80,1,NULL),(225,34,1,-80,1,NULL),(226,35,1,-80,1,NULL),(227,36,1,-80,1,NULL),(228,37,1,-80,1,NULL),(229,38,1,-80,1,NULL),(230,39,1,-80,1,NULL),(231,40,1,-80,1,NULL),(232,41,1,-80,1,NULL),(233,42,1,-80,1,NULL),(234,43,1,-80,1,NULL),(235,44,1,-80,1,NULL),(236,45,1,-80,1,NULL),(237,46,1,-80,1,NULL),(238,47,1,-80,1,NULL),(239,48,1,-80,1,NULL),(240,49,1,-80,1,NULL),(241,50,1,-80,1,NULL),(255,1,2,-70,1,NULL),(256,2,2,-70,1,NULL),(257,3,2,-70,1,NULL),(258,4,2,-70,1,NULL),(259,5,2,-70,1,NULL),(260,6,2,-70,1,NULL),(261,7,2,-70,1,NULL),(262,8,2,-70,1,NULL),(263,9,2,-70,1,NULL),(264,10,2,-70,1,NULL),(265,11,2,-70,1,NULL),(266,12,2,-70,1,NULL),(267,13,2,-70,1,NULL),(268,14,2,-70,1,NULL),(269,15,2,-70,1,NULL),(270,16,2,-70,1,NULL),(271,17,2,-70,1,NULL),(272,18,2,-70,1,NULL),(273,19,2,-70,1,NULL),(274,20,2,-70,1,NULL),(275,21,2,-70,1,NULL),(276,22,2,-70,1,NULL),(277,23,2,-70,1,NULL),(278,24,2,-70,1,NULL),(279,25,2,-70,1,NULL),(280,26,2,-70,1,NULL),(281,27,2,-70,1,NULL),(282,28,2,-70,1,NULL),(283,29,2,-70,1,NULL),(284,30,2,-70,1,NULL),(285,31,2,-70,1,NULL),(286,32,2,-70,1,NULL),(287,33,2,-70,1,NULL),(288,34,2,-70,1,NULL),(289,35,2,-70,1,NULL),(290,36,2,-70,1,NULL),(291,37,2,-70,1,NULL),(292,38,2,-70,1,NULL),(293,39,2,-70,1,NULL),(294,40,2,-70,1,NULL),(295,41,2,-70,1,NULL),(296,42,2,-70,1,NULL),(297,43,2,-70,1,NULL),(298,44,2,-70,1,NULL),(299,45,2,-70,1,NULL),(300,46,2,-70,1,NULL),(301,47,2,-70,1,NULL),(302,48,2,-70,1,NULL),(303,49,2,-70,1,NULL),(304,50,2,-70,1,NULL),(318,1,3,-60,1,NULL),(319,2,3,-60,1,NULL),(320,3,3,-60,1,NULL),(321,4,3,-60,1,NULL),(322,5,3,-60,1,NULL),(323,6,3,-60,1,NULL),(324,7,3,-60,1,NULL),(325,8,3,-60,1,NULL),(326,9,3,-60,1,NULL),(327,10,3,-60,1,NULL),(328,11,3,-60,1,NULL),(329,12,3,-60,1,NULL),(330,13,3,-60,1,NULL),(331,14,3,-60,1,NULL),(332,15,3,-60,1,NULL),(333,16,3,-60,1,NULL),(334,17,3,-60,1,NULL),(335,18,3,-60,1,NULL),(336,19,3,-60,1,NULL),(337,20,3,-60,1,NULL),(338,21,3,-60,1,NULL),(339,22,3,-60,1,NULL),(340,23,3,-60,1,NULL),(341,24,3,-60,1,NULL),(342,25,3,-60,1,NULL),(343,26,3,-60,1,NULL),(344,27,3,-60,1,NULL),(345,28,3,-60,1,NULL),(346,29,3,-60,1,NULL),(347,30,3,-60,1,NULL),(348,31,3,-60,1,NULL),(349,32,3,-60,1,NULL),(350,33,3,-60,1,NULL),(351,34,3,-60,1,NULL),(352,35,3,-60,1,NULL),(353,36,3,-60,1,NULL),(354,37,3,-60,1,NULL),(355,38,3,-60,1,NULL),(356,39,3,-60,1,NULL),(357,40,3,-60,1,NULL),(358,41,3,-60,1,NULL),(359,42,3,-60,1,NULL),(360,43,3,-60,1,NULL),(361,44,3,-60,1,NULL),(362,45,3,-60,1,NULL),(363,46,3,-60,1,NULL),(364,47,3,-60,1,NULL),(365,48,3,-60,1,NULL),(366,49,3,-60,1,NULL),(367,50,3,-60,1,NULL),(381,1,4,-30,1,NULL),(382,2,4,-30,1,NULL),(383,3,4,-30,1,NULL),(384,4,4,-30,1,NULL),(385,5,4,-30,1,NULL),(386,6,4,-30,1,NULL),(387,7,4,-30,1,NULL),(388,8,4,-30,1,NULL),(389,9,4,-30,1,NULL),(390,10,4,-30,1,NULL),(391,11,4,-30,1,NULL),(392,12,4,-30,1,NULL),(393,13,4,-30,1,NULL),(394,14,4,-30,1,NULL),(395,15,4,-30,1,NULL),(396,16,4,-30,1,NULL),(397,17,4,-30,1,NULL),(398,18,4,-30,1,NULL),(399,19,4,-30,1,NULL),(400,20,4,-30,1,NULL),(401,21,4,-30,1,NULL),(402,22,4,-30,1,NULL),(403,23,4,-30,1,NULL),(404,24,4,-30,1,NULL),(405,25,4,-30,1,NULL),(406,26,4,-30,1,NULL),(407,27,4,-30,1,NULL),(408,28,4,-30,1,NULL),(409,29,4,-30,1,NULL),(410,30,4,-30,1,NULL),(411,31,4,-30,1,NULL),(412,32,4,-30,1,NULL),(413,33,4,-30,1,NULL),(414,34,4,-30,1,NULL),(415,35,4,-30,1,NULL),(416,36,4,-30,1,NULL),(417,37,4,-30,1,NULL),(418,38,4,-30,1,NULL),(419,39,4,-30,1,NULL),(420,40,4,-30,1,NULL),(421,41,4,-30,1,NULL),(422,42,4,-30,1,NULL),(423,43,4,-30,1,NULL),(424,44,4,-30,1,NULL),(425,45,4,-30,1,NULL),(426,46,4,-30,1,NULL),(427,47,4,-30,1,NULL),(428,48,4,-30,1,NULL),(429,49,4,-30,1,NULL),(430,50,4,-30,1,NULL);

--
-- Table structure for table `xc_product_translations`
--

CREATE TABLE `xc_product_translations` (
  `label_id` int(11) NOT NULL AUTO_INCREMENT,
  `id` int(10) unsigned DEFAULT NULL,
  `ogMeta` longtext COLLATE utf8mb4_unicode_ci,
  `name` varchar(255) COLLATE utf8mb4_unicode_ci NOT NULL,
  `description` longtext COLLATE utf8mb4_unicode_ci NOT NULL,
  `briefDescription` longtext COLLATE utf8mb4_unicode_ci NOT NULL,
  `metaTags` varchar(255) COLLATE utf8mb4_unicode_ci NOT NULL,
  `metaDesc` longtext COLLATE utf8mb4_unicode_ci NOT NULL,
  `metaTitle` varchar(255) COLLATE utf8mb4_unicode_ci NOT NULL,
  `code` char(2) COLLATE utf8mb4_unicode_ci NOT NULL,
  PRIMARY KEY (`label_id`),
  KEY `ci` (`code`,`id`),
  KEY `id` (`id`),
  KEY `name` (`name`),
  CONSTRAINT `FK_B83B5B90BF396750` FOREIGN KEY (`id`) REFERENCES `xc_products` (`product_id`) ON DELETE CASCADE
) ENGINE=InnoDB AUTO_INCREMENT=51 DEFAULT CHARSET=utf8mb4 COLLATE=utf8mb4_unicode_ci;

--
-- Dumping data for table `xc_product_translations`
--

INSERT INTO `xc_product_translations` (`label_id`, `id`, `ogMeta`, `name`, `description`, `briefDescription`, `metaTags`, `metaDesc`, `metaTitle`, `code`) VALUES (1,1,'','Timberland 45th Anniversary','','','','','','en'),(2,2,'','High Top Trainers in Red, Black and White [Tags]','<p><strong>Features:</strong></p><ul><li>Regular Fit</li><li>Leather upper with logo</li><li>Mesh lining</li><li>Foam padded tongue and collar</li><li>Ventilation holes</li><li>Abrasion-resistant rubber outsole</li><li>Leather upper, rubber outsole</li></ul>','<p>This sneaker delivers heritage style with premium materials and responsive cushioning. The red, black and white uppers provide a bold and stylish take on the iconic silhouette. Featuring a high top style, a lace-up front fastening, a round toe and a well padded ankle collar and tongue, this shoe is an ideal companion for sports and day to day wear.<br><br><br></p>','','This sneaker delivers heritage style with premium materials and responsive cushioning. The red, black and white uppers provide a bold and stylish take on the iconic silhouette. Featuring a high top style, a lace-up front fastening, a round toe and a well padded ankle collar and tongue, this shoe is an ideal companion for sports and day to day wear.','','en'),(3,3,'','Beige Sneakers','<p>Lightweight and breathable canvas construction. Vulcanized rubber sole for improved traction. An unmistakable logo patch to complete your look. An ortholite insole cushions each step. Versatile, fashionable, and looking better every time you wear them. &nbsp;</p><p><strong>Features:</strong></p><ul><li>Hi top plimsolls&nbsp;</li><li>Lace-up front</li><li>Embroidered logo to side</li><li>Regular Fit</li><li>Outer: Cotton 100%</li><li>Sole: Rubber 100%</li><li>Lining: Cotton 100%</li></ul>','<p>Beige cotton hi-top sneakers featuring a lace-up front fastening, a round toe, a branded ankle patch and a flat rubber sole.</p>','','Beige cotton hi-top sneakers featuring a lace-up front fastening, a round toe, a branded ankle patch and a flat rubber sole.','','en'),(4,4,'','Platform Brogue-Trim Leather Oxfords in White','<p>Take your style up a notch with these super fashionable platform oxfords. Wear with leggings and an oversized shirt or off-the-shoulder blouse for an on-trend look. Comfortable platform with a non-skid, much lighter than you imagine, manmade sole.</p><p><strong>Features:</strong></p><ul><li>Leather oxford with brogue detail</li><li>Espadrille-inspired platform</li><li>1.25 inch heel</li><li>Round Toe</li><li>Adjustable lace-up closure</li><li>Water resistant</li><li>Leather upper</li><li>Antiskid manmade sole</li></ul>','<p>A mixed-media oxford steals the scene with an espadrille-trimmed platform sole and dramatic brogue detailing on the burnished leather upper.</p>','','A mixed-media oxford steals the scene with an espadrille-trimmed platform sole and dramatic brogue detailing on the burnished leather upper.','','en'),(5,5,'','Grey Knitted Trainers','<p>This shoe hits the sweet spot of effortless comfort and universal style. Knitted from a lightweight sports-mesh that hugs the foot for a snug fit, with an easy-entry collar shaped to perfection cushioned with the lightweight EVA midsole and finished with a flexible rubber outsole for excellent grip in any conditions, this shoe has delighted many a runner who just want a shoe that feels indulgent on their foot.&nbsp;</p><p><strong>Features:</strong></p><ul><li>Regular Fit</li><li>Knit textile upper</li><li>EVA midsole</li><li>Flexible rubber outsole</li></ul>','<p>Designed with your comfort in mind, a pair of knitted trainers is a go to for any day! &nbsp;</p>','','Designed with your comfort in mind, a pair of knitted trainers is a go to for any day! &nbsp;','','en'),(6,6,'','Lace-Up Boots in Light Brown','<p>Waterproof, rugged, built for comfort and traction, these boots can go all day and will only look better with age.&nbsp;</p><p><strong>Features:</strong></p><ul><li>Premium leather upper</li><li>Seam-sealed waterproof construction</li><li>400 gram synthetic insulation</li><li>Padded collar</li><li>Leather lining</li><li>Flexible forefoot construction</li><li>Anti-fatigue midsole and footbed</li><li>Rubber lug outsole</li></ul>','<p>Insulated waterproof boots for your next adventure.</p>','','Insulated waterproof boots for your next adventure.','','en'),(7,7,'','Boyfriend T-Shirt with Chest Logo','<p>A wardrobe must-have, this crewneck tee features a comfortable cotton blend and a straight hem for easy, everyday wear. Think baggy and casual. Wear it again and again.</p>','','','A wardrobe must-have, this crewneck tee features a comfortable cotton blend and a straight hem for easy, everyday wear. Think baggy and casual. Wear it again and again.','','en'),(8,8,'','Pink Sneakers with White Soles','<p>Low-top silhouette with a durable canvas upper. &nbsp;Lace-up front with flat cotton laces. Round toe. Lightly padded tongue and collar. Vulcanized sole with high-wall foxings. Premium cushioned flexible sole. &nbsp;</p><p><strong>Features:</strong></p><ul><li>Regular Fit</li><li>Lace-up construction</li><li>Textile upper</li><li>Flexible rubber outsole</li></ul>','<p>Timeless low top sneakers in pink. &nbsp;</p>','','Timeless low top sneakers in pink. &nbsp;','','en'),(9,9,'','White Lace-Up Mesh Trainers','<p>This pair is perfect for a variety of workouts in and out of the gym. School, play, travel, jogging, running - you name it! A great gift for a sporty girl.</p><p><strong>Features:</strong></p><ul><li>Lightweight</li><li>Mesh textile upper</li><li>Flexible shock absorbing EVA midsole</li><li>Rugged and durable outsole for long lasting traction</li></ul>','<p>Breathable soft knit mesh sneakers for sports and more.</p>','','Breathable soft knit mesh sneakers for sports and more.','','en'),(10,10,'','Caged Cutout Sandals in Gold','<p>These sandals feature an exquisite cut-out design on the upper and high heels to showcase your unique sense of style. This time made with a gold finish to give this piece a sleek and refined look. &nbsp;</p><p><strong>Features:</strong></p><ul><li>Vegan-friendly leather with geometric cutout design</li><li>Adjustable buckle closure at ankle</li><li>Open toe</li><li>Stiletto heel</li><li>Heel height: 3 <sup>1</sup>&frasl;<sub>2</sub> in</li></ul>','<p>More feminine, more refined, more fun!</p>','','More feminine, more refined, more fun!','','en'),(11,11,'','Green Flat Slingback Sandals','<p>Quality made with premium elastic fabric, these strappy open toe sandals are a HOT TREND! Designed for all day comfort, they keep you moving while looking effortlessly stylish.&nbsp;</p><p><strong>Features:</strong></p><ul><li>Open toe sandal</li><li>Medium Width</li><li>Lightweight&nbsp;</li><li>Textile and synthetic leather upper</li><li>Soft rubber sole</li></ul>','<p>With the rubber sole and wide elastic straps hugging your foot, these open toe sandals are made for walking.</p>','','With the rubber sole and wide elastic straps hugging your foot, these open toe sandals are made for walking.','','en'),(12,12,'','Waist Tie Dress in Blue and White Stripe','<p>Crafted in a lightweight blend of linen and cotton and finished with muted stripes, this dress is an everyday piece that is perfect for long, sunny days.</p>','','','Crafted in a lightweight blend of linen and cotton and finished with muted stripes, this dress is an everyday piece that is perfect for long, sunny days.','','en'),(13,13,'','Ultimate T-Shirt with Crew Neck in Red','<p><br></p><ul><li>Crew neck</li><li>Short sleeves</li><li>Regular fit</li><li>100% Cotton</li></ul>','<p>Another stylish addition your wardrobe. This crew-neck tee was designed specifically for a fashionable, comfortable, feminine look.</p>','','Another stylish addition your wardrobe. This crew-neck tee was designed specifically for a fashionable, comfortable, feminine look.','','en'),(14,14,'','Multicolored Dress with Balloon Sleeves [Options & Attributes]','<ul><li>Round neck</li><li>Dropped shoulders</li><li>Balloon sleeves</li><li>Don&#39;t worry, you won&rsquo;t float away</li><li>Fitted cuffs&nbsp;</li><li>Relaxed fit</li><li>Loose but not oversized</li><li>100% Polyester</li></ul>','<p>Cute, right? Bright floral print in relaxed fit. Throw on a black leather jacket and wrap a belt around the waist &nbsp;and you&#39;re ready for a night out.</p>','','Cute, right? Bright floral print in relaxed fit. Throw on a black leather jacket and wrap a belt around the waist &nbsp;and you&#39;re ready for a night out.','','en'),(15,15,'','Tall Pleated Midi Skirt in Check','<ul><li>High rise</li><li>Just like your standards</li><li>Pleated design</li><li>Regular cut</li><li>Fits you just right</li><li>Lightweight knit. The kind that doesn&#39;t stretch</li><li>100% Polyester</li></ul>','<p>Suitable for spring, summer and autumn. You can&#39;t miss such a charming skirt in your wardrobe.<br>Besides, you can dress it up with heels, or dress it down with sandals and t-shirt for a more casual look.</p><p><br></p><p><br></p>','','Suitable for spring, summer and autumn. You can&#39;t miss such a charming skirt in your wardrobe. Besides, you can dress it up with heels, or dress it down with sandals and t-shirt for a more casual look.','','en'),(16,16,'','Sleeved Mini Dress in Color Block','<ul><li>Color-block design</li><li>55% Polyester, 45% Cotton</li><li>Round neck</li><li>Shift design</li><li>Regular cut</li><li>Fits you just right</li></ul>','<p>An easy way to wear more color - 3-in-1 mini dress in modern color block design. Sleeves are non-detachable and can be completely unzipped to show that extra skin.&nbsp;</p>','','An easy way to wear more color - 3-in-1 mini dress in modern color block design. Sleeves are non-detachable and can be completely unzipped to show that extra skin.&nbsp;','','en'),(17,17,'','Tall Slim Fit T-Shirt in White','<ul><li>Throw on and go</li><li>Crew neck</li><li>Short sleeves</li><li>Plain design</li><li>Slim fit</li><li>100% Cotton.</li></ul>','<p>This classic tee features all-cotton construction and a tag-free crew neckline for comfort. Affordable, high-quality, and long-lasting everyday clothing you can rely on.</p>','','This classic tee features all-cotton construction and a tag-free crew neckline for comfort. Affordable, high-quality, and long-lasting everyday clothing you can rely on.','','en'),(18,18,'','Skinny Western Denim Jacket in Light Blue Wash','<p>The original jean jacket since 1962, this denim trucker jacket is fit for anything. This classic trucker features a standard regular fit with a hem that hits below the waist and welt hand pockets.</p>','','','The original jean jacket since 1962, this denim trucker jacket is fit for anything. This classic trucker features a standard regular fit with a hem that hits below the waist and welt hand pockets.','','en'),(19,19,'','Oversized Hoodie in Grey','<p>An oversized hoodie in grey for your chill days. &nbsp;More style for your money, with drawstring hood, fitted trims and dropped shoulders. Part of the Eco Edit. </p>','','','An oversized hoodie in grey for your chill days. &nbsp;More style for your money, with drawstring hood, fitted trims and dropped shoulders. Part of the Eco Edit.','','en'),(20,20,'','Hooded Anorak Jacket in Black','<p>This wind- and water-resistant jacket is a versatile, all-season piece with an impeccable fit built to keep you protected in milder weather and layer under shells and jackets for bonus warmth in more severe conditions.</p>','','','This wind- and water-resistant jacket is a versatile, all-season piece with an impeccable fit built to keep you protected in milder weather and layer under shells and jackets for bonus warmth in more severe conditions.','','en'),(21,21,'','Leather Mini Tote Bag with Rose and Girl Print in Red','<p><br></p><ul><li>Grab handle</li><li>Detachable straps</li><li>Flap-top closure</li><li>Avoid contact with liquids</li></ul>','','','Grab handle Detachable straps Flap-top closure Avoid contact with liquids','','en'),(22,22,'','Mesh Strap Watch in Gold','<ul><li>Stainless-steel mesh strap</li><li>Gold-tone case</li><li>Three hand movement</li><li>Dash indices</li><li>Single crown to side</li><li>Presented in a branded gift-box</li></ul>','<p>Elegant, flawlessly feminine and easy to read with a large polished goldtone dial. Let your wrist do the talking.</p>','','Elegant, flawlessly feminine and easy to read with a large polished goldtone dial. Let your wrist do the talking.','','en'),(23,23,'','Square Glasses in Black with Clear Lens','<p>Frame: 100% Plastic, Lens: 100% Plastic.</p>','<p>Whether you are looking for reading glasses for the office or home. These reading glasses will provide you with the best service and the premium protection you are looking for.</p><p>Square frames. Moulded nose pads for added comfort. Clear lenses. Tapered arms with curved temple tips for a secure fit.&nbsp;</p><p>Cloth sunglasses pouch can be used as a lens wipe.</p><p><br></p>','','Whether you are looking for reading glasses for the office or home. These reading glasses will provide you with the best service and the premium protection you are looking for. Square frames. Moulded nose pads for added comfort. Clear lenses. Tapered arms with curved temple tips for a secure fit.&nbsp; Cloth sunglasses pouch can be used as a lens wipe.','','en'),(24,24,'','Chain Drop Earrings in Gold Tone','<p><br></p><ul><li>Drop design</li><li>Tiered hoops</li><li>Connecting chains</li><li>All earrings are non-returnable</li></ul>','<p>For all-day-everyday use. Just give them a wipe to clean.</p>','','For all-day-everyday use. Just give them a wipe to clean.','','en'),(25,25,'','Rooster Mug in White [Related products]','<p>For your AM coffee and PM tea break. Regular size. Silver-tone trims.</p>','','','For your AM coffee and PM tea break. Regular size. Silver-tone trims.','','en'),(26,26,'','Festival Braslet Pack in Gold Tone','<p>We know you like options. With the combination of woven design and polished shiny surface, this bracelet is just the thing to make any woman feel special. An elegant and generous visual enjoyment for you and the ones you love.</p>','','','We know you like options. With the combination of woven design and polished shiny surface, this bracelet is just the thing to make any woman feel special. An elegant and generous visual enjoyment for you and the ones you love.','','en'),(27,27,'','Samsung - Galaxy S6 Edge Plus 4g LTE with 32gb Memory Cell Phone','<ul><li>Wireless Compatibility - Wireless A|Wireless G|Wireless N|Wireless AC|Wireless B</li><li>Screen Size - 5.7 inches</li><li>Android 5.1.1 Lollipop</li><li>Internal Memory - 32 gigabytes</li></ul>','','','Wireless Compatibility - Wireless A|Wireless G|Wireless N|Wireless AC|Wireless B Screen Size - 5.7 inches Android 5.1.1 Lollipop Internal Memory - 32 gigabytes','','en'),(28,28,'','Apple iPhone 8 Plus, 64GB','<div data-cel-widget=\"productDescription_feature_div\" data-feature-name=\"productDescription\"><div data-cel-widget=\"productDescription_feature_div\" data-feature-name=\"productDescription\" data-template-name=\"productDescription\"><br></div></div><ul><li>5.5-inch (diagonal) widescreen LCD Multi-Touch display with IPS technology - 1920-by-1080-pixel resolution at 401 ppiA11 Bionic chip with 64-bit architecture, Neural engine, Embedded M11 motion coprocessor</li><li>12MP wide-angle and telephoto camera, 7MP FaceTime HD Camera</li><li>Splash, water, and dust resistant</li></ul>','<p>Designed with most durable glass and a stronger aerospace-grade aluminum band. Charges wirelessly. Resists water and dust. 5.5-inch Retina HD display with True Tone. 12MP dual cameras offer improved Portrait mode and new Portrait Lighting. Powered by A11 Bionic, a most powerful smartphone chip.</p>','','Designed with most durable glass and a stronger aerospace-grade aluminum band. Charges wirelessly. Resists water and dust. 5.5-inch Retina HD display with True Tone. 12MP dual cameras offer improved Portrait mode and new Portrait Lighting. Powered by A11 Bionic, a most powerful smartphone chip.','','en'),(29,29,'','Apple iPhone X [Options & Attributes] [Custom tabs]','<ul><li>An all-new 5.8-inch Super Retina screen with all-screen OLED Multi-Touch display</li><li>12MP wide-angle and telephoto cameras with Dual optical image stabilization</li><li>Wireless Qi charging</li></ul>','<div data-cel-widget=\"productDescription_feature_div\" data-feature-name=\"productDescription\"><div data-cel-widget=\"productDescription_feature_div\" data-feature-name=\"productDescription\" data-template-name=\"productDescription\"><p>iPhone that is entirely screen. One so immersive the device itself disappears into the experience. And so intelligent it can respond to a tap, your voice, and even a glance. With iPhone X, that vision is now a reality. Say hello to the future.</p></div></div><div data-cel-widget=\"renewedProgramDescriptionBtf_feature_div\" data-feature-name=\"renewedProgramDescriptionBtf\"><br></div>','','iPhone that is entirely screen. One so immersive the device itself disappears into the experience. And so intelligent it can respond to a tap, your voice, and even a glance. With iPhone X, that vision is now a reality. Say hello to the future.','','en'),(30,30,'','Apple Watch Series 3 (GPS, 38mm)','<table><tbody><tr><td style=\"width: 12.5352%;\"><p>Connectivity</p></td><td style=\"width: 87.3944%;\"><p>Wi-Fi (802.11b/g/n 2.4GHz), Bluetooth 4.2</p></td></tr><tr><td style=\"width: 12.5352%;\"><p>Power</p></td><td style=\"width: 87.3944%;\"><p>Up to 18 hours of battery life</p></td></tr><tr><td style=\"width: 12.5352%;\"><p>Width</p></td><td style=\"width: 87.3944%;\"><p>33.3mm</p></td></tr><tr><td style=\"width: 12.5352%;\"><p>Depth</p></td><td style=\"width: 87.3944%;\"><p>11.4mm</p></td></tr><tr><td style=\"width: 12.5352%;\"><p>Case Weight</p></td><td style=\"width: 87.3944%;\"><p>36.7g</p></td></tr></tbody></table><table><tbody><tr><td><p>Case Size</p></td><td><p>38mm, 42mm</p></td></tr><tr><td><p>Features</p></td><td><p>GLONASS, Galileo, and QZSS, Barometric altimeter, Optical heart sensor, Accelerometer and gyroscope, Ion-X strengthened glass, Composite back</p></td></tr><tr><td><p>Whats in the box</p></td><td><p>Case, Band (either S/M or M/L length), 1m Magnetic Charging Cable</p></td></tr></tbody></table><p><br></p><p><br></p><p><br></p>','<ul><li>GPS</li><li>Optical heart sensor</li><li>Digital Crown</li><li>S3 with dual-core processor</li><li>Accelerometer and gyroscope</li><li>Swim proof</li><li>watchOS 5</li><li>Aluminum case</li></ul>','','GPS Optical heart sensor Digital Crown S3 with dual-core processor Accelerometer and gyroscope Swim proof watchOS 5 Aluminum case','','en'),(31,31,'','Google Home Mini [Attributes & Options]','<p>A new Google smart speaker in mini format that shrinks down all the intelligence into a cheaper, smaller package.&nbsp;</p><p>A wifi-connected smart speaker that looks like a small fabric-covered pin cushion. It comes in a grey, black or coral with a colour-matched plastic base and rubber foot to keep it from sliding about when you prod it.</p>','','','A new Google smart speaker in mini format that shrinks down all the intelligence into a cheaper, smaller package.&nbsp; A wifi-connected smart speaker that looks like a small fabric-covered pin cushion. It comes in a grey, black or coral with a colour-matched plastic base and rubber foot to keep it from sliding about when you prod it.','','en'),(32,32,'','Fitness Tracker Smart Watch','<ul><li>Multifunction Smart Watch: The fitness tracker smart watch has data and 12/24H time display, Accurate heart rate, Blood pressure monitor, Sleep monitor, Auto pedometer, brightness adjustment, Weather, Clock alarm, Stopwatch, Sedentary reminder, Remote camera control, Music control, Find phone, Incoming call and SMS reminder, Message reminder etc.</li><li>Heart Rate Monitor &amp; Blood Pressure Fitness Tracker: Enter the watch face and long pressing the control area. Wait a moment about 30 seconds, then you can read the real time heart rate/blood pressure/blood oxygen data in the watch face. You can set the automatic heart rate monitor in the app. The history heart rate, blood pressure and blood oxygen details data are Available in the app.</li><li>IP67 Waterproof and Sleep tracking: The smart fitness tracker meets the international IP67 waterproof and dust proof standard. But we don&rsquo;t recommend to wear the fitness tracker while swimming or taking a shower; Comprehensively analyze data such as sleep duration, sleep depth and wakefulness sleep, guide you to improve sleep quality</li><li>See Calls &amp; Messages on Your Wrist: Receive call, SMS and SNS (Facebook, WhatsApp, LinkedIn, Instagram, and Twitter) notifications on display; Support system iOS 9.0 or above, Android 4.4 or above.(not for PC, iPad or Tablet).</li><li>Special Powerful Functions and Warranty:Weather forecast function, Music Player, Remote Camera Function, Change the Screen Brightness function and more other functions are available. 3-Months Warranty is Provided by Teamyo fitness tracker. Please feel free to contact us if you have any problem about our product, and we will response to you as soon as possible with full enthusiasm.</li></ul><p><strong>Warm Notes:</strong></p><p><strong>1. Compatibility:</strong> This fitness watch can be used with both Android and IOS system,Compatible with Android 4.4 or above, IOS 9 or above.Compatible with with bluetooth 4.0 or above.<br><strong>2. Waterproof Grade:</strong> IP67 Life Waterproof Grade. IP67 Waterproof resistant for sweat, rain, splash proof. Not recommend wear the fitness tracker when swimming or Take a shower.<br><strong>3. Charging cable:</strong> The smart watch is packed in a beautiful box. Please kindly find the charging cable under the box. Charge the fitness watch about 2 hours before firstly use.</p>','<h2><span style=\"font-size: 14px; font-family: Arial, Helvetica, sans-serif; color: rgb(128, 128, 128);background-color: rgb(255, 255, 255);\">A modern waterproof a</span><span style=\"color: rgb(204, 204, 204);\"><span style=\"background-color: rgb(255, 255, 255);\"><a href=\"https://www.amazon.com/Activity-Waterproof-Pressure-Pedometer-V11-gray/dp/B07PNMRBJY/ref=sr_1_5?keywords=smart+watch&qid=1560875842&s=gateway&sr=8-5\"></a></span></span><span style=\"color: rgb(124, 112, 107);\"><span style=\"font-size: 14px; font-family: Arial, Helvetica, sans-serif; background-color: rgb(255, 255, 255);\">ctivity tracker with heart rate monitor and blood pressure, step and calorie counter. Pedometer watch for women and men.&nbsp;</span></span><span style=\"color: rgb(204, 204, 204);\"><span style=\"background-color: rgb(255, 255, 255);\"><a href=\"https://www.amazon.com/Activity-Waterproof-Pressure-Pedometer-V11-gray/dp/B07PNMRBJY/ref=sr_1_5?keywords=smart+watch&qid=1560875842&s=gateway&sr=8-5\"></a></span></span></h2>','','A modern waterproof a ctivity tracker with heart rate monitor and blood pressure, step and calorie counter. Pedometer watch for women and men.&nbsp;','','en'),(33,33,'','Bluetooth Smartwatch with Touch Screen and Fitness Tracker','<p>The perfect companion to keep you organized and productive all day long. Receive one-way notifications for emails, SMS messages, and incoming phone calls (prompting you to take action on your smartphone), as well as alerts for Facebook, Twitter, WhatsApp, LinkedIn, Snap and other mobile apps.</p><p>It counts your steps, measures distance walked and estimate calories burned via a 3-axis accelerometer.<br>Monitor sleep quality and record sleep status data.</p><p>Rain and sweat water-resistant, can&#39;t be used for Hot Water washing and long time soak in water.</p><p>This wearable has an estimated 24-hour battery life. (Note: Battery life varies based on usage.)</p>','','','The perfect companion to keep you organized and productive all day long. Receive one-way notifications for emails, SMS messages, and incoming phone calls (prompting you to take action on your smartphone), as well as alerts for Facebook, Twitter, WhatsApp, LinkedIn, Snap and other mobile apps. It counts your steps, measures distance walked and estimate calories burned via a 3-axis accelerometer. Monitor sleep quality and record sleep status data. Rain and sweat water-resistant, can&#39;t be used for Hot Wat','','en'),(34,34,'','Aster i39 Headphones with Microphone','<ul><li>Microphone, Foldabe, Stereo, Portable, Lightweight</li><li>Weight - 6.6 ounces</li><li>Dimentions - 8.3 x 7.1 x 3.5 in</li></ul>','<p>Aster i39 on ear headphones are designed for ultimate comfort when you are travel, hang out, or on a business.</p><p>Take your headphones wherever you go. Just fold them up, twist up the cord, and be on your merry way</p>','','Aster i39 on ear headphones are designed for ultimate comfort when you are travel, hang out, or on a business. Take your headphones wherever you go. Just fold them up, twist up the cord, and be on your merry way','','en'),(35,35,'','Apple AirPods','<p>Unlike traditional, circular earbuds, the design of the EarPods is defined by the geometry of the ear which makes them more comfortable for more people than any other earbud-style headphones. &nbsp;The speakers inside the EarPods have been engineered to maximize sound output and minimize sound loss, which means you get high-quality audio.</p><p>Works with all devices that have a Lightning connector and support iOS 10 or later, including iPod touch, iPad, and iPhone.</p>','','','Unlike traditional, circular earbuds, the design of the EarPods is defined by the geometry of the ear which makes them more comfortable for more people than any other earbud-style headphones. &nbsp;The speakers inside the EarPods have been engineered to maximize sound output and minimize sound loss, which means you get high-quality audio. Works with all devices that have a Lightning connector and support iOS 10 or later, including iPod touch, iPad, and iPhone.','','en'),(36,36,'','Cocooil Body Oil','<p>Formulated with certified fair trade cold pressed organic coconut oil, produced sustainably in the Pacific Islands and supporting local communities. a Provides a luxurious feeling, perfect as your daily moisturiser all year long.</p><p>Ingredients: Helianthus Annuus (Sunflower) Seed Oil, Fair Trade Cold Pressed Organic Cocos Nucifera (Coconut) Oil, Vitas Vinifera (Grape) Seed Oil, Tocopherol.</p><p><strong>Features</strong>:</p><ul><li>Non-greasy body oil</li><li>Hydrating, nourishing and soothing &nbsp;<br><br></li></ul><p><br></p>','<p>This body oil will nourish and protect your skin.</p>','','This body oil will nourish and protect your skin.','','en'),(37,37,'','Maui Moisture','<p>With castor oil &amp; neem oil, this formula helps soften treated, natural, or transitioning hair.</p><p>Ingredients: Aloe Barbadensis Leaf Juice, Water (Aqua), Sodium C14-16 Olefin Sulfonate, Cocamidopropyl Betaine, PPG-2 Hydroxyethyl Coco/Isostearamide, Glycol Distearate, Cocos Nucifera (Coconut) Water, Bambusa Arundinacea Stem Extract, Ricinus Communis (Castor) Seed Oil, Melia Azadirachta Seed Oil, Chamomilla Recutita (Matricaria) Flower Extract, Polyquaternium-10, Cocamidopropyl Hydroxysultaine, Sodium Cocoyl Isethionate, PEG-120 Methyl Glucose Dioleate, Guar Hydroxypropyltrimonium Chloride, Methyl Gluceth-10, Tapioca Starch, Sodium Chloride, Propylene Glycol, Diazolidinyl Urea, Iodopropynyl Butylcarbamate, Fragrance (Parfum).&nbsp;</p><p><strong>Features</strong>:</p><ul><li>Fortifying</li><li>Encourages healthy-looking glow</li><li>Uses sulfate-free surfactants</li></ul>','<p>A lush, strengthening shampoo that helps your hair feel rejuvenated &amp; restored.</p>','','A lush, strengthening shampoo that helps your hair feel rejuvenated &amp; restored.','','en'),(38,38,'','Barth Body Oil','<p>Great for normal, sensitive and inflamed skin. Ideal for skin that needs to be calmed down and regenerated.&nbsp;</p><p><strong>Features</strong>:</p><ul><li>Penetrates the skin without leaving a greasy residue</li><li>Pleasant scent of exotic oils</li><li>Organic</li></ul>','<p>With this amazing oil serum your skin will immediately feel very silky and hydrated.&nbsp;</p>','','With this amazing oil serum your skin will immediately feel very silky and hydrated.&nbsp;','','en'),(39,39,'','Facial Spray','<p>Created with aloe, cucumber and green tee, this spray hydrates, cools and refreshes. Mist over the face before moisturising or throughout the day after makeup, for a quick antioxidant boost.&nbsp;</p><p>Ingredients: Aqua (Water, Eau), Propylene Glycol, Mentha Piperita (Peppermint) Leaf Water, Cucumis Sativus (Cucumber) Fruit Water, Aloe Barbadensis Leaf Juice, Camellia Sinensis Leaf Extract, Cucumis Sativus (Cucumber) Fruit Extract, Fucus Vesiculosus Extract, Propanediol, Polysorbate 20, Ethylhexylglycerin, Benzophenone-4, Parfum (Fragrance), Sodium Chloride, Citric Acid, Potassium Sorbate, Sodium Benzoate, CI 19140 (Yellow 5), CI 42090 (Blue 1), Hexyl Cinnamal, Limonene, Linalool.&nbsp;</p><p><strong>Features</strong>:</p><ul><li>Calms and soothes skin</li><li>Antioxidant</li><li>Organic</li></ul>','<p>A refreshing, hydrating mist for all skin types.</p>','','A refreshing, hydrating mist for all skin types.','','en'),(40,40,'','Red Dior','<p>This limited edition stick delivers all the colour and shine of a lacquer, plus the comfort of a balm, with 6h* of wear and an exceptionally fine texture.&nbsp;</p><p><strong>Features</strong>:</p><ul><li>Liquified shine</li><li>Saturated lip color</li><li>Weightless wear</li></ul>','<p>The new generation of lipstick: as easy to apply as it is to wear.</p>','','The new generation of lipstick: as easy to apply as it is to wear.','','en'),(41,41,'','Pink Unicorn Makeup Brushes','<p>Crafted with the highest quality materials, each brush features whisper-soft synthetic bristles bundled with a gold ferrule. The sleek embellished holder keeps the tools organized in style.</p><p><strong>Features</strong>:</p><ul><li><strong>&nbsp;</strong>Includes 3 makeup brushes and a holder</li><li>Made with synthetic hairs; cruelty free.</li></ul>','<p>Add some pink unicorn glam to your beauty routine! An essential collection of face and eye brushes for a perfected complexion and enchanting eye looks. &nbsp; &nbsp;</p>','','Add some pink unicorn glam to your beauty routine! An essential collection of face and eye brushes for a perfected complexion and enchanting eye looks. &nbsp; &nbsp;','','en'),(42,42,'','Perfect Snacks','<p>Made with freshly ground nut butters and organic honey, this snack bar is a delicious blend of creamy and crunchy with a cookie-dough-like texture. Each bar contains up to 17g of whole food protein.</p><p><strong>Features</strong>:</p><ul><li>A convenient source of vitamins and minerals</li><li>Non-GMO</li><li>Soy Free</li><li>Gluten Free</li><li>Organic</li><li>Kosher</li><li>Made in the USA</li></ul><p><br></p>','<p>Nutritious protein for active lifestyles.</p>','','Nutritious protein for active lifestyles.','','en'),(43,43,'','Blue & Green Matcha','<p>Pure organic matcha, blue and green. All natural weight loss, metabolism booster supplement. Delicious and nutricious. Enhances all day energy, mental clarity and focus. The best coffee substitute that does not give you jitters. Can be used in a variety of recipes for baking, lattes, smoothies, shakes, icecream and other foods.</p><p><strong>Features</strong>:</p><ul><li>Powerful antioxidant</li><li>Certified organic</li><li>Vegan</li><li>Non-GMO</li></ul>','<h4><span style=\"font-size: 14px; color: rgb(128, 128, 128);\">Give matcha a try and be amazed.</span></h4><p><br></p><p><br></p>','','Give matcha a try and be amazed.','','en'),(44,44,'','Chia Seed','<p>A rich source of protein, fiber, antioxidants, essential omega-3 fatty acids and minerals (magnesium, calcium, potassium, phosphorous). An ideal addition to vegetarian, vegan, whole food, paleo, ketogenic, and gluten-free diets. Can be consumed and digested whole. Add a healthful gourmet flair to salads, snacks, soups, and baked goods, or soak them for a satisfying pudding or gel.</p><p><strong>Features</strong>:</p><ul><li>Certified organic&nbsp;</li><li>Non-GMO&nbsp;</li><li>BPA-free packaging</li></ul>','<p>Organic superfood.</p>','','Organic superfood.','','en'),(45,45,'','Probiotic and Omega 3, 6, 9 Supplement','<p>Boost your energy, immune system and cognitive function by providing friendly bacteria for the digestive system and the Omega fatty acids for your brain. Each day, either morning or evening, take one capsule with a glass of water. Consistency is key.</p><p><strong>Features</strong>:</p><ul><li>Non-GMO</li><li>Antioxidant</li></ul>','<p>A proprietary probiotic blend to support your brain and gut health.</p>','','A proprietary probiotic blend to support your brain and gut health.','','en'),(46,46,'','Tea Infused Sparkling Water','<p>Sparkling water combined with organic tea and single-source, certified organic extracts. No &quot;natural flavors&quot;. &nbsp;</p><p><strong>Features</strong>:</p><ul><li>Unsweetened</li><li>Certified organic</li><li>Certified non-GMO</li></ul>','<p>Tea and sparkling water: the perfect match!</p>','','Tea and sparkling water: the perfect match!','','en'),(47,47,'','Cinnamon Sticks','<h1><span style=\"font-size: 14px; color: rgb(128, 128, 128);\">Imported 100% raw from Sri Lanka.&nbsp;</span><span style=\"color: rgb(128, 128, 128); font-size: 14px;\">Perfect for baking, cooking and beverages. Hand rolled, soft and break or crumble easy.&nbsp;</span></h1><p><strong>Features</strong>:</p><ul><li>100+ sticks, packed and sealed for freshness&nbsp;</li><li>Non-GMO</li><li>Certfied organic</li><li>Kosher</li></ul>','<p>Add some spice to your life with these finest quality pure Ceylon cinnamon sticks.</p>','','Add some spice to your life with these finest quality pure Ceylon cinnamon sticks.','','en'),(48,48,'','Peanut Butter','<p>Made with just one ingredient: Dry-roasted organic peanuts.</p><ul><li>All natural&nbsp;</li><li>Non-GMO</li><li>Gluten free</li><li>Dairy free</li><li>Preservative free</li><li>Vegan</li><li>Kosher</li><li>No palm fruit oil</li><li>No added sugar</li><li>No added salt</li></ul>','<p>Delicious peanut butter, all natural and loaded with protein.</p>','','Delicious peanut butter, all natural and loaded with protein.','','en'),(49,49,'','Sweet Hazelnut and Chocolate Natural Flavouring','<p>This natural food flavouring provides a classic hazelnut chocolate flavour to your cooking and baking, and can be used with various food and drink. Works great in general cooking/baking, cakes, yogurt, cheesecake, sorbets, drinks (including beer/cider), and ice-cream.&nbsp;</p><p>Ingredients:<strong>&nbsp;</strong>Natural Flavouring, Propylene Glycol (E1518).</p><p><strong>Features</strong>:</p><ul><li>Gluten free</li><li>Dairy free</li><li>Egg free</li><li>Vegan</li><li>Kosher</li></ul>','<p><span style=\"font-size: 14px;\">Add the delicious taste of hazelnut chocolate to your cakes and other desserts using this natural food flavouring.&nbsp;</span></p>','','Add the delicious taste of hazelnut chocolate to your cakes and other desserts using this natural food flavouring.&nbsp;','','en'),(50,50,'','Dose Juice','<p>A complete array of vitamins, minerals and enzymes &ndash; all with the great taste. 60% green vegetables vs 40% fruits.&nbsp;</p><p>Features:</p><ul><li>Cold pressed</li><li>Organic</li></ul>','<p>An organic juice to sustain you throughout the day. Drink it in the morning or between meals for a boost of energy and vitamins.&nbsp;</p>','','An organic juice to sustain you throughout the day. Drink it in the morning or between meals for a boost of energy and vitamins.&nbsp;','','en');

--
-- Table structure for table `xc_products`
--

CREATE TABLE `xc_products` (
  `product_id` int(10) unsigned NOT NULL AUTO_INCREMENT,
  `product_class_id` int(10) unsigned DEFAULT NULL,
  `tax_class_id` int(10) unsigned DEFAULT NULL,
  `useCustomOG` tinyint(1) NOT NULL,
  `participateSale` tinyint(1) NOT NULL,
  `discountType` varchar(32) COLLATE utf8mb4_unicode_ci NOT NULL,
  `salePriceValue` decimal(14,4) NOT NULL,
  `csLastUpdate` int(11) NOT NULL,
  `xcPendingBulkEdit` tinyint(1) NOT NULL,
  `facebookMarketingEnabled` tinyint(1) NOT NULL DEFAULT '1',
  `freeShip` tinyint(1) NOT NULL,
  `shipForFree` tinyint(1) NOT NULL,
  `freightFixedFee` decimal(14,4) NOT NULL,
  `useAsSegmentCondition` tinyint(1) NOT NULL,
  `demo` tinyint(1) NOT NULL,
  `price` decimal(14,4) NOT NULL COMMENT '(DC2Type:money)',
  `sku` varchar(32) COLLATE utf8mb4_unicode_ci DEFAULT NULL,
  `enabled` tinyint(1) NOT NULL,
  `weight` decimal(14,4) NOT NULL,
  `useSeparateBox` tinyint(1) NOT NULL,
  `boxWidth` decimal(14,4) NOT NULL,
  `boxLength` decimal(14,4) NOT NULL,
  `boxHeight` decimal(14,4) NOT NULL,
  `itemsPerBox` int(11) NOT NULL,
  `free_shipping` tinyint(1) NOT NULL,
  `taxable` tinyint(1) NOT NULL,
  `arrivalDate` int(11) NOT NULL,
  `date` int(11) NOT NULL,
  `updateDate` int(10) unsigned NOT NULL,
  `needProcess` tinyint(1) NOT NULL,
  `inventoryEnabled` tinyint(1) NOT NULL,
  `amount` int(10) unsigned NOT NULL,
  `lowLimitEnabledCustomer` tinyint(1) NOT NULL,
  `lowLimitEnabled` tinyint(1) NOT NULL,
  `lowLimitAmount` int(10) unsigned NOT NULL,
  `attrSepTab` tinyint(1) NOT NULL,
  `metaDescType` varchar(1) COLLATE utf8mb4_unicode_ci NOT NULL,
  `sales` int(10) unsigned NOT NULL,
  `xcPendingExport` tinyint(1) NOT NULL,
  `entityVersion` char(36) COLLATE utf8mb4_unicode_ci NOT NULL COMMENT '(DC2Type:guid)',
  PRIMARY KEY (`product_id`),
  KEY `IDX_6EC5B6BD21B06187` (`product_class_id`),
  KEY `IDX_6EC5B6BDA94AAAE` (`tax_class_id`),
  KEY `sku` (`sku`),
  KEY `price` (`price`),
  KEY `weight` (`weight`),
  KEY `free_shipping` (`free_shipping`),
  KEY `customerArea` (`enabled`,`arrivalDate`),
  KEY `csLastUpdate` (`csLastUpdate`),
  CONSTRAINT `FK_6EC5B6BD21B06187` FOREIGN KEY (`product_class_id`) REFERENCES `xc_product_classes` (`id`) ON DELETE SET NULL,
  CONSTRAINT `FK_6EC5B6BDA94AAAE` FOREIGN KEY (`tax_class_id`) REFERENCES `xc_tax_classes` (`id`) ON DELETE SET NULL
) ENGINE=InnoDB AUTO_INCREMENT=51 DEFAULT CHARSET=utf8mb4 COLLATE=utf8mb4_unicode_ci;

--
-- Dumping data for table `xc_products`
--

INSERT INTO `xc_products` (`product_id`, `product_class_id`, `tax_class_id`, `useCustomOG`, `participateSale`, `discountType`, `salePriceValue`, `csLastUpdate`, `xcPendingBulkEdit`, `facebookMarketingEnabled`, `freeShip`, `shipForFree`, `freightFixedFee`, `useAsSegmentCondition`, `demo`, `price`, `sku`, `enabled`, `weight`, `useSeparateBox`, `boxWidth`, `boxLength`, `boxHeight`, `itemsPerBox`, `free_shipping`, `taxable`, `arrivalDate`, `date`, `updateDate`, `needProcess`, `inventoryEnabled`, `amount`, `lowLimitEnabledCustomer`, `lowLimitEnabled`, `lowLimitAmount`, `attrSepTab`, `metaDescType`, `sales`, `xcPendingExport`, `entityVersion`) VALUES (1,NULL,NULL,0,0,'sale_price',0.0000,0,0,1,0,0,0.0000,0,1,19.9900,'10000000065',1,0.7000,0,0.0000,0.0000,0.0000,1,0,1,1663185600,1663192278,1663192291,0,1,1000,1,0,10,1,'A',0,0,'6c17accd-17c8-4180-803b-387e0c156650'),(2,NULL,NULL,0,0,'sale_price',0.0000,0,0,1,0,0,0.0000,0,1,49.9900,'10000000068',1,3.0000,0,0.0000,0.0000,0.0000,1,0,1,1663185600,1663192278,1663192291,0,1,7,1,0,10,1,'A',0,0,'633ced66-e8b6-4d2c-8616-f1118e88c2da'),(3,NULL,NULL,0,0,'sale_price',0.0000,0,0,1,0,0,0.0000,0,1,19.9900,'10000000069',1,2.6000,0,0.0000,0.0000,0.0000,1,0,1,1663185600,1663192278,1663192291,0,1,1000,1,0,10,1,'A',2,0,'9397c05e-bbcd-4933-a987-129930a69adc'),(4,NULL,NULL,0,0,'sale_price',0.0000,0,0,1,0,0,0.0000,0,1,24.9900,'10000000070',1,1.3000,0,0.0000,0.0000,0.0000,1,0,1,1663185600,1663192278,1663192291,0,1,75,1,0,10,1,'A',0,0,'e466bc9d-31b0-4b79-ac60-2b3735c6852a'),(5,NULL,NULL,0,0,'sale_price',0.0000,0,0,1,0,0,0.0000,0,1,19.9900,'10000000074',1,1.8000,0,0.0000,0.0000,0.0000,1,0,1,1663185600,1663192278,1663192291,0,1,6,1,0,10,1,'A',0,0,'8587bbec-aa13-47a1-a724-1327ebb7b9d3'),(6,NULL,NULL,0,1,'sale_price',47.9900,0,0,1,0,0,0.0000,0,1,79.9900,'10000000076',1,2.9000,0,0.0000,0.0000,0.0000,1,0,1,1663185600,1663192279,1663192291,0,1,1000,1,0,10,1,'A',0,0,'7f918e5b-1e49-408b-bfd8-ce06c2a4b726'),(7,NULL,NULL,0,0,'sale_price',0.0000,0,0,1,0,0,0.0000,0,1,29.9900,'10000000079',1,0.6000,0,0.0000,0.0000,0.0000,1,0,1,1663185600,1663192279,1663192291,0,1,100,1,0,10,1,'A',0,0,'d5b7b8bd-02c0-48b6-bd57-46f8f44ce94a'),(8,NULL,NULL,0,1,'sale_price',14.9900,0,0,1,0,0,0.0000,0,1,19.9900,'10000000081',1,1.8000,0,0.0000,0.0000,0.0000,1,0,1,1663185600,1663192279,1663192291,0,1,146,1,0,10,1,'A',3,0,'360c9c53-6d4e-4a0d-8ed1-30dece12661e'),(9,NULL,NULL,0,0,'sale_price',0.0000,0,0,1,0,0,0.0000,0,1,19.9900,'10000000082',1,2.8000,0,0.0000,0.0000,0.0000,1,0,1,1663185600,1663192279,1663192291,0,1,218,1,0,10,1,'A',0,0,'6071d6af-e90c-4561-89dd-0578e35804a0'),(10,NULL,NULL,0,0,'sale_price',0.0000,0,0,1,0,0,0.0000,0,1,34.9900,'10000000083',1,1.1000,0,0.0000,0.0000,0.0000,1,0,1,1663185600,1663192279,1663192291,0,1,0,1,0,10,1,'A',0,0,'85e146d2-7be0-410f-ba0b-962e950241a5'),(11,NULL,NULL,0,0,'sale_price',0.0000,0,0,1,0,0,0.0000,0,1,14.9900,'10000000084',1,0.9000,0,0.0000,0.0000,0.0000,1,0,1,1663185600,1663192279,1663192291,0,1,200,1,0,10,1,'A',0,0,'93964732-e7ec-4084-9469-e70d3e891362'),(12,NULL,NULL,0,0,'sale_price',0.0000,0,0,1,0,0,0.0000,0,1,9.9900,'10000000085',1,2.9000,0,0.0000,0.0000,0.0000,1,0,1,1663185600,1663192279,1663192291,0,1,1000,1,0,10,1,'A',6,0,'a18acd65-dbd5-4a8f-a3a2-4acac3fc85b1'),(13,NULL,NULL,0,0,'sale_price',0.0000,0,0,1,0,0,0.0000,0,1,39.9900,'10000000086',1,2.8000,0,0.0000,0.0000,0.0000,1,0,1,1663185600,1663192279,1663192291,0,1,6,1,0,10,1,'A',0,0,'96c134e3-5621-496d-b31e-e1e062f63ce2'),(14,NULL,NULL,0,1,'sale_percent',15.0000,0,0,1,0,0,0.0000,0,1,29.9900,'10000000087',1,0.7000,0,0.0000,0.0000,0.0000,1,0,1,1663185600,1663192279,1663192291,0,1,22,1,0,10,1,'A',12,0,'a32209aa-d1c5-49cc-9b1a-62a15c346638'),(15,NULL,NULL,0,1,'sale_percent',25.0000,0,0,1,0,0,0.0000,0,1,19.9900,'10000000088',1,1.8000,0,0.0000,0.0000,0.0000,1,0,1,1663185600,1663192279,1663192291,0,1,300,1,0,10,1,'A',0,0,'969d4a09-3192-4d3c-a1f0-daee70a2e240'),(16,NULL,NULL,0,0,'sale_price',0.0000,0,0,1,0,0,0.0000,0,1,99.0000,'10000000089',1,1.0000,0,0.0000,0.0000,0.0000,1,0,1,1663185600,1663192279,1663192291,0,1,999,1,0,10,1,'A',1,0,'2752ea05-1885-4777-8f62-54b8cae69d4b'),(17,NULL,NULL,0,0,'sale_price',0.0000,0,0,1,0,0,0.0000,0,1,49.9900,'10000000091',1,2.1000,0,0.0000,0.0000,0.0000,1,0,1,1663185600,1663192279,1663192291,0,1,1000,1,0,10,1,'A',0,0,'f53145a9-5816-4e42-9ab7-f1a3161a4eda'),(18,NULL,NULL,0,0,'sale_price',0.0000,0,0,1,0,0,0.0000,0,1,19.9900,'10000000093',1,0.5000,0,0.0000,0.0000,0.0000,1,0,1,1663185600,1663192279,1663192291,0,1,1000,1,0,10,1,'A',0,0,'c4ec63f3-49ef-438f-9387-8e68e325bdb4'),(19,NULL,NULL,0,0,'sale_price',0.0000,0,0,1,0,0,0.0000,0,1,9.9900,'10000000094',1,3.0000,0,0.0000,0.0000,0.0000,1,0,1,1663185600,1663192279,1663192291,0,1,12,1,0,10,1,'A',0,0,'033d20e9-48fd-4def-8f4c-a6b2b06b416d'),(20,NULL,NULL,0,0,'sale_price',0.0000,0,0,1,0,0,0.0000,0,1,9.9900,'10000000095',1,1.1000,0,0.0000,0.0000,0.0000,1,0,1,1663185600,1663192279,1663192291,0,1,1000,1,0,10,1,'A',0,0,'08b91ad8-5d10-4b12-8267-a419f1b40014'),(21,NULL,NULL,0,0,'sale_price',0.0000,0,0,1,0,0,0.0000,0,1,29.9900,'10000000096',1,2.8000,0,0.0000,0.0000,0.0000,1,0,1,1663185600,1663192279,1663192291,0,1,200,1,0,10,1,'A',0,0,'4f046dc1-10d3-40e2-af9d-af4789a0d641'),(22,NULL,NULL,0,0,'sale_price',0.0000,0,0,1,0,0,0.0000,0,1,19.9900,'10000000097',1,1.6000,0,0.0000,0.0000,0.0000,1,0,1,1663185600,1663192279,1663192291,0,1,1000,1,0,10,1,'A',0,0,'b5deecb7-9939-4c5f-a09e-9e82b82c50a3'),(23,NULL,NULL,0,0,'sale_price',0.0000,0,0,1,0,0,0.0000,0,1,29.9900,'10000000098',1,1.0000,0,0.0000,0.0000,0.0000,1,0,1,1663185600,1663192279,1663192291,0,1,1000,1,0,10,1,'A',0,0,'1b92569e-0e23-4aef-a948-79595d1d67a7'),(24,NULL,NULL,0,0,'sale_price',0.0000,0,0,1,0,0,0.0000,0,1,14.9900,'10000000099',1,2.3000,0,0.0000,0.0000,0.0000,1,0,1,1663185600,1663192279,1663192291,0,1,1000,1,0,10,1,'A',0,0,'e3e8c72a-15e4-4a04-bbbf-84d56ecdf554'),(25,NULL,NULL,0,0,'sale_price',0.0000,0,0,1,0,0,0.0000,0,1,19.9900,'10000000100',1,1.3000,0,0.0000,0.0000,0.0000,1,0,1,1663185600,1663192279,1663192291,0,1,4,1,0,10,1,'A',0,0,'1c3d1b9e-0995-49b6-8f51-64f4fbb63dfc'),(26,NULL,NULL,0,1,'sale_price',6.4900,0,0,1,0,0,0.0000,0,1,12.9900,'10000000101',1,1.3000,0,0.0000,0.0000,0.0000,1,0,1,1663185600,1663192280,1663192291,0,1,20,1,0,10,1,'A',7,0,'1200bcac-828a-432e-98b6-a9a16844b61c'),(27,NULL,NULL,0,0,'sale_price',0.0000,0,0,1,0,0,0.0000,0,1,69.9900,'10000000102',1,1.4000,0,0.0000,0.0000,0.0000,1,0,1,1663185600,1663192280,1663192291,0,1,10,1,0,10,1,'A',0,0,'4e2d1b7e-9c09-468d-abc4-6fbe748285dd'),(28,NULL,NULL,0,0,'sale_price',0.0000,0,0,1,0,0,0.0000,0,1,850.0000,'10000000103',1,2.5000,0,0.0000,0.0000,0.0000,1,0,1,1663185600,1663192280,1663192291,0,1,50,1,0,10,1,'A',0,0,'d16348af-d449-4c38-9690-ddddc1638fd8'),(29,NULL,NULL,0,0,'sale_price',0.0000,0,0,1,0,0,0.0000,0,1,650.0000,'10000000104',1,1.0000,0,0.0000,0.0000,0.0000,1,0,1,1663185600,1663192280,1663192291,0,1,1000,1,0,10,1,'A',0,0,'a371fadd-2390-487f-a46a-dca73b97d386'),(30,NULL,NULL,0,0,'sale_price',0.0000,0,0,1,0,0,0.0000,0,1,399.0000,'10000000105',1,1.1000,0,0.0000,0.0000,0.0000,1,0,1,1663185600,1663192280,1663192291,0,1,999,1,0,10,1,'A',0,0,'371ddc8d-b52c-4689-8e48-66a8e94539c6'),(31,NULL,NULL,0,0,'sale_price',0.0000,0,0,1,0,0,0.0000,0,1,299.0000,'10000000106',1,1.3000,0,0.0000,0.0000,0.0000,1,0,1,1663185600,1663192280,1663192291,0,1,1000,1,0,10,1,'A',0,0,'f1aa1f6d-9b24-4848-ac2c-26f1b154af5c'),(32,NULL,NULL,0,0,'sale_price',0.0000,0,0,1,0,0,0.0000,0,1,79.9900,'10000000107',1,1.2000,0,0.0000,0.0000,0.0000,1,0,1,1663185600,1663192280,1663192291,0,1,10,1,0,10,1,'A',0,0,'f0c81298-b07e-4aaf-b736-61c21657ce96'),(33,NULL,NULL,0,1,'sale_price',19.9900,0,0,1,0,0,0.0000,0,1,49.9900,'10000000109',1,2.2000,0,0.0000,0.0000,0.0000,1,0,1,1663185600,1663192280,1663192291,0,1,999,1,0,10,1,'A',0,0,'8079b5c4-d76d-4678-9fb6-a84e41ed1933'),(34,NULL,NULL,0,1,'sale_price',44.9900,0,0,1,0,0,0.0000,0,1,59.9900,'10000000110',1,2.7000,0,0.0000,0.0000,0.0000,1,0,1,1663185600,1663192280,1663192292,0,1,1000,1,0,10,1,'A',0,0,'b2153eb0-f7c1-43ce-a200-2479256b1d67'),(35,NULL,NULL,0,0,'sale_price',0.0000,0,0,1,0,0,0.0000,0,1,299.9900,'10000000111',1,1.7000,0,0.0000,0.0000,0.0000,1,0,1,1663185600,1663192280,1663192292,0,1,999,1,0,10,1,'A',0,0,'9d336f17-3c06-4124-9e3b-1be1d42e8b13'),(36,NULL,NULL,0,0,'sale_price',0.0000,0,0,1,0,0,0.0000,0,1,11.9900,'10000000112',1,2.0000,0,0.0000,0.0000,0.0000,1,0,1,1663185600,1663192280,1663192292,0,1,999,1,0,10,1,'A',0,0,'b3624f18-7219-4a83-8988-ef8808d791e5'),(37,NULL,NULL,0,0,'sale_price',0.0000,0,0,1,0,0,0.0000,0,1,139.9900,'10000000113',1,1.7000,0,0.0000,0.0000,0.0000,1,0,1,1663185600,1663192280,1663192292,0,1,1000,1,0,10,1,'A',0,0,'b98ab082-2a25-41b3-bc76-89f2989a2276'),(38,NULL,NULL,0,1,'sale_price',39.9900,0,0,1,0,0,0.0000,0,1,49.9900,'10000000114',1,1.6000,0,0.0000,0.0000,0.0000,1,0,1,1663185600,1663192280,1663192292,0,1,10,1,0,10,1,'A',0,0,'3effd3f0-0e44-47c3-8de6-259749016df5'),(39,NULL,NULL,0,0,'sale_price',0.0000,0,0,1,0,0,0.0000,0,1,34.9900,'10000000115',1,1.0000,0,0.0000,0.0000,0.0000,1,0,1,1663185600,1663192280,1663192292,0,1,1000,1,0,10,1,'A',0,0,'f8c72319-e36a-4dd4-b44d-2a32d163dea7'),(40,NULL,NULL,0,0,'sale_price',0.0000,0,0,1,0,0,0.0000,0,1,817.5900,'10000000116',1,1.8000,0,0.0000,0.0000,0.0000,1,0,1,1663185600,1663192280,1663192292,0,1,6,1,0,10,1,'A',0,0,'b36465ba-4a6f-43d6-b4b1-1c129c15b59d'),(41,NULL,NULL,0,0,'sale_price',0.0000,0,0,1,0,0,0.0000,0,1,199.9900,'10000000117',1,2.1000,0,0.0000,0.0000,0.0000,1,0,1,1663185600,1663192280,1663192292,0,1,1000,1,0,10,1,'A',0,0,'1521f236-2d1b-4cd5-b599-0b0cac45aa0c'),(42,NULL,NULL,0,0,'sale_price',0.0000,0,0,1,0,0,0.0000,0,1,19.9900,'10000000118',1,2.6000,0,0.0000,0.0000,0.0000,1,0,1,1663185600,1663192280,1663192292,0,1,1000,1,0,10,1,'A',1,0,'55bd514d-43fb-4c7a-8f12-eb61c8b89111'),(43,NULL,NULL,0,0,'sale_price',0.0000,0,0,1,0,0,0.0000,0,1,12.0000,'10000000119',1,1.7000,0,0.0000,0.0000,0.0000,1,0,1,1663185600,1663192280,1663192292,0,1,1000,1,0,10,1,'A',0,0,'53eff7ef-27a6-41f0-bfb0-5a09b6724808'),(44,NULL,NULL,0,0,'sale_price',0.0000,0,0,1,0,0,0.0000,0,1,28.0000,'10000000122',1,1.4000,0,0.0000,0.0000,0.0000,1,0,1,1663185600,1663192280,1663192292,0,1,1000,1,0,10,1,'A',0,0,'f6c109ca-15eb-4154-9770-43cf3d543811'),(45,NULL,NULL,0,0,'sale_price',0.0000,0,0,1,0,0,0.0000,0,1,83.0000,'10000000123',1,1.8000,0,0.0000,0.0000,0.0000,1,0,1,1663185600,1663192280,1663192292,0,1,1000,1,0,10,1,'A',0,0,'5b894f35-5059-46e5-8307-b4b016a45a6b'),(46,NULL,NULL,0,0,'sale_price',0.0000,0,0,1,0,0,0.0000,0,1,25.0000,'10000000124',1,1.3000,0,0.0000,0.0000,0.0000,1,0,1,1663185600,1663192280,1663192292,0,1,1000,1,0,10,1,'A',0,0,'25243df7-4625-41f3-aacd-bd713ea37d28'),(47,NULL,NULL,0,0,'sale_price',0.0000,0,0,1,0,0,0.0000,0,1,17.0000,'10000000125',1,1.8000,0,0.0000,0.0000,0.0000,1,0,1,1663185600,1663192281,1663192292,0,1,1000,1,0,10,1,'A',0,0,'d5bcc06c-739d-4b78-be65-f3bcf9199093'),(48,NULL,NULL,0,0,'sale_price',0.0000,0,0,1,0,0,0.0000,0,1,21.0000,'10000000126',1,2.8000,0,0.0000,0.0000,0.0000,1,0,1,1663185600,1663192281,1663192292,0,1,1000,1,0,10,1,'A',0,0,'d37c8e00-f2ad-4f0d-83bc-760c1a6aee83'),(49,NULL,NULL,0,0,'sale_price',0.0000,0,0,1,0,0,0.0000,0,1,16.0000,'10000000127',1,1.4000,0,0.0000,0.0000,0.0000,1,0,1,1663185600,1663192281,1663192292,0,1,12,1,0,10,1,'A',0,0,'862fe917-3c09-4cec-8906-bccd352be10a'),(50,NULL,NULL,0,0,'sale_price',0.0000,0,0,1,0,0,0.0000,0,1,22.0000,'10000000128',1,1.7000,0,0.0000,0.0000,0.0000,1,0,1,1663185600,1663192281,1663192292,0,1,23,1,0,10,1,'A',0,0,'a9e3d745-c08d-4a6f-b534-94eba387d476');

--
-- Table structure for table `xc_profile_addresses`
--

CREATE TABLE `xc_profile_addresses` (
  `address_id` int(11) NOT NULL AUTO_INCREMENT,
  `profile_id` int(11) DEFAULT NULL,
  `state_id` int(11) DEFAULT NULL,
  `country_code` char(2) COLLATE utf8mb4_unicode_ci DEFAULT NULL,
  `is_billing` tinyint(1) NOT NULL,
  `is_shipping` tinyint(1) NOT NULL,
  `isWork` tinyint(1) NOT NULL,
  `address_type` char(1) COLLATE utf8mb4_unicode_ci NOT NULL,
  PRIMARY KEY (`address_id`),
  KEY `IDX_EDFDEF52CCFA12B8` (`profile_id`),
  KEY `IDX_EDFDEF525D83CC1` (`state_id`),
  KEY `IDX_EDFDEF52F026BB7C` (`country_code`),
  KEY `is_billing` (`is_billing`),
  KEY `is_shipping` (`is_shipping`),
  CONSTRAINT `FK_EDFDEF525D83CC1` FOREIGN KEY (`state_id`) REFERENCES `xc_states` (`state_id`) ON DELETE SET NULL,
  CONSTRAINT `FK_EDFDEF52CCFA12B8` FOREIGN KEY (`profile_id`) REFERENCES `xc_profiles` (`profile_id`) ON DELETE CASCADE,
  CONSTRAINT `FK_EDFDEF52F026BB7C` FOREIGN KEY (`country_code`) REFERENCES `xc_countries` (`code`) ON DELETE SET NULL
) ENGINE=InnoDB AUTO_INCREMENT=7 DEFAULT CHARSET=utf8mb4 COLLATE=utf8mb4_unicode_ci;

--
-- Dumping data for table `xc_profile_addresses`
--

INSERT INTO `xc_profile_addresses` (`address_id`, `profile_id`, `state_id`, `country_code`, `is_billing`, `is_shipping`, `isWork`, `address_type`) VALUES (1,1,580,'US',1,1,0,'R'),(2,2,580,'US',1,1,0,'R'),(3,3,580,'US',1,1,0,'R'),(4,4,580,'US',1,1,0,'R'),(5,5,580,'US',1,1,0,'R'),(6,6,580,'US',1,1,0,'R');

--
-- Table structure for table `xc_profile_roles`
--

CREATE TABLE `xc_profile_roles` (
  `role_id` int(10) unsigned NOT NULL,
  `profile_id` int(11) NOT NULL,
  PRIMARY KEY (`role_id`,`profile_id`),
  KEY `IDX_2C8CC065D60322AC` (`role_id`),
  KEY `IDX_2C8CC065CCFA12B8` (`profile_id`),
  CONSTRAINT `FK_2C8CC065CCFA12B8` FOREIGN KEY (`profile_id`) REFERENCES `xc_profiles` (`profile_id`) ON DELETE CASCADE,
  CONSTRAINT `FK_2C8CC065D60322AC` FOREIGN KEY (`role_id`) REFERENCES `xc_roles` (`id`) ON DELETE CASCADE
) ENGINE=InnoDB DEFAULT CHARSET=utf8mb4 COLLATE=utf8mb4_unicode_ci;

--
-- Dumping data for table `xc_profile_roles`
--

INSERT INTO `xc_profile_roles` (`role_id`, `profile_id`) VALUES (1,7);

--
-- Table structure for table `xc_profiles`
--

CREATE TABLE `xc_profiles` (
  `profile_id` int(11) NOT NULL AUTO_INCREMENT,
  `order_id` int(11) DEFAULT NULL,
  `membership_id` int(10) unsigned DEFAULT NULL,
  `pending_membership_id` int(10) unsigned DEFAULT NULL,
  `gaClientId` varchar(255) COLLATE utf8mb4_unicode_ci NOT NULL,
  `socialLoginProvider` varchar(128) COLLATE utf8mb4_unicode_ci DEFAULT NULL,
  `socialLoginId` varchar(128) COLLATE utf8mb4_unicode_ci DEFAULT NULL,
  `pictureUrl` varchar(1024) COLLATE utf8mb4_unicode_ci DEFAULT NULL,
  `conciergeUserId` varchar(128) COLLATE utf8mb4_unicode_ci DEFAULT NULL,
  `stripeCustomerId` varchar(128) COLLATE utf8mb4_unicode_ci NOT NULL,
  `xpaymentsCustomerId` varchar(255) COLLATE utf8mb4_unicode_ci NOT NULL,
  `login` varchar(128) COLLATE utf8mb4_unicode_ci NOT NULL,
  `password` varchar(255) COLLATE utf8mb4_unicode_ci NOT NULL,
  `password_hint` varchar(128) COLLATE utf8mb4_unicode_ci NOT NULL,
  `password_hint_answer` varchar(128) COLLATE utf8mb4_unicode_ci NOT NULL,
  `passwordResetKey` varchar(255) COLLATE utf8mb4_unicode_ci NOT NULL,
  `passwordResetKeyDate` int(11) NOT NULL,
  `access_level` int(11) NOT NULL,
  `cms_profile_id` int(11) NOT NULL,
  `cms_name` varchar(32) COLLATE utf8mb4_unicode_ci NOT NULL,
  `added` int(11) NOT NULL,
  `first_login` int(11) NOT NULL,
  `last_login` int(11) NOT NULL,
  `status` char(1) COLLATE utf8mb4_unicode_ci NOT NULL,
  `statusComment` varchar(255) COLLATE utf8mb4_unicode_ci NOT NULL,
  `referer` varchar(255) COLLATE utf8mb4_unicode_ci NOT NULL,
  `language` varchar(2) COLLATE utf8mb4_unicode_ci NOT NULL,
  `last_shipping_id` int(11) DEFAULT NULL,
  `last_payment_id` int(11) DEFAULT NULL,
  `anonymous` tinyint(1) NOT NULL,
  `forceChangePassword` tinyint(1) NOT NULL,
  `dateOfLoginAttempt` int(10) unsigned NOT NULL,
  `countOfLoginAttempts` int(11) NOT NULL,
  `searchFakeField` longtext COLLATE utf8mb4_unicode_ci,
  `xcPendingExport` tinyint(1) NOT NULL,
  `lastCheckoutEmail` varchar(255) COLLATE utf8mb4_unicode_ci NOT NULL,
  `gaSessionId` varchar(255) COLLATE utf8mb4_unicode_ci DEFAULT NULL,
  PRIMARY KEY (`profile_id`),
  UNIQUE KEY `UNIQ_564F69D78D9F6D38` (`order_id`),
  KEY `IDX_564F69D71FB354CD` (`membership_id`),
  KEY `IDX_564F69D7CD228392` (`pending_membership_id`),
  KEY `cms_profile` (`cms_name`,`cms_profile_id`),
  KEY `login` (`login`),
  KEY `order_id` (`order_id`),
  KEY `password` (`password`),
  KEY `access_level` (`access_level`),
  KEY `first_login` (`first_login`),
  KEY `last_login` (`last_login`),
  KEY `status` (`status`),
  CONSTRAINT `FK_564F69D71FB354CD` FOREIGN KEY (`membership_id`) REFERENCES `xc_memberships` (`membership_id`) ON DELETE SET NULL,
  CONSTRAINT `FK_564F69D78D9F6D38` FOREIGN KEY (`order_id`) REFERENCES `xc_orders` (`order_id`) ON DELETE CASCADE,
  CONSTRAINT `FK_564F69D7CD228392` FOREIGN KEY (`pending_membership_id`) REFERENCES `xc_memberships` (`membership_id`) ON DELETE SET NULL
) ENGINE=InnoDB AUTO_INCREMENT=8 DEFAULT CHARSET=utf8mb4 COLLATE=utf8mb4_unicode_ci;

--
-- Dumping data for table `xc_profiles`
--

INSERT INTO `xc_profiles` (`profile_id`, `order_id`, `membership_id`, `pending_membership_id`, `gaClientId`, `socialLoginProvider`, `socialLoginId`, `pictureUrl`, `conciergeUserId`, `stripeCustomerId`, `xpaymentsCustomerId`, `login`, `password`, `password_hint`, `password_hint_answer`, `passwordResetKey`, `passwordResetKeyDate`, `access_level`, `cms_profile_id`, `cms_name`, `added`, `first_login`, `last_login`, `status`, `statusComment`, `referer`, `language`, `last_shipping_id`, `last_payment_id`, `anonymous`, `forceChangePassword`, `dateOfLoginAttempt`, `countOfLoginAttempts`, `searchFakeField`, `xcPendingExport`, `lastCheckoutEmail`, `gaSessionId`) VALUES (1,NULL,NULL,NULL,'',NULL,NULL,NULL,NULL,'','','bit-bucket@example.com','084e0343a0486ff05530df6c705c8bb4','','','',0,0,0,'',1663192283,0,0,'E','','','en',NULL,NULL,1,0,0,0,'Guest Guest Guest;bit-bucket@example.com',0,'',NULL),(2,1,NULL,NULL,'',NULL,NULL,NULL,NULL,'','','bit-bucket@example.com','084e0343a0486ff05530df6c705c8bb4','','','',0,0,0,'',1663192283,0,0,'E','','','en',NULL,NULL,1,0,0,0,'Guest Guest Guest;bit-bucket@example.com',0,'',NULL),(3,2,NULL,NULL,'',NULL,NULL,NULL,NULL,'','','bit-bucket@example.com','084e0343a0486ff05530df6c705c8bb4','','','',0,0,0,'',1663192283,0,0,'E','','','en',NULL,NULL,1,0,0,0,'Guest Guest Guest;bit-bucket@example.com',0,'',NULL),(4,3,NULL,NULL,'',NULL,NULL,NULL,NULL,'','','bit-bucket@example.com','084e0343a0486ff05530df6c705c8bb4','','','',0,0,0,'',1663192283,0,0,'E','','','en',NULL,NULL,1,0,0,0,'Guest Guest Guest;bit-bucket@example.com',0,'',NULL),(5,4,NULL,NULL,'',NULL,NULL,NULL,NULL,'','','bit-bucket@example.com','084e0343a0486ff05530df6c705c8bb4','','','',0,0,0,'',1663192283,0,0,'E','','','en',NULL,NULL,1,0,0,0,'Guest Guest Guest;bit-bucket@example.com',0,'',NULL),(6,5,NULL,NULL,'',NULL,NULL,NULL,NULL,'','','bit-bucket@example.com','084e0343a0486ff05530df6c705c8bb4','','','',0,0,0,'',1663192283,0,0,'E','','','en',NULL,NULL,1,0,0,0,'Guest Guest Guest;bit-bucket@example.com',0,'',NULL),(7,NULL,NULL,NULL,'',NULL,NULL,NULL,NULL,'','','admin@example.com','SHA512:0191e83de1cb87708f69d8cd140a08eb915a4793bb6f5ae39b0b48dcd4726f6afe51959317a118ce9ec8bab1b211ae1103e076047ac75044d6d969b203507914','','','',0,100,0,'',1663192298,1663192369,1699439902,'E','','','en',NULL,NULL,0,0,0,0,'admin@example.com',0,'',NULL);

--
-- Table structure for table `xc_quick_data`
--

CREATE TABLE `xc_quick_data` (
  `id` int(10) unsigned NOT NULL AUTO_INCREMENT,
  `product_id` int(10) unsigned DEFAULT NULL,
  `membership_id` int(10) unsigned DEFAULT NULL,
  `zone_id` int(11) DEFAULT NULL,
  `price` decimal(14,4) NOT NULL,
  PRIMARY KEY (`id`),
  KEY `IDX_D98B70594584665A` (`product_id`),
  KEY `IDX_D98B70591FB354CD` (`membership_id`),
  KEY `IDX_D98B70599F2C3FAB` (`zone_id`),
  KEY `customerArea` (`membership_id`,`product_id`),
  CONSTRAINT `FK_D98B70591FB354CD` FOREIGN KEY (`membership_id`) REFERENCES `xc_memberships` (`membership_id`) ON DELETE CASCADE,
  CONSTRAINT `FK_D98B70594584665A` FOREIGN KEY (`product_id`) REFERENCES `xc_products` (`product_id`) ON DELETE CASCADE,
  CONSTRAINT `FK_D98B70599F2C3FAB` FOREIGN KEY (`zone_id`) REFERENCES `xc_zones` (`zone_id`) ON DELETE CASCADE
) ENGINE=InnoDB AUTO_INCREMENT=101 DEFAULT CHARSET=utf8mb4 COLLATE=utf8mb4_unicode_ci;

--
-- Dumping data for table `xc_quick_data`
--

INSERT INTO `xc_quick_data` (`id`, `product_id`, `membership_id`, `zone_id`, `price`) VALUES (1,1,1,NULL,19.9900),(2,1,NULL,NULL,19.9900),(3,2,1,NULL,49.9900),(4,2,NULL,NULL,49.9900),(5,3,1,NULL,19.9900),(6,3,NULL,NULL,19.9900),(7,4,1,NULL,24.9900),(8,4,NULL,NULL,24.9900),(9,5,1,NULL,19.9900),(10,5,NULL,NULL,19.9900),(11,6,1,NULL,47.9900),(12,6,NULL,NULL,47.9900),(13,7,1,NULL,29.9900),(14,7,NULL,NULL,29.9900),(15,8,1,NULL,14.9900),(16,8,NULL,NULL,14.9900),(17,9,1,NULL,19.9900),(18,9,NULL,NULL,19.9900),(19,10,1,NULL,34.9900),(20,10,NULL,NULL,34.9900),(21,11,1,NULL,14.9900),(22,11,NULL,NULL,14.9900),(23,12,1,NULL,9.9900),(24,12,NULL,NULL,9.9900),(25,13,1,NULL,39.9900),(26,13,NULL,NULL,39.9900),(27,14,1,NULL,25.4900),(28,14,NULL,NULL,25.4900),(29,15,1,NULL,14.9900),(30,15,NULL,NULL,14.9900),(31,16,1,NULL,99.0000),(32,16,NULL,NULL,99.0000),(33,17,1,NULL,49.9900),(34,17,NULL,NULL,49.9900),(35,18,1,NULL,19.9900),(36,18,NULL,NULL,19.9900),(37,19,1,NULL,9.9900),(38,19,NULL,NULL,9.9900),(39,20,1,NULL,9.9900),(40,20,NULL,NULL,9.9900),(41,21,1,NULL,29.9900),(42,21,NULL,NULL,29.9900),(43,22,1,NULL,19.9900),(44,22,NULL,NULL,19.9900),(45,23,1,NULL,29.9900),(46,23,NULL,NULL,29.9900),(47,24,1,NULL,14.9900),(48,24,NULL,NULL,14.9900),(49,25,1,NULL,19.9900),(50,25,NULL,NULL,19.9900),(51,26,1,NULL,6.4900),(52,26,NULL,NULL,6.4900),(53,27,1,NULL,69.9900),(54,27,NULL,NULL,69.9900),(55,28,1,NULL,850.0000),(56,28,NULL,NULL,850.0000),(57,29,1,NULL,650.0000),(58,29,NULL,NULL,650.0000),(59,30,1,NULL,399.0000),(60,30,NULL,NULL,399.0000),(61,31,1,NULL,299.0000),(62,31,NULL,NULL,299.0000),(63,32,1,NULL,79.9900),(64,32,NULL,NULL,79.9900),(65,33,1,NULL,19.9900),(66,33,NULL,NULL,19.9900),(67,34,1,NULL,44.9900),(68,34,NULL,NULL,44.9900),(69,35,1,NULL,299.9900),(70,35,NULL,NULL,299.9900),(71,36,1,NULL,11.9900),(72,36,NULL,NULL,11.9900),(73,37,1,NULL,139.9900),(74,37,NULL,NULL,139.9900),(75,38,1,NULL,39.9900),(76,38,NULL,NULL,39.9900),(77,39,1,NULL,34.9900),(78,39,NULL,NULL,34.9900),(79,40,1,NULL,817.5900),(80,40,NULL,NULL,817.5900),(81,41,1,NULL,199.9900),(82,41,NULL,NULL,199.9900),(83,42,1,NULL,19.9900),(84,42,NULL,NULL,19.9900),(85,43,1,NULL,12.0000),(86,43,NULL,NULL,12.0000),(87,44,1,NULL,28.0000),(88,44,NULL,NULL,28.0000),(89,45,1,NULL,83.0000),(90,45,NULL,NULL,83.0000),(91,46,1,NULL,25.0000),(92,46,NULL,NULL,25.0000),(93,47,1,NULL,17.0000),(94,47,NULL,NULL,17.0000),(95,48,1,NULL,21.0000),(96,48,NULL,NULL,21.0000),(97,49,1,NULL,16.0000),(98,49,NULL,NULL,16.0000),(99,50,1,NULL,22.0000),(100,50,NULL,NULL,22.0000);

--
-- Table structure for table `xc_regions`
--

CREATE TABLE `xc_regions` (
  `code` varchar(10) COLLATE utf8mb4_unicode_ci NOT NULL,
  `country_code` char(2) COLLATE utf8mb4_unicode_ci DEFAULT NULL,
  `name` varchar(64) COLLATE utf8mb4_unicode_ci NOT NULL,
  `weight` int(11) DEFAULT NULL,
  PRIMARY KEY (`code`),
  UNIQUE KEY `code` (`code`,`country_code`),
  KEY `IDX_D0F7579CF026BB7C` (`country_code`),
  KEY `name` (`name`),
  CONSTRAINT `FK_D0F7579CF026BB7C` FOREIGN KEY (`country_code`) REFERENCES `xc_countries` (`code`) ON DELETE CASCADE
) ENGINE=InnoDB DEFAULT CHARSET=utf8mb4 COLLATE=utf8mb4_unicode_ci;

--
-- Dumping data for table `xc_regions`
--

INSERT INTO `xc_regions` (`code`, `country_code`, `name`, `weight`) VALUES ('GB-ENG','GB','England',100),('GB-NIR','GB','Northern Ireland',400),('GB-SCT','GB','Scotland',200),('GB-WLS','GB','Wales',300);

--
-- Table structure for table `xc_reviews`
--

CREATE TABLE `xc_reviews` (
  `id` int(10) unsigned NOT NULL AUTO_INCREMENT,
  `profile_id` int(11) DEFAULT NULL,
  `respondent_id` int(11) DEFAULT NULL,
  `product_id` int(10) unsigned DEFAULT NULL,
  `rkey_id` int(10) unsigned DEFAULT NULL,
  `review` longtext COLLATE utf8mb4_unicode_ci NOT NULL,
  `response` longtext COLLATE utf8mb4_unicode_ci,
  `rating` smallint(6) NOT NULL,
  `additionDate` int(11) NOT NULL,
  `responseDate` int(11) DEFAULT NULL,
  `reviewerName` varchar(255) COLLATE utf8mb4_unicode_ci NOT NULL,
  `status` smallint(6) NOT NULL,
  `useForMeta` tinyint(1) NOT NULL,
  `isNew` tinyint(1) NOT NULL,
  `xcPendingExport` tinyint(1) NOT NULL,
  PRIMARY KEY (`id`),
  KEY `IDX_1BE0C560CCFA12B8` (`profile_id`),
  KEY `IDX_1BE0C560CE80CD19` (`respondent_id`),
  KEY `IDX_1BE0C5604584665A` (`product_id`),
  KEY `IDX_1BE0C5605A4DEAEC` (`rkey_id`),
  KEY `additionDate` (`additionDate`),
  KEY `status` (`status`),
  CONSTRAINT `FK_1BE0C5604584665A` FOREIGN KEY (`product_id`) REFERENCES `xc_products` (`product_id`) ON DELETE CASCADE,
  CONSTRAINT `FK_1BE0C5605A4DEAEC` FOREIGN KEY (`rkey_id`) REFERENCES `xc_order_review_keys` (`id`) ON DELETE SET NULL,
  CONSTRAINT `FK_1BE0C560CCFA12B8` FOREIGN KEY (`profile_id`) REFERENCES `xc_profiles` (`profile_id`) ON DELETE SET NULL,
  CONSTRAINT `FK_1BE0C560CE80CD19` FOREIGN KEY (`respondent_id`) REFERENCES `xc_profiles` (`profile_id`) ON DELETE SET NULL
) ENGINE=InnoDB AUTO_INCREMENT=793 DEFAULT CHARSET=utf8mb4 COLLATE=utf8mb4_unicode_ci;

--
-- Dumping data for table `xc_reviews`
--

INSERT INTO `xc_reviews` (`id`, `profile_id`, `respondent_id`, `product_id`, `rkey_id`, `review`, `response`, `rating`, `additionDate`, `responseDate`, `reviewerName`, `status`, `useForMeta`, `isNew`, `xcPendingExport`) VALUES (1,NULL,NULL,1,NULL,'',NULL,1,1458207917,NULL,'test test',1,0,0,0),(2,NULL,NULL,1,NULL,'',NULL,1,1458121517,NULL,'test test',1,0,0,0),(3,NULL,NULL,1,NULL,'',NULL,1,1458467117,NULL,'test test',1,0,0,0),(4,NULL,NULL,1,NULL,'',NULL,1,1458899117,NULL,'test test',1,0,0,0),(5,NULL,NULL,1,NULL,'',NULL,1,1458121517,NULL,'test test',1,0,0,0),(6,NULL,NULL,1,NULL,'',NULL,1,1458121517,NULL,'test test',1,0,0,0),(7,NULL,NULL,1,NULL,'',NULL,1,1458726317,NULL,'test test',1,0,0,0),(8,NULL,NULL,1,NULL,'',NULL,1,1458294317,NULL,'test test',1,0,0,0),(9,NULL,NULL,1,NULL,'',NULL,2,1458207917,NULL,'test test',1,0,0,0),(10,NULL,NULL,1,NULL,'',NULL,1,1458380717,NULL,'test test',1,0,0,0),(11,NULL,NULL,1,NULL,'',NULL,1,1458207917,NULL,'test test',1,0,0,0),(12,NULL,NULL,1,NULL,'',NULL,1,1458553517,NULL,'test test',1,0,0,0),(13,NULL,NULL,1,NULL,'',NULL,1,1458380717,NULL,'test test',1,0,0,0),(14,NULL,NULL,1,NULL,'',NULL,1,1458207917,NULL,'test test',1,0,0,0),(15,NULL,NULL,1,NULL,'',NULL,1,1458380717,NULL,'test test',1,0,0,0),(16,NULL,NULL,2,NULL,'',NULL,1,1458726317,NULL,'test test',1,0,0,0),(17,NULL,NULL,2,NULL,'',NULL,1,1458121517,NULL,'test test',1,0,0,0),(18,NULL,NULL,2,NULL,'',NULL,2,1458899117,NULL,'test test',1,0,0,0),(19,NULL,NULL,2,NULL,'',NULL,2,1458380717,NULL,'test test',1,0,0,0),(20,NULL,NULL,2,NULL,'',NULL,2,1458726317,NULL,'test test',1,0,0,0),(21,NULL,NULL,2,NULL,'',NULL,2,1458380717,NULL,'test test',1,0,0,0),(22,NULL,NULL,2,NULL,'',NULL,2,1458553517,NULL,'test test',1,0,0,0),(23,NULL,NULL,2,NULL,'',NULL,2,1458899117,NULL,'test test',1,0,0,0),(24,NULL,NULL,2,NULL,'',NULL,2,1458467117,NULL,'test test',1,0,0,0),(25,NULL,NULL,2,NULL,'',NULL,2,1458121517,NULL,'test test',1,0,0,0),(26,NULL,NULL,2,NULL,'',NULL,2,1458812717,NULL,'test test',1,0,0,0),(27,NULL,NULL,2,NULL,'',NULL,2,1458294317,NULL,'test test',1,0,0,0),(28,NULL,NULL,2,NULL,'',NULL,2,1458121517,NULL,'test test',1,0,0,0),(29,NULL,NULL,2,NULL,'',NULL,2,1458380717,NULL,'test test',1,0,0,0),(30,NULL,NULL,2,NULL,'',NULL,2,1458294317,NULL,'test test',1,0,0,0),(31,NULL,NULL,2,NULL,'',NULL,2,1458467117,NULL,'test test',1,0,0,0),(32,NULL,NULL,2,NULL,'',NULL,2,1458639917,NULL,'test test',1,0,0,0),(33,NULL,NULL,2,NULL,'',NULL,2,1458467117,NULL,'test test',1,0,0,0),(34,NULL,NULL,2,NULL,'',NULL,2,1458035117,NULL,'test test',1,0,0,0),(35,NULL,NULL,2,NULL,'',NULL,2,1458553517,NULL,'test test',1,0,0,0),(36,NULL,NULL,2,NULL,'',NULL,2,1458639917,NULL,'test test',1,0,0,0),(37,NULL,NULL,2,NULL,'',NULL,2,1458121517,NULL,'test test',1,0,0,0),(38,NULL,NULL,2,NULL,'',NULL,2,1458380717,NULL,'test test',1,0,0,0),(39,NULL,NULL,3,NULL,'',NULL,2,1458899117,NULL,'test test',1,0,0,0),(40,NULL,NULL,3,NULL,'',NULL,1,1458380717,NULL,'test test',1,0,0,0),(41,NULL,NULL,3,NULL,'',NULL,2,1458726317,NULL,'test test',1,0,0,0),(42,NULL,NULL,3,NULL,'',NULL,2,1458207917,NULL,'test test',1,0,0,0),(43,NULL,NULL,3,NULL,'',NULL,2,1458035117,NULL,'test test',1,0,0,0),(44,NULL,NULL,3,NULL,'',NULL,2,1458121517,NULL,'test test',1,0,0,0),(45,NULL,NULL,3,NULL,'',NULL,2,1458380717,NULL,'test test',1,0,0,0),(46,NULL,NULL,3,NULL,'',NULL,2,1458467117,NULL,'test test',1,0,0,0),(47,NULL,NULL,3,NULL,'',NULL,2,1458899117,NULL,'test test',1,0,0,0),(48,NULL,NULL,3,NULL,'',NULL,2,1458553517,NULL,'test test',1,0,0,0),(49,NULL,NULL,3,NULL,'',NULL,2,1458380717,NULL,'test test',1,0,0,0),(50,NULL,NULL,3,NULL,'',NULL,2,1458380717,NULL,'test test',1,0,0,0),(51,NULL,NULL,3,NULL,'',NULL,2,1458294317,NULL,'test test',1,0,0,0),(52,NULL,NULL,3,NULL,'',NULL,2,1458726317,NULL,'test test',1,0,0,0),(53,NULL,NULL,3,NULL,'',NULL,2,1458899117,NULL,'test test',1,0,0,0),(54,NULL,NULL,3,NULL,'',NULL,2,1458294317,NULL,'test test',1,0,0,0),(55,NULL,NULL,3,NULL,'',NULL,2,1458294317,NULL,'test test',1,0,0,0),(56,NULL,NULL,3,NULL,'',NULL,2,1458121517,NULL,'test test',1,0,0,0),(57,NULL,NULL,3,NULL,'',NULL,2,1458207917,NULL,'test test',1,0,0,0),(58,NULL,NULL,3,NULL,'',NULL,2,1458553517,NULL,'test test',1,0,0,0),(59,NULL,NULL,3,NULL,'',NULL,2,1458207917,NULL,'test test',1,0,0,0),(60,NULL,NULL,3,NULL,'',NULL,2,1458553517,NULL,'test test',1,0,0,0),(61,NULL,NULL,4,NULL,'',NULL,2,1458812717,NULL,'test test',1,0,0,0),(62,NULL,NULL,4,NULL,'',NULL,1,1458639917,NULL,'test test',1,0,0,0),(63,NULL,NULL,4,NULL,'',NULL,2,1458207917,NULL,'test test',1,0,0,0),(64,NULL,NULL,4,NULL,'',NULL,2,1458380717,NULL,'test test',1,0,0,0),(65,NULL,NULL,4,NULL,'',NULL,2,1458726317,NULL,'test test',1,0,0,0),(66,NULL,NULL,4,NULL,'',NULL,2,1458812717,NULL,'test test',1,0,0,0),(67,NULL,NULL,4,NULL,'',NULL,2,1458035117,NULL,'test test',1,0,0,0),(68,NULL,NULL,4,NULL,'',NULL,2,1458812717,NULL,'test test',1,0,0,0),(69,NULL,NULL,4,NULL,'',NULL,2,1458294317,NULL,'test test',1,0,0,0),(70,NULL,NULL,4,NULL,'',NULL,2,1458035117,NULL,'test test',1,0,0,0),(71,NULL,NULL,4,NULL,'',NULL,2,1458294317,NULL,'test test',1,0,0,0),(72,NULL,NULL,4,NULL,'',NULL,2,1458121517,NULL,'test test',1,0,0,0),(73,NULL,NULL,4,NULL,'',NULL,2,1458294317,NULL,'test test',1,0,0,0),(74,NULL,NULL,4,NULL,'',NULL,2,1458294317,NULL,'test test',1,0,0,0),(75,NULL,NULL,4,NULL,'',NULL,2,1458207917,NULL,'test test',1,0,0,0),(76,NULL,NULL,4,NULL,'',NULL,2,1458639917,NULL,'test test',1,0,0,0),(77,NULL,NULL,4,NULL,'',NULL,2,1458726317,NULL,'test test',1,0,0,0),(78,NULL,NULL,5,NULL,'',NULL,4,1458207917,NULL,'test test',1,0,0,0),(79,NULL,NULL,5,NULL,'',NULL,3,1458294317,NULL,'test test',1,0,0,0),(80,NULL,NULL,5,NULL,'',NULL,3,1458121517,NULL,'test test',1,0,0,0),(81,NULL,NULL,5,NULL,'',NULL,3,1458639917,NULL,'test test',1,0,0,0),(82,NULL,NULL,5,NULL,'',NULL,2,1458553517,NULL,'test test',1,0,0,0),(83,NULL,NULL,5,NULL,'',NULL,3,1458899117,NULL,'test test',1,0,0,0),(84,NULL,NULL,5,NULL,'',NULL,3,1458639917,NULL,'test test',1,0,0,0),(85,NULL,NULL,5,NULL,'',NULL,2,1458899117,NULL,'test test',1,0,0,0),(86,NULL,NULL,5,NULL,'',NULL,3,1458207917,NULL,'test test',1,0,0,0),(87,NULL,NULL,5,NULL,'',NULL,3,1458726317,NULL,'test test',1,0,0,0),(88,NULL,NULL,5,NULL,'',NULL,3,1458121517,NULL,'test test',1,0,0,0),(89,NULL,NULL,5,NULL,'',NULL,3,1458726317,NULL,'test test',1,0,0,0),(90,NULL,NULL,5,NULL,'',NULL,3,1458035117,NULL,'test test',1,0,0,0),(91,NULL,NULL,5,NULL,'',NULL,3,1458726317,NULL,'test test',1,0,0,0),(92,NULL,NULL,5,NULL,'',NULL,3,1458639917,NULL,'test test',1,0,0,0),(93,NULL,NULL,5,NULL,'',NULL,3,1458726317,NULL,'test test',1,0,0,0),(94,NULL,NULL,5,NULL,'',NULL,3,1458035117,NULL,'test test',1,0,0,0),(95,NULL,NULL,5,NULL,'',NULL,3,1458121517,NULL,'test test',1,0,0,0),(96,NULL,NULL,5,NULL,'',NULL,3,1458467117,NULL,'test test',1,0,0,0),(97,NULL,NULL,5,NULL,'',NULL,3,1458812717,NULL,'test test',1,0,0,0),(98,NULL,NULL,5,NULL,'',NULL,3,1458207917,NULL,'test test',1,0,0,0),(99,NULL,NULL,5,NULL,'',NULL,3,1458294317,NULL,'test test',1,0,0,0),(100,NULL,NULL,6,NULL,'',NULL,3,1458207917,NULL,'test test',1,0,0,0),(101,NULL,NULL,6,NULL,'',NULL,2,1458207917,NULL,'test test',1,0,0,0),(102,NULL,NULL,6,NULL,'',NULL,3,1458553517,NULL,'test test',1,0,0,0),(103,NULL,NULL,6,NULL,'',NULL,3,1458294317,NULL,'test test',1,0,0,0),(104,NULL,NULL,6,NULL,'',NULL,3,1458467117,NULL,'test test',1,0,0,0),(105,NULL,NULL,6,NULL,'',NULL,3,1458899117,NULL,'test test',1,0,0,0),(106,NULL,NULL,6,NULL,'',NULL,3,1458553517,NULL,'test test',1,0,0,0),(107,NULL,NULL,6,NULL,'',NULL,3,1458207917,NULL,'test test',1,0,0,0),(108,NULL,NULL,6,NULL,'',NULL,3,1458639917,NULL,'test test',1,0,0,0),(109,NULL,NULL,6,NULL,'',NULL,3,1458726317,NULL,'test test',1,0,0,0),(110,NULL,NULL,6,NULL,'',NULL,3,1458467117,NULL,'test test',1,0,0,0),(111,NULL,NULL,6,NULL,'',NULL,3,1458812717,NULL,'test test',1,0,0,0),(112,NULL,NULL,6,NULL,'',NULL,3,1458467117,NULL,'test test',1,0,0,0),(113,NULL,NULL,6,NULL,'',NULL,3,1458121517,NULL,'test test',1,0,0,0),(114,NULL,NULL,6,NULL,'',NULL,3,1458812717,NULL,'test test',1,0,0,0),(115,NULL,NULL,6,NULL,'',NULL,3,1458121517,NULL,'test test',1,0,0,0),(116,NULL,NULL,6,NULL,'',NULL,3,1458035117,NULL,'test test',1,0,0,0),(117,NULL,NULL,6,NULL,'',NULL,3,1458121517,NULL,'test test',1,0,0,0),(118,NULL,NULL,6,NULL,'',NULL,3,1458812717,NULL,'test test',1,0,0,0),(119,NULL,NULL,7,NULL,'',NULL,3,1458207917,NULL,'test test',1,0,0,0),(120,NULL,NULL,7,NULL,'',NULL,3,1458812717,NULL,'test test',1,0,0,0),(121,NULL,NULL,7,NULL,'',NULL,3,1458899117,NULL,'test test',1,0,0,0),(122,NULL,NULL,7,NULL,'',NULL,4,1458899117,NULL,'test test',1,0,0,0),(123,NULL,NULL,7,NULL,'',NULL,3,1458553517,NULL,'test test',1,0,0,0),(124,NULL,NULL,7,NULL,'',NULL,3,1458639917,NULL,'test test',1,0,0,0),(125,NULL,NULL,7,NULL,'',NULL,4,1458899117,NULL,'test test',1,0,0,0),(126,NULL,NULL,7,NULL,'',NULL,3,1458726317,NULL,'test test',1,0,0,0),(127,NULL,NULL,7,NULL,'',NULL,3,1458121517,NULL,'test test',1,0,0,0),(128,NULL,NULL,7,NULL,'',NULL,3,1458812717,NULL,'test test',1,0,0,0),(129,NULL,NULL,7,NULL,'',NULL,3,1458899117,NULL,'test test',1,0,0,0),(130,NULL,NULL,7,NULL,'',NULL,3,1458467117,NULL,'test test',1,0,0,0),(131,NULL,NULL,7,NULL,'',NULL,3,1458035117,NULL,'test test',1,0,0,0),(132,NULL,NULL,7,NULL,'',NULL,3,1458207917,NULL,'test test',1,0,0,0),(133,NULL,NULL,7,NULL,'',NULL,3,1458035117,NULL,'test test',1,0,0,0),(134,NULL,NULL,8,NULL,'',NULL,3,1458294317,NULL,'test test',1,0,0,0),(135,NULL,NULL,8,NULL,'',NULL,2,1458726317,NULL,'test test',1,0,0,0),(136,NULL,NULL,8,NULL,'',NULL,3,1458035117,NULL,'test test',1,0,0,0),(137,NULL,NULL,8,NULL,'',NULL,3,1458899117,NULL,'test test',1,0,0,0),(138,NULL,NULL,8,NULL,'',NULL,3,1458899117,NULL,'test test',1,0,0,0),(139,NULL,NULL,8,NULL,'',NULL,3,1458726317,NULL,'test test',1,0,0,0),(140,NULL,NULL,8,NULL,'',NULL,3,1458726317,NULL,'test test',1,0,0,0),(141,NULL,NULL,8,NULL,'',NULL,4,1458467117,NULL,'test test',1,0,0,0),(142,NULL,NULL,8,NULL,'',NULL,3,1458553517,NULL,'test test',1,0,0,0),(143,NULL,NULL,8,NULL,'',NULL,3,1458207917,NULL,'test test',1,0,0,0),(144,NULL,NULL,8,NULL,'',NULL,3,1458553517,NULL,'test test',1,0,0,0),(145,NULL,NULL,8,NULL,'',NULL,3,1458380717,NULL,'test test',1,0,0,0),(146,NULL,NULL,8,NULL,'',NULL,3,1458380717,NULL,'test test',1,0,0,0),(147,NULL,NULL,8,NULL,'',NULL,3,1458639917,NULL,'test test',1,0,0,0),(148,NULL,NULL,8,NULL,'',NULL,3,1458467117,NULL,'test test',1,0,0,0),(149,NULL,NULL,8,NULL,'',NULL,3,1458294317,NULL,'test test',1,0,0,0),(150,NULL,NULL,8,NULL,'',NULL,3,1458812717,NULL,'test test',1,0,0,0),(151,NULL,NULL,8,NULL,'',NULL,3,1458380717,NULL,'test test',1,0,0,0),(152,NULL,NULL,8,NULL,'',NULL,3,1458207917,NULL,'test test',1,0,0,0),(153,NULL,NULL,8,NULL,'',NULL,3,1458726317,NULL,'test test',1,0,0,0),(154,NULL,NULL,8,NULL,'',NULL,3,1458035117,NULL,'test test',1,0,0,0),(155,NULL,NULL,8,NULL,'',NULL,3,1458812717,NULL,'test test',1,0,0,0),(156,NULL,NULL,8,NULL,'',NULL,3,1458726317,NULL,'test test',1,0,0,0),(157,NULL,NULL,8,NULL,'',NULL,3,1458726317,NULL,'test test',1,0,0,0),(158,NULL,NULL,9,NULL,'',NULL,4,1458899117,NULL,'test test',1,0,0,0),(159,NULL,NULL,9,NULL,'',NULL,2,1458553517,NULL,'test test',1,0,0,0),(160,NULL,NULL,9,NULL,'',NULL,3,1458639917,NULL,'test test',1,0,0,0),(161,NULL,NULL,9,NULL,'',NULL,3,1458380717,NULL,'test test',1,0,0,0),(162,NULL,NULL,9,NULL,'',NULL,3,1458553517,NULL,'test test',1,0,0,0),(163,NULL,NULL,9,NULL,'',NULL,3,1458899117,NULL,'test test',1,0,0,0),(164,NULL,NULL,9,NULL,'',NULL,3,1458467117,NULL,'test test',1,0,0,0),(165,NULL,NULL,9,NULL,'',NULL,3,1458899117,NULL,'test test',1,0,0,0),(166,NULL,NULL,9,NULL,'',NULL,3,1458639917,NULL,'test test',1,0,0,0),(167,NULL,NULL,9,NULL,'',NULL,3,1458467117,NULL,'test test',1,0,0,0),(168,NULL,NULL,9,NULL,'',NULL,3,1458812717,NULL,'test test',1,0,0,0),(169,NULL,NULL,9,NULL,'',NULL,3,1458639917,NULL,'test test',1,0,0,0),(170,NULL,NULL,9,NULL,'',NULL,3,1458207917,NULL,'test test',1,0,0,0),(171,NULL,NULL,9,NULL,'',NULL,3,1458639917,NULL,'test test',1,0,0,0),(172,NULL,NULL,9,NULL,'',NULL,3,1458121517,NULL,'test test',1,0,0,0),(173,NULL,NULL,9,NULL,'',NULL,3,1458812717,NULL,'test test',1,0,0,0),(174,NULL,NULL,9,NULL,'',NULL,3,1458812717,NULL,'test test',1,0,0,0),(175,NULL,NULL,9,NULL,'',NULL,3,1458726317,NULL,'test test',1,0,0,0),(176,NULL,NULL,10,NULL,'',NULL,3,1458207917,NULL,'test test',1,0,0,0),(177,NULL,NULL,10,NULL,'',NULL,4,1458207917,NULL,'test test',1,0,0,0),(178,NULL,NULL,10,NULL,'',NULL,4,1458380717,NULL,'test test',1,0,0,0),(179,NULL,NULL,10,NULL,'',NULL,2,1458726317,NULL,'test test',1,0,0,0),(180,NULL,NULL,10,NULL,'',NULL,3,1458467117,NULL,'test test',1,0,0,0),(181,NULL,NULL,10,NULL,'',NULL,3,1458294317,NULL,'test test',1,0,0,0),(182,NULL,NULL,10,NULL,'',NULL,3,1458207917,NULL,'test test',1,0,0,0),(183,NULL,NULL,10,NULL,'',NULL,3,1458639917,NULL,'test test',1,0,0,0),(184,NULL,NULL,10,NULL,'',NULL,3,1458121517,NULL,'test test',1,0,0,0),(185,NULL,NULL,10,NULL,'',NULL,3,1458294317,NULL,'test test',1,0,0,0),(186,NULL,NULL,10,NULL,'',NULL,3,1458467117,NULL,'test test',1,0,0,0),(187,NULL,NULL,10,NULL,'',NULL,3,1458812717,NULL,'test test',1,0,0,0),(188,NULL,NULL,10,NULL,'',NULL,3,1458035117,NULL,'test test',1,0,0,0),(189,NULL,NULL,10,NULL,'',NULL,3,1458467117,NULL,'test test',1,0,0,0),(190,NULL,NULL,10,NULL,'',NULL,3,1458380717,NULL,'test test',1,0,0,0),(191,NULL,NULL,10,NULL,'',NULL,3,1458726317,NULL,'test test',1,0,0,0),(192,NULL,NULL,10,NULL,'',NULL,3,1458812717,NULL,'test test',1,0,0,0),(193,NULL,NULL,10,NULL,'',NULL,3,1458899117,NULL,'test test',1,0,0,0),(194,NULL,NULL,10,NULL,'',NULL,3,1458639917,NULL,'test test',1,0,0,0),(195,NULL,NULL,10,NULL,'',NULL,3,1458294317,NULL,'test test',1,0,0,0),(196,NULL,NULL,10,NULL,'',NULL,3,1458899117,NULL,'test test',1,0,0,0),(197,NULL,NULL,10,NULL,'',NULL,3,1458294317,NULL,'test test',1,0,0,0),(198,NULL,NULL,11,NULL,'',NULL,4,1458812717,NULL,'test test',1,0,0,0),(199,NULL,NULL,11,NULL,'',NULL,4,1458812717,NULL,'test test',1,0,0,0),(200,NULL,NULL,11,NULL,'',NULL,3,1458899117,NULL,'test test',1,0,0,0),(201,NULL,NULL,11,NULL,'',NULL,5,1458035117,NULL,'test test',1,0,0,0),(202,NULL,NULL,11,NULL,'',NULL,4,1458467117,NULL,'test test',1,0,0,0),(203,NULL,NULL,11,NULL,'',NULL,3,1458121517,NULL,'test test',1,0,0,0),(204,NULL,NULL,11,NULL,'',NULL,4,1458812717,NULL,'test test',1,0,0,0),(205,NULL,NULL,11,NULL,'',NULL,4,1458294317,NULL,'test test',1,0,0,0),(206,NULL,NULL,11,NULL,'',NULL,4,1458812717,NULL,'test test',1,0,0,0),(207,NULL,NULL,11,NULL,'',NULL,4,1458121517,NULL,'test test',1,0,0,0),(208,NULL,NULL,11,NULL,'',NULL,4,1458553517,NULL,'test test',1,0,0,0),(209,NULL,NULL,11,NULL,'',NULL,4,1458294317,NULL,'test test',1,0,0,0),(210,NULL,NULL,11,NULL,'',NULL,4,1458899117,NULL,'test test',1,0,0,0),(211,NULL,NULL,11,NULL,'',NULL,4,1458121517,NULL,'test test',1,0,0,0),(212,NULL,NULL,11,NULL,'',NULL,4,1458553517,NULL,'test test',1,0,0,0),(213,NULL,NULL,11,NULL,'',NULL,4,1458207917,NULL,'test test',1,0,0,0),(214,NULL,NULL,11,NULL,'',NULL,4,1458726317,NULL,'test test',1,0,0,0),(215,NULL,NULL,12,NULL,'',NULL,5,1458639917,NULL,'test test',1,0,0,0),(216,NULL,NULL,12,NULL,'',NULL,3,1458467117,NULL,'test test',1,0,0,0),(217,NULL,NULL,12,NULL,'',NULL,3,1458294317,NULL,'test test',1,0,0,0),(218,NULL,NULL,12,NULL,'',NULL,4,1458467117,NULL,'test test',1,0,0,0),(219,NULL,NULL,12,NULL,'',NULL,4,1458467117,NULL,'test test',1,0,0,0),(220,NULL,NULL,12,NULL,'',NULL,4,1458726317,NULL,'test test',1,0,0,0),(221,NULL,NULL,12,NULL,'',NULL,4,1458899117,NULL,'test test',1,0,0,0),(222,NULL,NULL,12,NULL,'',NULL,4,1458294317,NULL,'test test',1,0,0,0),(223,NULL,NULL,12,NULL,'',NULL,4,1458553517,NULL,'test test',1,0,0,0),(224,NULL,NULL,12,NULL,'',NULL,4,1458899117,NULL,'test test',1,0,0,0),(225,NULL,NULL,12,NULL,'',NULL,4,1458899117,NULL,'test test',1,0,0,0),(226,NULL,NULL,12,NULL,'',NULL,4,1458899117,NULL,'test test',1,0,0,0),(227,NULL,NULL,12,NULL,'',NULL,4,1458812717,NULL,'test test',1,0,0,0),(228,NULL,NULL,12,NULL,'',NULL,4,1458294317,NULL,'test test',1,0,0,0),(229,NULL,NULL,12,NULL,'',NULL,4,1458726317,NULL,'test test',1,0,0,0),(230,NULL,NULL,12,NULL,'',NULL,4,1458639917,NULL,'test test',1,0,0,0),(231,NULL,NULL,12,NULL,'',NULL,4,1458207917,NULL,'test test',1,0,0,0),(232,NULL,NULL,12,NULL,'',NULL,4,1458726317,NULL,'test test',1,0,0,0),(233,NULL,NULL,12,NULL,'',NULL,4,1458207917,NULL,'test test',1,0,0,0),(234,NULL,NULL,12,NULL,'',NULL,4,1458380717,NULL,'test test',1,0,0,0),(235,NULL,NULL,13,NULL,'',NULL,3,1458639917,NULL,'test test',1,0,0,0),(236,NULL,NULL,13,NULL,'',NULL,4,1458467117,NULL,'test test',1,0,0,0),(237,NULL,NULL,13,NULL,'',NULL,4,1458207917,NULL,'test test',1,0,0,0),(238,NULL,NULL,13,NULL,'',NULL,3,1458812717,NULL,'test test',1,0,0,0),(239,NULL,NULL,13,NULL,'',NULL,4,1458121517,NULL,'test test',1,0,0,0),(240,NULL,NULL,13,NULL,'',NULL,4,1458553517,NULL,'test test',1,0,0,0),(241,NULL,NULL,13,NULL,'',NULL,4,1458726317,NULL,'test test',1,0,0,0),(242,NULL,NULL,13,NULL,'',NULL,4,1458207917,NULL,'test test',1,0,0,0),(243,NULL,NULL,13,NULL,'',NULL,4,1458207917,NULL,'test test',1,0,0,0),(244,NULL,NULL,13,NULL,'',NULL,3,1458899117,NULL,'test test',1,0,0,0),(245,NULL,NULL,13,NULL,'',NULL,4,1458035117,NULL,'test test',1,0,0,0),(246,NULL,NULL,13,NULL,'',NULL,4,1458899117,NULL,'test test',1,0,0,0),(247,NULL,NULL,13,NULL,'',NULL,4,1458467117,NULL,'test test',1,0,0,0),(248,NULL,NULL,13,NULL,'',NULL,4,1458380717,NULL,'test test',1,0,0,0),(249,NULL,NULL,13,NULL,'',NULL,4,1458467117,NULL,'test test',1,0,0,0),(250,NULL,NULL,14,NULL,'',NULL,4,1458899117,NULL,'test test',1,0,0,0),(251,NULL,NULL,14,NULL,'',NULL,4,1458121517,NULL,'test test',1,0,0,0),(252,NULL,NULL,14,NULL,'',NULL,4,1458380717,NULL,'test test',1,0,0,0),(253,NULL,NULL,14,NULL,'',NULL,4,1458207917,NULL,'test test',1,0,0,0),(254,NULL,NULL,14,NULL,'',NULL,3,1458726317,NULL,'test test',1,0,0,0),(255,NULL,NULL,14,NULL,'',NULL,4,1458294317,NULL,'test test',1,0,0,0),(256,NULL,NULL,14,NULL,'',NULL,3,1458207917,NULL,'test test',1,0,0,0),(257,NULL,NULL,14,NULL,'',NULL,4,1458726317,NULL,'test test',1,0,0,0),(258,NULL,NULL,14,NULL,'',NULL,4,1458121517,NULL,'test test',1,0,0,0),(259,NULL,NULL,14,NULL,'',NULL,4,1458467117,NULL,'test test',1,0,0,0),(260,NULL,NULL,14,NULL,'',NULL,4,1458467117,NULL,'test test',1,0,0,0),(261,NULL,NULL,14,NULL,'',NULL,4,1458812717,NULL,'test test',1,0,0,0),(262,NULL,NULL,14,NULL,'',NULL,4,1458726317,NULL,'test test',1,0,0,0),(263,NULL,NULL,14,NULL,'',NULL,4,1458294317,NULL,'test test',1,0,0,0),(264,NULL,NULL,14,NULL,'',NULL,4,1458035117,NULL,'test test',1,0,0,0),(265,NULL,NULL,14,NULL,'',NULL,4,1458121517,NULL,'test test',1,0,0,0),(266,NULL,NULL,14,NULL,'',NULL,4,1458035117,NULL,'test test',1,0,0,0),(267,NULL,NULL,14,NULL,'',NULL,4,1458553517,NULL,'test test',1,0,0,0),(268,NULL,NULL,14,NULL,'',NULL,4,1458380717,NULL,'test test',1,0,0,0),(269,NULL,NULL,14,NULL,'',NULL,4,1458812717,NULL,'test test',1,0,0,0),(270,NULL,NULL,14,NULL,'',NULL,4,1458726317,NULL,'test test',1,0,0,0),(271,NULL,NULL,15,NULL,'',NULL,5,1458035117,NULL,'test test',1,0,0,0),(272,NULL,NULL,15,NULL,'',NULL,5,1458639917,NULL,'test test',1,0,0,0),(273,NULL,NULL,15,NULL,'',NULL,5,1458899117,NULL,'test test',1,0,0,0),(274,NULL,NULL,15,NULL,'',NULL,5,1458207917,NULL,'test test',1,0,0,0),(275,NULL,NULL,15,NULL,'',NULL,5,1458639917,NULL,'test test',1,0,0,0),(276,NULL,NULL,15,NULL,'',NULL,5,1458035117,NULL,'test test',1,0,0,0),(277,NULL,NULL,15,NULL,'',NULL,5,1458121517,NULL,'test test',1,0,0,0),(278,NULL,NULL,15,NULL,'',NULL,5,1458121517,NULL,'test test',1,0,0,0),(279,NULL,NULL,15,NULL,'',NULL,4,1458380717,NULL,'test test',1,0,0,0),(280,NULL,NULL,15,NULL,'',NULL,5,1458639917,NULL,'test test',1,0,0,0),(281,NULL,NULL,15,NULL,'',NULL,4,1458121517,NULL,'test test',1,0,0,0),(282,NULL,NULL,15,NULL,'',NULL,5,1458553517,NULL,'test test',1,0,0,0),(283,NULL,NULL,15,NULL,'',NULL,5,1458035117,NULL,'test test',1,0,0,0),(284,NULL,NULL,15,NULL,'',NULL,5,1458380717,NULL,'test test',1,0,0,0),(285,NULL,NULL,15,NULL,'',NULL,5,1458294317,NULL,'test test',1,0,0,0),(286,NULL,NULL,15,NULL,'',NULL,4,1458294317,NULL,'test test',1,0,0,0),(287,NULL,NULL,15,NULL,'',NULL,5,1458553517,NULL,'test test',1,0,0,0),(288,NULL,NULL,16,NULL,'',NULL,5,1458121517,NULL,'test test',1,0,0,0),(289,NULL,NULL,16,NULL,'',NULL,5,1458467117,NULL,'test test',1,0,0,0),(290,NULL,NULL,16,NULL,'',NULL,4,1458035117,NULL,'test test',1,0,0,0),(291,NULL,NULL,16,NULL,'',NULL,4,1458553517,NULL,'test test',1,0,0,0),(292,NULL,NULL,16,NULL,'',NULL,4,1458380717,NULL,'test test',1,0,0,0),(293,NULL,NULL,16,NULL,'',NULL,3,1458812717,NULL,'test test',1,0,0,0),(294,NULL,NULL,16,NULL,'',NULL,4,1458899117,NULL,'test test',1,0,0,0),(295,NULL,NULL,16,NULL,'',NULL,4,1458467117,NULL,'test test',1,0,0,0),(296,NULL,NULL,16,NULL,'',NULL,4,1458899117,NULL,'test test',1,0,0,0),(297,NULL,NULL,16,NULL,'',NULL,4,1458899117,NULL,'test test',1,0,0,0),(298,NULL,NULL,16,NULL,'',NULL,4,1458121517,NULL,'test test',1,0,0,0),(299,NULL,NULL,16,NULL,'',NULL,4,1458380717,NULL,'test test',1,0,0,0),(300,NULL,NULL,16,NULL,'',NULL,4,1458812717,NULL,'test test',1,0,0,0),(301,NULL,NULL,16,NULL,'',NULL,4,1458812717,NULL,'test test',1,0,0,0),(302,NULL,NULL,16,NULL,'',NULL,4,1458380717,NULL,'test test',1,0,0,0),(303,NULL,NULL,16,NULL,'',NULL,4,1458467117,NULL,'test test',1,0,0,0),(304,NULL,NULL,16,NULL,'',NULL,4,1458812717,NULL,'test test',1,0,0,0),(305,NULL,NULL,16,NULL,'',NULL,4,1458553517,NULL,'test test',1,0,0,0),(306,NULL,NULL,16,NULL,'',NULL,4,1458121517,NULL,'test test',1,0,0,0),(307,NULL,NULL,16,NULL,'',NULL,4,1458812717,NULL,'test test',1,0,0,0),(308,NULL,NULL,16,NULL,'',NULL,4,1458726317,NULL,'test test',1,0,0,0),(309,NULL,NULL,16,NULL,'',NULL,4,1458207917,NULL,'test test',1,0,0,0),(310,NULL,NULL,17,NULL,'',NULL,5,1458207917,NULL,'test test',1,0,0,0),(311,NULL,NULL,17,NULL,'',NULL,4,1458380717,NULL,'test test',1,0,0,0),(312,NULL,NULL,17,NULL,'',NULL,4,1458294317,NULL,'test test',1,0,0,0),(313,NULL,NULL,17,NULL,'',NULL,4,1458726317,NULL,'test test',1,0,0,0),(314,NULL,NULL,17,NULL,'',NULL,4,1458467117,NULL,'test test',1,0,0,0),(315,NULL,NULL,17,NULL,'',NULL,4,1458639917,NULL,'test test',1,0,0,0),(316,NULL,NULL,17,NULL,'',NULL,4,1458121517,NULL,'test test',1,0,0,0),(317,NULL,NULL,17,NULL,'',NULL,4,1458812717,NULL,'test test',1,0,0,0),(318,NULL,NULL,17,NULL,'',NULL,4,1458294317,NULL,'test test',1,0,0,0),(319,NULL,NULL,17,NULL,'',NULL,4,1458207917,NULL,'test test',1,0,0,0),(320,NULL,NULL,17,NULL,'',NULL,4,1458294317,NULL,'test test',1,0,0,0),(321,NULL,NULL,17,NULL,'',NULL,4,1458380717,NULL,'test test',1,0,0,0),(322,NULL,NULL,17,NULL,'',NULL,4,1458812717,NULL,'test test',1,0,0,0),(323,NULL,NULL,17,NULL,'',NULL,4,1458726317,NULL,'test test',1,0,0,0),(324,NULL,NULL,17,NULL,'',NULL,4,1458207917,NULL,'test test',1,0,0,0),(325,NULL,NULL,17,NULL,'',NULL,4,1458726317,NULL,'test test',1,0,0,0),(326,NULL,NULL,17,NULL,'',NULL,4,1458294317,NULL,'test test',1,0,0,0),(327,NULL,NULL,17,NULL,'',NULL,4,1458207917,NULL,'test test',1,0,0,0),(328,NULL,NULL,17,NULL,'',NULL,4,1458726317,NULL,'test test',1,0,0,0),(329,NULL,NULL,17,NULL,'',NULL,4,1458380717,NULL,'test test',1,0,0,0),(330,NULL,NULL,17,NULL,'',NULL,4,1458553517,NULL,'test test',1,0,0,0),(331,NULL,NULL,18,NULL,'',NULL,4,1458553517,NULL,'test test',1,0,0,0),(332,NULL,NULL,18,NULL,'',NULL,4,1458207917,NULL,'test test',1,0,0,0),(333,NULL,NULL,18,NULL,'',NULL,4,1458899117,NULL,'test test',1,0,0,0),(334,NULL,NULL,18,NULL,'',NULL,4,1458035117,NULL,'test test',1,0,0,0),(335,NULL,NULL,18,NULL,'',NULL,5,1458121517,NULL,'test test',1,0,0,0),(336,NULL,NULL,18,NULL,'',NULL,4,1458553517,NULL,'test test',1,0,0,0),(337,NULL,NULL,18,NULL,'',NULL,5,1458121517,NULL,'test test',1,0,0,0),(338,NULL,NULL,18,NULL,'',NULL,4,1458899117,NULL,'test test',1,0,0,0),(339,NULL,NULL,18,NULL,'',NULL,4,1458294317,NULL,'test test',1,0,0,0),(340,NULL,NULL,18,NULL,'',NULL,4,1458380717,NULL,'test test',1,0,0,0),(341,NULL,NULL,18,NULL,'',NULL,4,1458207917,NULL,'test test',1,0,0,0),(342,NULL,NULL,18,NULL,'',NULL,4,1458726317,NULL,'test test',1,0,0,0),(343,NULL,NULL,18,NULL,'',NULL,4,1458726317,NULL,'test test',1,0,0,0),(344,NULL,NULL,18,NULL,'',NULL,4,1458899117,NULL,'test test',1,0,0,0),(345,NULL,NULL,18,NULL,'',NULL,4,1458207917,NULL,'test test',1,0,0,0),(346,NULL,NULL,18,NULL,'',NULL,4,1458467117,NULL,'test test',1,0,0,0),(347,NULL,NULL,18,NULL,'',NULL,4,1458121517,NULL,'test test',1,0,0,0),(348,NULL,NULL,18,NULL,'',NULL,4,1458035117,NULL,'test test',1,0,0,0),(349,NULL,NULL,18,NULL,'',NULL,4,1458726317,NULL,'test test',1,0,0,0),(350,NULL,NULL,18,NULL,'',NULL,4,1458380717,NULL,'test test',1,0,0,0),(351,NULL,NULL,18,NULL,'',NULL,4,1458380717,NULL,'test test',1,0,0,0),(352,NULL,NULL,18,NULL,'',NULL,4,1458121517,NULL,'test test',1,0,0,0),(353,NULL,NULL,18,NULL,'',NULL,4,1458207917,NULL,'test test',1,0,0,0),(354,NULL,NULL,18,NULL,'',NULL,4,1458121517,NULL,'test test',1,0,0,0),(355,NULL,NULL,19,NULL,'',NULL,4,1458380717,NULL,'test test',1,0,0,0),(356,NULL,NULL,19,NULL,'',NULL,4,1458035117,NULL,'test test',1,0,0,0),(357,NULL,NULL,19,NULL,'',NULL,4,1458380717,NULL,'test test',1,0,0,0),(358,NULL,NULL,19,NULL,'',NULL,3,1458553517,NULL,'test test',1,0,0,0),(359,NULL,NULL,19,NULL,'',NULL,4,1458726317,NULL,'test test',1,0,0,0),(360,NULL,NULL,19,NULL,'',NULL,4,1458812717,NULL,'test test',1,0,0,0),(361,NULL,NULL,19,NULL,'',NULL,4,1458121517,NULL,'test test',1,0,0,0),(362,NULL,NULL,19,NULL,'',NULL,4,1458380717,NULL,'test test',1,0,0,0),(363,NULL,NULL,19,NULL,'',NULL,4,1458121517,NULL,'test test',1,0,0,0),(364,NULL,NULL,19,NULL,'',NULL,4,1458035117,NULL,'test test',1,0,0,0),(365,NULL,NULL,19,NULL,'',NULL,4,1458380717,NULL,'test test',1,0,0,0),(366,NULL,NULL,19,NULL,'',NULL,4,1458207917,NULL,'test test',1,0,0,0),(367,NULL,NULL,19,NULL,'',NULL,4,1458553517,NULL,'test test',1,0,0,0),(368,NULL,NULL,19,NULL,'',NULL,4,1458553517,NULL,'test test',1,0,0,0),(369,NULL,NULL,19,NULL,'',NULL,4,1458121517,NULL,'test test',1,0,0,0),(370,NULL,NULL,19,NULL,'',NULL,4,1458899117,NULL,'test test',1,0,0,0),(371,NULL,NULL,20,NULL,'',NULL,4,1458035117,NULL,'test test',1,0,0,0),(372,NULL,NULL,20,NULL,'',NULL,4,1458294317,NULL,'test test',1,0,0,0),(373,NULL,NULL,20,NULL,'',NULL,4,1458639917,NULL,'test test',1,0,0,0),(374,NULL,NULL,20,NULL,'',NULL,4,1458726317,NULL,'test test',1,0,0,0),(375,NULL,NULL,20,NULL,'',NULL,5,1458294317,NULL,'test test',1,0,0,0),(376,NULL,NULL,20,NULL,'',NULL,3,1458812717,NULL,'test test',1,0,0,0),(377,NULL,NULL,20,NULL,'',NULL,4,1458207917,NULL,'test test',1,0,0,0),(378,NULL,NULL,20,NULL,'',NULL,4,1458467117,NULL,'test test',1,0,0,0),(379,NULL,NULL,20,NULL,'',NULL,4,1458812717,NULL,'test test',1,0,0,0),(380,NULL,NULL,20,NULL,'',NULL,4,1458899117,NULL,'test test',1,0,0,0),(381,NULL,NULL,20,NULL,'',NULL,4,1458812717,NULL,'test test',1,0,0,0),(382,NULL,NULL,20,NULL,'',NULL,4,1458294317,NULL,'test test',1,0,0,0),(383,NULL,NULL,20,NULL,'',NULL,4,1458121517,NULL,'test test',1,0,0,0),(384,NULL,NULL,20,NULL,'',NULL,4,1458121517,NULL,'test test',1,0,0,0),(385,NULL,NULL,20,NULL,'',NULL,4,1458380717,NULL,'test test',1,0,0,0),(386,NULL,NULL,20,NULL,'',NULL,4,1458467117,NULL,'test test',1,0,0,0),(387,NULL,NULL,20,NULL,'',NULL,4,1458121517,NULL,'test test',1,0,0,0),(388,NULL,NULL,20,NULL,'',NULL,4,1458812717,NULL,'test test',1,0,0,0),(389,NULL,NULL,20,NULL,'',NULL,4,1458035117,NULL,'test test',1,0,0,0),(390,NULL,NULL,20,NULL,'',NULL,4,1458899117,NULL,'test test',1,0,0,0),(391,NULL,NULL,20,NULL,'',NULL,4,1458726317,NULL,'test test',1,0,0,0),(392,NULL,NULL,20,NULL,'',NULL,4,1458121517,NULL,'test test',1,0,0,0),(393,NULL,NULL,20,NULL,'',NULL,4,1458294317,NULL,'test test',1,0,0,0),(394,NULL,NULL,20,NULL,'',NULL,4,1458812717,NULL,'test test',1,0,0,0),(395,NULL,NULL,20,NULL,'',NULL,4,1458207917,NULL,'test test',1,0,0,0),(396,NULL,NULL,21,NULL,'',NULL,4,1458726317,NULL,'test test',1,0,0,0),(397,NULL,NULL,21,NULL,'',NULL,3,1458035117,NULL,'test test',1,0,0,0),(398,NULL,NULL,21,NULL,'',NULL,3,1458726317,NULL,'test test',1,0,0,0),(399,NULL,NULL,21,NULL,'',NULL,3,1458380717,NULL,'test test',1,0,0,0),(400,NULL,NULL,21,NULL,'',NULL,4,1458207917,NULL,'test test',1,0,0,0),(401,NULL,NULL,21,NULL,'',NULL,4,1458639917,NULL,'test test',1,0,0,0),(402,NULL,NULL,21,NULL,'',NULL,4,1458380717,NULL,'test test',1,0,0,0),(403,NULL,NULL,21,NULL,'',NULL,4,1458553517,NULL,'test test',1,0,0,0),(404,NULL,NULL,21,NULL,'',NULL,4,1458380717,NULL,'test test',1,0,0,0),(405,NULL,NULL,21,NULL,'',NULL,4,1458121517,NULL,'test test',1,0,0,0),(406,NULL,NULL,21,NULL,'',NULL,4,1458899117,NULL,'test test',1,0,0,0),(407,NULL,NULL,21,NULL,'',NULL,4,1458207917,NULL,'test test',1,0,0,0),(408,NULL,NULL,21,NULL,'',NULL,4,1458380717,NULL,'test test',1,0,0,0),(409,NULL,NULL,21,NULL,'',NULL,4,1458467117,NULL,'test test',1,0,0,0),(410,NULL,NULL,21,NULL,'',NULL,4,1458121517,NULL,'test test',1,0,0,0),(411,NULL,NULL,21,NULL,'',NULL,4,1458294317,NULL,'test test',1,0,0,0),(412,NULL,NULL,21,NULL,'',NULL,4,1458294317,NULL,'test test',1,0,0,0),(413,NULL,NULL,21,NULL,'',NULL,4,1458380717,NULL,'test test',1,0,0,0),(414,NULL,NULL,21,NULL,'',NULL,4,1458467117,NULL,'test test',1,0,0,0),(415,NULL,NULL,21,NULL,'',NULL,4,1458467117,NULL,'test test',1,0,0,0),(416,NULL,NULL,21,NULL,'',NULL,4,1458812717,NULL,'test test',1,0,0,0),(417,NULL,NULL,21,NULL,'',NULL,4,1458899117,NULL,'test test',1,0,0,0),(418,NULL,NULL,22,NULL,'',NULL,4,1458639917,NULL,'test test',1,0,0,0),(419,NULL,NULL,22,NULL,'',NULL,4,1458726317,NULL,'test test',1,0,0,0),(420,NULL,NULL,22,NULL,'',NULL,4,1458035117,NULL,'test test',1,0,0,0),(421,NULL,NULL,22,NULL,'',NULL,4,1458553517,NULL,'test test',1,0,0,0),(422,NULL,NULL,22,NULL,'',NULL,5,1458467117,NULL,'test test',1,0,0,0),(423,NULL,NULL,22,NULL,'',NULL,4,1458121517,NULL,'test test',1,0,0,0),(424,NULL,NULL,22,NULL,'',NULL,4,1458899117,NULL,'test test',1,0,0,0),(425,NULL,NULL,22,NULL,'',NULL,4,1458380717,NULL,'test test',1,0,0,0),(426,NULL,NULL,22,NULL,'',NULL,4,1458294317,NULL,'test test',1,0,0,0),(427,NULL,NULL,22,NULL,'',NULL,4,1458726317,NULL,'test test',1,0,0,0),(428,NULL,NULL,22,NULL,'',NULL,4,1458467117,NULL,'test test',1,0,0,0),(429,NULL,NULL,22,NULL,'',NULL,4,1458121517,NULL,'test test',1,0,0,0),(430,NULL,NULL,22,NULL,'',NULL,4,1458121517,NULL,'test test',1,0,0,0),(431,NULL,NULL,22,NULL,'',NULL,4,1458639917,NULL,'test test',1,0,0,0),(432,NULL,NULL,22,NULL,'',NULL,4,1458812717,NULL,'test test',1,0,0,0),(433,NULL,NULL,22,NULL,'',NULL,4,1458553517,NULL,'test test',1,0,0,0),(434,NULL,NULL,22,NULL,'',NULL,4,1458294317,NULL,'test test',1,0,0,0),(435,NULL,NULL,23,NULL,'',NULL,4,1458207917,NULL,'test test',1,0,0,0),(436,NULL,NULL,23,NULL,'',NULL,5,1458639917,NULL,'test test',1,0,0,0),(437,NULL,NULL,23,NULL,'',NULL,4,1458207917,NULL,'test test',1,0,0,0),(438,NULL,NULL,23,NULL,'',NULL,4,1458467117,NULL,'test test',1,0,0,0),(439,NULL,NULL,23,NULL,'',NULL,4,1458121517,NULL,'test test',1,0,0,0),(440,NULL,NULL,23,NULL,'',NULL,4,1458639917,NULL,'test test',1,0,0,0),(441,NULL,NULL,23,NULL,'',NULL,4,1458553517,NULL,'test test',1,0,0,0),(442,NULL,NULL,23,NULL,'',NULL,4,1458380717,NULL,'test test',1,0,0,0),(443,NULL,NULL,23,NULL,'',NULL,4,1458035117,NULL,'test test',1,0,0,0),(444,NULL,NULL,23,NULL,'',NULL,4,1458035117,NULL,'test test',1,0,0,0),(445,NULL,NULL,23,NULL,'',NULL,4,1458899117,NULL,'test test',1,0,0,0),(446,NULL,NULL,23,NULL,'',NULL,4,1458553517,NULL,'test test',1,0,0,0),(447,NULL,NULL,23,NULL,'',NULL,4,1458899117,NULL,'test test',1,0,0,0),(448,NULL,NULL,23,NULL,'',NULL,4,1458812717,NULL,'test test',1,0,0,0),(449,NULL,NULL,23,NULL,'',NULL,4,1458207917,NULL,'test test',1,0,0,0),(450,NULL,NULL,23,NULL,'',NULL,4,1458639917,NULL,'test test',1,0,0,0),(451,NULL,NULL,23,NULL,'',NULL,4,1458899117,NULL,'test test',1,0,0,0),(452,NULL,NULL,23,NULL,'',NULL,4,1458812717,NULL,'test test',1,0,0,0),(453,NULL,NULL,23,NULL,'',NULL,4,1458207917,NULL,'test test',1,0,0,0),(454,NULL,NULL,23,NULL,'',NULL,4,1458035117,NULL,'test test',1,0,0,0),(455,NULL,NULL,23,NULL,'',NULL,4,1458812717,NULL,'test test',1,0,0,0),(456,NULL,NULL,23,NULL,'',NULL,4,1458553517,NULL,'test test',1,0,0,0),(457,NULL,NULL,23,NULL,'',NULL,4,1458380717,NULL,'test test',1,0,0,0),(458,NULL,NULL,24,NULL,'',NULL,4,1458553517,NULL,'test test',1,0,0,0),(459,NULL,NULL,24,NULL,'',NULL,4,1458035117,NULL,'test test',1,0,0,0),(460,NULL,NULL,24,NULL,'',NULL,3,1458553517,NULL,'test test',1,0,0,0),(461,NULL,NULL,24,NULL,'',NULL,4,1458726317,NULL,'test test',1,0,0,0),(462,NULL,NULL,24,NULL,'',NULL,4,1458726317,NULL,'test test',1,0,0,0),(463,NULL,NULL,24,NULL,'',NULL,5,1458380717,NULL,'test test',1,0,0,0),(464,NULL,NULL,24,NULL,'',NULL,4,1458294317,NULL,'test test',1,0,0,0),(465,NULL,NULL,24,NULL,'',NULL,5,1458035117,NULL,'test test',1,0,0,0),(466,NULL,NULL,24,NULL,'',NULL,4,1458639917,NULL,'test test',1,0,0,0),(467,NULL,NULL,24,NULL,'',NULL,4,1458899117,NULL,'test test',1,0,0,0),(468,NULL,NULL,24,NULL,'',NULL,4,1458294317,NULL,'test test',1,0,0,0),(469,NULL,NULL,24,NULL,'',NULL,4,1458121517,NULL,'test test',1,0,0,0),(470,NULL,NULL,24,NULL,'',NULL,4,1458035117,NULL,'test test',1,0,0,0),(471,NULL,NULL,24,NULL,'',NULL,4,1458035117,NULL,'test test',1,0,0,0),(472,NULL,NULL,24,NULL,'',NULL,4,1458726317,NULL,'test test',1,0,0,0),(473,NULL,NULL,25,NULL,'',NULL,3,1458467117,NULL,'test test',1,0,0,0),(474,NULL,NULL,25,NULL,'',NULL,3,1458121517,NULL,'test test',1,0,0,0),(475,NULL,NULL,25,NULL,'',NULL,3,1458726317,NULL,'test test',1,0,0,0),(476,NULL,NULL,25,NULL,'',NULL,4,1458467117,NULL,'test test',1,0,0,0),(477,NULL,NULL,25,NULL,'',NULL,4,1458639917,NULL,'test test',1,0,0,0),(478,NULL,NULL,25,NULL,'',NULL,4,1458726317,NULL,'test test',1,0,0,0),(479,NULL,NULL,25,NULL,'',NULL,4,1458380717,NULL,'test test',1,0,0,0),(480,NULL,NULL,25,NULL,'',NULL,4,1458899117,NULL,'test test',1,0,0,0),(481,NULL,NULL,25,NULL,'',NULL,4,1458380717,NULL,'test test',1,0,0,0),(482,NULL,NULL,25,NULL,'',NULL,4,1458294317,NULL,'test test',1,0,0,0),(483,NULL,NULL,25,NULL,'',NULL,4,1458726317,NULL,'test test',1,0,0,0),(484,NULL,NULL,25,NULL,'',NULL,4,1458639917,NULL,'test test',1,0,0,0),(485,NULL,NULL,25,NULL,'',NULL,4,1458294317,NULL,'test test',1,0,0,0),(486,NULL,NULL,25,NULL,'',NULL,4,1458639917,NULL,'test test',1,0,0,0),(487,NULL,NULL,25,NULL,'',NULL,4,1458294317,NULL,'test test',1,0,0,0),(488,NULL,NULL,25,NULL,'',NULL,4,1458726317,NULL,'test test',1,0,0,0),(489,NULL,NULL,25,NULL,'',NULL,4,1458207917,NULL,'test test',1,0,0,0),(490,NULL,NULL,25,NULL,'',NULL,4,1458380717,NULL,'test test',1,0,0,0),(491,NULL,NULL,25,NULL,'',NULL,4,1458380717,NULL,'test test',1,0,0,0),(492,NULL,NULL,26,NULL,'',NULL,5,1458899117,NULL,'test test',1,0,0,0),(493,NULL,NULL,26,NULL,'',NULL,5,1458121517,NULL,'test test',1,0,0,0),(494,NULL,NULL,26,NULL,'',NULL,5,1458726317,NULL,'test test',1,0,0,0),(495,NULL,NULL,26,NULL,'',NULL,5,1458207917,NULL,'test test',1,0,0,0),(496,NULL,NULL,26,NULL,'',NULL,4,1458207917,NULL,'test test',1,0,0,0),(497,NULL,NULL,26,NULL,'',NULL,5,1458467117,NULL,'test test',1,0,0,0),(498,NULL,NULL,26,NULL,'',NULL,5,1458207917,NULL,'test test',1,0,0,0),(499,NULL,NULL,26,NULL,'',NULL,5,1458553517,NULL,'test test',1,0,0,0),(500,NULL,NULL,26,NULL,'',NULL,5,1458553517,NULL,'test test',1,0,0,0),(501,NULL,NULL,26,NULL,'',NULL,5,1458294317,NULL,'test test',1,0,0,0),(502,NULL,NULL,26,NULL,'',NULL,4,1458553517,NULL,'test test',1,0,0,0),(503,NULL,NULL,26,NULL,'',NULL,5,1458380717,NULL,'test test',1,0,0,0),(504,NULL,NULL,26,NULL,'',NULL,5,1458812717,NULL,'test test',1,0,0,0),(505,NULL,NULL,26,NULL,'',NULL,5,1458726317,NULL,'test test',1,0,0,0),(506,NULL,NULL,26,NULL,'',NULL,5,1458207917,NULL,'test test',1,0,0,0),(507,NULL,NULL,26,NULL,'',NULL,5,1458294317,NULL,'test test',1,0,0,0),(508,NULL,NULL,26,NULL,'',NULL,5,1458467117,NULL,'test test',1,0,0,0),(509,NULL,NULL,26,NULL,'',NULL,5,1458899117,NULL,'test test',1,0,0,0),(510,NULL,NULL,26,NULL,'',NULL,5,1458639917,NULL,'test test',1,0,0,0),(511,NULL,NULL,27,NULL,'',NULL,5,1458380717,NULL,'test test',1,0,0,0),(512,NULL,NULL,27,NULL,'',NULL,5,1458294317,NULL,'test test',1,0,0,0),(513,NULL,NULL,27,NULL,'',NULL,4,1458035117,NULL,'test test',1,0,0,0),(514,NULL,NULL,27,NULL,'',NULL,5,1458207917,NULL,'test test',1,0,0,0),(515,NULL,NULL,27,NULL,'',NULL,5,1458899117,NULL,'test test',1,0,0,0),(516,NULL,NULL,27,NULL,'',NULL,4,1458380717,NULL,'test test',1,0,0,0),(517,NULL,NULL,27,NULL,'',NULL,4,1458812717,NULL,'test test',1,0,0,0),(518,NULL,NULL,27,NULL,'',NULL,5,1458294317,NULL,'test test',1,0,0,0),(519,NULL,NULL,27,NULL,'',NULL,5,1458121517,NULL,'test test',1,0,0,0),(520,NULL,NULL,27,NULL,'',NULL,5,1458121517,NULL,'test test',1,0,0,0),(521,NULL,NULL,27,NULL,'',NULL,5,1458639917,NULL,'test test',1,0,0,0),(522,NULL,NULL,27,NULL,'',NULL,5,1458467117,NULL,'test test',1,0,0,0),(523,NULL,NULL,27,NULL,'',NULL,5,1458121517,NULL,'test test',1,0,0,0),(524,NULL,NULL,27,NULL,'',NULL,5,1458726317,NULL,'test test',1,0,0,0),(525,NULL,NULL,27,NULL,'',NULL,5,1458294317,NULL,'test test',1,0,0,0),(526,NULL,NULL,28,NULL,'',NULL,4,1458294317,NULL,'test test',1,0,0,0),(527,NULL,NULL,28,NULL,'',NULL,4,1458035117,NULL,'test test',1,0,0,0),(528,NULL,NULL,28,NULL,'',NULL,4,1458726317,NULL,'test test',1,0,0,0),(529,NULL,NULL,28,NULL,'',NULL,5,1458553517,NULL,'test test',1,0,0,0),(530,NULL,NULL,28,NULL,'',NULL,5,1458553517,NULL,'test test',1,0,0,0),(531,NULL,NULL,28,NULL,'',NULL,5,1458380717,NULL,'test test',1,0,0,0),(532,NULL,NULL,28,NULL,'',NULL,5,1458899117,NULL,'test test',1,0,0,0),(533,NULL,NULL,28,NULL,'',NULL,5,1458207917,NULL,'test test',1,0,0,0),(534,NULL,NULL,28,NULL,'',NULL,5,1458726317,NULL,'test test',1,0,0,0),(535,NULL,NULL,28,NULL,'',NULL,5,1458726317,NULL,'test test',1,0,0,0),(536,NULL,NULL,28,NULL,'',NULL,5,1458035117,NULL,'test test',1,0,0,0),(537,NULL,NULL,28,NULL,'',NULL,5,1458899117,NULL,'test test',1,0,0,0),(538,NULL,NULL,28,NULL,'',NULL,5,1458121517,NULL,'test test',1,0,0,0),(539,NULL,NULL,28,NULL,'',NULL,5,1458467117,NULL,'test test',1,0,0,0),(540,NULL,NULL,28,NULL,'',NULL,5,1458812717,NULL,'test test',1,0,0,0),(541,NULL,NULL,28,NULL,'',NULL,5,1458812717,NULL,'test test',1,0,0,0),(542,NULL,NULL,28,NULL,'',NULL,5,1458812717,NULL,'test test',1,0,0,0),(543,NULL,NULL,29,NULL,'',NULL,5,1458207917,NULL,'test test',1,0,0,0),(544,NULL,NULL,29,NULL,'',NULL,4,1458812717,NULL,'test test',1,0,0,0),(545,NULL,NULL,29,NULL,'',NULL,5,1458121517,NULL,'test test',1,0,0,0),(546,NULL,NULL,29,NULL,'',NULL,5,1458207917,NULL,'test test',1,0,0,0),(547,NULL,NULL,29,NULL,'',NULL,5,1458207917,NULL,'test test',1,0,0,0),(548,NULL,NULL,29,NULL,'',NULL,5,1458035117,NULL,'test test',1,0,0,0),(549,NULL,NULL,29,NULL,'',NULL,4,1458467117,NULL,'test test',1,0,0,0),(550,NULL,NULL,29,NULL,'',NULL,5,1458380717,NULL,'test test',1,0,0,0),(551,NULL,NULL,29,NULL,'',NULL,5,1458121517,NULL,'test test',1,0,0,0),(552,NULL,NULL,29,NULL,'',NULL,5,1458121517,NULL,'test test',1,0,0,0),(553,NULL,NULL,29,NULL,'',NULL,5,1458899117,NULL,'test test',1,0,0,0),(554,NULL,NULL,29,NULL,'',NULL,5,1458207917,NULL,'test test',1,0,0,0),(555,NULL,NULL,29,NULL,'',NULL,5,1458899117,NULL,'test test',1,0,0,0),(556,NULL,NULL,29,NULL,'',NULL,5,1458294317,NULL,'test test',1,0,0,0),(557,NULL,NULL,29,NULL,'',NULL,5,1458553517,NULL,'test test',1,0,0,0),(558,NULL,NULL,29,NULL,'',NULL,5,1458899117,NULL,'test test',1,0,0,0),(559,NULL,NULL,29,NULL,'',NULL,5,1458035117,NULL,'test test',1,0,0,0),(560,NULL,NULL,29,NULL,'',NULL,5,1458207917,NULL,'test test',1,0,0,0),(561,NULL,NULL,30,NULL,'',NULL,4,1458553517,NULL,'test test',1,0,0,0),(562,NULL,NULL,30,NULL,'',NULL,5,1458467117,NULL,'test test',1,0,0,0),(563,NULL,NULL,30,NULL,'',NULL,5,1458121517,NULL,'test test',1,0,0,0),(564,NULL,NULL,30,NULL,'',NULL,5,1458812717,NULL,'test test',1,0,0,0),(565,NULL,NULL,30,NULL,'',NULL,5,1458207917,NULL,'test test',1,0,0,0),(566,NULL,NULL,30,NULL,'',NULL,5,1458899117,NULL,'test test',1,0,0,0),(567,NULL,NULL,30,NULL,'',NULL,5,1458812717,NULL,'test test',1,0,0,0),(568,NULL,NULL,30,NULL,'',NULL,5,1458207917,NULL,'test test',1,0,0,0),(569,NULL,NULL,30,NULL,'',NULL,5,1458035117,NULL,'test test',1,0,0,0),(570,NULL,NULL,30,NULL,'',NULL,5,1458294317,NULL,'test test',1,0,0,0),(571,NULL,NULL,30,NULL,'',NULL,5,1458121517,NULL,'test test',1,0,0,0),(572,NULL,NULL,30,NULL,'',NULL,5,1458899117,NULL,'test test',1,0,0,0),(573,NULL,NULL,30,NULL,'',NULL,5,1458207917,NULL,'test test',1,0,0,0),(574,NULL,NULL,30,NULL,'',NULL,5,1458294317,NULL,'test test',1,0,0,0),(575,NULL,NULL,30,NULL,'',NULL,5,1458812717,NULL,'test test',1,0,0,0),(576,NULL,NULL,30,NULL,'',NULL,5,1458380717,NULL,'test test',1,0,0,0),(577,NULL,NULL,30,NULL,'',NULL,5,1458467117,NULL,'test test',1,0,0,0),(578,NULL,NULL,30,NULL,'',NULL,5,1458121517,NULL,'test test',1,0,0,0),(579,NULL,NULL,30,NULL,'',NULL,5,1458380717,NULL,'test test',1,0,0,0),(580,NULL,NULL,30,NULL,'',NULL,5,1458035117,NULL,'test test',1,0,0,0),(581,NULL,NULL,31,NULL,'',NULL,4,1458467117,NULL,'test test',1,0,0,0),(582,NULL,NULL,31,NULL,'',NULL,5,1458553517,NULL,'test test',1,0,0,0),(583,NULL,NULL,31,NULL,'',NULL,5,1458121517,NULL,'test test',1,0,0,0),(584,NULL,NULL,31,NULL,'',NULL,5,1458467117,NULL,'test test',1,0,0,0),(585,NULL,NULL,31,NULL,'',NULL,5,1458812717,NULL,'test test',1,0,0,0),(586,NULL,NULL,31,NULL,'',NULL,5,1458035117,NULL,'test test',1,0,0,0),(587,NULL,NULL,31,NULL,'',NULL,5,1458726317,NULL,'test test',1,0,0,0),(588,NULL,NULL,31,NULL,'',NULL,5,1458380717,NULL,'test test',1,0,0,0),(589,NULL,NULL,31,NULL,'',NULL,5,1458035117,NULL,'test test',1,0,0,0),(590,NULL,NULL,31,NULL,'',NULL,5,1458812717,NULL,'test test',1,0,0,0),(591,NULL,NULL,31,NULL,'',NULL,5,1458639917,NULL,'test test',1,0,0,0),(592,NULL,NULL,31,NULL,'',NULL,5,1458639917,NULL,'test test',1,0,0,0),(593,NULL,NULL,31,NULL,'',NULL,5,1458294317,NULL,'test test',1,0,0,0),(594,NULL,NULL,31,NULL,'',NULL,4,1458726317,NULL,'test test',1,0,0,0),(595,NULL,NULL,31,NULL,'',NULL,4,1458553517,NULL,'test test',1,0,0,0),(596,NULL,NULL,31,NULL,'',NULL,5,1458553517,NULL,'test test',1,0,0,0),(597,NULL,NULL,31,NULL,'',NULL,5,1458639917,NULL,'test test',1,0,0,0),(598,NULL,NULL,31,NULL,'',NULL,5,1458380717,NULL,'test test',1,0,0,0),(599,NULL,NULL,31,NULL,'',NULL,5,1458726317,NULL,'test test',1,0,0,0),(600,NULL,NULL,31,NULL,'',NULL,5,1458726317,NULL,'test test',1,0,0,0),(601,NULL,NULL,31,NULL,'',NULL,5,1458726317,NULL,'test test',1,0,0,0),(602,NULL,NULL,31,NULL,'',NULL,5,1458812717,NULL,'test test',1,0,0,0),(603,NULL,NULL,32,NULL,'',NULL,5,1458726317,NULL,'test test',1,0,0,0),(604,NULL,NULL,32,NULL,'',NULL,5,1458035117,NULL,'test test',1,0,0,0),(605,NULL,NULL,32,NULL,'',NULL,4,1458207917,NULL,'test test',1,0,0,0),(606,NULL,NULL,32,NULL,'',NULL,5,1458553517,NULL,'test test',1,0,0,0),(607,NULL,NULL,32,NULL,'',NULL,5,1458380717,NULL,'test test',1,0,0,0),(608,NULL,NULL,32,NULL,'',NULL,4,1458639917,NULL,'test test',1,0,0,0),(609,NULL,NULL,32,NULL,'',NULL,5,1458726317,NULL,'test test',1,0,0,0),(610,NULL,NULL,32,NULL,'',NULL,5,1458812717,NULL,'test test',1,0,0,0),(611,NULL,NULL,32,NULL,'',NULL,5,1458639917,NULL,'test test',1,0,0,0),(612,NULL,NULL,32,NULL,'',NULL,5,1458207917,NULL,'test test',1,0,0,0),(613,NULL,NULL,32,NULL,'',NULL,5,1458380717,NULL,'test test',1,0,0,0),(614,NULL,NULL,32,NULL,'',NULL,5,1458812717,NULL,'test test',1,0,0,0),(615,NULL,NULL,32,NULL,'',NULL,5,1458726317,NULL,'test test',1,0,0,0),(616,NULL,NULL,32,NULL,'',NULL,5,1458207917,NULL,'test test',1,0,0,0),(617,NULL,NULL,32,NULL,'',NULL,5,1458899117,NULL,'test test',1,0,0,0),(618,NULL,NULL,32,NULL,'',NULL,5,1458467117,NULL,'test test',1,0,0,0),(619,NULL,NULL,33,NULL,'',NULL,5,1458639917,NULL,'test test',1,0,0,0),(620,NULL,NULL,33,NULL,'',NULL,5,1458035117,NULL,'test test',1,0,0,0),(621,NULL,NULL,33,NULL,'',NULL,5,1458380717,NULL,'test test',1,0,0,0),(622,NULL,NULL,33,NULL,'',NULL,5,1458294317,NULL,'test test',1,0,0,0),(623,NULL,NULL,33,NULL,'',NULL,4,1458726317,NULL,'test test',1,0,0,0),(624,NULL,NULL,33,NULL,'',NULL,5,1458639917,NULL,'test test',1,0,0,0),(625,NULL,NULL,33,NULL,'',NULL,5,1458121517,NULL,'test test',1,0,0,0),(626,NULL,NULL,33,NULL,'',NULL,5,1458294317,NULL,'test test',1,0,0,0),(627,NULL,NULL,33,NULL,'',NULL,4,1458294317,NULL,'test test',1,0,0,0),(628,NULL,NULL,33,NULL,'',NULL,5,1458812717,NULL,'test test',1,0,0,0),(629,NULL,NULL,33,NULL,'',NULL,5,1458726317,NULL,'test test',1,0,0,0),(630,NULL,NULL,33,NULL,'',NULL,5,1458121517,NULL,'test test',1,0,0,0),(631,NULL,NULL,33,NULL,'',NULL,5,1458639917,NULL,'test test',1,0,0,0),(632,NULL,NULL,33,NULL,'',NULL,5,1458553517,NULL,'test test',1,0,0,0),(633,NULL,NULL,33,NULL,'',NULL,5,1458035117,NULL,'test test',1,0,0,0),(634,NULL,NULL,33,NULL,'',NULL,5,1458380717,NULL,'test test',1,0,0,0),(635,NULL,NULL,33,NULL,'',NULL,5,1458553517,NULL,'test test',1,0,0,0),(636,NULL,NULL,33,NULL,'',NULL,5,1458207917,NULL,'test test',1,0,0,0),(637,NULL,NULL,33,NULL,'',NULL,5,1458035117,NULL,'test test',1,0,0,0),(638,NULL,NULL,34,NULL,'',NULL,5,1458035117,NULL,'test test',1,0,0,0),(639,NULL,NULL,34,NULL,'',NULL,5,1458899117,NULL,'test test',1,0,0,0),(640,NULL,NULL,34,NULL,'',NULL,4,1458726317,NULL,'test test',1,0,0,0),(641,NULL,NULL,34,NULL,'',NULL,5,1458899117,NULL,'test test',1,0,0,0),(642,NULL,NULL,34,NULL,'',NULL,5,1458639917,NULL,'test test',1,0,0,0),(643,NULL,NULL,34,NULL,'',NULL,4,1458035117,NULL,'test test',1,0,0,0),(644,NULL,NULL,34,NULL,'',NULL,5,1458294317,NULL,'test test',1,0,0,0),(645,NULL,NULL,34,NULL,'',NULL,4,1458553517,NULL,'test test',1,0,0,0),(646,NULL,NULL,34,NULL,'',NULL,5,1458726317,NULL,'test test',1,0,0,0),(647,NULL,NULL,34,NULL,'',NULL,5,1458553517,NULL,'test test',1,0,0,0),(648,NULL,NULL,34,NULL,'',NULL,5,1458467117,NULL,'test test',1,0,0,0),(649,NULL,NULL,34,NULL,'',NULL,5,1458294317,NULL,'test test',1,0,0,0),(650,NULL,NULL,34,NULL,'',NULL,5,1458294317,NULL,'test test',1,0,0,0),(651,NULL,NULL,34,NULL,'',NULL,5,1458553517,NULL,'test test',1,0,0,0),(652,NULL,NULL,34,NULL,'',NULL,5,1458726317,NULL,'test test',1,0,0,0),(653,NULL,NULL,34,NULL,'',NULL,5,1458639917,NULL,'test test',1,0,0,0),(654,NULL,NULL,35,NULL,'',NULL,5,1458294317,NULL,'test test',1,0,0,0),(655,NULL,NULL,35,NULL,'',NULL,5,1458467117,NULL,'test test',1,0,0,0),(656,NULL,NULL,35,NULL,'',NULL,5,1458812717,NULL,'test test',1,0,0,0),(657,NULL,NULL,35,NULL,'',NULL,4,1458553517,NULL,'test test',1,0,0,0),(658,NULL,NULL,35,NULL,'',NULL,5,1458726317,NULL,'test test',1,0,0,0),(659,NULL,NULL,35,NULL,'',NULL,5,1458639917,NULL,'test test',1,0,0,0),(660,NULL,NULL,35,NULL,'',NULL,4,1458294317,NULL,'test test',1,0,0,0),(661,NULL,NULL,35,NULL,'',NULL,5,1458812717,NULL,'test test',1,0,0,0),(662,NULL,NULL,35,NULL,'',NULL,5,1458294317,NULL,'test test',1,0,0,0),(663,NULL,NULL,35,NULL,'',NULL,5,1458812717,NULL,'test test',1,0,0,0),(664,NULL,NULL,35,NULL,'',NULL,4,1458899117,NULL,'test test',1,0,0,0),(665,NULL,NULL,35,NULL,'',NULL,5,1458726317,NULL,'test test',1,0,0,0),(666,NULL,NULL,35,NULL,'',NULL,5,1458467117,NULL,'test test',1,0,0,0),(667,NULL,NULL,35,NULL,'',NULL,5,1458207917,NULL,'test test',1,0,0,0),(668,NULL,NULL,35,NULL,'',NULL,5,1458726317,NULL,'test test',1,0,0,0),(669,NULL,NULL,35,NULL,'',NULL,5,1458467117,NULL,'test test',1,0,0,0),(670,NULL,NULL,35,NULL,'',NULL,5,1458121517,NULL,'test test',1,0,0,0),(671,NULL,NULL,36,NULL,'',NULL,5,1458553517,NULL,'test test',1,0,0,0),(672,NULL,NULL,36,NULL,'',NULL,5,1458467117,NULL,'test test',1,0,0,0),(673,NULL,NULL,36,NULL,'',NULL,5,1458812717,NULL,'test test',1,0,0,0),(674,NULL,NULL,36,NULL,'',NULL,5,1458553517,NULL,'test test',1,0,0,0),(675,NULL,NULL,36,NULL,'',NULL,5,1458812717,NULL,'test test',1,0,0,0),(676,NULL,NULL,36,NULL,'',NULL,4,1458380717,NULL,'test test',1,0,0,0),(677,NULL,NULL,36,NULL,'',NULL,5,1458380717,NULL,'test test',1,0,0,0),(678,NULL,NULL,36,NULL,'',NULL,5,1458380717,NULL,'test test',1,0,0,0),(679,NULL,NULL,36,NULL,'',NULL,5,1458899117,NULL,'test test',1,0,0,0),(680,NULL,NULL,36,NULL,'',NULL,5,1458726317,NULL,'test test',1,0,0,0),(681,NULL,NULL,36,NULL,'',NULL,5,1458726317,NULL,'test test',1,0,0,0),(682,NULL,NULL,36,NULL,'',NULL,5,1458467117,NULL,'test test',1,0,0,0),(683,NULL,NULL,36,NULL,'',NULL,5,1458467117,NULL,'test test',1,0,0,0),(684,NULL,NULL,36,NULL,'',NULL,5,1458467117,NULL,'test test',1,0,0,0),(685,NULL,NULL,36,NULL,'',NULL,5,1458726317,NULL,'test test',1,0,0,0),(686,NULL,NULL,37,NULL,'',NULL,5,1458899117,NULL,'test test',1,0,0,0),(687,NULL,NULL,37,NULL,'',NULL,4,1458294317,NULL,'test test',1,0,0,0),(688,NULL,NULL,37,NULL,'',NULL,4,1458294317,NULL,'test test',1,0,0,0),(689,NULL,NULL,37,NULL,'',NULL,5,1458726317,NULL,'test test',1,0,0,0),(690,NULL,NULL,37,NULL,'',NULL,5,1458899117,NULL,'test test',1,0,0,0),(691,NULL,NULL,37,NULL,'',NULL,5,1458639917,NULL,'test test',1,0,0,0),(692,NULL,NULL,37,NULL,'',NULL,5,1458639917,NULL,'test test',1,0,0,0),(693,NULL,NULL,37,NULL,'',NULL,5,1458294317,NULL,'test test',1,0,0,0),(694,NULL,NULL,37,NULL,'',NULL,5,1458553517,NULL,'test test',1,0,0,0),(695,NULL,NULL,37,NULL,'',NULL,5,1458553517,NULL,'test test',1,0,0,0),(696,NULL,NULL,37,NULL,'',NULL,5,1458035117,NULL,'test test',1,0,0,0),(697,NULL,NULL,37,NULL,'',NULL,5,1458035117,NULL,'test test',1,0,0,0),(698,NULL,NULL,37,NULL,'',NULL,5,1458726317,NULL,'test test',1,0,0,0),(699,NULL,NULL,37,NULL,'',NULL,5,1458812717,NULL,'test test',1,0,0,0),(700,NULL,NULL,37,NULL,'',NULL,5,1458553517,NULL,'test test',1,0,0,0),(701,NULL,NULL,37,NULL,'',NULL,5,1458899117,NULL,'test test',1,0,0,0),(702,NULL,NULL,37,NULL,'',NULL,5,1458380717,NULL,'test test',1,0,0,0),(703,NULL,NULL,38,NULL,'',NULL,5,1458035117,NULL,'test test',1,0,0,0),(704,NULL,NULL,38,NULL,'',NULL,4,1458726317,NULL,'test test',1,0,0,0),(705,NULL,NULL,38,NULL,'',NULL,5,1458035117,NULL,'test test',1,0,0,0),(706,NULL,NULL,38,NULL,'',NULL,4,1458812717,NULL,'test test',1,0,0,0),(707,NULL,NULL,38,NULL,'',NULL,5,1458121517,NULL,'test test',1,0,0,0),(708,NULL,NULL,38,NULL,'',NULL,5,1458380717,NULL,'test test',1,0,0,0),(709,NULL,NULL,38,NULL,'',NULL,5,1458294317,NULL,'test test',1,0,0,0),(710,NULL,NULL,38,NULL,'',NULL,5,1458035117,NULL,'test test',1,0,0,0),(711,NULL,NULL,38,NULL,'',NULL,5,1458207917,NULL,'test test',1,0,0,0),(712,NULL,NULL,38,NULL,'',NULL,5,1458035117,NULL,'test test',1,0,0,0),(713,NULL,NULL,38,NULL,'',NULL,5,1458467117,NULL,'test test',1,0,0,0),(714,NULL,NULL,38,NULL,'',NULL,5,1458639917,NULL,'test test',1,0,0,0),(715,NULL,NULL,38,NULL,'',NULL,5,1458553517,NULL,'test test',1,0,0,0),(716,NULL,NULL,38,NULL,'',NULL,5,1458294317,NULL,'test test',1,0,0,0),(717,NULL,NULL,38,NULL,'',NULL,5,1458639917,NULL,'test test',1,0,0,0),(718,NULL,NULL,38,NULL,'',NULL,5,1458812717,NULL,'test test',1,0,0,0),(719,NULL,NULL,38,NULL,'',NULL,5,1458553517,NULL,'test test',1,0,0,0),(720,NULL,NULL,38,NULL,'',NULL,5,1458380717,NULL,'test test',1,0,0,0),(721,NULL,NULL,39,NULL,'',NULL,4,1458812717,NULL,'test test',1,0,0,0),(722,NULL,NULL,39,NULL,'',NULL,4,1458294317,NULL,'test test',1,0,0,0),(723,NULL,NULL,39,NULL,'',NULL,5,1458035117,NULL,'test test',1,0,0,0),(724,NULL,NULL,39,NULL,'',NULL,5,1458121517,NULL,'test test',1,0,0,0),(725,NULL,NULL,39,NULL,'',NULL,5,1458812717,NULL,'test test',1,0,0,0),(726,NULL,NULL,39,NULL,'',NULL,5,1458639917,NULL,'test test',1,0,0,0),(727,NULL,NULL,39,NULL,'',NULL,4,1458207917,NULL,'test test',1,0,0,0),(728,NULL,NULL,39,NULL,'',NULL,5,1458812717,NULL,'test test',1,0,0,0),(729,NULL,NULL,39,NULL,'',NULL,5,1458380717,NULL,'test test',1,0,0,0),(730,NULL,NULL,39,NULL,'',NULL,5,1458035117,NULL,'test test',1,0,0,0),(731,NULL,NULL,39,NULL,'',NULL,5,1458380717,NULL,'test test',1,0,0,0),(732,NULL,NULL,39,NULL,'',NULL,5,1458380717,NULL,'test test',1,0,0,0),(733,NULL,NULL,39,NULL,'',NULL,5,1458380717,NULL,'test test',1,0,0,0),(734,NULL,NULL,39,NULL,'',NULL,5,1458467117,NULL,'test test',1,0,0,0),(735,NULL,NULL,39,NULL,'',NULL,5,1458121517,NULL,'test test',1,0,0,0),(736,NULL,NULL,39,NULL,'',NULL,5,1458467117,NULL,'test test',1,0,0,0),(737,NULL,NULL,39,NULL,'',NULL,5,1458294317,NULL,'test test',1,0,0,0),(738,NULL,NULL,39,NULL,'',NULL,5,1458294317,NULL,'test test',1,0,0,0),(739,NULL,NULL,39,NULL,'',NULL,5,1458812717,NULL,'test test',1,0,0,0),(740,NULL,NULL,39,NULL,'',NULL,5,1458553517,NULL,'test test',1,0,0,0),(741,NULL,NULL,39,NULL,'',NULL,5,1458380717,NULL,'test test',1,0,0,0),(742,NULL,NULL,40,NULL,'',NULL,4,1458121517,NULL,'test test',1,0,0,0),(743,NULL,NULL,40,NULL,'',NULL,4,1458639917,NULL,'test test',1,0,0,0),(744,NULL,NULL,40,NULL,'',NULL,5,1458899117,NULL,'test test',1,0,0,0),(745,NULL,NULL,40,NULL,'',NULL,4,1458726317,NULL,'test test',1,0,0,0),(746,NULL,NULL,40,NULL,'',NULL,5,1458207917,NULL,'test test',1,0,0,0),(747,NULL,NULL,40,NULL,'',NULL,5,1458207917,NULL,'test test',1,0,0,0),(748,NULL,NULL,40,NULL,'',NULL,5,1458467117,NULL,'test test',1,0,0,0),(749,NULL,NULL,40,NULL,'',NULL,5,1458121517,NULL,'test test',1,0,0,0),(750,NULL,NULL,40,NULL,'',NULL,5,1458812717,NULL,'test test',1,0,0,0),(751,NULL,NULL,40,NULL,'',NULL,5,1458899117,NULL,'test test',1,0,0,0),(752,NULL,NULL,40,NULL,'',NULL,5,1458035117,NULL,'test test',1,0,0,0),(753,NULL,NULL,40,NULL,'',NULL,5,1458121517,NULL,'test test',1,0,0,0),(754,NULL,NULL,40,NULL,'',NULL,5,1458899117,NULL,'test test',1,0,0,0),(755,NULL,NULL,40,NULL,'',NULL,5,1458207917,NULL,'test test',1,0,0,0),(756,NULL,NULL,40,NULL,'',NULL,5,1458899117,NULL,'test test',1,0,0,0),(757,NULL,NULL,41,NULL,'',NULL,4,1458639917,NULL,'test test',1,0,0,0),(758,NULL,NULL,41,NULL,'',NULL,5,1458380717,NULL,'test test',1,0,0,0),(759,NULL,NULL,41,NULL,'',NULL,5,1458812717,NULL,'test test',1,0,0,0),(760,NULL,NULL,41,NULL,'',NULL,5,1458121517,NULL,'test test',1,0,0,0),(761,NULL,NULL,41,NULL,'',NULL,5,1458467117,NULL,'test test',1,0,0,0),(762,NULL,NULL,41,NULL,'',NULL,5,1458207917,NULL,'test test',1,0,0,0),(763,NULL,NULL,41,NULL,'',NULL,5,1458467117,NULL,'test test',1,0,0,0),(764,NULL,NULL,41,NULL,'',NULL,4,1458899117,NULL,'test test',1,0,0,0),(765,NULL,NULL,41,NULL,'',NULL,5,1458639917,NULL,'test test',1,0,0,0),(766,NULL,NULL,41,NULL,'',NULL,4,1458553517,NULL,'test test',1,0,0,0),(767,NULL,NULL,41,NULL,'',NULL,5,1458380717,NULL,'test test',1,0,0,0),(768,NULL,NULL,41,NULL,'',NULL,5,1458035117,NULL,'test test',1,0,0,0),(769,NULL,NULL,41,NULL,'',NULL,5,1458812717,NULL,'test test',1,0,0,0),(770,NULL,NULL,41,NULL,'',NULL,5,1458294317,NULL,'test test',1,0,0,0),(771,NULL,NULL,41,NULL,'',NULL,5,1458553517,NULL,'test test',1,0,0,0),(772,NULL,NULL,41,NULL,'',NULL,5,1458207917,NULL,'test test',1,0,0,0),(773,NULL,NULL,41,NULL,'',NULL,5,1458380717,NULL,'test test',1,0,0,0),(774,NULL,NULL,41,NULL,'',NULL,5,1458294317,NULL,'test test',1,0,0,0),(775,NULL,NULL,41,NULL,'',NULL,5,1458207917,NULL,'test test',1,0,0,0),(776,NULL,NULL,41,NULL,'',NULL,5,1458207917,NULL,'test test',1,0,0,0),(777,NULL,NULL,41,NULL,'',NULL,5,1458553517,NULL,'test test',1,0,0,0),(778,NULL,NULL,42,NULL,'',NULL,5,1458380717,NULL,'test test',1,0,0,0),(779,NULL,NULL,42,NULL,'',NULL,4,1458639917,NULL,'test test',1,0,0,0),(780,NULL,NULL,42,NULL,'',NULL,5,1458726317,NULL,'test test',1,0,0,0),(781,NULL,NULL,42,NULL,'',NULL,5,1458207917,NULL,'test test',1,0,0,0),(782,NULL,NULL,42,NULL,'',NULL,5,1458553517,NULL,'test test',1,0,0,0),(783,NULL,NULL,42,NULL,'',NULL,5,1458726317,NULL,'test test',1,0,0,0),(784,NULL,NULL,42,NULL,'',NULL,5,1458294317,NULL,'test test',1,0,0,0),(785,NULL,NULL,42,NULL,'',NULL,5,1458553517,NULL,'test test',1,0,0,0),(786,NULL,NULL,42,NULL,'',NULL,5,1458899117,NULL,'test test',1,0,0,0),(787,NULL,NULL,42,NULL,'',NULL,5,1458294317,NULL,'test test',1,0,0,0),(788,NULL,NULL,42,NULL,'',NULL,5,1458207917,NULL,'test test',1,0,0,0),(789,NULL,NULL,42,NULL,'',NULL,5,1458380717,NULL,'test test',1,0,0,0),(790,NULL,NULL,42,NULL,'',NULL,5,1458121517,NULL,'test test',1,0,0,0),(791,NULL,NULL,42,NULL,'',NULL,5,1458294317,NULL,'test test',1,0,0,0),(792,NULL,NULL,42,NULL,'',NULL,5,1458812717,NULL,'test test',1,0,0,0);

--
-- Table structure for table `xc_role_permissions`
--

CREATE TABLE `xc_role_permissions` (
  `permission_id` int(10) unsigned NOT NULL,
  `role_id` int(10) unsigned NOT NULL,
  PRIMARY KEY (`permission_id`,`role_id`),
  KEY `IDX_D9BE7001FED90CCA` (`permission_id`),
  KEY `IDX_D9BE7001D60322AC` (`role_id`),
  CONSTRAINT `FK_D9BE7001D60322AC` FOREIGN KEY (`role_id`) REFERENCES `xc_roles` (`id`) ON DELETE CASCADE,
  CONSTRAINT `FK_D9BE7001FED90CCA` FOREIGN KEY (`permission_id`) REFERENCES `xc_permissions` (`id`) ON DELETE CASCADE
) ENGINE=InnoDB DEFAULT CHARSET=utf8mb4 COLLATE=utf8mb4_unicode_ci;

--
-- Dumping data for table `xc_role_permissions`
--

INSERT INTO `xc_role_permissions` (`permission_id`, `role_id`) VALUES (1,1),(11,2),(12,3),(13,4),(14,4),(15,5);

--
-- Table structure for table `xc_role_translations`
--

CREATE TABLE `xc_role_translations` (
  `label_id` int(11) NOT NULL AUTO_INCREMENT,
  `id` int(10) unsigned DEFAULT NULL,
  `name` varchar(255) COLLATE utf8mb4_unicode_ci NOT NULL,
  `code` char(2) COLLATE utf8mb4_unicode_ci NOT NULL,
  PRIMARY KEY (`label_id`),
  KEY `IDX_6C49C564BF396750` (`id`),
  CONSTRAINT `FK_6C49C564BF396750` FOREIGN KEY (`id`) REFERENCES `xc_roles` (`id`) ON DELETE CASCADE
) ENGINE=InnoDB AUTO_INCREMENT=11 DEFAULT CHARSET=utf8mb4 COLLATE=utf8mb4_unicode_ci;

--
-- Dumping data for table `xc_role_translations`
--

INSERT INTO `xc_role_translations` (`label_id`, `id`, `name`, `code`) VALUES (1,1,'Administrator','en'),(2,1,'Administrator','ru'),(3,2,'Coupons management','en'),(4,2,'Управление купонами','ru'),(5,3,'Sale discounts management','en'),(6,3,'Управление скидками','ru'),(7,4,'Content management','en'),(8,4,'Управлением контентом','ru'),(9,5,'Volume discounts management','en'),(10,5,'Управление скидками','ru');

--
-- Table structure for table `xc_roles`
--

CREATE TABLE `xc_roles` (
  `id` int(10) unsigned NOT NULL AUTO_INCREMENT,
  `enabled` tinyint(1) NOT NULL,
  PRIMARY KEY (`id`)
) ENGINE=InnoDB AUTO_INCREMENT=6 DEFAULT CHARSET=utf8mb4 COLLATE=utf8mb4_unicode_ci;

--
-- Dumping data for table `xc_roles`
--

INSERT INTO `xc_roles` (`id`, `enabled`) VALUES (1,1),(2,1),(3,1),(4,1),(5,1);

--
-- Table structure for table `xc_sale_discount_products`
--

CREATE TABLE `xc_sale_discount_products` (
  `id` int(10) unsigned NOT NULL AUTO_INCREMENT,
  `sale_id` int(10) unsigned DEFAULT NULL,
  `product_id` int(10) unsigned DEFAULT NULL,
  PRIMARY KEY (`id`),
  UNIQUE KEY `pair` (`sale_id`,`product_id`),
  KEY `IDX_91E7EACA4A7E4868` (`sale_id`),
  KEY `IDX_91E7EACA4584665A` (`product_id`),
  CONSTRAINT `FK_91E7EACA4584665A` FOREIGN KEY (`product_id`) REFERENCES `xc_products` (`product_id`) ON DELETE CASCADE,
  CONSTRAINT `FK_91E7EACA4A7E4868` FOREIGN KEY (`sale_id`) REFERENCES `xc_sale_discounts` (`id`) ON DELETE CASCADE
) ENGINE=InnoDB DEFAULT CHARSET=utf8mb4 COLLATE=utf8mb4_unicode_ci;

--
-- Dumping data for table `xc_sale_discount_products`
--


--
-- Table structure for table `xc_sale_discount_translations`
--

CREATE TABLE `xc_sale_discount_translations` (
  `label_id` int(11) NOT NULL AUTO_INCREMENT,
  `id` int(10) unsigned DEFAULT NULL,
  `ogMeta` longtext COLLATE utf8mb4_unicode_ci,
  `name` varchar(255) COLLATE utf8mb4_unicode_ci NOT NULL,
  `metaTags` varchar(255) COLLATE utf8mb4_unicode_ci NOT NULL,
  `metaDesc` longtext COLLATE utf8mb4_unicode_ci NOT NULL,
  `metaTitle` varchar(255) COLLATE utf8mb4_unicode_ci NOT NULL,
  `code` char(2) COLLATE utf8mb4_unicode_ci NOT NULL,
  PRIMARY KEY (`label_id`),
  KEY `IDX_64DCA7CEBF396750` (`id`),
  CONSTRAINT `FK_64DCA7CEBF396750` FOREIGN KEY (`id`) REFERENCES `xc_sale_discounts` (`id`) ON DELETE CASCADE
) ENGINE=InnoDB DEFAULT CHARSET=utf8mb4 COLLATE=utf8mb4_unicode_ci;

--
-- Dumping data for table `xc_sale_discount_translations`
--


--
-- Table structure for table `xc_sale_discounts`
--

CREATE TABLE `xc_sale_discounts` (
  `id` int(10) unsigned NOT NULL AUTO_INCREMENT,
  `useCustomOG` tinyint(1) NOT NULL,
  `ogMeta` longtext COLLATE utf8mb4_unicode_ci,
  `enabled` tinyint(1) NOT NULL,
  `value` decimal(14,4) NOT NULL,
  `dateRangeBegin` int(10) unsigned NOT NULL,
  `dateRangeEnd` int(10) unsigned NOT NULL,
  `showInSeparateSection` tinyint(1) NOT NULL,
  `metaDescType` varchar(1) COLLATE utf8mb4_unicode_ci NOT NULL,
  `specificProducts` tinyint(1) NOT NULL,
  PRIMARY KEY (`id`)
) ENGINE=InnoDB DEFAULT CHARSET=utf8mb4 COLLATE=utf8mb4_unicode_ci;

--
-- Dumping data for table `xc_sale_discounts`
--


--
-- Table structure for table `xc_sales_tax_rates`
--

CREATE TABLE `xc_sales_tax_rates` (
  `id` int(10) unsigned NOT NULL AUTO_INCREMENT,
  `tax_id` int(10) unsigned DEFAULT NULL,
  `zone_id` int(11) DEFAULT NULL,
  `tax_class_id` int(10) unsigned DEFAULT NULL,
  `membership_id` int(10) unsigned DEFAULT NULL,
  `value` decimal(14,4) NOT NULL,
  `type` char(1) COLLATE utf8mb4_unicode_ci NOT NULL,
  `position` int(11) NOT NULL,
  `noTaxClass` tinyint(1) NOT NULL,
  `taxableBase` varchar(16) COLLATE utf8mb4_unicode_ci NOT NULL,
  PRIMARY KEY (`id`),
  KEY `IDX_C3DD536EB2A824D8` (`tax_id`),
  KEY `IDX_C3DD536E9F2C3FAB` (`zone_id`),
  KEY `IDX_C3DD536EA94AAAE` (`tax_class_id`),
  KEY `IDX_C3DD536E1FB354CD` (`membership_id`),
  CONSTRAINT `FK_C3DD536E1FB354CD` FOREIGN KEY (`membership_id`) REFERENCES `xc_memberships` (`membership_id`) ON DELETE CASCADE,
  CONSTRAINT `FK_C3DD536E9F2C3FAB` FOREIGN KEY (`zone_id`) REFERENCES `xc_zones` (`zone_id`) ON DELETE CASCADE,
  CONSTRAINT `FK_C3DD536EA94AAAE` FOREIGN KEY (`tax_class_id`) REFERENCES `xc_tax_classes` (`id`) ON DELETE CASCADE,
  CONSTRAINT `FK_C3DD536EB2A824D8` FOREIGN KEY (`tax_id`) REFERENCES `xc_sales_taxes` (`id`) ON DELETE CASCADE
) ENGINE=InnoDB DEFAULT CHARSET=utf8mb4 COLLATE=utf8mb4_unicode_ci;

--
-- Dumping data for table `xc_sales_tax_rates`
--


--
-- Table structure for table `xc_sales_tax_translations`
--

CREATE TABLE `xc_sales_tax_translations` (
  `label_id` int(11) NOT NULL AUTO_INCREMENT,
  `id` int(10) unsigned DEFAULT NULL,
  `name` varchar(255) COLLATE utf8mb4_unicode_ci NOT NULL,
  `code` char(2) COLLATE utf8mb4_unicode_ci NOT NULL,
  PRIMARY KEY (`label_id`),
  KEY `ci` (`code`,`id`),
  KEY `id` (`id`),
  CONSTRAINT `FK_F6A2559EBF396750` FOREIGN KEY (`id`) REFERENCES `xc_sales_taxes` (`id`) ON DELETE CASCADE
) ENGINE=InnoDB DEFAULT CHARSET=utf8mb4 COLLATE=utf8mb4_unicode_ci;

--
-- Dumping data for table `xc_sales_tax_translations`
--


--
-- Table structure for table `xc_sales_taxes`
--

CREATE TABLE `xc_sales_taxes` (
  `id` int(10) unsigned NOT NULL AUTO_INCREMENT,
  `enabled` tinyint(1) NOT NULL,
  PRIMARY KEY (`id`)
) ENGINE=InnoDB DEFAULT CHARSET=utf8mb4 COLLATE=utf8mb4_unicode_ci;

--
-- Dumping data for table `xc_sales_taxes`
--


--
-- Table structure for table `xc_search_filter_translations`
--

CREATE TABLE `xc_search_filter_translations` (
  `label_id` int(11) NOT NULL AUTO_INCREMENT,
  `id` int(11) DEFAULT NULL,
  `name` varchar(255) COLLATE utf8mb4_unicode_ci NOT NULL,
  `code` char(2) COLLATE utf8mb4_unicode_ci NOT NULL,
  PRIMARY KEY (`label_id`),
  KEY `IDX_BB9566C7BF396750` (`id`),
  KEY `name` (`name`),
  CONSTRAINT `FK_BB9566C7BF396750` FOREIGN KEY (`id`) REFERENCES `xc_search_filters` (`id`) ON DELETE CASCADE
) ENGINE=InnoDB AUTO_INCREMENT=7 DEFAULT CHARSET=utf8mb4 COLLATE=utf8mb4_unicode_ci;

--
-- Dumping data for table `xc_search_filter_translations`
--

INSERT INTO `xc_search_filter_translations` (`label_id`, `id`, `name`, `code`) VALUES (1,1,'Unpaid','en'),(2,1,'Не оплаченные','ru'),(3,2,'Paid but not shipped','en'),(4,2,'Оплаченные, но не отправленные','ru'),(5,3,'Not finished','en'),(6,3,'Незавершенные','ru');

--
-- Table structure for table `xc_search_filters`
--

CREATE TABLE `xc_search_filters` (
  `id` int(11) NOT NULL AUTO_INCREMENT,
  `filterKey` varchar(255) COLLATE utf8mb4_unicode_ci NOT NULL,
  `parameters` longtext COLLATE utf8mb4_unicode_ci NOT NULL COMMENT '(DC2Type:array)',
  PRIMARY KEY (`id`),
  KEY `filterKey` (`filterKey`)
) ENGINE=InnoDB AUTO_INCREMENT=4 DEFAULT CHARSET=utf8mb4 COLLATE=utf8mb4_unicode_ci;

--
-- Dumping data for table `xc_search_filters`
--

INSERT INTO `xc_search_filters` (`id`, `filterKey`, `parameters`) VALUES (1,'search-filter-order_list','a:2:{s:13:\"paymentStatus\";a:3:{i:0;i:1;i:1;i:2;i:2;i:3;}s:14:\"shippingStatus\";a:0:{}}'),(2,'search-filter-order_list','a:2:{s:13:\"paymentStatus\";a:1:{i:0;i:4;}s:14:\"shippingStatus\";a:2:{i:0;i:1;i:1;i:2;}}'),(3,'search-filter-order_list','a:2:{s:13:\"paymentStatus\";a:0:{}s:14:\"shippingStatus\";a:1:{i:0;s:2:\"NF\";}}');

--
-- Table structure for table `xc_segment_membership`
--

CREATE TABLE `xc_segment_membership` (
  `segment_id` varchar(32) COLLATE utf8mb4_unicode_ci NOT NULL,
  `membership_id` int(10) unsigned NOT NULL,
  PRIMARY KEY (`segment_id`,`membership_id`),
  KEY `IDX_5A7AE486DB296AAD` (`segment_id`),
  KEY `IDX_5A7AE4861FB354CD` (`membership_id`),
  CONSTRAINT `FK_5A7AE4861FB354CD` FOREIGN KEY (`membership_id`) REFERENCES `xc_memberships` (`membership_id`) ON DELETE CASCADE,
  CONSTRAINT `FK_5A7AE486DB296AAD` FOREIGN KEY (`segment_id`) REFERENCES `xc_mailchimp_list_segments` (`id`) ON DELETE CASCADE
) ENGINE=InnoDB DEFAULT CHARSET=utf8mb4 COLLATE=utf8mb4_unicode_ci;

--
-- Dumping data for table `xc_segment_membership`
--


--
-- Table structure for table `xc_segment_products`
--

CREATE TABLE `xc_segment_products` (
  `segment_id` varchar(32) COLLATE utf8mb4_unicode_ci NOT NULL,
  `product_id` int(10) unsigned NOT NULL,
  PRIMARY KEY (`segment_id`,`product_id`),
  KEY `IDX_3BE544A8DB296AAD` (`segment_id`),
  KEY `IDX_3BE544A84584665A` (`product_id`),
  CONSTRAINT `FK_3BE544A84584665A` FOREIGN KEY (`product_id`) REFERENCES `xc_products` (`product_id`) ON DELETE CASCADE,
  CONSTRAINT `FK_3BE544A8DB296AAD` FOREIGN KEY (`segment_id`) REFERENCES `xc_mailchimp_list_segments` (`id`) ON DELETE CASCADE
) ENGINE=InnoDB DEFAULT CHARSET=utf8mb4 COLLATE=utf8mb4_unicode_ci;

--
-- Dumping data for table `xc_segment_products`
--


--
-- Table structure for table `xc_session_cells`
--

CREATE TABLE `xc_session_cells` (
  `cell_id` int(11) NOT NULL AUTO_INCREMENT,
  `id` int(11) DEFAULT NULL,
  `name` varchar(255) COLLATE utf8mb4_unicode_ci NOT NULL,
  `value` longtext COLLATE utf8mb4_unicode_ci NOT NULL,
  `type` varchar(16) COLLATE utf8mb4_unicode_ci NOT NULL,
  PRIMARY KEY (`cell_id`),
  UNIQUE KEY `iname` (`id`,`name`),
  KEY `id` (`id`),
  CONSTRAINT `FK_E3DA027EBF396750` FOREIGN KEY (`id`) REFERENCES `xc_sessions` (`id`) ON DELETE CASCADE
) ENGINE=InnoDB AUTO_INCREMENT=109 DEFAULT CHARSET=utf8mb4 COLLATE=utf8mb4_unicode_ci;

--
-- Dumping data for table `xc_session_cells`
--

INSERT INTO `xc_session_cells` (`cell_id`, `id`, `name`, `value`, `type`) VALUES (73,43,'language','a:1:{s:8:\"customer\";s:2:\"en\";}','array'),(74,44,'language','a:1:{s:8:\"customer\";s:2:\"en\";}','array'),(75,45,'language','a:1:{s:8:\"customer\";s:2:\"en\";}','array'),(76,47,'language','a:1:{s:8:\"customer\";s:2:\"en\";}','array'),(77,49,'language','a:1:{s:8:\"customer\";s:2:\"en\";}','array'),(78,51,'language','a:1:{s:8:\"customer\";s:2:\"en\";}','array'),(87,53,'language','a:1:{s:8:\"customer\";s:2:\"en\";}','array'),(90,56,'forceChangePassword','','boolean'),(91,56,'language','a:2:{s:5:\"admin\";s:2:\"en\";s:8:\"customer\";s:2:\"en\";}','array'),(92,56,'last_profile_id','7','integer'),(93,56,'shouldDisableUnallowedModules','1','boolean'),(94,56,'profile_id','7','integer'),(97,57,'language','a:1:{s:8:\"customer\";s:2:\"en\";}','array'),(98,58,'language','a:1:{s:8:\"customer\";s:2:\"en\";}','array'),(99,59,'language','a:1:{s:8:\"customer\";s:2:\"en\";}','array'),(100,59,'continueShoppingURL','a:1:{s:6:\"target\";s:4:\"main\";}','array'),(101,59,'productListURL','','string'),(102,59,'XLiteModuleCDevFeaturedProductsViewCustomerFeaturedProducts1','a:6:{s:6:\"sortBy\";s:24:\"featuredProducts.orderBy\";s:9:\"sortOrder\";s:3:\"asc\";s:11:\"displayMode\";s:4:\"grid\";s:11:\"category_id\";i:1;s:6:\"pageId\";i:1;s:12:\"itemsPerPage\";i:1000000000;}','array'),(103,59,'XLiteViewPagerInfinity_XLiteControllerCustomerMain1','a:2:{s:6:\"pageId\";i:1;s:12:\"itemsPerPage\";i:1000000000;}','array'),(104,59,'XLiteModuleCDevSaleViewSaleBlock','a:5:{s:6:\"sortBy\";s:22:\"percentValueCalculated\";s:9:\"sortOrder\";s:3:\"asc\";s:11:\"displayMode\";s:4:\"grid\";s:6:\"pageId\";i:1;s:12:\"itemsPerPage\";N;}','array'),(105,59,'XLiteModuleCDevSaleViewPagerPager_XLiteControllerCustomerMain1','a:2:{s:6:\"pageId\";i:1;s:12:\"itemsPerPage\";i:0;}','array'),(106,59,'XLiteModuleCDevBestsellersViewBestsellers','a:5:{s:6:\"sortBy\";s:7:\"p.sales\";s:9:\"sortOrder\";s:3:\"asc\";s:11:\"displayMode\";s:4:\"grid\";s:6:\"pageId\";i:1;s:12:\"itemsPerPage\";i:1000000000;}','array'),(107,59,'XLiteModuleCDevProductAdvisorViewRecentlyViewed','a:5:{s:6:\"sortBy\";s:17:\"translations.name\";s:9:\"sortOrder\";s:3:\"asc\";s:11:\"displayMode\";s:4:\"grid\";s:6:\"pageId\";i:1;s:12:\"itemsPerPage\";N;}','array'),(108,59,'XLiteModuleCDevProductAdvisorViewPagerPager_XLiteControllerCustomerMain1','a:2:{s:6:\"pageId\";i:1;s:12:\"itemsPerPage\";i:0;}','array');

--
-- Table structure for table `xc_sessions`
--

CREATE TABLE `xc_sessions` (
  `id` int(11) NOT NULL AUTO_INCREMENT,
  `sid` char(32) COLLATE utf8mb4_unicode_ci NOT NULL,
  `expiry` int(10) unsigned NOT NULL,
  PRIMARY KEY (`id`),
  UNIQUE KEY `sid` (`sid`),
  KEY `expiry` (`expiry`)
) ENGINE=InnoDB AUTO_INCREMENT=60 DEFAULT CHARSET=utf8mb4 COLLATE=utf8mb4_unicode_ci;

--
-- Dumping data for table `xc_sessions`
--

INSERT INTO `xc_sessions` (`id`, `sid`, `expiry`) VALUES (43,'JNNsRjGxMnU6DcDN4B8P0w0uLuQW4WiB',1700044370),(44,'B2mFTgcfQawrvQx2WVQ07XqiAwlCer9F',1700044371),(45,'Rxey4xIBZGYmFKLQBmFIT6bP34bjAPVn',1700044371),(46,'VqveCnBN37R5UsQLQtpEJV63T117a3Bu',1700044371),(47,'SdxpICz9g2gMPMj8t7AaoFHPuYmW0UHH',1700044371),(48,'G32GOqXiDpfpk1hYwS9onpiaCuH6aB4l',1700044375),(49,'VFjeu7KLa3nR9KOwIT4KTRf7vuxeVCUp',1700044375),(50,'SxPUUENUA5Eg2eEI8vB9k4qhBzc9SiXY',1700044375),(51,'c3uhjDeMBKYFaYAzMx2pXHiY36oPBzz8',1700044375),(53,'8uxxTn27rntwGEA1Yj8WaC0QktTXvQCt',1700044685),(54,'lRnWegoFvBBKv6lhFczBo2ItLeQ5uBwL',1700044685),(55,'fbPcFudd3NLk0CWlBxsRJC4rWT99P8ax',1700044685),(56,'4hUF4G6dXQcb8tfF8Al11odAADf7c23e',1699483102),(57,'JivqZy2fdgtMkOGfq0bjGbwPpfz1UZu7',1700046073),(58,'SXGbAnJb0C8lYVI2VGMWImxXhqHPyvSf',1700046108),(59,'e2DQcRVaFb6MDt8fA8aigQcbbxSXAUhW',1700046121);

--
-- Table structure for table `xc_shipping_markups`
--

CREATE TABLE `xc_shipping_markups` (
  `markup_id` int(11) NOT NULL AUTO_INCREMENT,
  `method_id` int(11) DEFAULT NULL,
  `zone_id` int(11) DEFAULT NULL,
  `min_weight` decimal(14,4) NOT NULL,
  `max_weight` decimal(14,4) NOT NULL,
  `min_total` decimal(14,2) NOT NULL,
  `max_total` decimal(14,2) NOT NULL,
  `min_discounted_total` decimal(14,2) NOT NULL,
  `max_discounted_total` decimal(14,2) NOT NULL,
  `min_items` decimal(14,0) NOT NULL,
  `max_items` decimal(14,0) NOT NULL,
  `markup_flat` decimal(14,2) NOT NULL,
  `markup_percent` decimal(14,2) NOT NULL,
  `markup_per_item` decimal(14,2) NOT NULL,
  `markup_per_weight` decimal(14,2) NOT NULL,
  PRIMARY KEY (`markup_id`),
  KEY `IDX_4FD5FCE119883967` (`method_id`),
  KEY `IDX_4FD5FCE19F2C3FAB` (`zone_id`),
  KEY `rate` (`method_id`,`zone_id`,`min_weight`,`min_total`,`min_discounted_total`,`min_items`),
  KEY `max_weight` (`max_weight`),
  KEY `max_total` (`max_total`),
  KEY `max_discounted_total` (`max_discounted_total`),
  KEY `max_items` (`max_items`),
  KEY `markup_flat` (`markup_flat`),
  KEY `markup_per_item` (`markup_per_item`),
  KEY `markup_percent` (`markup_percent`),
  KEY `markup_per_weight` (`markup_per_weight`),
  CONSTRAINT `FK_4FD5FCE119883967` FOREIGN KEY (`method_id`) REFERENCES `xc_shipping_methods` (`method_id`) ON DELETE CASCADE,
  CONSTRAINT `FK_4FD5FCE19F2C3FAB` FOREIGN KEY (`zone_id`) REFERENCES `xc_zones` (`zone_id`) ON DELETE CASCADE
) ENGINE=InnoDB AUTO_INCREMENT=12 DEFAULT CHARSET=utf8mb4 COLLATE=utf8mb4_unicode_ci;

--
-- Dumping data for table `xc_shipping_markups`
--

INSERT INTO `xc_shipping_markups` (`markup_id`, `method_id`, `zone_id`, `min_weight`, `max_weight`, `min_total`, `max_total`, `min_discounted_total`, `max_discounted_total`, `min_items`, `max_items`, `markup_flat`, `markup_percent`, `markup_per_item`, `markup_per_weight`) VALUES (1,1,2,0.0000,999999999.0000,0.00,999999999.00,0.00,999999999.00,0,999999999,2.45,1.50,0.00,0.00),(2,1,3,0.0000,999999999.0000,0.00,999999999.00,0.00,999999999.00,0,999999999,2.50,1.50,0.00,0.00),(3,1,1,0.0000,999999999.0000,0.00,999999999.00,0.00,999999999.00,0,999999999,5.50,1.75,0.00,0.00),(4,2,2,0.0000,999999999.0000,0.00,999999999.00,0.00,999999999.00,0,999999999,3.45,1.75,0.00,0.00),(5,2,3,0.0000,999999999.0000,0.00,999999999.00,0.00,999999999.00,0,999999999,3.50,1.75,0.00,0.00),(6,2,1,0.0000,999999999.0000,0.00,999999999.00,0.00,999999999.00,0,999999999,6.50,1.85,0.00,0.00),(7,3,2,0.0000,999999999.0000,0.00,999999999.00,0.00,999999999.00,0,999999999,100.00,10.00,0.00,0.00),(8,4,1,0.0000,999999999.0000,0.00,999999999.00,0.00,999999999.00,0,999999999,0.00,0.00,0.00,0.00),(9,5,1,0.0000,999999999.0000,50.00,999999999.00,0.00,999999999.00,0,999999999,0.00,0.00,0.00,0.00),(10,95,1,0.0000,999999999.0000,0.00,999999999.00,0.00,999999999.00,0,999999999,0.00,0.00,0.00,0.00),(11,96,1,0.0000,999999999.0000,0.00,999999999.00,0.00,999999999.00,0,999999999,0.00,0.00,0.00,0.00);

--
-- Table structure for table `xc_shipping_method_translations`
--

CREATE TABLE `xc_shipping_method_translations` (
  `label_id` int(11) NOT NULL AUTO_INCREMENT,
  `id` int(11) DEFAULT NULL,
  `name` varchar(255) COLLATE utf8mb4_unicode_ci NOT NULL,
  `deliveryTime` varchar(255) COLLATE utf8mb4_unicode_ci DEFAULT NULL,
  `code` char(2) COLLATE utf8mb4_unicode_ci NOT NULL,
  PRIMARY KEY (`label_id`),
  KEY `ci` (`code`,`id`),
  KEY `id` (`id`),
  CONSTRAINT `FK_DEAE9FACBF396750` FOREIGN KEY (`id`) REFERENCES `xc_shipping_methods` (`method_id`) ON DELETE CASCADE
) ENGINE=InnoDB AUTO_INCREMENT=104 DEFAULT CHARSET=utf8mb4 COLLATE=utf8mb4_unicode_ci;

--
-- Dumping data for table `xc_shipping_method_translations`
--

INSERT INTO `xc_shipping_method_translations` (`label_id`, `id`, `name`, `deliveryTime`, `code`) VALUES (1,1,'Courier','2 - 4 days','en'),(2,1,'Доставка курьером','2 - 4 дня','ru'),(3,2,'Local shipping','up to one week','en'),(4,2,'Местная доставка','до одной недели','ru'),(5,3,'One day shipping','1 day','en'),(6,3,'Экспресс доставка','1 день','ru'),(7,4,'Local pickup','','en'),(8,4,'Самовывоз','','ru'),(9,5,'Free shipping on orders over $50','','en'),(10,5,'Бесплатная доставка при заказе от $50','','ru'),(11,6,'FedEx','','en'),(12,7,'FedEx Europe First International Priority','','en'),(13,8,'FedEx 1Day<sup>&reg;</sup> Freight','','en'),(14,9,'FedEx 2Day<sup>&reg;</sup>','','en'),(15,10,'FedEx 2Day AM<sup>&reg;</sup>','','en'),(16,11,'FedEx 2Day<sup>&reg;</sup> Freight','','en'),(17,12,'FedEx 3Day<sup>&reg;</sup> Freight','','en'),(18,13,'FedEx Express Saver<sup>&reg;</sup>','','en'),(19,14,'FedEx First Freight<sup>&reg;</sup>','','en'),(20,15,'FedEx Ground<sup>&reg;</sup>','','en'),(21,16,'FedEx First Overnight<sup>&reg;</sup>','','en'),(22,17,'FedEx Home Delivery<sup>&reg;</sup>','','en'),(23,18,'FedEx International Distribution<sup>&reg;</sup> Freight','','en'),(24,19,'FedEx International Economy<sup>&reg;</sup>','','en'),(25,20,'FedEx International Economy Distribution<sup>&reg;</sup>','','en'),(26,21,'FedEx International Economy<sup>&reg;</sup> Freight','','en'),(27,22,'FedEx International First<sup>&reg;</sup>','','en'),(28,23,'FedEx International Priority<sup>&reg;</sup>','','en'),(29,24,'FedEx International Priority<sup>&reg;</sup> Distribution','','en'),(30,25,'FedEx International Priority Freight<sup>&reg;</sup>','','en'),(31,26,'FedEx Priority Overnight<sup>&reg;</sup>','','en'),(32,27,'FedEx SmartPost<sup>&reg;</sup>/FedEx SmartPost<sup>&reg;</sup> International','','en'),(33,28,'FedEx Standard Overnight<sup>&reg;</sup>','','en'),(34,29,'USPS','','en'),(35,30,'U.S.P.S. First Class Mail','','en'),(36,31,'U.S.P.S. Priority Mail','','en'),(37,32,'U.S.P.S. Priority Mail Express','','en'),(38,33,'U.S.P.S. Standard Post','','en'),(39,34,'U.S.P.S. Parcel Select','','en'),(40,35,'U.S.P.S. Media Mail','','en'),(41,36,'U.S.P.S. Library Mail','','en'),(42,37,'U.S.P.S. First Class International','','en'),(43,38,'U.S.P.S. First Class Package International Service','','en'),(44,39,'U.S.P.S. Priority Mail Express International','','en'),(45,40,'U.S.P.S. Priority Mail International','','en'),(46,41,'Canada Post','','en'),(47,42,'Regular Parcel','','en'),(48,43,'Expedited Parcel','','en'),(49,44,'Xpresspost','','en'),(50,45,'Xpresspost Certified','','en'),(51,46,'Priority','','en'),(52,47,'Library Books','','en'),(53,48,'Expedited Parcel USA','','en'),(54,49,'Priority Worldwide Envelope USA','','en'),(55,50,'Priority Worldwide pak USA','','en'),(56,51,'Priority Worldwide Parcel USA','','en'),(57,52,'Small Packet USA Air','','en'),(58,53,'Tracked Packet – USA','','en'),(59,54,'Tracked Packet – USA (LVM)','','en'),(60,55,'Xpresspost USA','','en'),(61,56,'Xpresspost International','','en'),(62,57,'International Parcel Air','','en'),(63,58,'International Parcel Surface','','en'),(64,59,'Priority Worldwide Envelope International','','en'),(65,60,'Priority Worldwide pak International','','en'),(66,61,'Priority Worldwide parcel International','','en'),(67,62,'Small Packet International Air','','en'),(68,63,'Small Packet International Surface','','en'),(69,64,'Tracked Packet – International','','en'),(70,65,'UPS','','en'),(71,66,'UPS Next Day Air&reg;','','en'),(72,67,'UPS 2nd Day Air&reg;','','en'),(73,68,'UPS Ground','','en'),(74,69,'UPS Worldwide Express','','en'),(75,70,'UPS Worldwide Expedited','','en'),(76,71,'UPS Standard','','en'),(77,72,'UPS 3 Day Select&reg;','','en'),(78,73,'UPS Next Day Air Saver&reg;','','en'),(79,74,'UPS Next Day Air&reg; Early A.M.','','en'),(80,75,'UPS Worldwide Express Plus','','en'),(81,76,'UPS 2nd Day Air A.M.&reg;','','en'),(82,77,'UPS Saver','','en'),(83,78,'UPS Today StandardSM','','en'),(84,79,'UPS Today Dedicated CourrierSM','','en'),(85,80,'UPS Today Intercity','','en'),(86,81,'UPS Today Express','','en'),(87,82,'UPS Today Express Saver','','en'),(88,83,'UPS WorldWide Express Freight','','en'),(89,84,'UPS Express','','en'),(90,85,'UPS Express Plus','','en'),(91,86,'UPS ExpeditedSM','','en'),(92,87,'UPS Worldwide ExpeditedSM','','en'),(93,88,'UPS Worldwide ExpressSM','','en'),(94,89,'UPS SaverSM','','en'),(95,90,'UPS Express Early A.M. SM','','en'),(96,91,'UPS Next Day Air&reg; Early A.M. SM','','en'),(97,92,'UPS Worldwide Express PlusSM','','en'),(98,93,'UPS Express Saver','','en'),(99,94,'UPS Worldwide Saver','','en'),(100,95,'Free shipping','5 - 7 days','en'),(101,95,'Бесплатная доставка','5 - 7 дней','ru'),(102,96,'Fixed rate shipping','5 - 7 days','en'),(103,96,'Фиксированная стоимость доставки','5 - 7 дней','ru');

--
-- Table structure for table `xc_shipping_methods`
--

CREATE TABLE `xc_shipping_methods` (
  `method_id` int(11) NOT NULL AUTO_INCREMENT,
  `tax_class_id` int(10) unsigned DEFAULT NULL,
  `free` tinyint(1) NOT NULL,
  `processor` varchar(255) COLLATE utf8mb4_unicode_ci NOT NULL,
  `carrier` varchar(255) COLLATE utf8mb4_unicode_ci NOT NULL,
  `code` varchar(255) COLLATE utf8mb4_unicode_ci NOT NULL,
  `enabled` tinyint(1) NOT NULL,
  `position` int(11) NOT NULL,
  `added` tinyint(1) NOT NULL,
  `moduleName` varchar(255) COLLATE utf8mb4_unicode_ci NOT NULL,
  `fromMarketplace` tinyint(1) NOT NULL,
  `iconURL` varchar(255) COLLATE utf8mb4_unicode_ci DEFAULT NULL,
  `tableType` char(3) COLLATE utf8mb4_unicode_ci DEFAULT NULL,
  `handlingFee` decimal(14,4) NOT NULL,
  `handlingFeeType` varchar(1) COLLATE utf8mb4_unicode_ci NOT NULL,
  PRIMARY KEY (`method_id`),
  KEY `IDX_76AE154AA94AAAE` (`tax_class_id`),
  KEY `processor` (`processor`),
  KEY `carrier` (`carrier`),
  KEY `enabled` (`enabled`),
  KEY `position` (`position`),
  CONSTRAINT `FK_76AE154AA94AAAE` FOREIGN KEY (`tax_class_id`) REFERENCES `xc_tax_classes` (`id`) ON DELETE SET NULL
) ENGINE=InnoDB AUTO_INCREMENT=97 DEFAULT CHARSET=utf8mb4 COLLATE=utf8mb4_unicode_ci;

--
-- Dumping data for table `xc_shipping_methods`
--

INSERT INTO `xc_shipping_methods` (`method_id`, `tax_class_id`, `free`, `processor`, `carrier`, `code`, `enabled`, `position`, `added`, `moduleName`, `fromMarketplace`, `iconURL`, `tableType`, `handlingFee`, `handlingFeeType`) VALUES (1,NULL,0,'offline','','courier',1,10,1,'',0,NULL,'S',0.0000,'a'),(2,NULL,0,'offline','','',1,20,1,'',0,NULL,'S',0.0000,'a'),(3,NULL,0,'offline','','',1,30,1,'',0,NULL,'S',0.0000,'a'),(4,NULL,0,'offline','','',1,40,1,'',0,NULL,'S',0.0000,'a'),(5,NULL,0,'offline','','',1,50,1,'',0,NULL,'S',0.0000,'a'),(6,NULL,0,'fedex','','',0,0,0,'CDev_FedEx',0,NULL,NULL,0.0000,'a'),(7,NULL,0,'fedex','fedex','EUROPE_FIRST_INTERNATIONAL_PRIORITY',1,10,0,'',0,NULL,NULL,0.0000,'a'),(8,NULL,0,'fedex','fedex','FEDEX_1_DAY_FREIGHT',1,20,0,'',0,NULL,NULL,0.0000,'a'),(9,NULL,0,'fedex','fedex','FEDEX_2_DAY',1,30,0,'',0,NULL,NULL,0.0000,'a'),(10,NULL,0,'fedex','fedex','FEDEX_2_DAY_AM',1,40,0,'',0,NULL,NULL,0.0000,'a'),(11,NULL,0,'fedex','fedex','FEDEX_2_DAY_FREIGHT',1,50,0,'',0,NULL,NULL,0.0000,'a'),(12,NULL,0,'fedex','fedex','FEDEX_3_DAY_FREIGHT',1,60,0,'',0,NULL,NULL,0.0000,'a'),(13,NULL,0,'fedex','fedex','FEDEX_EXPRESS_SAVER',1,70,0,'',0,NULL,NULL,0.0000,'a'),(14,NULL,0,'fedex','fedex','FEDEX_FIRST_FREIGHT',1,80,0,'',0,NULL,NULL,0.0000,'a'),(15,NULL,0,'fedex','fedex','FEDEX_GROUND',1,90,0,'',0,NULL,NULL,0.0000,'a'),(16,NULL,0,'fedex','fedex','FIRST_OVERNIGHT',1,100,0,'',0,NULL,NULL,0.0000,'a'),(17,NULL,0,'fedex','fedex','GROUND_HOME_DELIVERY',1,110,0,'',0,NULL,NULL,0.0000,'a'),(18,NULL,0,'fedex','fedex','INTERNATIONAL_DISTRIBUTION_FREIGHT',1,120,0,'',0,NULL,NULL,0.0000,'a'),(19,NULL,0,'fedex','fedex','INTERNATIONAL_ECONOMY',1,130,0,'',0,NULL,NULL,0.0000,'a'),(20,NULL,0,'fedex','fedex','INTERNATIONAL_ECONOMY_DISTRIBUTION',1,140,0,'',0,NULL,NULL,0.0000,'a'),(21,NULL,0,'fedex','fedex','INTERNATIONAL_ECONOMY_FREIGHT',1,150,0,'',0,NULL,NULL,0.0000,'a'),(22,NULL,0,'fedex','fedex','INTERNATIONAL_FIRST',1,160,0,'',0,NULL,NULL,0.0000,'a'),(23,NULL,0,'fedex','fedex','INTERNATIONAL_PRIORITY',1,170,0,'',0,NULL,NULL,0.0000,'a'),(24,NULL,0,'fedex','fedex','INTERNATIONAL_PRIORITY_DISTRIBUTION',1,180,0,'',0,NULL,NULL,0.0000,'a'),(25,NULL,0,'fedex','fedex','INTERNATIONAL_PRIORITY_FREIGHT',1,190,0,'',0,NULL,NULL,0.0000,'a'),(26,NULL,0,'fedex','fedex','PRIORITY_OVERNIGHT',1,200,0,'',0,NULL,NULL,0.0000,'a'),(27,NULL,0,'fedex','fedex','SMART_POST',1,210,0,'',0,NULL,NULL,0.0000,'a'),(28,NULL,0,'fedex','fedex','STANDARD_OVERNIGHT',1,220,0,'',0,NULL,NULL,0.0000,'a'),(29,NULL,0,'usps','','',0,0,0,'CDev_USPS',0,NULL,NULL,0.0000,'a'),(30,NULL,0,'usps','pb_usps','FCM',1,10,0,'',0,NULL,NULL,0.0000,'a'),(31,NULL,0,'usps','pb_usps','PM',1,20,0,'',0,NULL,NULL,0.0000,'a'),(32,NULL,0,'usps','pb_usps','EM',1,30,0,'',0,NULL,NULL,0.0000,'a'),(33,NULL,0,'usps','pb_usps','STDPOST',1,40,0,'',0,NULL,NULL,0.0000,'a'),(34,NULL,0,'usps','pb_usps','PRCLSEL',1,50,0,'',0,NULL,NULL,0.0000,'a'),(35,NULL,0,'usps','pb_usps','MEDIA',1,60,0,'',0,NULL,NULL,0.0000,'a'),(36,NULL,0,'usps','pb_usps','LIB',1,70,0,'',0,NULL,NULL,0.0000,'a'),(37,NULL,0,'usps','pb_usps','FCMI',1,80,0,'',0,NULL,NULL,0.0000,'a'),(38,NULL,0,'usps','pb_usps','FCPIS',1,90,0,'',0,NULL,NULL,0.0000,'a'),(39,NULL,0,'usps','pb_usps','EMI',1,100,0,'',0,NULL,NULL,0.0000,'a'),(40,NULL,0,'usps','pb_usps','PMI',1,110,0,'',0,NULL,NULL,0.0000,'a'),(41,NULL,0,'capost','','',0,0,0,'XC_CanadaPost',0,NULL,NULL,0.0000,'a'),(42,NULL,0,'capost','capost','DOM.RP',1,10,0,'',0,NULL,NULL,0.0000,'a'),(43,NULL,0,'capost','capost','DOM.EP',1,20,0,'',0,NULL,NULL,0.0000,'a'),(44,NULL,0,'capost','capost','DOM.XP',1,30,0,'',0,NULL,NULL,0.0000,'a'),(45,NULL,0,'capost','capost','DOM.XP.CERT',1,40,0,'',0,NULL,NULL,0.0000,'a'),(46,NULL,0,'capost','capost','DOM.PC',1,50,0,'',0,NULL,NULL,0.0000,'a'),(47,NULL,0,'capost','capost','DOM.LIB',1,60,0,'',0,NULL,NULL,0.0000,'a'),(48,NULL,0,'capost','capost','USA.EP',1,70,0,'',0,NULL,NULL,0.0000,'a'),(49,NULL,0,'capost','capost','USA.PW.ENV',1,80,0,'',0,NULL,NULL,0.0000,'a'),(50,NULL,0,'capost','capost','USA.PW.PAK',1,90,0,'',0,NULL,NULL,0.0000,'a'),(51,NULL,0,'capost','capost','USA.PW.PARCEL',1,100,0,'',0,NULL,NULL,0.0000,'a'),(52,NULL,0,'capost','capost','USA.SP.AIR',1,110,0,'',0,NULL,NULL,0.0000,'a'),(53,NULL,0,'capost','capost','USA.TP',1,120,0,'',0,NULL,NULL,0.0000,'a'),(54,NULL,0,'capost','capost','USA.TP.LVM',1,130,0,'',0,NULL,NULL,0.0000,'a'),(55,NULL,0,'capost','capost','USA.XP',1,140,0,'',0,NULL,NULL,0.0000,'a'),(56,NULL,0,'capost','capost','INT.XP',1,150,0,'',0,NULL,NULL,0.0000,'a'),(57,NULL,0,'capost','capost','INT.IP.AIR',1,160,0,'',0,NULL,NULL,0.0000,'a'),(58,NULL,0,'capost','capost','INT.IP.SURF',1,170,0,'',0,NULL,NULL,0.0000,'a'),(59,NULL,0,'capost','capost','INT.PW.ENV',1,180,0,'',0,NULL,NULL,0.0000,'a'),(60,NULL,0,'capost','capost','INT.PW.PAK',1,190,0,'',0,NULL,NULL,0.0000,'a'),(61,NULL,0,'capost','capost','INT.PW.PARCEL',1,200,0,'',0,NULL,NULL,0.0000,'a'),(62,NULL,0,'capost','capost','INT.SP.AIR',1,210,0,'',0,NULL,NULL,0.0000,'a'),(63,NULL,0,'capost','capost','INT.SP.SURF',1,220,0,'',0,NULL,NULL,0.0000,'a'),(64,NULL,0,'capost','capost','INT.TP',1,230,0,'',0,NULL,NULL,0.0000,'a'),(65,NULL,0,'ups','','',0,0,0,'XC_UPS',0,NULL,NULL,0.0000,'a'),(66,NULL,0,'ups','ups','NDA',1,10,0,'',0,NULL,NULL,0.0000,'a'),(67,NULL,0,'ups','ups','2DA',1,20,0,'',0,NULL,NULL,0.0000,'a'),(68,NULL,0,'ups','ups','GND',1,30,0,'',0,NULL,NULL,0.0000,'a'),(69,NULL,0,'ups','ups','WEXP',1,40,0,'',0,NULL,NULL,0.0000,'a'),(70,NULL,0,'ups','ups','WEXD',1,50,0,'',0,NULL,NULL,0.0000,'a'),(71,NULL,0,'ups','ups','STD',1,60,0,'',0,NULL,NULL,0.0000,'a'),(72,NULL,0,'ups','ups','3DS',1,70,0,'',0,NULL,NULL,0.0000,'a'),(73,NULL,0,'ups','ups','NDAS',1,80,0,'',0,NULL,NULL,0.0000,'a'),(74,NULL,0,'ups','ups','NDAE',1,90,0,'',0,NULL,NULL,0.0000,'a'),(75,NULL,0,'ups','ups','WEXPP',1,100,0,'',0,NULL,NULL,0.0000,'a'),(76,NULL,0,'ups','ups','2DAAM',1,110,0,'',0,NULL,NULL,0.0000,'a'),(77,NULL,0,'ups','ups','SAV',1,120,0,'',0,NULL,NULL,0.0000,'a'),(78,NULL,0,'ups','ups','TSTD',1,130,0,'',0,NULL,NULL,0.0000,'a'),(79,NULL,0,'ups','ups','TDC',1,140,0,'',0,NULL,NULL,0.0000,'a'),(80,NULL,0,'ups','ups','TI',1,150,0,'',0,NULL,NULL,0.0000,'a'),(81,NULL,0,'ups','ups','TEXP',1,160,0,'',0,NULL,NULL,0.0000,'a'),(82,NULL,0,'ups','ups','TEXPS',1,170,0,'',0,NULL,NULL,0.0000,'a'),(83,NULL,0,'ups','ups','WEXPF',1,180,0,'',0,NULL,NULL,0.0000,'a'),(84,NULL,0,'ups','ups','EXP',1,190,0,'',0,NULL,NULL,0.0000,'a'),(85,NULL,0,'ups','ups','EXPP',1,200,0,'',0,NULL,NULL,0.0000,'a'),(86,NULL,0,'ups','ups','EXDSM',1,210,0,'',0,NULL,NULL,0.0000,'a'),(87,NULL,0,'ups','ups','WEXDSM',1,220,0,'',0,NULL,NULL,0.0000,'a'),(88,NULL,0,'ups','ups','WEXPSM',1,230,0,'',0,NULL,NULL,0.0000,'a'),(89,NULL,0,'ups','ups','SAVSM',1,240,0,'',0,NULL,NULL,0.0000,'a'),(90,NULL,0,'ups','ups','EXPEAMSM',1,250,0,'',0,NULL,NULL,0.0000,'a'),(91,NULL,0,'ups','ups','NDAEAMSM',1,260,0,'',0,NULL,NULL,0.0000,'a'),(92,NULL,0,'ups','ups','WEXPPSM',1,270,0,'',0,NULL,NULL,0.0000,'a'),(93,NULL,0,'ups','ups','EXPSAV',1,280,0,'',0,NULL,NULL,0.0000,'a'),(94,NULL,0,'ups','ups','WSAV',1,290,0,'',0,NULL,NULL,0.0000,'a'),(95,NULL,1,'offline','','FREESHIP',1,30,1,'',0,NULL,'S',0.0000,'a'),(96,NULL,0,'offline','','FIXEDFEE',1,40,1,'',0,NULL,'S',0.0000,'a');

--
-- Table structure for table `xc_states`
--

CREATE TABLE `xc_states` (
  `state_id` int(11) NOT NULL AUTO_INCREMENT,
  `country_code` char(2) COLLATE utf8mb4_unicode_ci DEFAULT NULL,
  `region_code` varchar(10) COLLATE utf8mb4_unicode_ci DEFAULT NULL,
  `state` varchar(64) COLLATE utf8mb4_unicode_ci NOT NULL,
  `code` varchar(64) COLLATE utf8mb4_unicode_ci NOT NULL,
  PRIMARY KEY (`state_id`),
  UNIQUE KEY `code` (`code`,`country_code`),
  KEY `IDX_A68B9D8BF026BB7C` (`country_code`),
  KEY `IDX_A68B9D8BAEB327AF` (`region_code`),
  KEY `state` (`state`),
  CONSTRAINT `FK_A68B9D8BAEB327AF` FOREIGN KEY (`region_code`) REFERENCES `xc_regions` (`code`) ON DELETE CASCADE,
  CONSTRAINT `FK_A68B9D8BF026BB7C` FOREIGN KEY (`country_code`) REFERENCES `xc_countries` (`code`) ON DELETE CASCADE
) ENGINE=InnoDB AUTO_INCREMENT=605 DEFAULT CHARSET=utf8mb4 COLLATE=utf8mb4_unicode_ci;

--
-- Dumping data for table `xc_states`
--

INSERT INTO `xc_states` (`state_id`, `country_code`, `region_code`, `state`, `code`) VALUES (1,'AR',NULL,'Buenos Aires','B'),(2,'AR',NULL,'Catamarca','K'),(3,'AR',NULL,'Chaco','H'),(4,'AR',NULL,'Chubut','U'),(5,'AR',NULL,'Ciudad de Buenos Aires','C'),(6,'AR',NULL,'Córdoba','X'),(7,'AR',NULL,'Corrientes','W'),(8,'AR',NULL,'Entre Ríos','E'),(9,'AR',NULL,'Formosa','P'),(10,'AR',NULL,'Jujuy','Y'),(11,'AR',NULL,'La Pampa','L'),(12,'AR',NULL,'La Rioja','F'),(13,'AR',NULL,'Mendoza','M'),(14,'AR',NULL,'Misiones','N'),(15,'AR',NULL,'Neuquén','Q'),(16,'AR',NULL,'Río Negro','R'),(17,'AR',NULL,'Salta','A'),(18,'AR',NULL,'San Juan','J'),(19,'AR',NULL,'San Luis','D'),(20,'AR',NULL,'Santa Cruz','Z'),(21,'AR',NULL,'Santa Fe','S'),(22,'AR',NULL,'Santiago del Estero','G'),(23,'AR',NULL,'Tierra del Fuego','V'),(24,'AR',NULL,'Tucumán','T'),(25,'BR',NULL,'Distrito Federal','DF'),(26,'BR',NULL,'Acre','AC'),(27,'BR',NULL,'Alagoas','AL'),(28,'BR',NULL,'Amapá','AP'),(29,'BR',NULL,'Amazonas','AM'),(30,'BR',NULL,'Bahia','BA'),(31,'BR',NULL,'Ceará','CE'),(32,'BR',NULL,'Espírito Santo','ES'),(33,'BR',NULL,'Goiás','GO'),(34,'BR',NULL,'Maranhão','MA'),(35,'BR',NULL,'Mato Grosso','MT'),(36,'BR',NULL,'Mato Grosso do Sul','MS'),(37,'BR',NULL,'Minas Gerais','MG'),(38,'BR',NULL,'Pará','PA'),(39,'BR',NULL,'Paraíba','PB'),(40,'BR',NULL,'Paraná','PR'),(41,'BR',NULL,'Pernambuco','PE'),(42,'BR',NULL,'Piauí','PI'),(43,'BR',NULL,'Rio de Janeiro','RJ'),(44,'BR',NULL,'Rio Grande do Norte','RN'),(45,'BR',NULL,'Rio Grande do Sul','RS'),(46,'BR',NULL,'Rondônia','RO'),(47,'BR',NULL,'Roraima','RR'),(48,'BR',NULL,'Santa Catarina','SC'),(49,'BR',NULL,'São Paulo','SP'),(50,'BR',NULL,'Sergipe','SE'),(51,'BR',NULL,'Tocantins','TO'),(52,'CA',NULL,'Alberta','AB'),(53,'CA',NULL,'British Columbia','BC'),(54,'CA',NULL,'Manitoba','MB'),(55,'CA',NULL,'New Brunswick','NB'),(56,'CA',NULL,'Newfoundland and Labrador','NL'),(57,'CA',NULL,'Nova Scotia','NS'),(58,'CA',NULL,'Northwest Territories','NT'),(59,'CA',NULL,'Nunavut','NU'),(60,'CA',NULL,'Ontario','ON'),(61,'CA',NULL,'Prince Edward Island','PE'),(62,'CA',NULL,'Quebec','QC'),(63,'CA',NULL,'Saskatchewan','SK'),(64,'CA',NULL,'Yukon','YT'),(65,'CN',NULL,'Anhui','34'),(66,'CN',NULL,'Beijing','11'),(67,'CN',NULL,'Chongqing','50'),(68,'CN',NULL,'Fujian','35'),(69,'CN',NULL,'Gansu','62'),(70,'CN',NULL,'Guangdong','44'),(71,'CN',NULL,'Guangxi','45'),(72,'CN',NULL,'Guizhou','52'),(73,'CN',NULL,'Hainan','46'),(74,'CN',NULL,'Hebei','13'),(75,'CN',NULL,'Heilongjiang','23'),(76,'CN',NULL,'Henan','41'),(77,'CN',NULL,'Hong Kong','91'),(78,'CN',NULL,'Hubei','42'),(79,'CN',NULL,'Hunan','43'),(80,'CN',NULL,'Jiangsu','32'),(81,'CN',NULL,'Jiangxi','36'),(82,'CN',NULL,'Jilin','22'),(83,'CN',NULL,'Liaoning','21'),(84,'CN',NULL,'Macao','92'),(85,'CN',NULL,'Nei Mongol','15'),(86,'CN',NULL,'Ningxia','64'),(87,'CN',NULL,'Qinghai','63'),(88,'CN',NULL,'Shaanxi','61'),(89,'CN',NULL,'Shandong','37'),(90,'CN',NULL,'Shanghai','31'),(91,'CN',NULL,'Shanxi','14'),(92,'CN',NULL,'Sichuan','51'),(93,'CN',NULL,'Taiwan','71'),(94,'CN',NULL,'Tianjin','12'),(95,'CN',NULL,'Xinjiang','65'),(96,'CN',NULL,'Xizang','54'),(97,'CN',NULL,'Yunnan','53'),(98,'CN',NULL,'Zhejiang','33'),(99,'IN',NULL,'Andaman and Nicobar Islands','AN'),(100,'IN',NULL,'Andhra Pradesh','AP'),(101,'IN',NULL,'Arunachal Pradesh','AR'),(102,'IN',NULL,'Assam','AS'),(103,'IN',NULL,'Bihar','BR'),(104,'IN',NULL,'Chandigarh','CH'),(105,'IN',NULL,'Chhattisgar','CT'),(106,'IN',NULL,'Dadra and Nagar Haveli','DN'),(107,'IN',NULL,'Daman and Diu','DD'),(108,'IN',NULL,'Delhi','DL'),(109,'IN',NULL,'Goa','GA'),(110,'IN',NULL,'Gujarat','GJ'),(111,'IN',NULL,'Haryana','HR'),(112,'IN',NULL,'Himachal Pradesh','HP'),(113,'IN',NULL,'Jammu and Kashmir','JK'),(114,'IN',NULL,'Jharkhand','JH'),(115,'IN',NULL,'Karnataka','KA'),(116,'IN',NULL,'Kerala','KL'),(117,'IN',NULL,'Lakshadweep','LD'),(118,'IN',NULL,'Madhya Pradesh','MP'),(119,'IN',NULL,'Maharashtra','MH'),(120,'IN',NULL,'Manipur','MN'),(121,'IN',NULL,'Meghalaya','ML'),(122,'IN',NULL,'Mizoram','MZ'),(123,'IN',NULL,'Nagaland','NL'),(124,'IN',NULL,'Odish','OR'),(125,'IN',NULL,'Puducherry','PY'),(126,'IN',NULL,'Punjab','PB'),(127,'IN',NULL,'Rajasthan','RJ'),(128,'IN',NULL,'Sikkim','SK'),(129,'IN',NULL,'Tamil Nadu','TN'),(130,'IN',NULL,'Telangan','TG'),(131,'IN',NULL,'Tripura','TR'),(132,'IN',NULL,'Uttarakhan','UT'),(133,'IN',NULL,'Uttar Pradesh','UP'),(134,'IN',NULL,'West Bengal','WB'),(135,'ID',NULL,'Aceh','AC'),(136,'ID',NULL,'Bali','BA'),(137,'ID',NULL,'Bangka–Belitung Islands','BB'),(138,'ID',NULL,'Banten','BT'),(139,'ID',NULL,'Bengkulu','BE'),(140,'ID',NULL,'Central Java','JT'),(141,'ID',NULL,'Central Kalimantan','KT'),(142,'ID',NULL,'Central Sulawesi','ST'),(143,'ID',NULL,'East Java','JI'),(144,'ID',NULL,'East Kalimantan','KI'),(145,'ID',NULL,'East Nusa Tenggara','NT'),(146,'ID',NULL,'Gorontalo','GO'),(147,'ID',NULL,'Jakarta','JK'),(148,'ID',NULL,'Jambi','JA'),(149,'ID',NULL,'Lampung','LA'),(150,'ID',NULL,'Maluku','MA'),(151,'ID',NULL,'North Kalimantan','KU'),(152,'ID',NULL,'North Maluku','MU'),(153,'ID',NULL,'North Sulawesi','SA'),(154,'ID',NULL,'North Sumatra','SU'),(155,'ID',NULL,'Papua','PA'),(156,'ID',NULL,'Riau','RI'),(157,'ID',NULL,'Riau Islands','KR'),(158,'ID',NULL,'South Kalimantan','KS'),(159,'ID',NULL,'South Sulawesi','SN'),(160,'ID',NULL,'South Sumatra','SS'),(161,'ID',NULL,'Southeast Sulawesi','SG'),(162,'ID',NULL,'West Java','JB'),(163,'ID',NULL,'West Kalimantan','KB'),(164,'ID',NULL,'West Nusa Tenggara','NB'),(165,'ID',NULL,'West Papua','PB'),(166,'ID',NULL,'West Sulawesi','SR'),(167,'ID',NULL,'West Sumatra','SB'),(168,'ID',NULL,'Yogyakarta','YO'),(169,'JP',NULL,'Aichi','23'),(170,'JP',NULL,'Akita','05'),(171,'JP',NULL,'Aomori','02'),(172,'JP',NULL,'Chiba','12'),(173,'JP',NULL,'Ehime','38'),(174,'JP',NULL,'Fukui','18'),(175,'JP',NULL,'Fukuoka','40'),(176,'JP',NULL,'Fukushima','07'),(177,'JP',NULL,'Gifu','21'),(178,'JP',NULL,'Gumma','10'),(179,'JP',NULL,'Hiroshima','34'),(180,'JP',NULL,'Hokkaido','01'),(181,'JP',NULL,'Hyogo','28'),(182,'JP',NULL,'Ibaraki','08'),(183,'JP',NULL,'Ishikawa','17'),(184,'JP',NULL,'Iwate','03'),(185,'JP',NULL,'Kagawa','37'),(186,'JP',NULL,'Kagoshima','46'),(187,'JP',NULL,'Kanagawa','14'),(188,'JP',NULL,'Kochi','39'),(189,'JP',NULL,'Kumamoto','43'),(190,'JP',NULL,'Kyoto','26'),(191,'JP',NULL,'Mie','24'),(192,'JP',NULL,'Miyagi','04'),(193,'JP',NULL,'Miyazaki','45'),(194,'JP',NULL,'Nagano','20'),(195,'JP',NULL,'Nagasaki','42'),(196,'JP',NULL,'Nara','29'),(197,'JP',NULL,'Niigata','15'),(198,'JP',NULL,'Oita','44'),(199,'JP',NULL,'Okayama','33'),(200,'JP',NULL,'Okinawa','47'),(201,'JP',NULL,'Osaka','27'),(202,'JP',NULL,'Saga','41'),(203,'JP',NULL,'Saitama','11'),(204,'JP',NULL,'Shiga','25'),(205,'JP',NULL,'Shimane','32'),(206,'JP',NULL,'Shizuoka','22'),(207,'JP',NULL,'Tochigi','09'),(208,'JP',NULL,'Tokushima','36'),(209,'JP',NULL,'Tokyo','13'),(210,'JP',NULL,'Tottori','31'),(211,'JP',NULL,'Toyama','16'),(212,'JP',NULL,'Wakayama','30'),(213,'JP',NULL,'Yamagata','06'),(214,'JP',NULL,'Yamaguchi','35'),(215,'JP',NULL,'Yamanashi','19'),(216,'MX',NULL,'Aguascalientes','AG'),(217,'MX',NULL,'Baja California','BN'),(218,'MX',NULL,'Baja California Sur','BS'),(219,'MX',NULL,'Campeche','CM'),(220,'MX',NULL,'Coahuila','CA'),(221,'MX',NULL,'Colima','CL'),(222,'MX',NULL,'Chiapas','CP'),(223,'MX',NULL,'Chihuahua','CH'),(224,'MX',NULL,'Distrito Federal','DF'),(225,'MX',NULL,'Durango','DU'),(226,'MX',NULL,'Guanajuato','GT'),(227,'MX',NULL,'Guerrero','GR'),(228,'MX',NULL,'Hidalgo','HI'),(229,'MX',NULL,'Jalisco','JA'),(230,'MX',NULL,'México','MX'),(231,'MX',NULL,'Michoacán','MC'),(232,'MX',NULL,'Morelos','MR'),(233,'MX',NULL,'Nayarit','NA'),(234,'MX',NULL,'Nuevo León','NL'),(235,'MX',NULL,'Oaxaca','OA'),(236,'MX',NULL,'Puebla','PU'),(237,'MX',NULL,'Querétaro','QE'),(238,'MX',NULL,'Quintana Roo','QR'),(239,'MX',NULL,'San Luis Potosí','SL'),(240,'MX',NULL,'Sinaloa','SI'),(241,'MX',NULL,'Sonora','SO'),(242,'MX',NULL,'Tabasco','TB'),(243,'MX',NULL,'Tamaulipas','TM'),(244,'MX',NULL,'Tlaxcala','TL'),(245,'MX',NULL,'Veracruz','VE'),(246,'MX',NULL,'Yucatán','YU'),(247,'MX',NULL,'Zacatecas','ZA'),(248,'TH',NULL,'Amnat Charoen','37'),(249,'TH',NULL,'Ang Thong','15'),(250,'TH',NULL,'Bueng Kan','38'),(251,'TH',NULL,'Buri Ram','31'),(252,'TH',NULL,'Chachoengsao','24'),(253,'TH',NULL,'Chai Nat','18'),(254,'TH',NULL,'Chaiyaphum','36'),(255,'TH',NULL,'Chanthaburi','22'),(256,'TH',NULL,'Chiang Mai','50'),(257,'TH',NULL,'Chiang Rai','57'),(258,'TH',NULL,'Chon Buri','20'),(259,'TH',NULL,'Chumphon','86'),(260,'TH',NULL,'Kalasin','46'),(261,'TH',NULL,'Kamphaeng Phet','62'),(262,'TH',NULL,'Kanchanaburi','71'),(263,'TH',NULL,'Khon Kaen','40'),(264,'TH',NULL,'Krabi','81'),(265,'TH',NULL,'Krung Thep Maha Nakhon (Bangkok)','10'),(266,'TH',NULL,'Lampang','52'),(267,'TH',NULL,'Lamphun','51'),(268,'TH',NULL,'Loei','42'),(269,'TH',NULL,'Lop Buri','16'),(270,'TH',NULL,'Mae Hong Son','58'),(271,'TH',NULL,'Maha Sarakham','44'),(272,'TH',NULL,'Mukdahan','49'),(273,'TH',NULL,'Nakhon Nayok','26'),(274,'TH',NULL,'Nakhon Pathom','73'),(275,'TH',NULL,'Nakhon Phanom','48'),(276,'TH',NULL,'Nakhon Ratchasima','30'),(277,'TH',NULL,'Nakhon Sawan','60'),(278,'TH',NULL,'Nakhon Si Thammarat','80'),(279,'TH',NULL,'Nan','55'),(280,'TH',NULL,'Narathiwat','96'),(281,'TH',NULL,'Nong Bua Lam Phu','39'),(282,'TH',NULL,'Nong Khai','43'),(283,'TH',NULL,'Nonthaburi','12'),(284,'TH',NULL,'Pathum Thani','13'),(285,'TH',NULL,'Pattani','94'),(286,'TH',NULL,'Phangnga','82'),(287,'TH',NULL,'Phatthalung','93'),(288,'TH',NULL,'Phatthaya','S'),(289,'TH',NULL,'Phayao','56'),(290,'TH',NULL,'Phetchabun','67'),(291,'TH',NULL,'Phetchaburi','76'),(292,'TH',NULL,'Phichit','66'),(293,'TH',NULL,'Phitsanulok','65'),(294,'TH',NULL,'Phrae','54'),(295,'TH',NULL,'Phra Nakhon Si Ayutthaya','14'),(296,'TH',NULL,'Phuket','83'),(297,'TH',NULL,'Prachin Buri','25'),(298,'TH',NULL,'Prachuap Khiri Khan','77'),(299,'TH',NULL,'Ranong','85'),(300,'TH',NULL,'Ratchaburi','70'),(301,'TH',NULL,'Rayong','21'),(302,'TH',NULL,'Roi Et','45'),(303,'TH',NULL,'Sa Kaeo','27'),(304,'TH',NULL,'Sakon Nakhon','47'),(305,'TH',NULL,'Samut Prakan','11'),(306,'TH',NULL,'Samut Sakhon','74'),(307,'TH',NULL,'Samut Songkhram','75'),(308,'TH',NULL,'Saraburi','19'),(309,'TH',NULL,'Satun','91'),(310,'TH',NULL,'Sing Buri','17'),(311,'TH',NULL,'Si Sa Ket','33'),(312,'TH',NULL,'Songkhla','90'),(313,'TH',NULL,'Sukhothai','64'),(314,'TH',NULL,'Suphan Buri','72'),(315,'TH',NULL,'Surat Thani','84'),(316,'TH',NULL,'Surin','32'),(317,'TH',NULL,'Tak','63'),(318,'TH',NULL,'Trang','92'),(319,'TH',NULL,'Trat','23'),(320,'TH',NULL,'Ubon Ratchathani','34'),(321,'TH',NULL,'Udon Thani','41'),(322,'TH',NULL,'Uthai Thani','61'),(323,'TH',NULL,'Uttaradit','53'),(324,'TH',NULL,'Yala','95'),(325,'TH',NULL,'Yasothon','35'),(326,'GB','GB-SCT','Aberdeen City','ABE'),(327,'GB','GB-SCT','Aberdeenshire','ABD'),(328,'GB','GB-SCT','Angus','ANS'),(329,'GB','GB-NIR','Antrim and Newtownabbey','ANN'),(330,'GB','GB-NIR','Ards and North Down','AND'),(331,'GB','GB-SCT','Argyll and Bute','AGB'),(332,'GB','GB-NIR','Armagh City, Banbridge and Craigavon','ABC'),(333,'GB','GB-ENG','Barking and Dagenham','BDG'),(334,'GB','GB-ENG','Barnet','BNE'),(335,'GB','GB-ENG','Barnsley','BNS'),(336,'GB','GB-ENG','Bath and North East Somerset','BAS'),(337,'GB','GB-ENG','Bedford','BDF'),(338,'GB','GB-NIR','Belfast','BFS'),(339,'GB','GB-ENG','Bexley','BEX'),(340,'GB','GB-ENG','Birmingham','BIR'),(341,'GB','GB-ENG','Blackburn with Darwen','BBD'),(342,'GB','GB-ENG','Blackpool','BPL'),(343,'GB','GB-WLS','Blaenau Gwent','BGW'),(344,'GB','GB-ENG','Bolton','BOL'),(345,'GB','GB-ENG','Bournemouth','BMH'),(346,'GB','GB-ENG','Bracknell Forest','BRC'),(347,'GB','GB-ENG','Bradford','BRD'),(348,'GB','GB-ENG','Brent','BEN'),(349,'GB','GB-WLS','Bridgend [Pen-y-bont ar Ogwr]','BGE'),(350,'GB','GB-ENG','Brighton and Hove','BNH'),(351,'GB','GB-ENG','Bristol, City of','BST'),(352,'GB','GB-ENG','Bromley','BRY'),(353,'GB','GB-ENG','Buckinghamshire','BKM'),(354,'GB','GB-ENG','Bury','BUR'),(355,'GB','GB-WLS','Caerphilly [Caerffili]','CAY'),(356,'GB','GB-ENG','Calderdale','CLD'),(357,'GB','GB-ENG','Cambridgeshire','CAM'),(358,'GB','GB-ENG','Camden','CMD'),(359,'GB','GB-WLS','Cardiff [Caerdydd]','CRF'),(360,'GB','GB-WLS','Carmarthenshire [Sir Gaerfyrddin]','CMN'),(361,'GB','GB-NIR','Causeway Coast and Glens','CCG'),(362,'GB','GB-ENG','Central Bedfordshire','CBF'),(363,'GB','GB-WLS','Ceredigion [Sir Ceredigion]','CGN'),(364,'GB','GB-ENG','Cheshire East','CHE'),(365,'GB','GB-ENG','Cheshire West and Chester','CHW'),(366,'GB','GB-SCT','Clackmannanshire','CLK'),(367,'GB','GB-WLS','Conwy','CWY'),(368,'GB','GB-ENG','Cornwall','CON'),(369,'GB','GB-ENG','Coventry','COV'),(370,'GB','GB-ENG','Croydon','CRY'),(371,'GB','GB-ENG','Cumbria','CMA'),(372,'GB','GB-ENG','Darlington','DAL'),(373,'GB','GB-WLS','Denbighshire [Sir Ddinbych]','DEN'),(374,'GB','GB-ENG','Derby','DER'),(375,'GB','GB-ENG','Derbyshire','DBY'),(376,'GB','GB-NIR','Derry City and Strabane','DRS'),(377,'GB','GB-ENG','Devon','DEV'),(378,'GB','GB-ENG','Doncaster','DNC'),(379,'GB','GB-ENG','Dorset','DOR'),(380,'GB','GB-ENG','Dudley','DUD'),(381,'GB','GB-SCT','Dumfries and Galloway','DGY'),(382,'GB','GB-SCT','Dundee City','DND'),(383,'GB','GB-ENG','Durham, County','DUR'),(384,'GB','GB-ENG','Ealing','EAL'),(385,'GB','GB-SCT','East Ayrshire','EAY'),(386,'GB','GB-SCT','East Dunbartonshire','EDU'),(387,'GB','GB-SCT','East Lothian','ELN'),(388,'GB','GB-SCT','East Renfrewshire','ERW'),(389,'GB','GB-ENG','East Riding of Yorkshire','ERY'),(390,'GB','GB-ENG','East Sussex','ESX'),(391,'GB','GB-SCT','Edinburgh, City of','EDH'),(392,'GB','GB-SCT','Eilean Siar','ELS'),(393,'GB','GB-ENG','Enfield','ENF'),(394,'GB','GB-ENG','Essex','ESS'),(395,'GB','GB-SCT','Falkirk','FAL'),(396,'GB','GB-NIR','Fermanagh and Omagh','FMO'),(397,'GB','GB-SCT','Fife','FIF'),(398,'GB','GB-WLS','Flintshire [Sir y Fflint]','FLN'),(399,'GB','GB-ENG','Gateshead','GAT'),(400,'GB','GB-SCT','Glasgow City','GLG'),(401,'GB','GB-ENG','Gloucestershire','GLS'),(402,'GB','GB-ENG','Greenwich','GRE'),(403,'GB','GB-WLS','Gwynedd','GWN'),(404,'GB','GB-ENG','Hackney','HCK'),(405,'GB','GB-ENG','Halton','HAL'),(406,'GB','GB-ENG','Hammersmith and Fulham','HMF'),(407,'GB','GB-ENG','Hampshire','HAM'),(408,'GB','GB-ENG','Haringey','HRY'),(409,'GB','GB-ENG','Harrow','HRW'),(410,'GB','GB-ENG','Hartlepool','HPL'),(411,'GB','GB-ENG','Havering','HAV'),(412,'GB','GB-ENG','Herefordshire','HEF'),(413,'GB','GB-ENG','Hertfordshire','HRT'),(414,'GB','GB-SCT','Highland','HLD'),(415,'GB','GB-ENG','Hillingdon','HIL'),(416,'GB','GB-ENG','Hounslow','HNS'),(417,'GB','GB-SCT','Inverclyde','IVC'),(418,'GB','GB-WLS','Isle of Anglesey [Sir Ynys Môn]','AGY'),(419,'GB','GB-ENG','Isle of Wight','IOW'),(420,'GB','GB-ENG','Isles of Scilly','IOS'),(421,'GB','GB-ENG','Islington','ISL'),(422,'GB','GB-ENG','Kensington and Chelsea','KEC'),(423,'GB','GB-ENG','Kent','KEN'),(424,'GB','GB-ENG','Kingston upon Hull','KHL'),(425,'GB','GB-ENG','Kingston upon Thames','KTT'),(426,'GB','GB-ENG','Kirklees','KIR'),(427,'GB','GB-ENG','Knowsley','KWL'),(428,'GB','GB-ENG','Lambeth','LBH'),(429,'GB','GB-ENG','Lancashire','LAN'),(430,'GB','GB-ENG','Leeds','LDS'),(431,'GB','GB-ENG','Leicester','LCE'),(432,'GB','GB-ENG','Leicestershire','LEC'),(433,'GB','GB-ENG','Lewisham','LEW'),(434,'GB','GB-ENG','Lincolnshire','LIN'),(435,'GB','GB-NIR','Lisburn and Castlereagh','LBC'),(436,'GB','GB-ENG','Liverpool','LIV'),(437,'GB','GB-ENG','London, City of','LND'),(438,'GB','GB-ENG','Luton','LUT'),(439,'GB','GB-ENG','Manchester','MAN'),(440,'GB','GB-ENG','Medway','MDW'),(441,'GB','GB-WLS','Merthyr Tydfil [Merthyr Tudful]','MTY'),(442,'GB','GB-ENG','Merton','MRT'),(443,'GB','GB-NIR','Mid Ulster','MUL'),(444,'GB','GB-NIR','Mid and East Antrim','MEA'),(445,'GB','GB-ENG','Middlesbrough','MDB'),(446,'GB','GB-SCT','Midlothian','MLN'),(447,'GB','GB-ENG','Milton Keynes','MIK'),(448,'GB','GB-WLS','Monmouthshire [Sir Fynwy]','MON'),(449,'GB','GB-SCT','Moray','MRY'),(450,'GB','GB-WLS','Neath Port Talbot [Castell-nedd Port Talbot]','NTL'),(451,'GB','GB-ENG','Newcastle upon Tyne','NET'),(452,'GB','GB-ENG','Newham','NWM'),(453,'GB','GB-WLS','Newport [Casnewydd]','NWP'),(454,'GB','GB-NIR','Newry, Mourne and Down','NMD'),(455,'GB','GB-ENG','Norfolk','NFK'),(456,'GB','GB-SCT','North Ayrshire','NAY'),(457,'GB','GB-ENG','North East Lincolnshire','NEL'),(458,'GB','GB-SCT','North Lanarkshire','NLK'),(459,'GB','GB-ENG','North Lincolnshire','NLN'),(460,'GB','GB-ENG','North Somerset','NSM'),(461,'GB','GB-ENG','North Tyneside','NTY'),(462,'GB','GB-ENG','North Yorkshire','NYK'),(463,'GB','GB-ENG','Northamptonshire','NTH'),(464,'GB','GB-ENG','Northumberland','NBL'),(465,'GB','GB-ENG','Nottingham','NGM'),(466,'GB','GB-ENG','Nottinghamshire','NTT'),(467,'GB','GB-ENG','Oldham','OLD'),(468,'GB','GB-SCT','Orkney Islands','ORK'),(469,'GB','GB-ENG','Oxfordshire','OXF'),(470,'GB','GB-WLS','Pembrokeshire [Sir Benfro]','PEM'),(471,'GB','GB-SCT','Perth and Kinross','PKN'),(472,'GB','GB-ENG','Peterborough','PTE'),(473,'GB','GB-ENG','Plymouth','PLY'),(474,'GB','GB-ENG','Poole','POL'),(475,'GB','GB-ENG','Portsmouth','POR'),(476,'GB','GB-WLS','Powys','POW'),(477,'GB','GB-ENG','Reading','RDG'),(478,'GB','GB-ENG','Redbridge','RDB'),(479,'GB','GB-ENG','Redcar and Cleveland','RCC'),(480,'GB','GB-SCT','Renfrewshire','RFW'),(481,'GB','GB-WLS','Rhondda, Cynon, Taff [Rhondda, Cynon,Taf]','RCT'),(482,'GB','GB-ENG','Richmond upon Thames','RIC'),(483,'GB','GB-ENG','Rochdale','RCH'),(484,'GB','GB-ENG','Rotherham','ROT'),(485,'GB','GB-ENG','Rutland','RUT'),(486,'GB','GB-ENG','Salford','SLF'),(487,'GB','GB-ENG','Sandwell','SAW'),(488,'GB','GB-SCT','Scottish Borders, The','SCB'),(489,'GB','GB-ENG','Sefton','SFT'),(490,'GB','GB-ENG','Sheffield','SHF'),(491,'GB','GB-SCT','Shetland Islands','ZET'),(492,'GB','GB-ENG','Shropshire','SHR'),(493,'GB','GB-ENG','Slough','SLG'),(494,'GB','GB-ENG','Solihull','SOL'),(495,'GB','GB-ENG','Somerset','SOM'),(496,'GB','GB-SCT','South Ayrshire','SAY'),(497,'GB','GB-ENG','South Gloucestershire','SGC'),(498,'GB','GB-SCT','South Lanarkshire','SLK'),(499,'GB','GB-ENG','South Tyneside','STY'),(500,'GB','GB-ENG','Southampton','STH'),(501,'GB','GB-ENG','Southend-on-Sea','SOS'),(502,'GB','GB-ENG','Southwark','SWK'),(503,'GB','GB-ENG','St. Helens','SHN'),(504,'GB','GB-ENG','Staffordshire','STS'),(505,'GB','GB-SCT','Stirling','STG'),(506,'GB','GB-ENG','Stockport','SKP'),(507,'GB','GB-ENG','Stockton-on-Tees','STT'),(508,'GB','GB-ENG','Stoke-on-Trent','STE'),(509,'GB','GB-ENG','Suffolk','SFK'),(510,'GB','GB-ENG','Sunderland','SND'),(511,'GB','GB-ENG','Surrey','SRY'),(512,'GB','GB-ENG','Sutton','STN'),(513,'GB','GB-WLS','Swansea [Abertawe]','SWA'),(514,'GB','GB-ENG','Swindon','SWD'),(515,'GB','GB-ENG','Tameside','TAM'),(516,'GB','GB-ENG','Telford and Wrekin','TFW'),(517,'GB','GB-ENG','Thurrock','THR'),(518,'GB','GB-ENG','Torbay','TOB'),(519,'GB','GB-WLS','Torfaen [Tor-faen]','TOF'),(520,'GB','GB-ENG','Tower Hamlets','TWH'),(521,'GB','GB-ENG','Trafford','TRF'),(522,'GB','GB-WLS','Vale of Glamorgan, The [Bro Morgannwg]','VGL'),(523,'GB','GB-ENG','Wakefield','WKF'),(524,'GB','GB-ENG','Walsall','WLL'),(525,'GB','GB-ENG','Waltham Forest','WFT'),(526,'GB','GB-ENG','Wandsworth','WND'),(527,'GB','GB-ENG','Warrington','WRT'),(528,'GB','GB-ENG','Warwickshire','WAR'),(529,'GB','GB-ENG','West Berkshire','WBK'),(530,'GB','GB-SCT','West Dunbartonshire','WDU'),(531,'GB','GB-SCT','West Lothian','WLN'),(532,'GB','GB-ENG','West Sussex','WSX'),(533,'GB','GB-ENG','Westminster','WSM'),(534,'GB','GB-ENG','Wigan','WGN'),(535,'GB','GB-ENG','Wiltshire','WIL'),(536,'GB','GB-ENG','Windsor and Maidenhead','WNM'),(537,'GB','GB-ENG','Wirral','WRL'),(538,'GB','GB-ENG','Wokingham','WOK'),(539,'GB','GB-ENG','Wolverhampton','WLV'),(540,'GB','GB-ENG','Worcestershire','WOR'),(541,'GB','GB-WLS','Wrexham [Wrecsam]','WRX'),(542,'GB','GB-ENG','York','YOR'),(543,'US',NULL,'Alabama','AL'),(544,'US',NULL,'Alaska','AK'),(545,'US',NULL,'Arizona','AZ'),(546,'US',NULL,'Arkansas','AR'),(547,'US',NULL,'California','CA'),(548,'US',NULL,'Colorado','CO'),(549,'US',NULL,'Connecticut','CT'),(550,'US',NULL,'Delaware','DE'),(551,'US',NULL,'District of Columbia','DC'),(552,'US',NULL,'Florida','FL'),(553,'US',NULL,'Georgia','GA'),(554,'US',NULL,'Guam','GU'),(555,'US',NULL,'Hawaii','HI'),(556,'US',NULL,'Idaho','ID'),(557,'US',NULL,'Illinois','IL'),(558,'US',NULL,'Indiana','IN'),(559,'US',NULL,'Iowa','IA'),(560,'US',NULL,'Kansas','KS'),(561,'US',NULL,'Kentucky','KY'),(562,'US',NULL,'Louisiana','LA'),(563,'US',NULL,'Maine','ME'),(564,'US',NULL,'Maryland','MD'),(565,'US',NULL,'Massachusetts','MA'),(566,'US',NULL,'Michigan','MI'),(567,'US',NULL,'Minnesota','MN'),(568,'US',NULL,'Mississippi','MS'),(569,'US',NULL,'Missouri','MO'),(570,'US',NULL,'Montana','MT'),(571,'US',NULL,'Nebraska','NE'),(572,'US',NULL,'Nevada','NV'),(573,'US',NULL,'New Hampshire','NH'),(574,'US',NULL,'New Jersey','NJ'),(575,'US',NULL,'New Mexico','NM'),(576,'US',NULL,'New York','NY'),(577,'US',NULL,'North Carolina','NC'),(578,'US',NULL,'North Dakota','ND'),(579,'US',NULL,'Ohio','OH'),(580,'US',NULL,'Oklahoma','OK'),(581,'US',NULL,'Oregon','OR'),(582,'US',NULL,'Pennsylvania','PA'),(583,'US',NULL,'Puerto Rico','PR'),(584,'US',NULL,'Rhode Island','RI'),(585,'US',NULL,'South Carolina','SC'),(586,'US',NULL,'South Dakota','SD'),(587,'US',NULL,'Tennessee','TN'),(588,'US',NULL,'Texas','TX'),(589,'US',NULL,'Utah','UT'),(590,'US',NULL,'Vermont','VT'),(591,'US',NULL,'Virgin Islands','VI'),(592,'US',NULL,'Virginia','VA'),(593,'US',NULL,'Washington','WA'),(594,'US',NULL,'West Virginia','WV'),(595,'US',NULL,'Wisconsin','WI'),(596,'US',NULL,'Wyoming','WY'),(597,'AU',NULL,'New South Wales','NSW'),(598,'AU',NULL,'Queensland','QLD'),(599,'AU',NULL,'South Australia','SA'),(600,'AU',NULL,'Tasmania','TAS'),(601,'AU',NULL,'Victoria','VIC'),(602,'AU',NULL,'Western Australia','WA'),(603,'AU',NULL,'Australian Capital Territory','ACT'),(604,'AU',NULL,'Northern Territory','NT');

--
-- Table structure for table `xc_tasks`
--

CREATE TABLE `xc_tasks` (
  `id` int(10) unsigned NOT NULL AUTO_INCREMENT,
  `owner` varchar(128) COLLATE utf8mb4_unicode_ci NOT NULL,
  `triggerTime` int(11) NOT NULL,
  `data` longtext COLLATE utf8mb4_unicode_ci NOT NULL COMMENT '(DC2Type:array)',
  PRIMARY KEY (`id`)
) ENGINE=InnoDB AUTO_INCREMENT=10 DEFAULT CHARSET=utf8mb4 COLLATE=utf8mb4_unicode_ci;

--
-- Dumping data for table `xc_tasks`
--

INSERT INTO `xc_tasks` (`id`, `owner`, `triggerTime`, `data`) VALUES (1,'XLite\\Core\\Task\\EventListener',0,'a:0:{}'),(2,'XLite\\Core\\Task\\OrdersGarbageCleaner',0,'a:0:{}'),(3,'XLite\\Core\\Task\\JobQueueCronRunner',0,'a:0:{}'),(4,'XLite\\Core\\Task\\SessionsGarbageCleaner',0,'a:0:{}'),(5,'XLite\\Core\\Task\\DataCacheGarbageCleaner',0,'a:0:{}'),(6,'XLite\\Module\\CDev\\XMLSitemap\\Core\\Task\\GenerateSitemap',0,'a:0:{}'),(7,'XLite\\Module\\XC\\FacebookMarketing\\Core\\Task\\GenerateProductFeed',0,'a:0:{}'),(8,'XLite\\Module\\XC\\MailChimp\\Core\\Task\\UpdateLists',0,'a:0:{}'),(9,'XLite\\Module\\XC\\Reviews\\Core\\Task\\SendReviewKeys',0,'a:0:{}');

--
-- Table structure for table `xc_tax_class_translations`
--

CREATE TABLE `xc_tax_class_translations` (
  `label_id` int(11) NOT NULL AUTO_INCREMENT,
  `id` int(10) unsigned DEFAULT NULL,
  `name` varchar(255) COLLATE utf8mb4_unicode_ci NOT NULL,
  `code` char(2) COLLATE utf8mb4_unicode_ci NOT NULL,
  PRIMARY KEY (`label_id`),
  KEY `ci` (`code`,`id`),
  KEY `id` (`id`),
  CONSTRAINT `FK_EEA2768BF396750` FOREIGN KEY (`id`) REFERENCES `xc_tax_classes` (`id`) ON DELETE CASCADE
) ENGINE=InnoDB DEFAULT CHARSET=utf8mb4 COLLATE=utf8mb4_unicode_ci;

--
-- Dumping data for table `xc_tax_class_translations`
--


--
-- Table structure for table `xc_tax_classes`
--

CREATE TABLE `xc_tax_classes` (
  `id` int(10) unsigned NOT NULL AUTO_INCREMENT,
  `position` int(11) NOT NULL,
  PRIMARY KEY (`id`)
) ENGINE=InnoDB DEFAULT CHARSET=utf8mb4 COLLATE=utf8mb4_unicode_ci;

--
-- Dumping data for table `xc_tax_classes`
--


--
-- Table structure for table `xc_temporary_files`
--

CREATE TABLE `xc_temporary_files` (
  `id` int(10) unsigned NOT NULL AUTO_INCREMENT,
  `width` int(11) NOT NULL,
  `height` int(11) NOT NULL,
  `hash` char(32) COLLATE utf8mb4_unicode_ci DEFAULT NULL,
  `needProcess` tinyint(1) NOT NULL,
  `path` varchar(512) COLLATE utf8mb4_unicode_ci NOT NULL,
  `fileName` varchar(255) COLLATE utf8mb4_unicode_ci NOT NULL,
  `mime` varchar(128) COLLATE utf8mb4_unicode_ci NOT NULL,
  `storageType` varchar(1) COLLATE utf8mb4_unicode_ci NOT NULL,
  `size` int(10) unsigned NOT NULL,
  `date` int(10) unsigned NOT NULL,
  PRIMARY KEY (`id`)
) ENGINE=InnoDB DEFAULT CHARSET=utf8mb4 COLLATE=utf8mb4_unicode_ci;

--
-- Dumping data for table `xc_temporary_files`
--


--
-- Table structure for table `xc_temporary_videos`
--

CREATE TABLE `xc_temporary_videos` (
  `id` int(10) unsigned NOT NULL AUTO_INCREMENT,
  `path` varchar(512) COLLATE utf8mb4_unicode_ci NOT NULL,
  `fileName` varchar(255) COLLATE utf8mb4_unicode_ci NOT NULL,
  `mime` varchar(128) COLLATE utf8mb4_unicode_ci NOT NULL,
  `storageType` varchar(1) COLLATE utf8mb4_unicode_ci NOT NULL,
  `size` int(10) unsigned NOT NULL,
  `date` int(10) unsigned NOT NULL,
  PRIMARY KEY (`id`)
) ENGINE=InnoDB DEFAULT CHARSET=utf8mb4 COLLATE=utf8mb4_unicode_ci;

--
-- Dumping data for table `xc_temporary_videos`
--


--
-- Table structure for table `xc_theme_tweaker_template`
--

CREATE TABLE `xc_theme_tweaker_template` (
  `id` int(11) NOT NULL AUTO_INCREMENT,
  `enabled` tinyint(1) NOT NULL DEFAULT '1',
  `template` varchar(255) COLLATE utf8mb4_unicode_ci NOT NULL,
  `date` int(11) NOT NULL,
  PRIMARY KEY (`id`)
) ENGINE=InnoDB DEFAULT CHARSET=utf8mb4 COLLATE=utf8mb4_unicode_ci;

--
-- Dumping data for table `xc_theme_tweaker_template`
--


--
-- Table structure for table `xc_tmp_vars`
--

CREATE TABLE `xc_tmp_vars` (
  `id` int(11) NOT NULL AUTO_INCREMENT,
  `name` varchar(128) COLLATE utf8mb4_unicode_ci NOT NULL,
  `value` longtext COLLATE utf8mb4_unicode_ci NOT NULL,
  PRIMARY KEY (`id`),
  UNIQUE KEY `name` (`name`)
) ENGINE=InnoDB AUTO_INCREMENT=181 DEFAULT CHARSET=utf8mb4 COLLATE=utf8mb4_unicode_ci;

--
-- Dumping data for table `xc_tmp_vars`
--

INSERT INTO `xc_tmp_vars` (`id`, `name`, `value`) VALUES (113,'NotificationsData','a:4:{i:0;a:8:{s:4:\"type\";s:6:\"banner\";s:6:\"module\";s:9:\"XC-AvaTax\";s:5:\"image\";s:52:\"https://my.x-cart.com/storage/news/images/avatax.png\";s:5:\"title\";s:33:\"AvaTax Sales Tax Automation promo\";s:11:\"description\";s:132:\"Automate away your sales tax burden with Avalara and focus on the real priorities in your business. Get 2 months of automation FREE!\";s:4:\"link\";s:0:\"\";s:4:\"date\";i:1597266000;s:10:\"pageParams\";a:1:{i:0;a:2:{s:8:\"paramKey\";s:6:\"target\";s:10:\"paramValue\";s:9:\"sales_tax\";}}}i:1;a:8:{s:4:\"type\";s:7:\"warning\";s:6:\"module\";s:0:\"\";s:5:\"image\";s:0:\"\";s:5:\"title\";s:57:\"ACTION REQUIRED: Migrate to PayPal Checkout by October 1!\";s:11:\"description\";s:0:\"\";s:4:\"link\";s:57:\"https://market.x-cart.com/addons/pay-later-by-paypal.html\";s:4:\"date\";i:1657400400;s:10:\"pageParams\";a:0:{}}i:2;a:8:{s:4:\"type\";s:7:\"warning\";s:6:\"module\";s:0:\"\";s:5:\"image\";s:0:\"\";s:5:\"title\";s:67:\"ACTION REQUIRED: Update your CloudSearch add-on before November 22!\";s:11:\"description\";s:0:\"\";s:4:\"link\";s:0:\"\";s:4:\"date\";i:1668114000;s:10:\"pageParams\";a:0:{}}i:3;a:8:{s:4:\"type\";s:7:\"warning\";s:6:\"module\";s:0:\"\";s:5:\"image\";s:0:\"\";s:5:\"title\";s:90:\"WARNING! Your X-Cart version is vulnerable to security breaches. Click here to learn more.\";s:11:\"description\";s:0:\"\";s:4:\"link\";s:38:\"https://www.x-cart.com/action-required\";s:4:\"date\";i:1699304400;s:10:\"pageParams\";a:0:{}}}'),(114,'NotificationsTTL','i:1699439214;'),(121,'PaymentMethods-US-TTL','i:1699439229;'),(144,'SaveGmvDataTTL','i:1699439581;'),(163,'cache_build_timestamp','i:1699439881;'),(166,'cloud_search_reg_scheduled','b:0;'),(168,'licenseWarningUpdateTimestamp','i:1699439884;'),(180,'marketplaceSchedule','a:1:{s:13:\"Notifications\";a:0:{}}');

--
-- Table structure for table `xc_upselling_products`
--

CREATE TABLE `xc_upselling_products` (
  `id` int(11) NOT NULL AUTO_INCREMENT,
  `product_id` int(10) unsigned DEFAULT NULL,
  `parent_product_id` int(10) unsigned DEFAULT NULL,
  `orderBy` int(11) NOT NULL,
  PRIMARY KEY (`id`),
  KEY `IDX_D2020FC74584665A` (`product_id`),
  KEY `parent_product_index` (`parent_product_id`),
  CONSTRAINT `FK_D2020FC72C7E20A` FOREIGN KEY (`parent_product_id`) REFERENCES `xc_products` (`product_id`) ON DELETE CASCADE,
  CONSTRAINT `FK_D2020FC74584665A` FOREIGN KEY (`product_id`) REFERENCES `xc_products` (`product_id`) ON DELETE CASCADE
) ENGINE=InnoDB DEFAULT CHARSET=utf8mb4 COLLATE=utf8mb4_unicode_ci;

--
-- Dumping data for table `xc_upselling_products`
--


--
-- Table structure for table `xc_usps_shipment`
--

CREATE TABLE `xc_usps_shipment` (
  `id` int(10) unsigned NOT NULL AUTO_INCREMENT,
  `order_id` int(11) DEFAULT NULL,
  `transactionId` varchar(255) COLLATE utf8mb4_unicode_ci NOT NULL,
  `requestData` longtext COLLATE utf8mb4_unicode_ci NOT NULL COMMENT '(DC2Type:array)',
  `responseData` longtext COLLATE utf8mb4_unicode_ci NOT NULL COMMENT '(DC2Type:array)',
  `printDate` int(11) NOT NULL,
  `price` decimal(14,4) NOT NULL,
  `shipmentId` varchar(32) COLLATE utf8mb4_unicode_ci NOT NULL,
  `trackingNumber` varchar(32) COLLATE utf8mb4_unicode_ci NOT NULL,
  `trackingData` longtext COLLATE utf8mb4_unicode_ci NOT NULL COMMENT '(DC2Type:array)',
  `labelURL` varchar(255) COLLATE utf8mb4_unicode_ci NOT NULL,
  `labelContent` longtext COLLATE utf8mb4_unicode_ci NOT NULL COMMENT '(DC2Type:array)',
  PRIMARY KEY (`id`),
  KEY `IDX_BF43B61B8D9F6D38` (`order_id`),
  CONSTRAINT `FK_BF43B61B8D9F6D38` FOREIGN KEY (`order_id`) REFERENCES `xc_orders` (`order_id`) ON DELETE CASCADE
) ENGINE=InnoDB DEFAULT CHARSET=utf8mb4 COLLATE=utf8mb4_unicode_ci;

--
-- Dumping data for table `xc_usps_shipment`
--


--
-- Table structure for table `xc_view_lists`
--

CREATE TABLE `xc_view_lists` (
  `list_id` int(11) NOT NULL AUTO_INCREMENT,
  `parent_id` int(11) DEFAULT NULL,
  `list` varchar(255) CHARACTER SET latin1 NOT NULL,
  `zone` varchar(16) CHARACTER SET latin1 NOT NULL,
  `child` varchar(512) CHARACTER SET latin1 NOT NULL,
  `weight` int(11) NOT NULL,
  `tpl` varchar(512) CHARACTER SET latin1 NOT NULL,
  `version` varchar(32) COLLATE utf8mb4_unicode_ci DEFAULT NULL,
  `preset` varchar(32) COLLATE utf8mb4_unicode_ci DEFAULT NULL,
  `list_override` varchar(255) COLLATE utf8mb4_unicode_ci NOT NULL,
  `weight_override` int(11) NOT NULL,
  `override_mode` int(11) NOT NULL,
  `deleted` tinyint(1) NOT NULL,
  PRIMARY KEY (`list_id`),
  KEY `IDX_D2862EB1727ACA70` (`parent_id`),
  KEY `tl` (`tpl`,`list`),
  KEY `lzv` (`list`,`zone`,`version`),
  KEY `tclz` (`tpl`,`child`,`list`,`zone`),
  CONSTRAINT `FK_D2862EB1727ACA70` FOREIGN KEY (`parent_id`) REFERENCES `xc_view_lists` (`list_id`) ON DELETE SET NULL
) ENGINE=InnoDB AUTO_INCREMENT=9897 DEFAULT CHARSET=utf8mb4 COLLATE=utf8mb4_unicode_ci;

--
-- Dumping data for table `xc_view_lists`
--

INSERT INTO `xc_view_lists` (`list_id`, `parent_id`, `list`, `zone`, `child`, `weight`, `tpl`, `version`, `preset`, `list_override`, `weight_override`, `override_mode`, `deleted`) VALUES (8483,NULL,'admin.center','admin','XLite\\View\\Page\\Images',16777215,'',NULL,NULL,'',0,0,0),(8484,NULL,'admin.center','admin','XLite\\View\\Page\\Performance',16777215,'',NULL,NULL,'',0,0,0),(8485,NULL,'admin.center','admin','XLite\\View\\Page\\Layout',16777215,'',NULL,NULL,'',0,0,0),(8486,NULL,'admin.center','admin','XLite\\View\\Page\\PaymentTransaction',16777215,'',NULL,NULL,'',0,0,0),(8487,NULL,'admin.center','admin','XLite\\View\\Page\\Admin\\Export',16777215,'',NULL,NULL,'',0,0,0),(8488,NULL,'admin.center','admin','XLite\\View\\Page\\Admin\\Import',16777215,'',NULL,NULL,'',0,0,0),(8489,NULL,'admin.center','admin','XLite\\View\\Page\\Logs',16777215,'',NULL,NULL,'',0,0,0),(8490,NULL,'dashboard-center','admin','XLite\\View\\WelcomeBlock\\RootAdmin',50,'',NULL,NULL,'',0,0,0),(8491,NULL,'dashboard-center','admin','XLite\\View\\WelcomeBlock\\Admin',50,'',NULL,NULL,'',0,0,0),(8492,NULL,'admin.center','admin','XLite\\View\\CommonResources',16777215,'',NULL,NULL,'',0,0,0),(8493,NULL,'layout.main','customer','XLite\\View\\CommonResources',16777215,'',NULL,NULL,'',0,0,0),(8494,NULL,'admin.main.page.header.right','admin','XLite\\View\\HeaderSearch',100,'',NULL,NULL,'',0,0,0),(8495,NULL,'import.completed.content','admin','XLite\\View\\Import\\Warnings',1000,'',NULL,NULL,'',0,0,0),(8496,NULL,'sidebar.footer','customer','XLite\\View\\PoweredBy',16777215,'',NULL,NULL,'',0,0,0),(8498,NULL,'center','customer','XLite\\View\\Welcome',16777215,'',NULL,NULL,'',0,0,0),(8499,NULL,'center','customer','XLite\\View\\CheckoutCanceled',16777215,'',NULL,NULL,'',0,0,0),(8502,NULL,'header.language.menu','customer','XLite\\View\\LanguageSelector\\Customer',100,'',NULL,NULL,'',0,0,0),(8503,NULL,'admin.main.page.header.left','admin','XLite\\View\\CoreVersion',200,'',NULL,NULL,'',0,0,0),(8504,NULL,'layout.main.breadcrumb','customer','XLite\\View\\Location',100,'',NULL,NULL,'',0,0,0),(8505,NULL,'center.bottom','customer','XLite\\View\\Subcategories',100,'',NULL,NULL,'',0,0,0),(8506,NULL,'center','customer','XLite\\View\\RecoverPassword',16777215,'',NULL,NULL,'',0,0,0),(8507,NULL,'page.tabs.after','admin','XLite\\View\\Order\\Details\\Admin\\NextPrevious',200,'',NULL,NULL,'',0,0,0),(8508,NULL,'order.details.payment_actions','admin','XLite\\View\\Order\\Details\\Admin\\PaymentActionsUnit',16777215,'',NULL,NULL,'',0,0,0),(8509,NULL,'order.actions','admin','XLite\\View\\Order\\Actions',200,'',NULL,NULL,'',0,0,0),(8510,NULL,'admin.center','admin','XLite\\View\\Order\\Search\\Search',16777215,'',NULL,NULL,'',0,0,0),(8511,NULL,'dashboard-sidebar','admin','XLite\\View\\Order\\Statistics\\MiniInformer',100,'',NULL,NULL,'',0,0,0),(8512,NULL,'admin.center','admin','XLite\\View\\Shipping\\EditMethod',16777215,'',NULL,NULL,'',0,0,0),(8513,NULL,'admin.center','admin','XLite\\View\\Shipping\\AddMethod',16777215,'',NULL,NULL,'',0,0,0),(8514,NULL,'center','customer','XLite\\View\\SelectAddress',16777215,'',NULL,NULL,'',0,0,0),(8515,NULL,'admin.main.page.header_wrapper','admin','XLite\\View\\ActivateTopBox',500,'',NULL,NULL,'',0,0,0),(8516,NULL,'checkout.review.selected.placeOrder','customer','XLite\\View\\Checkout\\Payment',100,'',NULL,NULL,'',0,0,0),(8517,NULL,'checkout.main','customer','XLite\\View\\Checkout\\Steps',200,'',NULL,NULL,'',0,0,0),(8518,NULL,'checkout.shipping.selected.sub.payment','customer','XLite\\View\\Checkout\\PaymentMethodsList',300,'',NULL,NULL,'',0,0,0),(8519,NULL,'checkout.review.selected','customer','XLite\\View\\Checkout\\CartItems',10,'',NULL,NULL,'',0,0,0),(8520,NULL,'layout.header.categories','customer','XLite\\View\\TopCategoriesSlidebar',10,'',NULL,NULL,'',0,0,0),(8521,NULL,'admin.main.page.header.left','admin','XLite\\View\\CoreVersionPlacer',200,'',NULL,NULL,'',0,0,0),(8522,NULL,'dashboard-sidebar','admin','XLite\\View\\RSS\\RSSLazyLoad',400,'',NULL,NULL,'',0,0,0),(8523,NULL,'admin.h1.after','admin','XLite\\View\\AdsBanners',16777215,'',NULL,NULL,'',0,0,0),(8524,NULL,'center','customer','XLite\\View\\InvoicePage',16777215,'',NULL,NULL,'',0,0,0),(8525,NULL,'modules.pager.buttons','admin','XLite\\View\\Button\\AllAddons',100,'',NULL,NULL,'',0,0,0),(8526,NULL,'page.tabs.after','admin','XLite\\View\\Button\\PrintInvoice',200,'',NULL,NULL,'',0,0,0),(8527,NULL,'page.tabs.after','admin','XLite\\View\\Button\\PrintPackingSlip',100,'',NULL,NULL,'',0,0,0),(8528,NULL,'marketplace.addons-filters','admin','XLite\\View\\Button\\Addon\\EnterLicenseKey',300,'',NULL,NULL,'',0,0,0),(8529,NULL,'marketplace.addons-filters','admin','XLite\\View\\Button\\Addon\\ActivateLicenseKey',300,'',NULL,NULL,'',0,0,0),(8530,NULL,'admin.center','admin','XLite\\View\\ProductSelections',16777215,'',NULL,NULL,'',0,0,0),(8531,NULL,'layout.main','customer','XLite\\View\\OperateAsUserNotification',0,'',NULL,NULL,'',0,0,0),(8532,NULL,'layout.main','customer','XLite\\View\\TopMessage',100,'',NULL,NULL,'',0,0,0),(8533,NULL,'admin.center','admin','XLite\\View\\Popup\\DomainIsAvailable',16777215,'',NULL,NULL,'',0,0,0),(8534,NULL,'center','customer','XLite\\View\\Checkout',16777215,'',NULL,NULL,'',0,0,0),(8535,NULL,'admin.center','admin','XLite\\View\\RecentLogin',16777215,'',NULL,NULL,'',0,0,0),(8536,NULL,'admin.center','admin','XLite\\View\\DomainNameConfirm',16777215,'',NULL,NULL,'',0,0,0),(8537,NULL,'admin.center','admin','XLite\\View\\Accounting',16777215,'',NULL,NULL,'',0,0,0),(8538,NULL,'admin.center','admin','XLite\\View\\ModulesManager\\TrialNotice',0,'',NULL,NULL,'',0,0,0),(8539,NULL,'admin.center','admin','XLite\\View\\ModulesManager\\KeysNotice',0,'',NULL,NULL,'',0,0,0),(8540,NULL,'admin.center','admin','XLite\\View\\ModulesManager\\AddonKey',16777215,'',NULL,NULL,'',0,0,0),(8541,NULL,'admin.center','admin','XLite\\View\\ModulesManager\\LicenseKey',16777215,'',NULL,NULL,'',0,0,0),(8542,NULL,'checkout.main','customer','XLite\\View\\AllInOneSolutions',1,'',NULL,NULL,'',0,0,0),(8543,NULL,'cart.item.info','customer','XLite\\View\\SelectedAttributeValues',20,'',NULL,NULL,'',0,0,0),(8544,NULL,'admin.center','admin','XLite\\View\\FileSelectorDialog',16777215,'',NULL,NULL,'',0,0,0),(8545,NULL,'layout.slidebar','customer','XLite\\View\\Slidebar',10,'',NULL,NULL,'',0,0,0),(8546,NULL,'admin.center','admin','XLite\\View\\MembershipsQuickData\\Main',16777215,'',NULL,NULL,'',0,0,0),(8547,NULL,'admin.main.page.header.right','admin','XLite\\View\\Job\\HeaderJobsState',90,'',NULL,NULL,'',0,0,0),(8548,NULL,'center','customer','XLite\\View\\AccessDenied',16777215,'',NULL,NULL,'',0,0,0),(8549,NULL,'admin.main.page.header_wrapper','admin','XLite\\View\\UpgradeTopBox',1000,'',NULL,NULL,'',0,0,0),(8550,NULL,'center','customer','XLite\\View\\Authorization',16777215,'',NULL,NULL,'',0,0,0),(8551,NULL,'center','customer','XLite\\View\\BackFromPayment',16777215,'',NULL,NULL,'',0,0,0),(8552,NULL,'slidebar.menu','customer','XLite\\View\\Menu\\Customer\\Top',50,'',NULL,NULL,'',0,0,0),(8553,NULL,'header.menu','customer','XLite\\View\\Menu\\Customer\\Top',50,'',NULL,NULL,'',0,0,0),(8554,NULL,'layout.main.footer','customer','XLite\\View\\Menu\\Customer\\Footer',100,'',NULL,NULL,'',0,0,0),(8555,NULL,'admin.main.page.header.right','admin','XLite\\View\\Menu\\Admin\\LanguageSelector\\TopMenuNode',200,'',NULL,NULL,'',0,0,0),(8556,NULL,'admin.main.page.header.right','admin','XLite\\View\\Menu\\Admin\\Account\\TopMenuNode',300,'',NULL,NULL,'',0,0,0),(8557,NULL,'admin.main.page.header','admin','XLite\\View\\Menu\\Admin\\QuickMenu\\TopMenuNode',400,'',NULL,NULL,'',0,0,0),(8558,NULL,'admin.main.page.content.left','admin','XLite\\View\\Menu\\Admin\\LeftMenu',100,'',NULL,NULL,'',0,0,0),(8559,NULL,'taxes.top.section','admin','XLite\\View\\TaxBannerAlert',10,'',NULL,NULL,'',0,0,0),(8560,NULL,'order','admin','XLite\\View\\OrderHistory',150,'',NULL,NULL,'',0,0,0),(8561,NULL,'layout.header.right','customer','XLite\\View\\Minicart',100,'',NULL,NULL,'',0,0,0),(8562,NULL,'checkout.review.surcharge.info','customer','XLite\\View\\SurchargeInfo\\CODSurchargeInfo',10,'',NULL,NULL,'',0,0,0),(8563,NULL,'center','customer','XLite\\View\\CheckoutSuccess',16777215,'',NULL,NULL,'',0,0,0),(8564,NULL,'carriers.before','admin','XLite\\View\\Promo\\FreeShippingHowTo',16777215,'',NULL,NULL,'',0,0,0),(8565,NULL,'center','customer','XLite\\View\\PageNotFound',16777215,'',NULL,NULL,'',0,0,0),(8566,NULL,'admin.center','admin','XLite\\View\\PageNotFound',16777215,'',NULL,NULL,'',0,0,0),(8567,NULL,'center','customer','XLite\\View\\Payment\\Iframe',16777215,'',NULL,NULL,'',0,0,0),(8568,NULL,'admin.center','admin','XLite\\View\\Payment\\AddMethod',16777215,'',NULL,NULL,'',0,0,0),(8569,NULL,'admin.center','admin','XLite\\View\\Payment\\Method',16777215,'',NULL,NULL,'',0,0,0),(8570,NULL,'admin.center','admin','XLite\\View\\RecoverPasswordAdmin',16777215,'',NULL,NULL,'',0,0,0),(8571,NULL,'dashboard.info_block.alerts','admin','XLite\\View\\Dashboard\\Admin\\InfoBlock\\Alert\\LowStockProducts',100,'',NULL,NULL,'',0,0,0),(8572,NULL,'dashboard-sidebar','admin','XLite\\View\\Dashboard\\Admin\\InfoBlock\\LazyLoad',200,'',NULL,NULL,'',0,0,0),(8573,NULL,'dashboard.info_block.notifications','admin','XLite\\View\\Dashboard\\Admin\\InfoBlock\\Notification\\LicenseWarning',500,'',NULL,NULL,'',0,0,0),(8574,NULL,'dashboard.info_block.notifications','admin','XLite\\View\\Dashboard\\Admin\\InfoBlock\\Notification\\SpeedUp',200,'',NULL,NULL,'',0,0,0),(8575,NULL,'dashboard.info_block.notifications','admin','XLite\\View\\Dashboard\\Admin\\InfoBlock\\Notification\\MarketplaceWarning',100,'',NULL,NULL,'',0,0,0),(8576,NULL,'dashboard.info_block.notifications','admin','XLite\\View\\Dashboard\\Admin\\InfoBlock\\Notification\\Upgrade',400,'',NULL,NULL,'',0,0,0),(8577,NULL,'dashboard.info_block.notifications','admin','XLite\\View\\Dashboard\\Admin\\InfoBlock\\Notification\\PendingMembership',600,'',NULL,NULL,'',0,0,0),(8578,NULL,'dashboard.info_block.notifications','admin','XLite\\View\\Dashboard\\Admin\\InfoBlock\\Notification\\GoogleAds',700,'',NULL,NULL,'',0,0,0),(8579,NULL,'admin.main.page.content.center','admin','XLite\\View\\Dashboard\\Admin\\Recommendations\\Modules',30,'',NULL,NULL,'',0,0,0),(8580,NULL,'admin.center','admin','XLite\\View\\Login',16777215,'',NULL,NULL,'',0,0,0),(8581,NULL,'admin.center','admin','XLite\\View\\ConsistencyCheck\\Page',16777215,'',NULL,NULL,'',0,0,0),(8582,NULL,'dashboard-center','admin','XLite\\View\\Product\\TopSellersBlock',200,'',NULL,NULL,'',0,0,0),(8583,NULL,'center','customer','XLite\\View\\Product\\Details\\Customer\\Page\\Main',16777215,'',NULL,NULL,'',0,0,0),(8584,NULL,'center','customer','XLite\\View\\Product\\Details\\Customer\\Page\\QuickLook',16777215,'',NULL,NULL,'',0,0,0),(8585,NULL,'product.details.page.image.photo','customer','XLite\\View\\Product\\Details\\Customer\\Image',10,'',NULL,NULL,'',0,0,0),(8586,NULL,'product.details.quicklook.image','customer','XLite\\View\\Product\\Details\\Customer\\Image',10,'',NULL,NULL,'',0,0,0),(8589,NULL,'admin.center','admin','XLite\\View\\LanguagesModify\\LanguageImport',16777215,'',NULL,NULL,'',0,0,0),(8590,NULL,'admin.center','admin','XLite\\View\\RemoveData',16777215,'',NULL,NULL,'',0,0,0),(8591,NULL,'order.children','customer','XLite\\View\\Invoice',30,'',NULL,NULL,'',0,0,0),(8592,NULL,'invoice.item.name','customer','XLite\\View\\InvoiceAttributeValues',50,'',NULL,NULL,'',0,0,0),(8593,NULL,'invoice.item.name','admin','XLite\\View\\InvoiceAttributeValues',20,'',NULL,NULL,'',0,0,0),(8594,NULL,'invoice.item.name','mail','XLite\\View\\InvoiceAttributeValues',50,'',NULL,NULL,'',0,0,0),(8595,NULL,'invoice.item.name','pdf','XLite\\View\\InvoiceAttributeValues',20,'',NULL,NULL,'',0,0,0),(8596,NULL,'order.items.item.name','admin','XLite\\View\\InvoiceAttributeValues',20,'',NULL,NULL,'',0,0,0),(8597,NULL,'admin.main.page.header','admin','XLite\\View\\StorefrontStatus',300,'',NULL,NULL,'',0,0,0),(8598,NULL,'layout.header.mobile','customer','XLite\\View\\MobileHeader',100,'',NULL,NULL,'',0,0,0),(8600,NULL,'minicart.vertical.item','customer','XLite\\View\\MinicartAttributeValues',30,'',NULL,NULL,'',0,0,0),(8601,NULL,'admin.main.page.header','admin','XLite\\View\\QueryMarketplace',0,'',NULL,NULL,'',0,0,0),(8602,NULL,'center.bottom','customer','XLite\\View\\ItemsList\\Product\\Customer\\Category\\Main',200,'',NULL,NULL,'',0,0,0),(8603,NULL,'admin.center','admin','XLite\\View\\ItemsList\\Model\\AttributeOption',16777215,'',NULL,NULL,'',0,0,0),(8604,NULL,'pager.admin.model.table.right','admin','XLite\\View\\ItemsList\\Model\\Order\\Admin\\SearchTotal',100,'',NULL,NULL,'',0,0,0),(8605,NULL,'admin.center','admin','XLite\\View\\ItemsList\\Model\\Order\\Admin\\Recent',16777215,'',NULL,NULL,'',0,0,0),(8606,NULL,'dashboard-center','admin','XLite\\View\\ItemsList\\Model\\Order\\Admin\\RecentBlock',100,'',NULL,NULL,'',0,0,0),(8607,NULL,'admin.center','admin','XLite\\View\\ItemsList\\Model\\AttributeGroup',16777215,'',NULL,NULL,'',0,0,0),(8608,NULL,'admin.center','admin','XLite\\View\\ItemsList\\Model\\Membership',16777215,'',NULL,NULL,'',0,0,0),(8609,NULL,'order.actions','admin','XLite\\View\\ItemsList\\Model\\OrderTrackingNumber',9999,'',NULL,NULL,'',0,0,0),(8610,NULL,'add_payment','admin','XLite\\View\\ItemsList\\Model\\Payment\\OnlineMethods',10,'',NULL,NULL,'',0,0,0),(8611,NULL,'admin.center','admin','XLite\\View\\ItemsList\\Model\\Payment\\Transaction',16777215,'',NULL,NULL,'',0,0,0),(8612,NULL,'admin.center','admin','XLite\\View\\ItemsList\\Model\\Product\\Admin\\Cloned',16777215,'',NULL,NULL,'',0,0,0),(8613,NULL,'admin.center','admin','XLite\\View\\ItemsList\\Model\\Product\\Admin\\Search',16777215,'',NULL,NULL,'',0,0,0),(8614,NULL,'admin.center','admin','XLite\\View\\ItemsList\\Model\\ProductClass',16777215,'',NULL,NULL,'',0,0,0),(8615,NULL,'admin.center','admin','XLite\\View\\ItemsList\\Model\\Profile',16777215,'',NULL,NULL,'',0,0,0),(8616,NULL,'center','customer','XLite\\View\\CheckoutFailed',16777215,'',NULL,NULL,'',0,0,0),(8617,NULL,'admin.center','admin','XLite\\View\\Attributes',16777215,'',NULL,NULL,'',0,0,0),(8618,NULL,'center','customer','XLite\\View\\AccessControl',16777215,'',NULL,NULL,'',0,0,0),(8619,NULL,'center.bottom','customer','XLite\\View\\Search',100,'',NULL,NULL,'',0,0,0),(8620,NULL,'orders.panel','customer','XLite\\View\\Sort\\Order',20,'',NULL,NULL,'',0,0,0),(8621,NULL,'cli.center','console','XLite\\View\\Console\\Main',16777215,'',NULL,NULL,'',0,0,0),(8622,NULL,'cli.center','console','XLite\\View\\Console\\Db',16777215,'',NULL,NULL,'',0,0,0),(8623,NULL,'cli.center','console','XLite\\View\\Console\\Error',16777215,'',NULL,NULL,'',0,0,0),(8624,NULL,'taxes.help.section','admin','XLite\\View\\TaxBanner',10,'',NULL,NULL,'',0,0,0),(8625,NULL,'center','customer','XLite\\View\\Cart',16777215,'',NULL,NULL,'',0,0,0),(8626,NULL,'admin.center','admin','XLite\\View\\Model\\Profile\\ForceChangePassword',16777215,'',NULL,NULL,'',0,0,0),(8627,NULL,'center','customer','XLite\\View\\Order',16777215,'',NULL,NULL,'',0,0,0),(8628,NULL,'layout.main','customer','XLite\\View\\CategoryBanner',350,'',NULL,NULL,'',0,0,0),(8629,NULL,'center','customer','XLite\\View\\Category',16777215,'',NULL,NULL,'',0,0,0),(8630,NULL,'body','customer','XLite\\View\\Content',100,'',NULL,NULL,'',0,0,0),(8631,NULL,'body','admin','XLite\\View\\Content',100,'',NULL,NULL,'',0,0,0),(8632,NULL,'center','customer','XLite\\View\\Terms',16777215,'',NULL,NULL,'',0,0,0),(8633,NULL,'admin.center','admin','XLite\\View\\Attribute',16777215,'',NULL,NULL,'',0,0,0),(8634,NULL,'admin.center','admin','XLite\\View\\Tabs\\Statistics',16777215,'',NULL,NULL,'',0,0,0),(8635,NULL,'center','customer','XLite\\View\\Tabs\\Account',16777215,'',NULL,NULL,'',0,0,0),(8636,NULL,'admin.center','admin','XLite\\View\\Tabs\\Localization',16777215,'',NULL,NULL,'',0,0,0),(8637,NULL,'admin.center','admin','XLite\\View\\Tabs\\Shipping',16777215,'',NULL,NULL,'',0,0,0),(8638,NULL,'admin.center','admin','XLite\\View\\Tabs\\ShippingSettings',16777215,'',NULL,NULL,'',0,0,0),(8639,NULL,'admin.center','admin','XLite\\View\\Tabs\\CartCheckout',16777215,'',NULL,NULL,'',0,0,0),(8640,NULL,'admin.center','admin','XLite\\View\\Tabs\\AdminProfile',16777215,'',NULL,NULL,'',0,0,0),(8641,NULL,'admin.center','admin','XLite\\View\\Tabs\\BackupRestore',16777215,'',NULL,NULL,'',0,0,0),(8642,NULL,'admin.center','admin','XLite\\View\\Tabs\\Taxes',20,'',NULL,NULL,'',0,0,0),(8643,NULL,'add_shipping','admin','XLite\\View\\Tabs\\ShippingType',10,'',NULL,NULL,'',0,0,0),(8644,NULL,'admin.center','admin','XLite\\View\\Tabs\\Notifications',16777215,'',NULL,NULL,'',0,0,0),(8645,NULL,'admin.center','admin','XLite\\View\\Tabs\\PaymentSettings',16777215,'',NULL,NULL,'',0,0,0),(8646,NULL,'admin.center','admin','XLite\\View\\Tabs\\Notification',16777215,'',NULL,NULL,'',0,0,0),(8647,NULL,'admin.center','admin','XLite\\View\\Tabs\\Category',16777215,'',NULL,NULL,'',0,0,0),(8648,NULL,'admin.center','admin','XLite\\View\\Tabs\\Countries',16777215,'',NULL,NULL,'',0,0,0),(8649,NULL,'admin.center','admin','XLite\\View\\Tabs\\Translations',16777215,'',NULL,NULL,'',0,0,0),(8650,NULL,'admin.center','admin','XLite\\View\\Tabs\\FrontPage',16777215,'',NULL,NULL,'',0,0,0),(8652,NULL,'center','customer','XLite\\View\\BackToTop',16777215,'',NULL,NULL,'',0,0,0),(8653,NULL,'admin.center','admin','XLite\\View\\Dashboard',16777215,'',NULL,NULL,'',0,0,0),(8654,NULL,'admin.center','admin','XLite\\View\\HttpsSettings',16777215,'',NULL,NULL,'',0,0,0),(8655,NULL,'admin.center','admin','XLite\\View\\DomainNamePage',16777215,'',NULL,NULL,'',0,0,0),(8656,NULL,'order.children','admin','XLite\\View\\PackingSlip',30,'',NULL,NULL,'',0,0,0),(8657,NULL,'sidebar.first','customer','XLite\\View\\TopCategories',100,'',NULL,NULL,'',0,0,0),(8658,NULL,'admin.center','admin','XLite\\View\\GMVTracker',16777215,'',NULL,NULL,'',0,0,0),(8659,NULL,'layout.main.breadcrumb','admin','XLite\\View\\AdminLocation',100,'',NULL,NULL,'',0,0,0),(8660,NULL,'admin.center','admin','XLite\\View\\Promotions',16777215,'',NULL,NULL,'',0,0,0),(8661,NULL,'admin.center','admin','XLite\\View\\CacheManagement',16777215,'',NULL,NULL,'',0,0,0),(8662,NULL,'body','customer','XLite\\View\\JSContainer',999999,'',NULL,NULL,'',0,0,0),(8663,NULL,'body','admin','XLite\\View\\JSContainer',10,'',NULL,NULL,'',0,0,0),(8664,NULL,'admin.center','admin','XLite\\View\\Tabber',1000,'',NULL,NULL,'',0,0,0),(8665,NULL,'admin.center','admin','XLite\\View\\BrowseServer',16777215,'',NULL,NULL,'',0,0,0),(8667,NULL,'center','customer','XLite\\View\\ShippingEstimator\\ShippingEstimate',16777215,'',NULL,NULL,'',0,0,0),(8668,NULL,'center','customer','XLite\\View\\ChangeAttributeValues',16777215,'',NULL,NULL,'',0,0,0),(8669,NULL,'center','customer','XLite\\Module\\Amazon\\PayWithAmazon\\View\\AmazonCheckout',16777215,'',NULL,NULL,'',0,0,0),(8670,NULL,'social.login.buttons','customer','XLite\\Module\\Amazon\\PayWithAmazon\\View\\Login\\AmazonButton',30,'',NULL,NULL,'',0,0,0),(8671,NULL,'center.top','customer','XLite\\Module\\Amazon\\PayWithAmazon\\View\\CheckoutButton',100,'',NULL,NULL,'',0,0,0),(8672,NULL,'center','customer','XLite\\Module\\CDev\\Bestsellers\\View\\BestsellersPage',16777215,'',NULL,NULL,'',0,0,0),(8673,NULL,'center.bottom','customer','XLite\\Module\\CDev\\Bestsellers\\View\\Bestsellers',400,'',NULL,NULL,'',0,0,0),(8674,NULL,'center','customer','XLite\\Module\\CDev\\ContactUs\\View\\ContactUs',16777215,'',NULL,NULL,'',0,0,0),(8675,NULL,'admin.center','admin','XLite\\Module\\CDev\\Coupons\\View\\ProductSelections',16777215,'',NULL,NULL,'',0,0,0),(8676,NULL,'coupons.itemsList.footer','admin','XLite\\Module\\CDev\\Coupons\\View\\Panel\\Coupons',16777215,'',NULL,NULL,'',0,0,0),(8677,NULL,'cart.panel.box','customer','XLite\\Module\\CDev\\Coupons\\View\\CartCoupons',200,'',NULL,NULL,'',0,0,0),(8679,NULL,'checkout_fastlane.sections.details','customer','XLite\\Module\\CDev\\Coupons\\View\\CartCoupons',200,'',NULL,NULL,'',0,0,0),(8680,NULL,'admin.center','admin','XLite\\Module\\CDev\\FeaturedProducts\\View\\ProductSelections',16777215,'',NULL,NULL,'',0,0,0),(8681,NULL,'admin.center','admin','XLite\\Module\\CDev\\FeaturedProducts\\View\\FProducts',16777215,'',NULL,NULL,'',0,0,0),(8682,NULL,'center.bottom','customer','XLite\\Module\\CDev\\FeaturedProducts\\View\\Customer\\FeaturedProducts',300,'',NULL,NULL,'',0,0,0),(8683,NULL,'404.category','customer','XLite\\Module\\CDev\\FeaturedProducts\\View\\Customer\\FeaturedProducts404',300,'',NULL,NULL,'',0,0,0),(8684,NULL,'product.details.page.tab.comments','customer','XLite\\Module\\CDev\\GoSocial\\View\\FacebookComments',16777215,'',NULL,NULL,'',0,0,0),(8685,NULL,'buttons.share','customer','XLite\\Module\\CDev\\GoSocial\\View\\Button\\Pinterest',400,'',NULL,NULL,'',0,0,0),(8686,NULL,'buttons.share','customer','XLite\\Module\\CDev\\GoSocial\\View\\Button\\Tweet',200,'',NULL,NULL,'',0,0,0),(8687,NULL,'buttons.share','customer','XLite\\Module\\CDev\\GoSocial\\View\\Button\\FacebookLike',50,'',NULL,NULL,'',0,0,0),(8688,NULL,'buttons.share','customer','XLite\\Module\\CDev\\GoSocial\\View\\Button\\Facebook',100,'',NULL,NULL,'',0,0,0),(8689,NULL,'body','customer','XLite\\Module\\CDev\\GoSocial\\View\\ExternalSDK\\Facebook',999998,'',NULL,NULL,'',0,0,0),(8690,NULL,'product.modify.list','admin','XLite\\Module\\CDev\\GoSocial\\View\\ProductModify',1015,'',NULL,NULL,'',0,0,0),(8691,NULL,'head','customer','XLite\\Module\\CDev\\GoogleAnalytics\\View\\GATag',0,'',NULL,NULL,'',0,0,0),(8692,NULL,'head','admin','XLite\\Module\\CDev\\GoogleAnalytics\\View\\GATag',0,'',NULL,NULL,'',0,0,0),(8693,NULL,'layout.footer','customer','XLite\\Module\\CDev\\GoogleAnalytics\\View\\GAActions',16777215,'',NULL,NULL,'',0,0,0),(8694,NULL,'body','admin','XLite\\Module\\CDev\\GoogleAnalytics\\View\\GAActions',16777215,'',NULL,NULL,'',0,0,0),(8695,NULL,'tabs.content','admin','XLite\\Module\\CDev\\GoogleAnalytics\\View\\TabberLink',16777215,'',NULL,NULL,'',0,0,0),(8696,NULL,'dashboard-center','admin','XLite\\Module\\CDev\\Paypal\\View\\WelcomeBlock\\Paypal',20,'',NULL,NULL,'',0,0,0),(8697,NULL,'minicart.horizontal.buttons','customer','XLite\\Module\\CDev\\Paypal\\View\\Button\\Minicart\\ButtonsSeparator',90,'',NULL,NULL,'',0,0,0),(8698,NULL,'minicart.horizontal.buttons','customer','XLite\\Module\\CDev\\Paypal\\View\\Button\\Minicart\\PaypalCommercePlatform',100,'',NULL,NULL,'',0,0,0),(8699,NULL,'minicart.horizontal.buttons','customer','XLite\\Module\\CDev\\Paypal\\View\\Button\\Minicart\\ExpressCheckout',100,'',NULL,NULL,'',0,0,0),(8700,NULL,'checkout.review.selected.placeOrder','customer','XLite\\Module\\CDev\\Paypal\\View\\Button\\Checkout\\PaypalCredit',450,'',NULL,NULL,'',0,0,0),(8701,NULL,'checkout_fastlane.sections.place-order.before','customer','XLite\\Module\\CDev\\Paypal\\View\\Button\\Checkout\\PaypalCredit',100,'',NULL,NULL,'',0,0,0),(8702,NULL,'checkout.review.selected.placeOrder','customer','XLite\\Module\\CDev\\Paypal\\View\\Button\\Checkout\\PaypalCommercePlatform',370,'',NULL,NULL,'',0,0,0),(8703,NULL,'checkout_fastlane.sections.place-order.before','customer','XLite\\Module\\CDev\\Paypal\\View\\Button\\Checkout\\PaypalCommercePlatform',100,'',NULL,NULL,'',0,0,0),(8704,NULL,'checkout.review.selected.placeOrder','customer','XLite\\Module\\CDev\\Paypal\\View\\Button\\Checkout\\ExpressCheckout',450,'',NULL,NULL,'',0,0,0),(8705,NULL,'checkout_fastlane.sections.place-order.before','customer','XLite\\Module\\CDev\\Paypal\\View\\Button\\Checkout\\ExpressCheckout',100,'',NULL,NULL,'',0,0,0),(8706,NULL,'checkout.review.selected.placeOrder','customer','XLite\\Module\\CDev\\Paypal\\View\\Button\\Checkout\\PaypalForMarketplaces',450,'',NULL,NULL,'',0,0,0),(8707,NULL,'checkout_fastlane.sections.place-order.before','customer','XLite\\Module\\CDev\\Paypal\\View\\Button\\Checkout\\PaypalForMarketplaces',100,'',NULL,NULL,'',0,0,0),(8708,NULL,'product.details.page.info.form.buttons.cart-buttons','customer','XLite\\Module\\CDev\\Paypal\\View\\Button\\Product\\ButtonsSeparator',140,'',NULL,NULL,'',0,0,0),(8709,NULL,'product.details.page.info.form.buttons-added.cart-buttons','customer','XLite\\Module\\CDev\\Paypal\\View\\Button\\Product\\ButtonsSeparator',140,'',NULL,NULL,'',0,0,0),(8710,NULL,'cart.panel.totals','customer','XLite\\Module\\CDev\\Paypal\\View\\Button\\Cart\\ButtonsSeparator',90,'',NULL,NULL,'',0,0,0),(8711,NULL,'cart.panel.totals','customer','XLite\\Module\\CDev\\Paypal\\View\\Button\\Cart\\PaypalCommercePlatform',100,'',NULL,NULL,'',0,0,0),(8712,NULL,'cart.panel.totals','customer','XLite\\Module\\CDev\\Paypal\\View\\Button\\Cart\\ExpressCheckout',100,'',NULL,NULL,'',0,0,0),(8713,NULL,'dashboard.info_block.notifications','admin','XLite\\Module\\CDev\\Paypal\\View\\Dashboard\\Admin\\InfoBlock\\Notification\\PDTNotification',200,'',NULL,NULL,'',0,0,0),(8714,NULL,'crud.paypalbutton.formHeader','admin','XLite\\Module\\CDev\\Paypal\\View\\ItemsList\\Model\\PaypalButton',100,'',NULL,NULL,'',0,0,0),(8715,NULL,'social.login.buttons','customer','XLite\\Module\\CDev\\Paypal\\View\\Login\\PaypalButton',20,'',NULL,NULL,'',0,0,0),(8716,NULL,'admin.center','admin','XLite\\Module\\CDev\\Paypal\\View\\Tabs\\Settings',16777215,'',NULL,NULL,'',0,0,0),(8717,NULL,'admin.center','admin','XLite\\Module\\CDev\\Paypal\\View\\Tabs\\PaypalCommercePlatformSettings',16777215,'',NULL,NULL,'',0,0,0),(8718,NULL,'layout.header.right','customer','XLite\\Module\\CDev\\Paypal\\View\\PaypalBadge',5,'',NULL,NULL,'',0,0,0),(8719,NULL,'layout.header.right.mobile','customer','XLite\\Module\\CDev\\Paypal\\View\\PaypalBadge',5,'',NULL,NULL,'',0,0,0),(8720,NULL,'center','customer','XLite\\Module\\CDev\\ProductAdvisor\\View\\NewArrivalsPage',16777215,'',NULL,NULL,'',0,0,0),(8721,NULL,'center','customer','XLite\\Module\\CDev\\ProductAdvisor\\View\\ComingSoonPage',16777215,'',NULL,NULL,'',0,0,0),(8722,NULL,'center.bottom','customer','XLite\\Module\\CDev\\ProductAdvisor\\View\\ViewedBought',800,'',NULL,NULL,'',0,0,0),(8723,NULL,'center.bottom','customer','XLite\\Module\\CDev\\ProductAdvisor\\View\\RecentlyViewed',500,'',NULL,NULL,'',0,0,0),(8724,NULL,'sidebar.second','customer','XLite\\Module\\CDev\\ProductAdvisor\\View\\ComingSoon',700,'',NULL,NULL,'',0,0,0),(8725,NULL,'sidebar.second','customer','XLite\\Module\\CDev\\ProductAdvisor\\View\\NewArrivals',600,'',NULL,NULL,'',0,0,0),(8726,NULL,'center.bottom','customer','XLite\\Module\\CDev\\ProductAdvisor\\View\\BoughtBought',700,'',NULL,NULL,'',0,0,0),(8727,NULL,'admin.center','admin','XLite\\Module\\CDev\\Sale\\View\\ProductSelections',16777215,'',NULL,NULL,'',0,0,0),(8728,NULL,'admin.center','admin','XLite\\Module\\CDev\\Sale\\View\\SaleSelectedDialog',16777215,'',NULL,NULL,'',0,0,0),(8729,NULL,'wholesale_prices.info_message','admin','XLite\\Module\\CDev\\Sale\\View\\WholesalePricesInfo',100,'',NULL,NULL,'',0,0,0),(8730,NULL,'center','customer','XLite\\Module\\CDev\\Sale\\View\\ItemsList\\Product\\Customer\\SaleDiscount',16777215,'',NULL,NULL,'',0,0,0),(8731,NULL,'variant_wholesale_prices.info_message','admin','XLite\\Module\\CDev\\Sale\\View\\ProductVariantWholesalePricesInfo',100,'',NULL,NULL,'',0,0,0),(8732,NULL,'topCategories.linksUnder','customer','XLite\\Module\\CDev\\Sale\\View\\TopCategories\\AdditionalLinksUnder',100,'',NULL,NULL,'',0,0,0),(8733,NULL,'topCategories.linksAbove','customer','XLite\\Module\\CDev\\Sale\\View\\TopCategories\\AdditionalLinksAbove',100,'',NULL,NULL,'',0,0,0),(8734,NULL,'center','customer','XLite\\Module\\CDev\\Sale\\View\\SalePage',16777215,'',NULL,NULL,'',0,0,0),(8735,NULL,'sidebar.first','customer','XLite\\Module\\CDev\\Sale\\View\\SaleBlock',1000,'',NULL,NULL,'',0,0,0),(8736,NULL,'admin.center','admin','XLite\\Module\\CDev\\SimpleCMS\\View\\Page\\LogoFavicon',16777215,'',NULL,NULL,'',0,0,0),(8737,NULL,'center','customer','XLite\\Module\\CDev\\SimpleCMS\\View\\CustomerPage',16777215,'',NULL,NULL,'',0,0,0),(8738,NULL,'admin.main.page.content.center','admin','XLite\\Module\\CDev\\SimpleCMS\\View\\MenuFormattedPath',7,'',NULL,NULL,'',0,0,0),(8739,NULL,'admin.center','admin','XLite\\Module\\CDev\\SimpleCMS\\View\\ItemsList\\Model\\Page',16777215,'',NULL,NULL,'',0,0,0),(8740,NULL,'admin.center','admin','XLite\\Module\\CDev\\SimpleCMS\\View\\Page',16777215,'',NULL,NULL,'',0,0,0),(8741,NULL,'social.login.buttons','customer','XLite\\Module\\CDev\\SocialLogin\\View\\AppleButton',20,'',NULL,NULL,'',0,0,0),(8742,NULL,'social.login.buttons','customer','XLite\\Module\\CDev\\SocialLogin\\View\\GoogleButton',10,'',NULL,NULL,'',0,0,0),(8743,NULL,'social.login.buttons','customer','XLite\\Module\\CDev\\SocialLogin\\View\\FacebookButton',10,'',NULL,NULL,'',0,0,0),(8744,NULL,'admin.center','admin','XLite\\Module\\CDev\\UserPermissions\\View\\Role',16777215,'',NULL,NULL,'',0,0,0),(8745,NULL,'admin.center','admin','XLite\\Module\\CDev\\UserPermissions\\View\\Roles',16777215,'',NULL,NULL,'',0,0,0),(8746,NULL,'checkout.review.selected','customer','XLite\\Module\\CDev\\VolumeDiscounts\\View\\CheckoutPromo',14,'',NULL,NULL,'',0,0,0),(8747,NULL,'checkout.review.inactive','customer','XLite\\Module\\CDev\\VolumeDiscounts\\View\\CheckoutPromo',14,'',NULL,NULL,'',0,0,0),(8748,NULL,'admin.center','admin','XLite\\Module\\CDev\\VolumeDiscounts\\View\\VolumeDiscount',16777215,'',NULL,NULL,'',0,0,0),(8749,NULL,'cart.panel.totals','customer','XLite\\Module\\CDev\\VolumeDiscounts\\View\\CartPromo',300,'',NULL,NULL,'',0,0,0),(8750,NULL,'admin.center','admin','XLite\\Module\\CDev\\XMLSitemap\\View\\Admin\\SitemapTabs',16777215,'',NULL,NULL,'',0,0,0),(8751,NULL,'layout.slidebar','customer','XLite\\Module\\QSL\\CloudSearch\\View\\CloudFilters\\Slidebar',20,'',NULL,NULL,'',0,0,0),(8752,NULL,'sidebar.single','customer','XLite\\Module\\QSL\\CloudSearch\\View\\CloudFilters\\FiltersBoxPlaceholder',102,'',NULL,NULL,'',0,0,0),(8753,NULL,'sidebar.first','customer','XLite\\Module\\QSL\\CloudSearch\\View\\CloudFilters\\FiltersBoxPlaceholder',102,'',NULL,NULL,'',0,0,0),(8754,NULL,'admin.center','admin','XLite\\Module\\QSL\\CloudSearch\\View\\AdminSearchPopup',16777215,'',NULL,NULL,'',0,0,0),(8755,NULL,'admin.center','admin','XLite\\Module\\XC\\BulkEditing\\View\\FormModel\\Product',16777215,'',NULL,NULL,'',0,0,0),(8756,NULL,'checkout.shipping.selected.sub.payment','customer','XLite\\Module\\XC\\CanadaPost\\View\\Checkout\\PostOfficesList',210,'',NULL,NULL,'',0,0,0),(8757,NULL,'admin.center','admin','XLite\\Module\\XC\\CanadaPost\\View\\ProductsReturns',16777215,'',NULL,NULL,'',0,0,0),(8758,NULL,'invoice.bottom','customer','XLite\\Module\\XC\\CanadaPost\\View\\Invoice\\DeliveryToPost',15,'',NULL,NULL,'',0,0,0),(8759,NULL,'invoice.bottom','customer','XLite\\Module\\XC\\CanadaPost\\View\\Invoice\\Tracking',25,'',NULL,NULL,'',0,0,0),(8760,NULL,'center','customer','XLite\\Module\\XC\\CanadaPost\\View\\TrackingDetails',16777215,'',NULL,NULL,'',0,0,0),(8761,NULL,'admin.center','admin','XLite\\Module\\XC\\CanadaPost\\View\\TrackingDetails',16777215,'',NULL,NULL,'',0,0,0),(8762,NULL,'order.children','admin','XLite\\Module\\XC\\CanadaPost\\View\\PackingSlip',30,'',NULL,NULL,'',0,0,0),(8763,NULL,'admin.center','admin','XLite\\Module\\XC\\CanadaPost\\View\\ProductsReturn',16777215,'',NULL,NULL,'',0,0,0),(8764,NULL,'center','customer','XLite\\Module\\XC\\CanadaPost\\View\\ReturnProducts',16777215,'',NULL,NULL,'',0,0,0),(8765,NULL,'head','admin','XLite\\Module\\XC\\Concierge\\View\\Initialization',16777215,'',NULL,NULL,'',0,0,0),(8766,NULL,'layout.header.bar','customer','XLite\\Module\\XC\\CrispWhiteSkin\\View\\LanguageSelector\\LocaleIndicator',80,'',NULL,NULL,'',0,0,0),(8767,NULL,'layout.header.right.settings','customer','XLite\\Module\\XC\\CrispWhiteSkin\\View\\LanguageSelector\\Wrapper',200,'',NULL,NULL,'',0,0,0),(8768,NULL,'layout.header.bar.locale.menu','customer','XLite\\Module\\XC\\CrispWhiteSkin\\View\\LanguageSelector\\WrapperSingle',30,'',NULL,NULL,'',0,0,0),(8769,NULL,'slidebar.settings','customer','XLite\\Module\\XC\\CrispWhiteSkin\\View\\LanguageSelector\\WrapperSlidebar',200,'',NULL,NULL,'',0,0,0),(8770,NULL,'slidebar.navbar.settings','customer','XLite\\Module\\XC\\CrispWhiteSkin\\View\\LanguageSelector\\WrapperSlidebar',200,'',NULL,NULL,'',0,0,0),(8771,NULL,'layout.header.bar.links.logged','customer','XLite\\Module\\XC\\CrispWhiteSkin\\View\\Menu\\Customer\\OrdersList',300,'',NULL,NULL,'',0,0,0),(8772,NULL,'product.details.page.image','customer','XLite\\Module\\XC\\CrispWhiteSkin\\View\\Product\\Details\\Customer\\GalleryMobile',11,'',NULL,NULL,'',0,0,0),(8773,NULL,'layout.header.right','customer','XLite\\Module\\XC\\CrispWhiteSkin\\View\\HeaderSettings',30,'',NULL,NULL,'',0,0,0),(8774,NULL,'contact_us.parts.last','customer','XLite\\Module\\XC\\CrispWhiteSkin\\View\\ContactsContactUsFooter',10,'',NULL,NULL,'',0,0,0),(8775,NULL,'admin.center','admin','XLite\\Module\\XC\\CustomProductTabs\\View\\ProductTab',16777215,'',NULL,NULL,'',0,0,0),(8776,NULL,'admin.center','admin','XLite\\Module\\XC\\CustomProductTabs\\View\\GlobalTab',16777215,'',NULL,NULL,'',0,0,0),(8777,NULL,'admin.center','admin','XLite\\Module\\XC\\CustomProductTabs\\View\\GlobalTabs',16777215,'',NULL,NULL,'',0,0,0),(8778,NULL,'admin.center','admin','XLite\\Module\\XC\\CustomProductTabs\\View\\ProductTabs',16777215,'',NULL,NULL,'',0,0,0),(8779,NULL,'center.top','customer','XLite\\Module\\XC\\FacebookMarketing\\View\\PixelContentData',10,'',NULL,NULL,'',0,0,0),(8780,NULL,'head','customer','XLite\\Module\\XC\\FacebookMarketing\\View\\Header\\Pixel',16777215,'',NULL,NULL,'',0,0,0),(8781,NULL,'product.details.page.info','customer','XLite\\Module\\XC\\FacebookMarketing\\View\\Product\\Details\\Customer\\PixelValue',5,'',NULL,NULL,'',0,0,0),(8782,NULL,'product.details.quicklook.info','customer','XLite\\Module\\XC\\FacebookMarketing\\View\\Product\\Details\\Customer\\PixelValue',5,'',NULL,NULL,'',0,0,0),(8783,NULL,'admin.center','admin','XLite\\Module\\XC\\FacebookMarketing\\View\\Tabs\\FacebookMarketing',16777215,'',NULL,NULL,'',0,0,0),(8784,NULL,'center','customer','XLite\\Module\\XC\\FastLaneCheckout\\View\\CheckoutFastlane',16777215,'',NULL,NULL,'',0,0,0),(8785,NULL,'checkout_fastlane','customer','XLite\\Module\\XC\\FastLaneCheckout\\View\\Blocks\\AddressForm\\ShippingMetadata',99999,'',NULL,NULL,'',0,0,0),(8786,NULL,'checkout_fastlane','customer','XLite\\Module\\XC\\FastLaneCheckout\\View\\Blocks\\AddressForm\\BillingMetadata',99999,'',NULL,NULL,'',0,0,0),(8787,NULL,'checkout_fastlane','customer','XLite\\Module\\XC\\FastLaneCheckout\\View\\Blocks\\AddressMetadata',99999,'',NULL,NULL,'',0,0,0),(8788,NULL,'checkout_fastlane.sections.place-order.before','customer','XLite\\Module\\XC\\FastLaneCheckout\\View\\Checkout\\ToSConsent',200,'',NULL,NULL,'',0,0,0),(8789,NULL,'checkout_fastlane.sections.payment.after','customer','XLite\\Module\\XC\\FastLaneCheckout\\View\\Checkout\\FakeToSConsent',2000,'',NULL,NULL,'',0,0,0),(8790,NULL,'import.failed.content','admin','XLite\\Module\\XC\\FreeShipping\\View\\Promo\\FreeShippingUpdateImport',0,'',NULL,NULL,'',0,0,0),(8791,NULL,'crud.modulesettings.header','admin','XLite\\Module\\XC\\FreeShipping\\View\\Promo\\FreeShippingUpdate',100,'',NULL,NULL,'',0,0,0),(8792,NULL,'admin.center','admin','XLite\\Module\\XC\\FroalaEditor\\View\\Settings',16777215,'',NULL,NULL,'',0,0,0),(8793,NULL,'crud.modulesettings.header','admin','XLite\\Module\\XC\\MailChimp\\View\\Settings\\MailChimpHeader',100,'',NULL,NULL,'',0,0,0),(8794,NULL,'body','customer','XLite\\Module\\XC\\MailChimp\\View\\Body\\Mcjs',1999999,'',NULL,NULL,'',0,0,0),(8795,NULL,'admin.center','admin','XLite\\Module\\XC\\MailChimp\\View\\MailChimpSegment',200,'',NULL,NULL,'',0,0,0),(8796,NULL,'admin.center','admin','XLite\\Module\\XC\\MailChimp\\View\\ItemsList\\Model\\MailChimpGroup',16777215,'',NULL,NULL,'',0,0,0),(8797,NULL,'admin.center','admin','XLite\\Module\\XC\\MailChimp\\View\\ItemsList\\Model\\MailChimpGroupNames',16777215,'',NULL,NULL,'',0,0,0),(8798,NULL,'admin.center','admin','XLite\\Module\\XC\\MailChimp\\View\\MailChimpLists',200,'',NULL,NULL,'',0,0,0),(8799,NULL,'admin.center','admin','XLite\\Module\\XC\\MailChimp\\View\\Tabs\\Settings',16777215,'',NULL,NULL,'',0,0,0),(8800,NULL,'admin.center','admin','XLite\\Module\\XC\\MailChimp\\View\\MailChimpSegments',200,'',NULL,NULL,'',0,0,0),(8801,NULL,'center','customer','XLite\\Module\\XC\\News\\View\\Page\\Customer\\NewsMessage',16777215,'',NULL,NULL,'',0,0,0),(8802,NULL,'center','customer','XLite\\Module\\XC\\News\\View\\Page\\Customer\\NewsMessages',16777215,'',NULL,NULL,'',0,0,0),(8803,NULL,'admin.center','admin','XLite\\Module\\XC\\News\\View\\NewsMessage',16777215,'',NULL,NULL,'',0,0,0),(8804,NULL,'sidebar.first','customer','XLite\\Module\\XC\\News\\View\\TopNewsSideBar',16777215,'',NULL,NULL,'',0,0,0),(8805,NULL,'admin.center','admin','XLite\\Module\\XC\\News\\View\\NewsMessages',16777215,'',NULL,NULL,'',0,0,0),(8806,NULL,'admin.center','admin','XLite\\Module\\XC\\NewsletterSubscriptions\\View\\ItemsList\\Subscribers',16777215,'',NULL,NULL,'',0,0,0),(8808,NULL,'failed_transaction.after','mail','XLite\\Module\\XC\\NotFinishedOrders\\View\\Mail\\FailedTransactionUrl',16777215,'',NULL,NULL,'',0,0,0),(8809,NULL,'onboarding.setup_tiles','admin','XLite\\Module\\XC\\Onboarding\\View\\SetupTile\\DemoCatalog',60,'',NULL,NULL,'',0,0,0),(8810,NULL,'onboarding.setup_tiles','admin','XLite\\Module\\XC\\Onboarding\\View\\SetupTile\\AddonsAd',50,'',NULL,NULL,'',0,0,0),(8811,NULL,'onboarding.setup_tiles','admin','XLite\\Module\\XC\\Onboarding\\View\\SetupTile\\ShippingMethods',40,'',NULL,NULL,'',0,0,0),(8812,NULL,'onboarding.setup_tiles','admin','XLite\\Module\\XC\\Onboarding\\View\\SetupTile\\PaymentMethods',30,'',NULL,NULL,'',0,0,0),(8813,NULL,'onboarding.setup_tiles','admin','XLite\\Module\\XC\\Onboarding\\View\\SetupTile\\DomainName',70,'',NULL,NULL,'',0,0,0),(8814,NULL,'onboarding.setup_tiles','admin','XLite\\Module\\XC\\Onboarding\\View\\SetupTile\\AddProduct',10,'',NULL,NULL,'',0,0,0),(8815,NULL,'onboarding.setup_tiles','admin','XLite\\Module\\XC\\Onboarding\\View\\SetupTile\\CompanyLogo',20,'',NULL,NULL,'',0,0,0),(8816,NULL,'admin.center','admin','XLite\\Module\\XC\\Onboarding\\View\\Wizard',16777215,'',NULL,NULL,'',0,0,0),(8817,NULL,'admin.center','admin','XLite\\Module\\XC\\Onboarding\\View\\MiniWizardStatus',100,'',NULL,NULL,'',0,0,0),(8818,NULL,'dashboard-sidebar','admin','XLite\\Module\\XC\\Onboarding\\View\\Dashboard\\WizardStatus',50,'',NULL,NULL,'',0,0,0),(8819,NULL,'dashboard-center','admin','XLite\\Module\\XC\\Onboarding\\View\\SetupTiles',50,'',NULL,NULL,'',0,0,0),(8820,NULL,'crud.modulesettings.header','admin','XLite\\Module\\XC\\RESTAPI\\View\\Warning',100,'',NULL,NULL,'',0,0,0),(8821,NULL,'dashboard.info_block.alerts','admin','XLite\\Module\\XC\\Reviews\\View\\Dashboard\\Admin\\InfoBlock\\Alert\\Reviews',200,'',NULL,NULL,'',0,0,0),(8822,NULL,'product.details.page.tab.reviews','customer','XLite\\Module\\XC\\Reviews\\View\\Product\\ReviewsTab',16777215,'',NULL,NULL,'',0,0,0),(8823,NULL,'product.reviews.tab','customer','XLite\\Module\\XC\\Reviews\\View\\Customer\\ReviewsTab',300,'',NULL,NULL,'',0,0,0),(8824,NULL,'center','customer','XLite\\Module\\XC\\Reviews\\View\\Customer\\ProductReviews',16777215,'',NULL,NULL,'',0,0,0),(8825,NULL,'admin.center','admin','XLite\\Module\\XC\\Reviews\\View\\Review',16777215,'',NULL,NULL,'',0,0,0),(8826,NULL,'admin.center','admin','XLite\\Module\\XC\\Reviews\\View\\ItemsList\\Model\\Review',16777215,'',NULL,NULL,'',0,0,0),(8827,NULL,'themetweaker-panel--content','customer','XLite\\Module\\XC\\ThemeTweaker\\View\\ThemeTweaker\\InlineEditor',100,'',NULL,NULL,'',0,0,0),(8828,NULL,'themetweaker-panel--content','customer','XLite\\Module\\XC\\ThemeTweaker\\View\\ThemeTweaker\\WebmasterMode',100,'',NULL,NULL,'',0,0,0),(8829,NULL,'themetweaker-panel--content','customer','XLite\\Module\\XC\\ThemeTweaker\\View\\ThemeTweaker\\CssEditor',100,'',NULL,NULL,'',0,0,0),(8830,NULL,'themetweaker-panel--content','customer','XLite\\Module\\XC\\ThemeTweaker\\View\\ThemeTweaker\\LayoutEditor',100,'',NULL,NULL,'',0,0,0),(8831,NULL,'themetweaker-panel--content','customer','XLite\\Module\\XC\\ThemeTweaker\\View\\ThemeTweaker\\LabelsEditor',100,'',NULL,NULL,'',0,0,0),(8832,NULL,'themetweaker-panel-extensions','customer','XLite\\Module\\XC\\ThemeTweaker\\View\\ThemeTweaker\\Modal',999,'',NULL,NULL,'',0,0,0),(8833,NULL,'themetweaker-panel-extensions','customer','XLite\\Module\\XC\\ThemeTweaker\\View\\ThemeTweaker\\Tour',999,'',NULL,NULL,'',0,0,0),(8834,NULL,'body','admin','XLite\\Module\\XC\\ThemeTweaker\\View\\NotificationEditor\\Header',50,'',NULL,NULL,'',0,0,0),(8835,NULL,'admin.main.page.content.center','admin','XLite\\Module\\XC\\ThemeTweaker\\View\\NotificationEditor\\Sidebar',16777215,'',NULL,NULL,'',0,0,0),(8836,NULL,'layout_settings.settings','admin','XLite\\Module\\XC\\ThemeTweaker\\View\\PanelHelp',50,'',NULL,NULL,'',0,0,0),(8837,NULL,'admin.center','admin','XLite\\Module\\XC\\ThemeTweaker\\View\\NotificationEditor',16777215,'',NULL,NULL,'',0,0,0),(8838,NULL,'layout.main','customer','XLite\\Module\\XC\\ThemeTweaker\\View\\ThemeTweakerPanel',0,'',NULL,NULL,'',0,0,0),(8839,NULL,'admin.center','admin','XLite\\Module\\XC\\ThemeTweaker\\View\\Tabs\\CustomCssJS',16777215,'',NULL,NULL,'',0,0,0),(8840,NULL,'admin.center','admin','XLite\\Module\\XC\\ThemeTweaker\\View\\ThemeTweakerTemplates',16777215,'',NULL,NULL,'',0,0,0),(8841,NULL,'admin.center','admin','XLite\\Module\\XC\\ThemeTweaker\\View\\FlexyToTwig',16777215,'',NULL,NULL,'',0,0,0),(8842,NULL,'admin.center','admin','XLite\\Module\\XC\\ThemeTweaker\\View\\ThemeTweakerTemplate',16777215,'',NULL,NULL,'',0,0,0),(8843,NULL,'admin.center','admin','XLite\\Module\\XC\\UpdateInventory\\View\\UpdateInventory',16777215,'',NULL,NULL,'',0,0,0),(8844,NULL,'admin.center','admin','XLite\\Module\\XC\\Upselling\\View\\ProductSelections',16777215,'',NULL,NULL,'',0,0,0),(8845,NULL,'center.bottom','customer','XLite\\Module\\XC\\Upselling\\View\\ItemsList\\UpsellingProducts',700,'',NULL,NULL,'',0,0,0),(8846,NULL,'404.product','customer','XLite\\Module\\XC\\Upselling\\View\\ItemsList\\UpsellingProducts404',300,'',NULL,NULL,'',0,0,0),(8847,NULL,'minicart.horizontal.buttons','customer','XLite\\Module\\XPay\\XPaymentsCloud\\View\\Button\\Minicart\\SeparatorCheckoutWithApplePay',75,'',NULL,NULL,'',0,0,0),(8848,NULL,'minicart.horizontal.buttons','customer','XLite\\Module\\XPay\\XPaymentsCloud\\View\\Button\\Minicart\\CheckoutWithApplePay',77,'',NULL,NULL,'',0,0,0),(8849,NULL,'minicart.horizontal.buttons','customer','XLite\\Module\\XPay\\XPaymentsCloud\\View\\Button\\Minicart\\SeparatorCheckoutWithGooglePay',79,'',NULL,NULL,'',0,0,0),(8850,NULL,'minicart.horizontal.buttons','customer','XLite\\Module\\XPay\\XPaymentsCloud\\View\\Button\\Minicart\\CheckoutWithGooglePay',81,'',NULL,NULL,'',0,0,0),(8851,NULL,'product.details.page.info.form.buttons.cart-buttons','customer','XLite\\Module\\XPay\\XPaymentsCloud\\View\\Button\\Product\\SeparatorBuyWithGooglePay',129,'',NULL,NULL,'',0,0,0),(8852,NULL,'product.details.page.info.form.buttons-added.cart-buttons','customer','XLite\\Module\\XPay\\XPaymentsCloud\\View\\Button\\Product\\SeparatorBuyWithGooglePay',129,'',NULL,NULL,'',0,0,0),(8853,NULL,'product.details.page.info.form.buttons.cart-buttons','customer','XLite\\Module\\XPay\\XPaymentsCloud\\View\\Button\\Product\\SeparatorBuyWithApplePay',125,'',NULL,NULL,'',0,0,0),(8854,NULL,'product.details.page.info.form.buttons-added.cart-buttons','customer','XLite\\Module\\XPay\\XPaymentsCloud\\View\\Button\\Product\\SeparatorBuyWithApplePay',125,'',NULL,NULL,'',0,0,0),(8855,NULL,'cart.panel.totals','customer','XLite\\Module\\XPay\\XPaymentsCloud\\View\\Button\\Cart\\SeparatorCheckoutWithApplePay',75,'',NULL,NULL,'',0,0,0),(8856,NULL,'cart.panel.totals','customer','XLite\\Module\\XPay\\XPaymentsCloud\\View\\Button\\Cart\\CheckoutWithApplePay',77,'',NULL,NULL,'',0,0,0),(8857,NULL,'cart.panel.totals','customer','XLite\\Module\\XPay\\XPaymentsCloud\\View\\Button\\Cart\\SeparatorCheckoutWithGooglePay',79,'',NULL,NULL,'',0,0,0),(8858,NULL,'cart.panel.totals','customer','XLite\\Module\\XPay\\XPaymentsCloud\\View\\Button\\Cart\\CheckoutWithGooglePay',81,'',NULL,NULL,'',0,0,0),(8859,NULL,'center','customer','XLite\\Module\\XPay\\XPaymentsCloud\\View\\XPaymentsCloud',16777215,'',NULL,NULL,'',0,0,0),(8860,NULL,'admin.center','admin','XLite\\Module\\XPay\\XPaymentsCloud\\View\\PopupXpaymentsCards',16777215,'',NULL,NULL,'',0,0,0),(8861,NULL,'admin.center','admin','XLite\\Module\\XPay\\XPaymentsCloud\\View\\SubscriptionOrders',16777215,'',NULL,NULL,'',0,0,0),(8862,NULL,'admin.center','admin','XLite\\Module\\XPay\\XPaymentsCloud\\View\\Tabs\\Settings',10,'',NULL,NULL,'',0,0,0),(8863,NULL,'admin.center','admin','XLite\\Module\\XPay\\XPaymentsCloud\\View\\Subscription',16777215,'',NULL,NULL,'',0,0,0),(8864,NULL,'admin.center','admin','XLite\\Module\\XPay\\XPaymentsCloud\\View\\Config\\WalletInfo',0,'',NULL,NULL,'',0,0,0),(8865,NULL,'admin.center','admin','XLite\\Module\\XPay\\XPaymentsCloud\\View\\PopupXpaymentsInfo',16777215,'',NULL,NULL,'',0,0,0),(8866,8724,'center.bottom','customer','XLite\\Module\\CDev\\ProductAdvisor\\View\\ComingSoon',490,'',NULL,'one','',0,0,0),(8867,8725,'center.bottom','customer','XLite\\Module\\CDev\\ProductAdvisor\\View\\NewArrivals',480,'',NULL,'one','',0,0,0),(8868,8735,'center.bottom','customer','XLite\\Module\\CDev\\Sale\\View\\SaleBlock',350,'',NULL,'one','',0,0,0),(8869,NULL,'invoice.head','mail','',10,'order/invoice/parts/title.twig',NULL,NULL,'',0,0,0),(8870,NULL,'invoice.bottom.lines','mail','',20,'order/invoice/parts/bottom.statuses.twig',NULL,NULL,'',0,0,0),(8871,NULL,'product_mail_box','mail','',300,'product/mailbox/parts/price.twig',NULL,NULL,'',0,0,0),(8872,NULL,'product_mail_box','mail','',100,'product/mailbox/parts/image.twig',NULL,NULL,'',0,0,0),(8873,NULL,'product_mail_box','mail','',400,'product/mailbox/parts/left_in_stock.twig',NULL,NULL,'',0,0,0),(8874,NULL,'product_mail_box','mail','',200,'product/mailbox/parts/name.twig',NULL,NULL,'',0,0,0),(8876,NULL,'tracking.info','mail','',10,'order_tracking_information/parts/tracking_info.twig',NULL,NULL,'',0,0,0),(8877,NULL,'product_mail_box','mail','',300,'modules/XC/Reviews/product/mailbox/parts/add_review.twig',NULL,NULL,'',0,0,0),(8878,NULL,'invoice.item.name','mail','',100,'modules/XPay/XPaymentsCloud/order/invoice/parts/item.subscription.twig',NULL,NULL,'',0,0,0),(8879,NULL,'invoice.base.totals.modifier.name','mail','',16777215,'modules/CDev/Coupons/coupons_minilist.twig',NULL,NULL,'',0,0,0),(8880,NULL,'invoice.head','common','',10,'order/invoice/parts/title.twig',NULL,NULL,'',0,0,0),(8881,NULL,'invoice.bottom.method.payment','common','',20,'order/invoice/parts/bottom.methods.payment.twig',NULL,NULL,'',0,0,0),(8882,NULL,'invoice.subhead.companyAddress','common','',500,'order/invoice/parts/head.companyAddress.website.twig',NULL,NULL,'',0,0,0),(8883,NULL,'invoice.base.totals','common','',200,'order/invoice/parts/totals.modifiers.twig',NULL,NULL,'',0,0,0),(8884,NULL,'invoice.base.totals.after','common','',20,'order/invoice/parts/totals.includedModifiers.twig',NULL,NULL,'',0,0,0),(8885,NULL,'invoice.item','common','',20,'order/invoice/parts/items/item.price.twig',NULL,NULL,'',0,0,0),(8886,NULL,'invoice.item','common','',30,'order/invoice/parts/items/item.qty.twig',NULL,NULL,'',0,0,0),(8887,NULL,'invoice.item.name','common','',10,'order/invoice/parts/items/item.sku.twig',NULL,NULL,'',0,0,0),(8888,NULL,'invoice.items.head','common','',20,'order/invoice/parts/items/items.head.price.twig',NULL,NULL,'',0,0,0),(8889,NULL,'invoice.items.head','common','',10,'order/invoice/parts/items/items.head.item.twig',NULL,NULL,'',0,0,0),(8890,NULL,'invoice.base','common','',50,'order/invoice/parts/items/items.twig',NULL,NULL,'',0,0,0),(8891,NULL,'invoice.items.head','common','',30,'order/invoice/parts/items/items.head.qty.twig',NULL,NULL,'',0,0,0),(8892,NULL,'invoice.items.head','common','',40,'order/invoice/parts/items/items.head.total.twig',NULL,NULL,'',0,0,0),(8893,NULL,'invoice.item','common','',40,'order/invoice/parts/items/item.total.twig',NULL,NULL,'',0,0,0),(8894,NULL,'invoice.item','common','',10,'order/invoice/parts/items/item.name.twig',NULL,NULL,'',0,0,0),(8895,NULL,'invoice.subhead.companyAddress','common','',400,'order/invoice/parts/head.companyAddress.fax.twig',NULL,NULL,'',0,0,0),(8896,NULL,'invoice.bottom.lines','common','',10,'order/invoice/parts/bottom.methods.twig',NULL,NULL,'',0,0,0),(8897,NULL,'invoice.base.totals','common','',100,'order/invoice/parts/totals.subtotal.twig',NULL,NULL,'',0,0,0),(8898,NULL,'invoice.bottom.address.shipping','common','',20,'order/invoice/parts/bottom.address.shipping.twig',NULL,NULL,'',0,0,0),(8899,NULL,'invoice.subhead','common','',10,'order/invoice/parts/bottom.twig',NULL,NULL,'',0,0,0),(8900,NULL,'invoice.bottom.address.billing','common','',10,'order/invoice/parts/bottom.address.billing.twig',NULL,NULL,'',0,0,0),(8901,NULL,'invoice.subhead.companyAddress','common','',100,'order/invoice/parts/head.companyAddress.name.twig',NULL,NULL,'',0,0,0),(8902,NULL,'invoice.subhead.companyAddress','common','',300,'order/invoice/parts/head.companyAddress.phone.twig',NULL,NULL,'',0,0,0),(8903,NULL,'invoice.base','common','',55,'order/invoice/parts/instruction.twig',NULL,NULL,'',0,0,0),(8904,NULL,'invoice.bottom.method.shipping','common','',20,'order/invoice/parts/bottom.methods.shipping.twig',NULL,NULL,'',0,0,0),(8905,NULL,'invoice.base','common','',60,'order/invoice/parts/totals.twig',NULL,NULL,'',0,0,0),(8906,NULL,'invoice.base','common','',20,'order/invoice/parts/subhead.twig',NULL,NULL,'',0,0,0),(8907,NULL,'invoice.subhead.companyAddress','common','',200,'order/invoice/parts/head.companyAddress.address.twig',NULL,NULL,'',0,0,0),(8908,NULL,'invoice.head','common','',20,'order/invoice/parts/head.logo.twig',NULL,NULL,'',0,0,0),(8909,NULL,'invoice.base','common','',10,'order/invoice/parts/head.twig',NULL,NULL,'',0,0,0),(8910,NULL,'invoice.base','common','',40,'order/invoice/parts/note.twig',NULL,NULL,'',0,0,0),(8911,NULL,'invoice.subhead','common','',20,'order/invoice/parts/head.address.twig',NULL,NULL,'',0,0,0),(8912,NULL,'invoice.base.totals.after','common','',10,'order/invoice/parts/totals.total.twig',NULL,NULL,'',0,0,0),(8913,NULL,'product.plain_price','common','',10,'common/price_parts/price.twig',NULL,NULL,'',0,0,0),(8914,NULL,'product.plain_price_only','common','',10,'common/price_parts/price.twig',NULL,NULL,'',0,0,0),(8915,NULL,'invoice.bottom.method.payment','common','',30,'modules/XPay/XPaymentsCloud/invoice/invoice.twig',NULL,NULL,'',0,0,0),(8916,NULL,'file-uploader.menu','common','',10,'file_uploader/parts/menu.message.twig',NULL,NULL,'',0,0,0),(8917,NULL,'file-uploader.menu','common','',100,'file_uploader/parts/menu.delete.twig',NULL,NULL,'',0,0,0),(8918,NULL,'file-uploader.menu','common','',50,'file_uploader/parts/menu.alt.twig',NULL,NULL,'',0,0,0),(8919,NULL,'file-uploader.menu','common','',30,'file_uploader/parts/menu.upload.twig',NULL,NULL,'',0,0,0),(8920,NULL,'file-uploader.menu','common','',20,'file_uploader/parts/menu.view.twig',NULL,NULL,'',0,0,0),(8921,NULL,'admin.main.page.content.center','admin','',10,'center.twig',NULL,NULL,'',0,0,0),(8922,NULL,'admin.main.page.header','admin','',100,'main_center/page_container_parts/header_parts/menu_control.twig',NULL,NULL,'',0,0,0),(8923,NULL,'admin.main.page.header.left','admin','',100,'main_center/page_container_parts/header_parts/logo.twig',NULL,NULL,'',0,0,0),(8924,NULL,'order.actions.paymentActionsRow','admin','',100,'order/page/parts/action.transactions.twig',NULL,NULL,'',0,0,0),(8925,NULL,'order.shipping.method','admin','',100,'order/page/parts/shipping.method.twig',NULL,NULL,'',0,0,0),(8926,NULL,'order.actions.statuses','admin','',100,'order/page/parts/action.shipping_status.twig',NULL,NULL,'',0,0,0),(8927,NULL,'order.operations','admin','',100,'order/page/parts/line1.twig',NULL,NULL,'',0,0,0),(8928,NULL,'order.base.totals','admin','',200,'order/page/parts/totals.modifiers.twig',NULL,NULL,'',0,0,0),(8929,NULL,'order.actions.statuses','admin','',1000,'order/page/parts/action.row.twig',NULL,NULL,'',0,0,0),(8930,NULL,'order.actions.paymentActionsRow','admin','',200,'order/page/parts/action.payment_actions.twig',NULL,NULL,'',0,0,0),(8931,NULL,'order.item','admin','',20,'order/page/parts/items/item.price.twig',NULL,NULL,'',0,0,0),(8932,NULL,'order.item','admin','',30,'order/page/parts/items/item.qty.twig',NULL,NULL,'',0,0,0),(8933,NULL,'order.item.name','admin','',10,'order/page/parts/items/item.sku.twig',NULL,NULL,'',0,0,0),(8934,NULL,'order.items.head','admin','',20,'order/page/parts/items/items.head.price.twig',NULL,NULL,'',0,0,0),(8935,NULL,'order.items.head','admin','',10,'order/page/parts/items/items.head.name.twig',NULL,NULL,'',0,0,0),(8936,NULL,'order.items.wrapper','admin','',10,'order/page/parts/items/items.twig',NULL,NULL,'',0,0,0),(8937,NULL,'order.items.head','admin','',30,'order/page/parts/items/items.head.qty.twig',NULL,NULL,'',0,0,0),(8938,NULL,'order.items.head','admin','',40,'order/page/parts/items/items.head.total.twig',NULL,NULL,'',0,0,0),(8939,NULL,'order.item','admin','',40,'order/page/parts/items/item.total.twig',NULL,NULL,'',0,0,0),(8940,NULL,'order.item','admin','',10,'order/page/parts/items/item.name.twig',NULL,NULL,'',0,0,0),(8941,NULL,'order.title.box','admin','',200,'order/page/parts/title.box.history.twig',NULL,NULL,'',0,0,0),(8942,NULL,'order.base.totals','admin','',100,'order/page/parts/totals.subtotal.twig',NULL,NULL,'',0,0,0),(8943,NULL,'order.items.bottom','admin','',200,'order/page/parts/customerNotes.twig',NULL,NULL,'',0,0,0),(8944,NULL,'order.actions','admin','',1000,'order/page/parts/action.statuses.twig',NULL,NULL,'',0,0,0),(8945,NULL,'order.operations','admin','',50,'order/page/parts/staff_note.twig',NULL,NULL,'',0,0,0),(8946,NULL,'order.payment.method','admin','',100,'order/page/parts/payment.method.twig',NULL,NULL,'',0,0,0),(8947,NULL,'order','admin','',100,'order/page/parts/title.row.twig',NULL,NULL,'',0,0,0),(8948,NULL,'order.payment.address','admin','',200,'order/page/parts/payment.address.twig',NULL,NULL,'',0,0,0),(8949,NULL,'order.note','admin','',100,'order/page/parts/note.note.twig',NULL,NULL,'',0,0,0),(8950,NULL,'order.title.row','admin','',200,'order/page/parts/title.box.twig',NULL,NULL,'',0,0,0),(8951,NULL,'order.shipping.address','admin','',200,'order/page/parts/shipping.address.twig',NULL,NULL,'',0,0,0),(8952,NULL,'order.operations','admin','',30,'order/page/parts/placed.twig',NULL,NULL,'',0,0,0),(8953,NULL,'order.actions.statuses','admin','',200,'order/page/parts/action.payment_status.twig',NULL,NULL,'',0,0,0),(8954,NULL,'order.items.bottom','admin','',100,'order/page/parts/totals.twig',NULL,NULL,'',0,0,0),(8955,NULL,'order','admin','',400,'order/page/parts/operations.twig',NULL,NULL,'',0,0,0),(8956,NULL,'order.base.totals','admin','',300,'order/page/parts/totals.total.twig',NULL,NULL,'',0,0,0),(8957,NULL,'order.operations','admin','',300,'order/page/parts/line3.twig',NULL,NULL,'',0,0,0),(8958,NULL,'order.items.wrapper','admin','',100,'order/page/parts/items_bottom_box.twig',NULL,NULL,'',0,0,0),(8959,NULL,'order.history.base.events.details.info','admin','',20,'order/history/parts/event_details_comment.twig',NULL,NULL,'',0,0,0),(8960,NULL,'order.history.base.events.details','admin','',30,'order/history/parts/event_description.twig',NULL,NULL,'',0,0,0),(8961,NULL,'order.history.base.events.details.info','admin','',10,'order/history/parts/event_details.twig',NULL,NULL,'',0,0,0),(8962,NULL,'order.history.base.events','admin','',20,'order/history/parts/event.twig',NULL,NULL,'',0,0,0),(8963,NULL,'order.history.base.events','admin','',10,'order/history/parts/event_block_header.twig',NULL,NULL,'',0,0,0),(8964,NULL,'order.history.base','admin','',10,'order/history/parts/block.twig',NULL,NULL,'',0,0,0),(8965,NULL,'order.history.base.events.details','admin','',10,'order/history/parts/event_date.twig',NULL,NULL,'',0,0,0),(8966,NULL,'order.history.base.events.details','admin','',150,'order/history/parts/event_details_author.twig',NULL,NULL,'',0,0,0),(8967,NULL,'order.history.base.events.details','admin','',20,'order/history/parts/event_details_action.twig',NULL,NULL,'',0,0,0),(8968,NULL,'order.history.base.events.details.info','admin','',30,'order/history/parts/event_details_data.twig',NULL,NULL,'',0,0,0),(8969,NULL,'packing_slip.head','admin','',10,'order/packing_slip/parts/head/head.title.twig',NULL,NULL,'',0,0,0),(8970,NULL,'packing_slip.head','admin','',20,'order/packing_slip/parts/head/head.logo.twig',NULL,NULL,'',0,0,0),(8971,NULL,'packing_slip.base','admin','',10,'order/packing_slip/parts/head/head.twig',NULL,NULL,'',0,0,0),(8972,NULL,'packing_slip.base','admin','',20,'order/packing_slip/parts/addresses/addresses.twig',NULL,NULL,'',0,0,0),(8973,NULL,'packing_slip.addresses.billing','admin','',10,'order/packing_slip/parts/addresses/purchaser.address.billing.twig',NULL,NULL,'',0,0,0),(8974,NULL,'packing_slip.addresses.shipping','admin','',10,'order/packing_slip/parts/addresses/purchaser.address.shipping.twig',NULL,NULL,'',0,0,0),(8975,NULL,'packing_slip.addresses','admin','',20,'order/packing_slip/parts/addresses/addresses.merchant.twig',NULL,NULL,'',0,0,0),(8976,NULL,'packing_slip.addresses','admin','',10,'order/packing_slip/parts/addresses/addresses.purchaser.twig',NULL,NULL,'',0,0,0),(8977,NULL,'packing_slip.base','admin','',25,'order/packing_slip/parts/body/body.note.twig',NULL,NULL,'',0,0,0),(8978,NULL,'packing_slip.item','admin','',30,'order/packing_slip/parts/body/items/item.qty.twig',NULL,NULL,'',0,0,0),(8979,NULL,'packing_slip.items.head','admin','',20,'order/packing_slip/parts/body/items/items.head.name.twig',NULL,NULL,'',0,0,0),(8980,NULL,'packing_slip.items.head','admin','',30,'order/packing_slip/parts/body/items/items.head.qty.twig',NULL,NULL,'',0,0,0),(8981,NULL,'packing_slip.item','admin','',10,'order/packing_slip/parts/body/items/item.name.sku.twig',NULL,NULL,'',0,0,0),(8982,NULL,'packing_slip.item','admin','',20,'order/packing_slip/parts/body/items/item.name.twig',NULL,NULL,'',0,0,0),(8983,NULL,'packing_slip.items.head','admin','',40,'order/packing_slip/parts/body/items/items.head.qty_ship.twig',NULL,NULL,'',0,0,0),(8984,NULL,'packing_slip.item','admin','',40,'order/packing_slip/parts/body/items/item.qty_ship.twig',NULL,NULL,'',0,0,0),(8985,NULL,'packing_slip.items.head','admin','',10,'order/packing_slip/parts/body/items/items.head.sku.twig',NULL,NULL,'',0,0,0),(8986,NULL,'packing_slip.base','admin','',30,'order/packing_slip/parts/body/items.twig',NULL,NULL,'',0,0,0),(8987,NULL,'packing_slip.items','admin','',10,'order/packing_slip/parts/body/totals.twig',NULL,NULL,'',0,0,0),(8988,NULL,'packing_slip.footer','admin','',20,'order/packing_slip/parts/footer/footer.additional.twig',NULL,NULL,'',0,0,0),(8989,NULL,'packing_slip.base','admin','',60,'order/packing_slip/parts/footer/footer.twig',NULL,NULL,'',0,0,0),(8990,NULL,'crud.settings.field','admin','',100,'email_settings/queues_note.twig',NULL,NULL,'',0,0,0),(8991,NULL,'crud.bannerrotation.formFooter','admin','',200,'banner_rotation/parts/images.twig',NULL,NULL,'',0,0,0),(8992,NULL,'itemsList.state.header.before','admin','',10,'states/header.twig',NULL,NULL,'',0,0,0),(8993,NULL,'layout_settings','admin','',10,'layout_settings/parts/layout_settings.settings.twig',NULL,NULL,'',0,0,0),(8994,NULL,'layout_settings','admin','',20,'layout_settings/parts/layout_settings.change_template.twig',NULL,NULL,'',0,0,0),(8995,NULL,'layout_settings.settings','admin','',20,'layout_settings/settings/parts/settings.current_template.twig',NULL,NULL,'',0,0,0),(8996,NULL,'layout_settings.settings','admin','',30,'layout_settings/settings/parts/settings.layout_type.twig',NULL,NULL,'',0,0,0),(8997,NULL,'head','admin','',10,'header/parts/title.twig',NULL,NULL,'',0,0,0),(8998,NULL,'head','admin','',1500,'header/parts/preloaded_labels.twig',NULL,NULL,'',0,0,0),(8999,NULL,'head','admin','',40,'header/parts/ie.twig',NULL,NULL,'',0,0,0),(9000,NULL,'head.css','admin','',200,'header/parts/parts.css/css_aggregation.twig',NULL,NULL,'',0,0,0),(9001,NULL,'head.css','admin','',100,'header/parts/parts.css/css.twig',NULL,NULL,'',0,0,0),(9002,NULL,'head','admin','',40,'header/parts/noindex.twig',NULL,NULL,'',0,0,0),(9003,NULL,'head','admin','',100,'header/parts/js_static.twig',NULL,NULL,'',0,0,0),(9004,NULL,'head','admin','',90,'header/parts/css.twig',NULL,NULL,'',0,0,0),(9005,NULL,'head','admin','',80,'header/parts/favicon.twig',NULL,NULL,'',0,0,0),(9006,NULL,'head','admin','',700,'header/parts/meta_mobile-capable.twig',NULL,NULL,'',0,0,0),(9007,NULL,'head','admin','',20,'header/parts/content-type.twig',NULL,NULL,'',0,0,0),(9008,NULL,'itemsList.removedata.header','admin','',100,'page/remove_data/parts/remove.twig',NULL,NULL,'',0,0,0),(9009,NULL,'admin.center','admin','',16777215,'settings/module.twig',NULL,NULL,'',0,0,0),(9010,NULL,'crud.settings.field','admin','',100,'settings/contacts/anchor.twig',NULL,NULL,'',0,0,0),(9011,NULL,'file_select_dialog.actions','admin','',100,'file_selector/parts/file_select_actions.twig',NULL,NULL,'',0,0,0),(9012,NULL,'file_select_dialog.file_selections','admin','',200,'file_selector/parts/local_computer_input.twig',NULL,NULL,'',0,0,0),(9013,NULL,'file_select_dialog.file_selections','admin','',700,'file_selector/parts/url_copy_to_local.twig',NULL,NULL,'',0,0,0),(9014,NULL,'file_select_dialog.file_selections_url','admin','',700,'file_selector/parts/url_copy_to_local.twig',NULL,NULL,'',0,0,0),(9015,NULL,'file_select_dialog.file_selections','admin','',100,'file_selector/parts/local_computer_label.twig',NULL,NULL,'',0,0,0),(9016,NULL,'file_select_dialog.file_selections','admin','',600,'file_selector/parts/url_input.twig',NULL,NULL,'',0,0,0),(9017,NULL,'file_select_dialog.file_selections_url','admin','',600,'file_selector/parts/url_input.twig',NULL,NULL,'',0,0,0),(9018,NULL,'file_select_dialog.file_selections','admin','',300,'file_selector/parts/local_server_label.twig',NULL,NULL,'',0,0,0),(9019,NULL,'file_select_dialog.file_selections','admin','',400,'file_selector/parts/local_server_input.twig',NULL,NULL,'',0,0,0),(9020,NULL,'file_select_dialog.file_selections','admin','',500,'file_selector/parts/url_label.twig',NULL,NULL,'',0,0,0),(9021,NULL,'file_select_dialog.file_selections_url','admin','',500,'file_selector/parts/url_label.twig',NULL,NULL,'',0,0,0),(9022,NULL,'address.order.main','admin','',400,'address/order/parts/buttons.twig',NULL,NULL,'',0,0,0),(9023,NULL,'address.order.main','admin','',300,'address/order/parts/billing.twig',NULL,NULL,'',0,0,0),(9024,NULL,'address.order.main','admin','',200,'address/order/parts/shipping.twig',NULL,NULL,'',0,0,0),(9025,NULL,'address.order.main','admin','',100,'address/order/parts/info.twig',NULL,NULL,'',0,0,0),(9026,NULL,'address.text.main','admin','',100,'address/text/parts/field.twig',NULL,NULL,'',0,0,0),(9027,NULL,'itemsList.onlinemethods.header','admin','',10,'payment/add_method/parts/payment_gateways.note.twig',NULL,NULL,'',0,0,0),(9028,NULL,'payment.method.add.offline','admin','',16777215,'payment/add_method/parts/add_offline_method.twig',NULL,NULL,'',0,0,0),(9029,NULL,'product.attributes.display_modes','admin','',100,'product/attributes/parts/display_mode.twig',NULL,NULL,'',0,0,0),(9030,NULL,'product.attributes.actions','admin','',10,'product/attributes/parts/action.remove.twig',NULL,NULL,'',0,0,0),(9031,NULL,'product.inventory.parts','admin','',100,'product/inventory/buttons.twig',NULL,NULL,'',0,0,0),(9032,NULL,'product.inventory.parts','admin','',20,'product/inventory/inv_track_amount.twig',NULL,NULL,'',0,0,0),(9033,NULL,'product.inventory.parts','admin','',40,'product/inventory/low_limit_amount.twig',NULL,NULL,'',0,0,0),(9034,NULL,'product.inventory.parts','admin','',30,'product/inventory/low_limit_selector.twig',NULL,NULL,'',0,0,0),(9035,NULL,'product.inventory.parts','admin','',10,'product/inventory/inv_track_selector.twig',NULL,NULL,'',0,0,0),(9036,NULL,'searchPanel.order.admin.main.actions','admin','',16777215,'search_panel/order/clear_search.twig',NULL,NULL,'',0,0,0),(9037,NULL,'searchPanel.product.admin.main.actions','admin','',16777215,'search_panel/product/clear_search.twig',NULL,NULL,'',0,0,0),(9038,NULL,'searchPanel.profile.admin.main.actions','admin','',16777215,'search_panel/profile/clear_search.twig',NULL,NULL,'',0,0,0),(9039,NULL,'browseServer','admin','',200,'browse_server/parts/buttons.twig',NULL,NULL,'',0,0,0),(9040,NULL,'browseServer','admin','',100,'browse_server/parts/items.twig',NULL,NULL,'',0,0,0),(9041,NULL,'browseServer.item','admin','',100,'browse_server/parts/item.name.twig',NULL,NULL,'',0,0,0),(9042,NULL,'form_model.product.inventory.before','admin','',5,'promotions/simple_blocks/wholesale.twig',NULL,NULL,'',0,0,0),(9043,NULL,'crud.bannerrotation.formHeader','admin','',50,'promotions/simple_blocks/banner_system.twig',NULL,NULL,'',0,0,0),(9044,NULL,'crud.currency.currency.formHeader','admin','',50,'promotions/simple_blocks/multicurrency.twig',NULL,NULL,'',0,0,0),(9045,NULL,'crud.modulesettings.formHeader','admin','',50,'promotions/simple_blocks/modules_settings.twig',NULL,NULL,'',0,0,0),(9046,NULL,'crud.notificationattachments.formHeader','admin','',50,'promotions/simple_blocks/pdf_invoice.twig',NULL,NULL,'',0,0,0),(9047,NULL,'itemsList.productclass.header.before','admin','',10,'product_classes/header_note.twig',NULL,NULL,'',0,0,0),(9048,NULL,'product.plain_price','admin','',10,'common/price_parts/price.twig',NULL,NULL,'',0,0,0),(9049,NULL,'product.plain_price_only','admin','',10,'common/price_parts/price.twig',NULL,NULL,'',0,0,0),(9050,NULL,'top_sellers.selectors','admin','',20,'top_sellers/parts/period_selector.twig',NULL,NULL,'',0,0,0),(9051,NULL,'top_sellers.selectors','admin','',10,'top_sellers/parts/availability_selector.twig',NULL,NULL,'',0,0,0),(9052,NULL,'form_model.settings.notification.notification.before','admin','',100,'notification/description.twig',NULL,NULL,'',0,0,0),(9053,NULL,'dashboard.info_block','admin','',100,'dashboard/info_block/alerts.twig',NULL,NULL,'',0,0,0),(9054,NULL,'dashboard.info_block','admin','',200,'dashboard/info_block/notifications.twig',NULL,NULL,'',0,0,0),(9055,NULL,'dashboard','admin','',100,'dashboard/parts/body_markup.twig',NULL,NULL,'',0,0,0),(9056,NULL,'zones.zone.details','admin','',50,'zones/details/parts/field.name.twig',NULL,NULL,'',0,0,0),(9057,NULL,'zones.zone.details','admin','',400,'zones/details/parts/field.zipcode.twig',NULL,NULL,'',0,0,0),(9058,NULL,'zones.zone.details','admin','',200,'zones/details/parts/field.state.twig',NULL,NULL,'',0,0,0),(9059,NULL,'zones.zone.details','admin','',300,'zones/details/parts/field.city.twig',NULL,NULL,'',0,0,0),(9060,NULL,'zones.zone.details','admin','',500,'zones/details/parts/field.address.twig',NULL,NULL,'',0,0,0),(9061,NULL,'zones.zone','admin','',200,'zones/details/parts/details.twig',NULL,NULL,'',0,0,0),(9062,NULL,'zones.zone','admin','',300,'zones/details/parts/actions.twig',NULL,NULL,'',0,0,0),(9063,NULL,'zones.zone.details','admin','',100,'zones/details/parts/field.country.twig',NULL,NULL,'',0,0,0),(9064,NULL,'images_settings','admin','',40,'images_settings/parts/layout_settings.cloud_zoom.twig',NULL,NULL,'',0,0,0),(9065,NULL,'images_settings','admin','',60,'images_settings/parts/default_settings.twig',NULL,NULL,'',0,0,0),(9066,NULL,'images_settings','admin','',20,'images_settings/parts/resize_images.twig',NULL,NULL,'',0,0,0),(9067,NULL,'images_settings','admin','',35,'images_settings/parts/unsharp_mask.twig',NULL,NULL,'',0,0,0),(9068,NULL,'images_settings','admin','',50,'images_settings/parts/layout_settings.cloud_zoom_mode.twig',NULL,NULL,'',0,0,0),(9069,NULL,'images_settings','admin','',30,'images_settings/parts/resize_quality.twig',NULL,NULL,'',0,0,0),(9070,NULL,'images_settings','admin','',55,'images_settings/parts/lazy_load.twig',NULL,NULL,'',0,0,0),(9071,NULL,'welcome-block.non-root.title','admin','',10,'welcome_block/admin/title.twig',NULL,NULL,'',0,0,0),(9072,NULL,'welcome-block.non-root','admin','',100,'welcome_block/admin/block.twig',NULL,NULL,'',0,0,0),(9073,NULL,'welcome-block.non-root.content','admin','',10,'welcome_block/admin/block.items.twig',NULL,NULL,'',0,0,0),(9074,NULL,'welcome-block.non-root.content','admin','',20,'welcome_block/admin/block.footer.twig',NULL,NULL,'',0,0,0),(9075,NULL,'welcome-block.root.title','admin','',10,'welcome_block/root_admin/title.twig',NULL,NULL,'',0,0,0),(9076,NULL,'welcome-block.root','admin','',100,'welcome_block/root_admin/block.twig',NULL,NULL,'',0,0,0),(9077,NULL,'welcome-block.root.content','admin','',10,'welcome_block/root_admin/block.items.twig',NULL,NULL,'',0,0,0),(9078,NULL,'welcome-block.root.content','admin','',20,'welcome_block/root_admin/block.footer.twig',NULL,NULL,'',0,0,0),(9079,NULL,'itemsList.notification.cell.name','admin','',100,'notifications/cell.name.twig',NULL,NULL,'',0,0,0),(9080,NULL,'itemsList.notification.cell.enabledForAdmin','admin','',100,'notifications/cell.enabledForAdmin.twig',NULL,NULL,'',0,0,0),(9081,NULL,'crud.notificationattachments.formHeader','admin','',100,'notifications/parts/warning.twig',NULL,NULL,'',0,0,0),(9082,NULL,'itemsList.notification.header','admin','',100,'notifications/list.twig',NULL,NULL,'',0,0,0),(9083,NULL,'jscontainer.js','admin','',100,'jscontainer/parts/js.twig',NULL,NULL,'',0,0,0),(9084,NULL,'jscontainer.js','admin','',50,'jscontainer/parts/register_resources.twig',NULL,NULL,'',0,0,0),(9085,NULL,'jscontainer.js','admin','',200,'jscontainer/parts/js_aggregation.twig',NULL,NULL,'',0,0,0),(9086,NULL,'backstock_status_change_notification.after','admin','',1000,'popup/backstock_status_change_notification/buttons.twig',NULL,NULL,'',0,0,0),(9087,NULL,'pager.itemsTotal','admin','',20,'pager/parts/items_total.twig',NULL,NULL,'',0,0,0),(9088,NULL,'pager.admin.model.table.left','admin','',100,'pager/model/table/parts/page.twig',NULL,NULL,'',0,0,0),(9089,NULL,'pager.admin.model.table.left','admin','',300,'pager/model/table/parts/more.twig',NULL,NULL,'',0,0,0),(9090,NULL,'pager.admin.model.table.left','admin','',400,'pager/model/table/parts/items_per_page.twig',NULL,NULL,'',0,0,0),(9091,NULL,'export.begin.options','admin','',400,'export/parts/option.delimiter.twig',NULL,NULL,'',0,0,0),(9092,NULL,'export.begin.content','admin','',100,'export/parts/begin.sections.twig',NULL,NULL,'',0,0,0),(9093,NULL,'export.begin.options','admin','',200,'export/parts/option.attrs.twig',NULL,NULL,'',0,0,0),(9094,NULL,'export.failed.content','admin','',100,'export/parts/failed.errors.twig',NULL,NULL,'',0,0,0),(9095,NULL,'export.completed.content','admin','',100,'export/parts/completed.download.twig',NULL,NULL,'',0,0,0),(9096,NULL,'export.popup.completed.content','admin','',100,'export/parts/completed.download.twig',NULL,NULL,'',0,0,0),(9097,NULL,'export.begin.options','admin','',300,'export/parts/option.charset.twig',NULL,NULL,'',0,0,0),(9098,NULL,'export.failed.buttons','admin','',100,'export/parts/failed.buttons.export.twig',NULL,NULL,'',0,0,0),(9099,NULL,'export.begin.options','admin','',100,'export/parts/option.files.twig',NULL,NULL,'',0,0,0),(9100,NULL,'export.completed.content','admin','',200,'export/parts/completed.downloadLarge.twig',NULL,NULL,'',0,0,0),(9101,NULL,'export.completed.buttons','admin','',100,'export/parts/completed.buttons.export.twig',NULL,NULL,'',0,0,0),(9102,NULL,'export.popup.completed.content','admin','',100,'export/parts/popup.completed.message.twig',NULL,NULL,'',0,0,0),(9103,NULL,'export.begin.content','admin','',200,'export/parts/begin.options.twig',NULL,NULL,'',0,0,0),(9104,NULL,'export.begin.buttons','admin','',100,'export/parts/begin.buttons.export.twig',NULL,NULL,'',0,0,0),(9105,NULL,'profiles.search.dateTypes','admin','',100,'profiles/parts/search_form/date_type.registered.twig',NULL,NULL,'',0,0,0),(9106,NULL,'profiles.search.dateTypes','admin','',200,'profiles/parts/search_form/date_type.logged.twig',NULL,NULL,'',0,0,0),(9107,NULL,'tabs.after.items','admin','',100,'profiles/parts/actions.twig',NULL,NULL,'',0,0,0),(9108,NULL,'languages.add-language','admin','',300,'languages/languages/parts/import_language.twig',NULL,NULL,'',0,0,0),(9109,NULL,'import.begin.options','admin','',400,'import/parts/option.delimiter.twig',NULL,NULL,'',0,0,0),(9110,NULL,'import.failed.content','admin','',100,'import/parts/failed.errors.twig',NULL,NULL,'',0,0,0),(9111,NULL,'import.begin.options','admin','',300,'import/parts/option.charset.twig',NULL,NULL,'',0,0,0),(9112,NULL,'import.begin.content','admin','',100,'import/parts/begin.files.twig',NULL,NULL,'',0,0,0),(9113,NULL,'import.completed.content','admin','',100,'import/parts/completed.messages.twig',NULL,NULL,'',0,0,0),(9114,NULL,'import.begin.options','admin','',200,'import/parts/option.delete_temporary_files.twig',NULL,NULL,'',0,0,0),(9115,NULL,'import.begin.options','admin','',50,'import/parts/option.ignore_images_verification.twig',NULL,NULL,'',0,0,0),(9116,NULL,'import.failed.content.errors','admin','',100,'import/parts/common.errors.twig',NULL,NULL,'',0,0,0),(9117,NULL,'import.completed.content.errors','admin','',100,'import/parts/common.errors.twig',NULL,NULL,'',0,0,0),(9118,NULL,'import.begin.content','admin','',200,'import/parts/begin.options.twig',NULL,NULL,'',0,0,0),(9119,NULL,'import.begin.options','admin','',100,'import/parts/option.update_only.twig',NULL,NULL,'',0,0,0),(9120,NULL,'import.begin.content.files','admin','',100,'import/parts/begin.files.orders_note.twig',NULL,NULL,'',0,0,0),(9121,NULL,'admin.main.page.header','admin','',16777215,'top_links/version_notes/parts/key_notice.twig',NULL,NULL,'',0,0,0),(9122,NULL,'admin.main.page.header','admin','',20,'top_links/version_notes/parts/base.twig',NULL,NULL,'',0,0,0),(9123,NULL,'payment.methods.list.header','admin','',100,'items_list/payment/methods/parts/header.icon.twig',NULL,NULL,'',0,0,0),(9124,NULL,'payment.methods.list.row','admin','',300,'items_list/payment/methods/parts/action.right.twig',NULL,NULL,'',0,0,0),(9125,NULL,'payment.methods.list.header','admin','',200,'items_list/payment/methods/parts/header.title.twig',NULL,NULL,'',0,0,0),(9126,NULL,'payment.offline-methods.list.line','admin','',100,'items_list/payment/methods/parts/header.title.twig',NULL,NULL,'',0,0,0),(9127,NULL,'payment.methods.list.line','admin','',200,'items_list/payment/methods/parts/line.row.twig',NULL,NULL,'',0,0,0),(9128,NULL,'payment.methods.list.header','admin','',500,'items_list/payment/methods/parts/header.alt_icon.twig',NULL,NULL,'',0,0,0),(9129,NULL,'payment.methods.list.header','admin','',300,'items_list/payment/methods/parts/header.switcher.twig',NULL,NULL,'',0,0,0),(9130,NULL,'payment.offline-methods.list.line','admin','',200,'items_list/payment/methods/parts/offline.actions.right.twig',NULL,NULL,'',0,0,0),(9131,NULL,'payment.methods.list.line','admin','',100,'items_list/payment/methods/parts/line.header.twig',NULL,NULL,'',0,0,0),(9132,NULL,'payment.methods.list.header','admin','',400,'items_list/payment/methods/parts/header.description.twig',NULL,NULL,'',0,0,0),(9133,NULL,'itemsList.product.table.admin.search.header','admin','',60,'items_list/product/table/parts/header/price.twig',NULL,NULL,'',0,0,0),(9134,NULL,'itemsList.product.table.admin.search.header','admin','',50,'items_list/product/table/parts/header/position.twig',NULL,NULL,'',0,0,0),(9135,NULL,'itemsList.product.table.admin.search.header','admin','',10,'items_list/product/table/parts/header/checkbox.twig',NULL,NULL,'',0,0,0),(9136,NULL,'itemsList.product.table.admin.search.header','admin','',30,'items_list/product/table/parts/header/name.twig',NULL,NULL,'',0,0,0),(9137,NULL,'itemsList.product.table.admin.search.header','admin','',20,'items_list/product/table/parts/header/sku.twig',NULL,NULL,'',0,0,0),(9138,NULL,'itemsList.product.table.admin.search.header','admin','',70,'items_list/product/table/parts/header/inventory.twig',NULL,NULL,'',0,0,0),(9139,NULL,'itemsList.product.table.admin.search.columns','admin','',60,'items_list/product/table/parts/columns/price.twig',NULL,NULL,'',0,0,0),(9140,NULL,'itemsList.product.table.admin.search.columns','admin','',50,'items_list/product/table/parts/columns/position.twig',NULL,NULL,'',0,0,0),(9141,NULL,'itemsList.product.table.admin.search.columns','admin','',10,'items_list/product/table/parts/columns/checkbox.twig',NULL,NULL,'',0,0,0),(9142,NULL,'itemsList.product.table.admin.search.columns','admin','',30,'items_list/product/table/parts/columns/name.twig',NULL,NULL,'',0,0,0),(9143,NULL,'itemsList.product.table.admin.search.columns','admin','',20,'items_list/product/table/parts/columns/sku.twig',NULL,NULL,'',0,0,0),(9144,NULL,'itemsList.product.table.admin.search.columns','admin','',70,'items_list/product/table/parts/columns/inventory.twig',NULL,NULL,'',0,0,0),(9145,NULL,'itemsList.product.modify.common.admin.header','admin','',60,'items_list/product/modify/common/parts/header/price.twig',NULL,NULL,'',0,0,0),(9146,NULL,'itemsList.product.modify.common.admin.header','admin','',10,'items_list/product/modify/common/parts/header/checkbox.twig',NULL,NULL,'',0,0,0),(9147,NULL,'itemsList.product.modify.common.admin.header','admin','',30,'items_list/product/modify/common/parts/header/name.twig',NULL,NULL,'',0,0,0),(9148,NULL,'itemsList.product.modify.common.admin.header','admin','',20,'items_list/product/modify/common/parts/header/sku.twig',NULL,NULL,'',0,0,0),(9149,NULL,'itemsList.product.modify.common.admin.header','admin','',70,'items_list/product/modify/common/parts/header/inventory.twig',NULL,NULL,'',0,0,0),(9150,NULL,'itemsList.product.modify.common.admin.columns','admin','',60,'items_list/product/modify/common/parts/columns/price.twig',NULL,NULL,'',0,0,0),(9151,NULL,'itemsList.product.modify.common.admin.columns','admin','',10,'items_list/product/modify/common/parts/columns/checkbox.twig',NULL,NULL,'',0,0,0),(9152,NULL,'itemsList.product.modify.common.admin.columns','admin','',30,'items_list/product/modify/common/parts/columns/name.twig',NULL,NULL,'',0,0,0),(9153,NULL,'itemsList.product.modify.common.admin.columns','admin','',20,'items_list/product/modify/common/parts/columns/sku.twig',NULL,NULL,'',0,0,0),(9154,NULL,'itemsList.product.modify.common.admin.columns','admin','',70,'items_list/product/modify/common/parts/columns/inventory.twig',NULL,NULL,'',0,0,0),(9155,NULL,'itemsList.product.modify.brief.admin.header','admin','',60,'items_list/product/modify/brief/parts/header/price.twig',NULL,NULL,'',0,0,0),(9156,NULL,'itemsList.product.modify.brief.admin.header','admin','',30,'items_list/product/modify/brief/parts/header/name.twig',NULL,NULL,'',0,0,0),(9157,NULL,'itemsList.product.modify.brief.admin.header','admin','',20,'items_list/product/modify/brief/parts/header/sku.twig',NULL,NULL,'',0,0,0),(9158,NULL,'itemsList.product.modify.brief.admin.header','admin','',70,'items_list/product/modify/brief/parts/header/inventory.twig',NULL,NULL,'',0,0,0),(9159,NULL,'itemsList.product.modify.brief.admin.columns','admin','',60,'items_list/product/modify/brief/parts/columns/price.twig',NULL,NULL,'',0,0,0),(9160,NULL,'itemsList.product.modify.brief.admin.columns','admin','',30,'items_list/product/modify/brief/parts/columns/name.twig',NULL,NULL,'',0,0,0),(9161,NULL,'itemsList.product.modify.brief.admin.columns','admin','',20,'items_list/product/modify/brief/parts/columns/sku.twig',NULL,NULL,'',0,0,0),(9162,NULL,'itemsList.product.modify.brief.admin.columns','admin','',70,'items_list/product/modify/brief/parts/columns/inventory.twig',NULL,NULL,'',0,0,0),(9163,NULL,'itemsList.orders.search.cell.status','admin','',16777215,'items_list/model/table/order/cell.actions.twig',NULL,NULL,'',0,0,0),(9164,NULL,'itemsList.orders.search.cell.status','admin','',16777215,'items_list/model/table/order/cell.payment_actions.twig',NULL,NULL,'',0,0,0),(9165,NULL,'itemsList.category.cell.subcategories','admin','',100,'items_list/model/table/category/parts/info.subcategories.twig',NULL,NULL,'',0,0,0),(9166,NULL,'itemsList.category.cell.info','admin','',100,'items_list/model/table/category/parts/info.products.twig',NULL,NULL,'',0,0,0),(9167,NULL,'itemsList.orderitem.cell.price','admin','',100,'items_list/model/table/order_item/restore.twig',NULL,NULL,'',0,0,0),(9168,NULL,'itemsList.orderitem.dumpCell.price','admin','',100,'items_list/model/table/order_item/restore.twig',NULL,NULL,'',0,0,0),(9169,NULL,'itemsList.country.cell.states','admin','',100,'items_list/model/table/countries/parts/cell.states.twig',NULL,NULL,'',0,0,0),(9170,NULL,'itemsList.shipping-methods.cell.rates','admin','',100,'items_list/model/table/shipping/methods/cell.rates.twig',NULL,NULL,'',0,0,0),(9171,NULL,'payment.methods.list.header','admin','',9999,'modules/Amazon/PayWithAmazon/method_style.twig',NULL,NULL,'',0,0,0),(9172,NULL,'images_settings','admin','',100,'modules/XC/ThemeTweaker/images_settings/parts/custom_images.twig',NULL,NULL,'',0,0,0),(9173,NULL,'form_model.xc.bulkediting.product.after','admin','',100,'modules/XC/BulkEditing/bulk_edit/selected.twig',NULL,NULL,'',0,0,0),(9174,NULL,'itemsList.xc.bulkediting.category.header','admin','',100,'modules/XC/BulkEditing/items_list/selected/count.twig',NULL,NULL,'',0,0,0),(9175,NULL,'itemsList.xc.bulkediting.inventory.header','admin','',100,'modules/XC/BulkEditing/items_list/selected/count.twig',NULL,NULL,'',0,0,0),(9176,NULL,'itemsList.xc.bulkediting.priceandmembership.header','admin','',100,'modules/XC/BulkEditing/items_list/selected/count.twig',NULL,NULL,'',0,0,0),(9177,NULL,'itemsList.xc.bulkediting.shippinginfo.header','admin','',100,'modules/XC/BulkEditing/items_list/selected/count.twig',NULL,NULL,'',0,0,0),(9178,NULL,'order.shipping.address','admin','',250,'modules/XC/CanadaPost/order/page/parts/shipping.d2po.twig',NULL,NULL,'',0,0,0),(9179,NULL,'searchPanel.xc.canadapost.productsreturn.admin.main.actions','admin','',16777215,'modules/XC/CanadaPost/search_panel/return/clear_search.twig',NULL,NULL,'',0,0,0),(9180,NULL,'capost_return.form','admin','',100,'modules/XC/CanadaPost/products_return/parts/form.actions.twig',NULL,NULL,'',0,0,0),(9181,NULL,'capost_return.form.actions.left','admin','',100,'modules/XC/CanadaPost/products_return/parts/form.action.left.status.twig',NULL,NULL,'',0,0,0),(9182,NULL,'capost_return.form','admin','',300,'modules/XC/CanadaPost/products_return/parts/form.files.twig',NULL,NULL,'',0,0,0),(9183,NULL,'capost_return.form','admin','',200,'modules/XC/CanadaPost/products_return/parts/form.products.twig',NULL,NULL,'',0,0,0),(9184,NULL,'capost_return.form','admin','',400,'modules/XC/CanadaPost/products_return/parts/form.notes.twig',NULL,NULL,'',0,0,0),(9185,NULL,'capost_return','admin','',200,'modules/XC/CanadaPost/products_return/parts/form.twig',NULL,NULL,'',0,0,0),(9186,NULL,'capost_return','admin','',100,'modules/XC/CanadaPost/products_return/parts/created.twig',NULL,NULL,'',0,0,0),(9187,NULL,'capost_return.form.actions.right','admin','',100,'modules/XC/CanadaPost/products_return/parts/form.action.right.note.twig',NULL,NULL,'',0,0,0),(9188,NULL,'payment.methods.list.header','admin','',400,'modules/XC/SagePay/sagepay_description.twig',NULL,NULL,'',0,0,0),(9189,NULL,'payment_status.after.SagePay_form_protocol','admin','',100,'modules/XC/SagePay/payment_status.twig',NULL,NULL,'',0,0,0),(9190,NULL,'onboarding-wizard.header','admin','',50,'modules/XC/Onboarding/wizard/close_button.twig',NULL,NULL,'',0,0,0),(9191,NULL,'onboarding-wizard.header','admin','',100,'modules/XC/Onboarding/wizard/header.twig',NULL,NULL,'',0,0,0),(9192,NULL,'crud.review.footer','admin','',100,'modules/XC/Reviews/review/promo.twig',NULL,NULL,'',0,0,0),(9193,NULL,'crud.modulesettings.formHeader','admin','',50,'modules/XC/Reviews/review/promo_settings.twig',NULL,NULL,'',0,0,0),(9194,NULL,'itemsList.xc.reviews.review.header','admin','',16777215,'modules/XC/Reviews/reviews/buttons/addReview.twig',NULL,NULL,'',0,0,0),(9195,NULL,'itemsList.xc.reviews.productreview.header','admin','',16777215,'modules/XC/Reviews/reviews/buttons/addReview.twig',NULL,NULL,'',0,0,0),(9196,NULL,'welcome-block.vendor-stripe','admin','',10,'modules/XC/Stripe/welcome_block/vendor_stripe/block.twig',NULL,NULL,'',0,0,0),(9197,NULL,'welcome-block.vendor-stripe.content','admin','',10,'modules/XC/Stripe/welcome_block/vendor_stripe/block.content.twig',NULL,NULL,'',0,0,0),(9198,NULL,'welcome-block.vendor-stripe.content','admin','',20,'modules/XC/Stripe/welcome_block/vendor_stripe/block.footer.twig',NULL,NULL,'',0,0,0),(9199,NULL,'order.actions.paymentActionsRow','admin','',19000,'modules/XPay/XPaymentsCloud/order/order/payment_actions/charge_difference.twig',NULL,NULL,'',0,0,0),(9200,NULL,'order.actions.paymentActionsRow','admin','',150,'modules/XPay/XPaymentsCloud/order/page/parts/action.payment_status.twig',NULL,NULL,'',0,0,0),(9201,NULL,'order.operations','admin','',290,'modules/XPay/XPaymentsCloud/order/transactions/list.twig',NULL,NULL,'',0,0,0),(9202,NULL,'order','admin','',1100,'modules/XPay/XPaymentsCloud/order/fraud_status/check.twig',NULL,NULL,'',0,0,0),(9203,NULL,'invoice.item.name','admin','',100,'modules/XPay/XPaymentsCloud/order/invoice/parts/item.subscription.twig',NULL,NULL,'',0,0,0),(9204,NULL,'product.modify.list','admin','',510,'modules/XPay/XPaymentsCloud/product/is_subscription_plan.twig',NULL,NULL,'',0,0,0),(9205,NULL,'product.modify.list','admin','',832,'modules/CDev/ProductAdvisor/product/parts/coming_soon.twig',NULL,NULL,'',0,0,0),(9206,NULL,'product.modify.list','admin','',832,'modules/CDev/ProductAdvisor/product/parts/new_arrival.twig',NULL,NULL,'',0,0,0),(9207,NULL,'itemsList.volumeDiscounts.cell.subtotalRangeBegin','admin','',16777215,'modules/CDev/VolumeDiscounts/discounts/list/subtotalRangeBegin.twig',NULL,NULL,'',0,0,0),(9208,NULL,'invoice.base.totals.modifier.name','admin','',16777215,'modules/CDev/Coupons/coupons_minilist.twig',NULL,NULL,'',0,0,0),(9209,NULL,'itemsList.coupons.cell.code','admin','',16777215,'modules/CDev/Coupons/coupons/list/code.twig',NULL,NULL,'',0,0,0),(9210,NULL,'coupons.itemsList.header','admin','',100,'modules/CDev/Coupons/coupons/list/add.twig',NULL,NULL,'',0,0,0),(9211,NULL,'itemsList.cdev.simplecms.menu.header','admin','',10,'modules/CDev/SimpleCMS/menus/default_option.twig',NULL,NULL,'',0,0,0),(9212,NULL,'order.actions.paymentActionsRow','admin','',100,'modules/CDev/Paypal/order/refund_in_progress.twig',NULL,NULL,'',0,0,0),(9213,NULL,'payment_status.after.PaypalCommercePlatform','admin','',100,'modules/CDev/Paypal/settings/PaypalCommercePlatform/payment_status.twig',NULL,NULL,'',0,0,0),(9214,NULL,'payment_status.after.ExpressCheckout','admin','',100,'modules/CDev/Paypal/settings/ExpressCheckout/payment_status.twig',NULL,NULL,'',0,0,0),(9215,NULL,'welcome-block.paypal','admin','',100,'modules/CDev/Paypal/welcome_block/paypal/block.twig',NULL,NULL,'',0,0,0),(9216,NULL,'welcome-block.paypal.content','admin','',10,'modules/CDev/Paypal/welcome_block/paypal/block.content.twig',NULL,NULL,'',0,0,0),(9217,NULL,'payment.methods.list.row.after.ExpressCheckout','admin','',100,'modules/CDev/Paypal/items_list/payment/methods/parts/action.right.after.expressCheckout.twig',NULL,NULL,'',0,0,0),(9218,NULL,'payment.methods.list.row.after.PayflowLink','admin','',100,'modules/CDev/Paypal/items_list/payment/methods/parts/action.right.after.twig',NULL,NULL,'',0,0,0),(9219,NULL,'payment.methods.list.row.after.PaypalAdvanced','admin','',100,'modules/CDev/Paypal/items_list/payment/methods/parts/action.right.after.twig',NULL,NULL,'',0,0,0),(9220,NULL,'payment.methods.list.row.after.PaypalWPS','admin','',100,'modules/CDev/Paypal/items_list/payment/methods/parts/action.right.after.twig',NULL,NULL,'',0,0,0),(9221,NULL,'itemsList.category.cell.name','admin','',10,'modules/CDev/Sale/category/sale_label.twig',NULL,NULL,'',0,0,0),(9222,NULL,'itemsList.products.search.cell.name','admin','',10,'modules/CDev/Sale/product/sale_label.twig',NULL,NULL,'',0,0,0),(9223,NULL,'itemsList.product_selector.cell.name','admin','',10,'modules/CDev/Sale/product/sale_label.twig',NULL,NULL,'',0,0,0),(9224,NULL,'sale_discount_types','admin','',10,'modules/CDev/Sale/sale_discount_types/parts/price.twig',NULL,NULL,'',0,0,0),(9225,NULL,'sale_discount_types','admin','',40,'modules/CDev/Sale/sale_discount_types/parts/hidden_percent.twig',NULL,NULL,'',0,0,0),(9226,NULL,'sale_discount_types','admin','',20,'modules/CDev/Sale/sale_discount_types/parts/percent.twig',NULL,NULL,'',0,0,0),(9227,NULL,'sale_discount_types','admin','',30,'modules/CDev/Sale/sale_discount_types/parts/hidden_price.twig',NULL,NULL,'',0,0,0),(9228,NULL,'itemsList.sale_discounts.cell.name','admin','',16777215,'modules/CDev/Sale/sale_discounts/list/name.twig',NULL,NULL,'',0,0,0),(9229,NULL,'itemsList.shipping-methods.header','admin','',20,'modules/CDev/USPS/refresh.twig',NULL,NULL,'',0,0,0),(9230,NULL,'itemsList.category.cell.featured_products','admin','',100,'modules/CDev/FeaturedProducts/items_list/category/parts/info.featured_products.twig',NULL,NULL,'',0,0,0),(9231,NULL,'itemsList.product.admin.featured.header','admin','',10,'modules/CDev/FeaturedProducts/items_list/product/featured/parts/header/checkbox.twig',NULL,NULL,'',0,0,0),(9232,NULL,'itemsList.product.admin.featured.header','admin','',40,'modules/CDev/FeaturedProducts/items_list/product/featured/parts/header/category.twig',NULL,NULL,'',0,0,0),(9233,NULL,'itemsList.product.admin.featured.header','admin','',30,'modules/CDev/FeaturedProducts/items_list/product/featured/parts/header/name.twig',NULL,NULL,'',0,0,0),(9234,NULL,'itemsList.product.admin.featured.header','admin','',20,'modules/CDev/FeaturedProducts/items_list/product/featured/parts/header/sku.twig',NULL,NULL,'',0,0,0),(9235,NULL,'itemsList.product.admin.featured.columns','admin','',10,'modules/CDev/FeaturedProducts/items_list/product/featured/parts/columns/checkbox.twig',NULL,NULL,'',0,0,0),(9236,NULL,'itemsList.product.admin.featured.columns','admin','',40,'modules/CDev/FeaturedProducts/items_list/product/featured/parts/columns/category.twig',NULL,NULL,'',0,0,0),(9237,NULL,'itemsList.product.admin.featured.columns','admin','',30,'modules/CDev/FeaturedProducts/items_list/product/featured/parts/columns/name.twig',NULL,NULL,'',0,0,0),(9238,NULL,'itemsList.product.admin.featured.columns','admin','',20,'modules/CDev/FeaturedProducts/items_list/product/featured/parts/columns/sku.twig',NULL,NULL,'',0,0,0),(9239,NULL,'itemsList.profile.search.footer','admin','',20,'profile/add_user.twig',NULL,NULL,'',0,0,0),(9240,NULL,'itemsList.profile.search.footer','admin','',10,'profile/delete_user.twig',NULL,NULL,'',0,0,0),(9241,NULL,'itemsList.shipping-methods.header','admin','',10,'shipping/methods.status.twig',NULL,NULL,'',0,0,0),(9242,NULL,'edit_shipping','admin','',16777215,'shipping/add_method/parts/offline_create.twig',NULL,NULL,'',0,0,0),(9243,NULL,'crud.shipping.offline.formFooter','admin','',16777215,'shipping/add_method/parts/rates.twig',NULL,NULL,'',0,0,0),(9244,NULL,'itemsList.attributegroup.header.before','admin','',10,'attribute_groups/note.twig',NULL,NULL,'',0,0,0),(9245,NULL,'admin.main.page.footer.right','admin','',300,'footer/right/social_link.twig',NULL,NULL,'',0,0,0),(9246,NULL,'admin.main.page.footer.left','admin','',100,'footer/right/marketplace_terms.twig',NULL,NULL,'',0,0,0),(9247,NULL,'admin.main.page.footer.right','admin','',100,'footer/right/site.twig',NULL,NULL,'',0,0,0),(9248,NULL,'recover.password.fields','customer','',200,'recover_password/parts/form.user.twig',NULL,NULL,'',0,0,0),(9249,NULL,'recover.password.fields','customer','',300,'recover_password/parts/form.button.twig',NULL,NULL,'',0,0,0),(9250,NULL,'recover.password.fields','customer','',100,'recover_password/parts/form.email.twig',NULL,NULL,'',0,0,0),(9251,NULL,'signin.main','customer','',10,'signin/signin.twig',NULL,NULL,'',0,0,0),(9252,NULL,'signin.main.wrapper','customer','',300,'signin/parts/anonymous.twig',NULL,NULL,'',0,0,0),(9253,NULL,'signin-anonymous-title.continue','customer','',110,'signin/parts/continue/button.twig',NULL,NULL,'',0,0,0),(9254,NULL,'signin-anonymous-title.continue','customer','',100,'signin/parts/continue/email.twig',NULL,NULL,'',0,0,0),(9255,NULL,'signin.main.wrapper','customer','',200,'signin/parts/or.twig',NULL,NULL,'',0,0,0),(9256,NULL,'signin.main.wrapper','customer','',100,'signin/parts/login.twig',NULL,NULL,'',0,0,0),(9257,NULL,'signin-anonymous-title','customer','',200,'signin/signin_anonymous_box.twig',NULL,NULL,'',0,0,0),(9258,NULL,'head.css','customer','',199,'header/parts/parts.css/fonts_preload.twig',NULL,NULL,'',0,0,0),(9259,NULL,'products.search.conditions.tail','customer','',200,'product/search/parts/advanced.options_box.twig',NULL,NULL,'',0,0,0),(9260,NULL,'products.search.conditions.tail','customer','',100,'product/search/parts/search_options_toggler_mobile.twig',NULL,NULL,'',0,0,0),(9261,NULL,'products.search.conditions.options_list_box','customer','',200,'product/search/parts/search_options_toggler_desktop.twig',NULL,NULL,'',0,0,0),(9262,NULL,'products.search.conditions.options_list_box','customer','',100,'product/search/parts/keywords.options.twig',NULL,NULL,'',0,0,0),(9263,NULL,'product.details.page','customer','',40,'product/details/parts/page.tabs.twig',NULL,NULL,'',0,0,0),(9264,NULL,'product.details.quicklook.info','customer','',10,'product/details/parts/common.product-title-link.twig',NULL,NULL,'',0,0,0),(9265,NULL,'product.details.page','customer','',20,'product/details/parts/page.image.twig',NULL,NULL,'',0,0,0),(9267,NULL,'contact_us.parts','customer','',10,'contact_us/parts/contact_us.address.twig',NULL,NULL,'',0,0,0),(9269,NULL,'cart.panel','customer','',5,'shopping_cart/parts/button.continue.twig',NULL,NULL,'',0,0,0),(9270,NULL,'cart.children','customer','',10,'shopping_cart/parts/button.continue.twig',NULL,NULL,'',0,0,0),(9271,NULL,'cart.panel.totals.modifier','customer','',16777215,'shopping_cart/parts/item.shipping.estimator.twig',NULL,NULL,'',0,0,0),(9272,NULL,'cart.panel.totals','customer','',30,'shopping_cart/parts/total.total.twig',NULL,NULL,'',0,0,0),(9273,NULL,'cart.panel.totals','customer','',25,'shopping_cart/parts/total.separator.twig',NULL,NULL,'',0,0,0),(9274,NULL,'cart.buttons','customer','',20,'shopping_cart/parts/button.clear.twig',NULL,NULL,'',0,0,0),(9275,NULL,'customer.signin.fields','customer','',100,'authorization/parts/field.name.twig',NULL,NULL,'',0,0,0),(9276,NULL,'customer.signin.popup.fields','customer','',100,'authorization/parts/field.name.twig',NULL,NULL,'',0,0,0),(9277,NULL,'customer.signin.fields','customer','',500,'authorization/parts/field.links.twig',NULL,NULL,'',0,0,0),(9278,NULL,'customer.signin.links','customer','',100,'authorization/parts/link.create.twig',NULL,NULL,'',0,0,0),(9279,NULL,'customer.signin.fields','customer','',300,'authorization/parts/field.message.twig',NULL,NULL,'',0,0,0),(9280,NULL,'customer.signin.popup.fields','customer','',300,'authorization/parts/field.message.twig',NULL,NULL,'',0,0,0),(9281,NULL,'customer.signin.fields','customer','',200,'authorization/parts/field.password.twig',NULL,NULL,'',0,0,0),(9282,NULL,'customer.signin.popup.fields','customer','',200,'authorization/parts/field.password.twig',NULL,NULL,'',0,0,0),(9283,NULL,'customer.signin.links','customer','',200,'authorization/parts/link.forgot.twig',NULL,NULL,'',0,0,0),(9284,NULL,'customer.signin.fields','customer','',400,'authorization/parts/field.button.twig',NULL,NULL,'',0,0,0),(9285,NULL,'customer.signin.popup.fields','customer','',400,'authorization/parts/field.button.twig',NULL,NULL,'',0,0,0),(9286,NULL,'customer.account.details.after','customer','',100,'account/parts/link.login.twig',NULL,NULL,'',0,0,0),(9287,NULL,'layout.header.right.mobile','customer','',100,'layout/header/header.right.mobile.minicart.twig',NULL,NULL,'',0,0,0),(9288,NULL,'layout.header.bar','customer','',100,'layout/header/header.bar.links.twig',NULL,NULL,'',0,0,0),(9289,NULL,'layout.main','customer','',200,'layout/header/main.header.twig',NULL,NULL,'',0,0,0),(9290,NULL,'layout.header.right','customer','',10,'layout/header/header.right.search.twig',NULL,NULL,'',0,0,0),(9291,NULL,'layout.header.right.mobile','customer','',10,'layout/header/header.right.search.twig',NULL,NULL,'',0,0,0),(9292,NULL,'slidebar.navbar.account.additional-menu','customer','',1000,'layout/header/mobile_header_parts/navbar/first_additional_menu.twig',NULL,NULL,'',0,0,0),(9293,NULL,'slidebar.navbar.account','customer','',10,'layout/header/mobile_header_parts/navbar/account/orders.twig',NULL,NULL,'',0,0,0),(9294,NULL,'slidebar.navbar.account','customer','',20,'layout/header/mobile_header_parts/navbar/account/address_book.twig',NULL,NULL,'',0,0,0),(9295,NULL,'slidebar.navbar.account','customer','',30,'layout/header/mobile_header_parts/navbar/account/profile.twig',NULL,NULL,'',0,0,0),(9296,NULL,'slidebar.navbar.account.additional-menu','customer','',2000,'layout/header/mobile_header_parts/navbar/second_additional_menu.twig',NULL,NULL,'',0,0,0),(9297,NULL,'header.menu','customer','',2000,'layout/header/mobile_header_parts/navbar_menu.twig',NULL,NULL,'',0,0,0),(9298,NULL,'layout.header.mobile.menu','customer','',1000,'layout/header/mobile_header_parts/right_menu.twig',NULL,NULL,'',0,0,0),(9299,NULL,'layout.header.mobile.menu','customer','',10,'layout/header/mobile_header_parts/logo.twig',NULL,NULL,'',0,0,0),(9300,NULL,'layout.header.bar.links.logged','customer','',200,'layout/header/header.bar.links.logged.account.twig',NULL,NULL,'',0,0,0),(9301,NULL,'slidebar.additional-menu','customer','',390,'layout/header/header_settings/settings.twig',NULL,NULL,'',0,0,0),(9302,NULL,'slidebar.additional-menu','customer','',100,'layout/header/header_settings/links.twig',NULL,NULL,'',0,0,0),(9303,NULL,'layout.header.right.settings','customer','',100,'layout/header/header_settings/links.twig',NULL,NULL,'',0,0,0),(9304,NULL,'slidebar.navbar.account.second-additional-menu','customer','',1000,'layout/header/header_settings/logout.twig',NULL,NULL,'',0,0,0),(9305,NULL,'layout.header.right.settings','customer','',1000,'layout/header/header_settings/logout.twig',NULL,NULL,'',0,0,0),(9306,NULL,'slidebar.navbar.account.second-additional-menu','customer','',400,'layout/header/header_settings/login.twig',NULL,NULL,'',0,0,0),(9307,NULL,'layout.header.right.settings','customer','',400,'layout/header/header_settings/login.twig',NULL,NULL,'',0,0,0),(9308,NULL,'layout.header.right.settings','customer','',-100,'layout/header/header_settings/email.twig',NULL,NULL,'',0,0,0),(9309,NULL,'layout.header.bar.locale','customer','',20,'layout/header/locale/language.twig',NULL,NULL,'',0,0,0),(9310,NULL,'layout.header.bar.locale','customer','',30,'layout/header/locale/currency.twig',NULL,NULL,'',0,0,0),(9311,NULL,'layout.header.bar.locale','customer','',10,'layout/header/locale/country.twig',NULL,NULL,'',0,0,0),(9312,NULL,'layout.header.bar.links.logged','customer','',500,'layout/header/header.bar.links.logged.logout.twig',NULL,NULL,'',0,0,0),(9313,NULL,'layout.header','customer','',200,'layout/header/header.bar.twig',NULL,NULL,'',0,0,0),(9314,NULL,'layout.header.bar','customer','',100,'layout/header/header.bar.links.logged.twig',NULL,NULL,'',0,0,0),(9315,NULL,'layout.header.bar.links.logged','customer','',-100,'layout/header/header.bar.links.logged.email.twig',NULL,NULL,'',0,0,0),(9316,NULL,'layout.main.footer','customer','',50,'layout/footer/main.footer.contacts.twig',NULL,NULL,'',0,0,0),(9317,NULL,'layout.footer','customer','',500,'layout/footer/main.footer.twig',NULL,NULL,'',0,0,0),(9318,NULL,'itemsList.product.table.customer.columns','customer','',9999999,'items_list/product/parts/table.product-representation.twig',NULL,NULL,'',0,0,0),(9319,NULL,'itemsList.product.grid.customer.info','customer','',31,'items_list/product/parts/out-of-stock.label.twig',NULL,NULL,'',0,0,0),(9320,NULL,'itemsList.product.list.customer.info','customer','',50,'items_list/product/parts/out-of-stock.label.twig',NULL,NULL,'',0,0,0),(9324,NULL,'itemsList.product.grid.customer.info','customer','',998,'items_list/product/parts/common.marks.twig',NULL,NULL,'',0,0,0),(9325,NULL,'itemsList.product.list.customer.photo','customer','',998,'items_list/product/parts/common.marks.twig',NULL,NULL,'',0,0,0),(9326,NULL,'itemsList.product.table.customer.columns','customer','',45,'items_list/product/parts/common.marks.twig',NULL,NULL,'',0,0,0),(9327,NULL,'add2cart_popup.item.buttons','customer','',1000,'modules/Amazon/PayWithAmazon/checkout_button/add2cart_popup.twig',NULL,NULL,'',0,0,0),(9328,NULL,'customer.account.details.before','customer','',10,'modules/Amazon/PayWithAmazon/account/login.twig',NULL,NULL,'',0,0,0),(9329,NULL,'product.reviews.tab','customer','',200,'modules/XC/Reviews/reviews_tab/parts/tab.reviews_list_header.twig',NULL,NULL,'',0,0,0),(9330,NULL,'reviews.product.rating.average','customer','',100,'modules/XC/Reviews/product/details/rating.twig',NULL,NULL,'',0,0,0),(9331,NULL,'reviews','customer','',16777215,'modules/XC/Reviews/reviews_page/reviews.twig',NULL,NULL,'',0,0,0),(9332,NULL,'product.reviews.page','customer','',200,'modules/XC/Reviews/reviews_page/parts/page.reviews_list_header.twig',NULL,NULL,'',0,0,0),(9333,NULL,'reviews.review.title','customer','',200,'modules/XC/Reviews/reviews_page/parts/title.right.twig',NULL,NULL,'',0,0,0),(9334,NULL,'cart.panel.totals.modifier','customer','',16777215,'modules/CDev/Coupons/coupons_minilist.twig',NULL,NULL,'',0,0,0),(9335,NULL,'checkout.review.selected.items.modifier','customer','',16777215,'modules/CDev/Coupons/coupons_minilist.twig',NULL,NULL,'',0,0,0),(9336,NULL,'invoice.base.totals.modifier.name','customer','',16777215,'modules/CDev/Coupons/coupons_minilist.twig',NULL,NULL,'',0,0,0),(9337,NULL,'social.login','customer','',0,'modules/CDev/SocialLogin/parts/separator.before.twig',NULL,NULL,'',0,0,0),(9338,NULL,'social.login','customer','',9999,'modules/CDev/SocialLogin/parts/separator.after.twig',NULL,NULL,'',0,0,0),(9339,NULL,'customer.account.details.before','customer','',10,'modules/CDev/SocialLogin/account/social_login.twig',NULL,NULL,'',0,0,0),(9340,NULL,'minicart.horizontal.item','customer','',20,'mini_cart/horizontal/parts/item.price.twig',NULL,NULL,'',0,0,0),(9341,NULL,'minicart.horizontal.item','customer','',18,'mini_cart/horizontal/parts/item.amount.twig',NULL,NULL,'',0,0,0),(9342,NULL,'minicart.horizontal.item','customer','',5,'mini_cart/horizontal/parts/item.image.twig',NULL,NULL,'',0,0,0),(9343,NULL,'minicart.horizontal.children','customer','',10,'mini_cart/horizontal/parts/items.twig',NULL,NULL,'',0,0,0),(9344,NULL,'minicart.horizontal.item','customer','',10,'mini_cart/horizontal/parts/item.name.twig',NULL,NULL,'',0,0,0),(9345,NULL,'recover.password','customer','',200,'recover_password/parts/form.twig',NULL,NULL,'',0,0,0),(9346,NULL,'recover.password','customer','',100,'recover_password/parts/note.twig',NULL,NULL,'',0,0,0),(9347,NULL,'order.status','customer','',20,'order/parts/status.shipping.twig',NULL,NULL,'',0,0,0),(9348,NULL,'order.children','customer','',20,'order/parts/links.twig',NULL,NULL,'',0,0,0),(9349,NULL,'order.status','customer','',10,'order/parts/status.payment.twig',NULL,NULL,'',0,0,0),(9350,NULL,'order.children','customer','',10,'order/parts/status.twig',NULL,NULL,'',0,0,0),(9351,NULL,'order.links','customer','',100,'order/parts/link.print.twig',NULL,NULL,'',0,0,0),(9352,NULL,'invoice.base.totals.after','customer','',20,'order/invoice/parts/totals.includedModifiers.twig',NULL,NULL,'',0,0,0),(9353,NULL,'invoice.item','customer','',20,'order/invoice/parts/items/item.price.twig',NULL,NULL,'',0,0,0),(9354,NULL,'invoice.item','customer','',40,'order/invoice/parts/items/item.total.twig',NULL,NULL,'',0,0,0),(9355,NULL,'invoice.base','customer','',10,'order/invoice/parts/head.twig',NULL,NULL,'',0,0,0),(9356,NULL,'checkout.signin.form','customer','',30,'signin/parts/login_form/button.twig',NULL,NULL,'',0,0,0),(9357,NULL,'checkout.signin.form','customer','',20,'signin/parts/login_form/password.twig',NULL,NULL,'',0,0,0),(9358,NULL,'checkout.signin.form','customer','',10,'signin/parts/login_form/email.twig',NULL,NULL,'',0,0,0),(9359,NULL,'customer.checkout.signin','customer','',10,'signin/signin_login_form.twig',NULL,NULL,'',0,0,0),(9360,NULL,'signin-anonymous-title','customer','',20,'signin/signin_title.twig',NULL,NULL,'',0,0,0),(9361,NULL,'head','customer','',100,'header/parts/title.twig',NULL,NULL,'',0,0,0),(9362,NULL,'head','customer','',1500,'header/parts/preloaded_labels.twig',NULL,NULL,'',0,0,0),(9363,NULL,'head','customer','',1100,'header/parts/link_css.twig',NULL,NULL,'',0,0,0),(9364,NULL,'head','customer','',700,'header/parts/meta_mobile_capable.twig',NULL,NULL,'',0,0,0),(9365,NULL,'head','customer','',800,'header/parts/meta_compat_ie.twig',NULL,NULL,'',0,0,0),(9366,NULL,'head','customer','',700,'header/parts/meta_keywords.twig',NULL,NULL,'',0,0,0),(9367,NULL,'head','customer','',200,'header/parts/meta_content_type.twig',NULL,NULL,'',0,0,0),(9368,NULL,'head','customer','',500,'header/parts/meta_generator.twig',NULL,NULL,'',0,0,0),(9369,NULL,'head','customer','',1000,'header/parts/link_favicon.twig',NULL,NULL,'',0,0,0),(9370,NULL,'head.css','customer','',200,'header/parts/parts.css/css_aggregation.twig',NULL,NULL,'',0,0,0),(9371,NULL,'head.css','customer','',100,'header/parts/parts.css/css.twig',NULL,NULL,'',0,0,0),(9372,NULL,'head','customer','',1,'header/parts/base.twig',NULL,NULL,'',0,0,0),(9373,NULL,'head','customer','',1310,'header/parts/layout_options.twig',NULL,NULL,'',0,0,0),(9374,NULL,'head','customer','',3,'header/parts/alternate_lang.twig',NULL,NULL,'',0,0,0),(9375,NULL,'head','customer','',600,'header/parts/meta_description.twig',NULL,NULL,'',0,0,0),(9376,NULL,'head','customer','',650,'header/parts/meta_viewport.twig',NULL,NULL,'',0,0,0),(9377,NULL,'head','customer','',700,'header/parts/meta_upgrade_insecure.twig',NULL,NULL,'',0,0,0),(9378,NULL,'head','customer','',1300,'header/parts/script_config.twig',NULL,NULL,'',0,0,0),(9379,NULL,'head','customer','',550,'header/parts/meta_title.twig',NULL,NULL,'',0,0,0),(9380,NULL,'head','customer','',2,'header/parts/canonical.twig',NULL,NULL,'',0,0,0),(9381,NULL,'head','customer','',900,'header/meta.twig',NULL,NULL,'',0,0,0),(9382,NULL,'product.simple-search-form.simple-box.elements','customer','',10,'product/search/simple-search-parts/input.twig',NULL,NULL,'',0,0,0),(9383,NULL,'product.simple-search-form.simple-box','customer','',10,'product/search/simple-search-parts/simple-box.twig',NULL,NULL,'',0,0,0),(9384,NULL,'product.simple-search-form.simple-box.elements','customer','',20,'product/search/simple-search-parts/submit.twig',NULL,NULL,'',0,0,0),(9385,NULL,'products.search.conditions.advanced','customer','',200,'product/search/parts/advanced.category.twig',NULL,NULL,'',0,0,0),(9386,NULL,'products.search.conditions.substring','customer','',200,'product/search/parts/substring.button.twig',NULL,NULL,'',0,0,0),(9387,NULL,'products.search.conditions-responsive.substring','customer','',200,'product/search/parts/substring.button.twig',NULL,NULL,'',0,0,0),(9388,NULL,'products.search.conditions.advanced.options','customer','',200,'product/search/parts/advanced.options.descr.twig',NULL,NULL,'',0,0,0),(9389,NULL,'products.search.conditions.phrase','customer','',300,'product/search/parts/phrase.phrase.twig',NULL,NULL,'',0,0,0),(9390,NULL,'products.search.conditions.substring','customer','',100,'product/search/parts/substring.input.twig',NULL,NULL,'',0,0,0),(9391,NULL,'products.search.conditions.phrase','customer','',100,'product/search/parts/phrase.all.twig',NULL,NULL,'',0,0,0),(9392,NULL,'products.search.conditions.advanced.options','customer','',100,'product/search/parts/advanced.options.title.twig',NULL,NULL,'',0,0,0),(9393,NULL,'products.search.conditions.advanced','customer','',100,'product/search/parts/advanced.options.twig',NULL,NULL,'',0,0,0),(9394,NULL,'products.search.conditions.phrase','customer','',200,'product/search/parts/phrase.any.twig',NULL,NULL,'',0,0,0),(9395,NULL,'products.search.conditions.advanced.options','customer','',300,'product/search/parts/advanced.options.sku.twig',NULL,NULL,'',0,0,0),(9396,NULL,'product.details.common.product-attributes.elements','customer','',200,'product/details/common_attributes/common.product-attributes.sku.twig',NULL,NULL,'',0,0,0),(9397,NULL,'product.details.common.product-attributes.elements','customer','',100,'product/details/common_attributes/common.product-attributes.weight.twig',NULL,NULL,'',0,0,0),(9398,NULL,'product.details.page.info.form.buttons','customer','',10,'product/details/parts/common.info.buttons.cart-buttons.twig',NULL,NULL,'',0,0,0),(9399,NULL,'product.details.page.info.form.buttons-added','customer','',10,'product/details/parts/common.info.buttons.cart-buttons.twig',NULL,NULL,'',0,0,0),(9400,NULL,'product.details.quicklook.info.form.buttons','customer','',20,'product/details/parts/common.info.buttons.cart-buttons.twig',NULL,NULL,'',0,0,0),(9401,NULL,'product.details.quicklook.info.form.buttons-added','customer','',20,'product/details/parts/common.info.buttons.cart-buttons.twig',NULL,NULL,'',0,0,0),(9402,NULL,'product.details.page.info','customer','',42,'product/details/parts/common.notify-on-price-drop.twig',NULL,NULL,'',0,0,0),(9403,NULL,'product.details.page.info.form.buttons.cart-buttons','customer','',13,'product/details/parts/common.stock.twig',NULL,NULL,'',0,0,0),(9404,NULL,'product.details.page.info.form.buttons-added.cart-buttons','customer','',13,'product/details/parts/common.stock.twig',NULL,NULL,'',0,0,0),(9405,NULL,'product.details.quicklook.info.form.buttons.cart-buttons','customer','',13,'product/details/parts/common.stock.twig',NULL,NULL,'',0,0,0),(9406,NULL,'product.details.quicklook.info.form.buttons-added.cart-buttons','customer','',13,'product/details/parts/common.stock.twig',NULL,NULL,'',0,0,0),(9408,NULL,'product.details.quicklook.info','customer','',100,'product/details/parts/common.quicklook.form.twig',NULL,NULL,'',0,0,0),(9409,NULL,'product.details.page.info','customer','',50,'product/details/parts/common.form.twig',NULL,NULL,'',0,0,0),(9410,NULL,'product.details.page.info','customer','',10,'product/details/parts/common.product-title.twig',NULL,NULL,'',0,0,0),(9412,NULL,'product.details.quicklook','customer','',20,'product/details/parts/quicklook.image.twig',NULL,NULL,'',0,0,0),(9413,NULL,'product.details.page.info.form.buttons-added.cart-buttons','customer','',30,'product/details/parts/common.add-button.twig',NULL,NULL,'',0,0,0),(9414,NULL,'product.details.quicklook.info.form.buttons-added.cart-buttons','customer','',30,'product/details/parts/common.add-button.twig',NULL,NULL,'',0,0,0),(9415,NULL,'product.details.page.info.form.buttons.cart-buttons','customer','',20,'product/details/parts/common.add-button.twig',NULL,NULL,'',0,0,0),(9416,NULL,'product.details.quicklook.info.form.buttons.cart-buttons','customer','',20,'product/details/parts/common.add-button.twig',NULL,NULL,'',0,0,0),(9419,NULL,'product.details.quicklook','customer','',30,'product/details/parts/quicklook.info.twig',NULL,NULL,'',0,0,0),(9421,NULL,'product.details.page.info.form.buttons.cart-buttons','customer','',10,'product/details/parts/common.qty.twig',NULL,NULL,'',0,0,0),(9422,NULL,'product.details.page.info.form.buttons-added.cart-buttons','customer','',10,'product/details/parts/common.qty.twig',NULL,NULL,'',0,0,0),(9423,NULL,'product.details.quicklook.info.form.buttons.cart-buttons','customer','',10,'product/details/parts/common.qty.twig',NULL,NULL,'',0,0,0),(9424,NULL,'product.details.quicklook.info.form.buttons-added.cart-buttons','customer','',10,'product/details/parts/common.qty.twig',NULL,NULL,'',0,0,0),(9427,NULL,'product.details.page.tab.description','customer','',100,'product/details/parts/common.product-description.twig',NULL,NULL,'',0,0,0),(9428,NULL,'product.details.page.info','customer','',40,'product/details/parts/common.price.twig',NULL,NULL,'',0,0,0),(9429,NULL,'product.details.quicklook.info','customer','',40,'product/details/parts/common.price.twig',NULL,NULL,'',0,0,0),(9430,NULL,'product.details.page.tab.description','customer','',100,'product/details/parts/common.product-main-attributes.twig',NULL,NULL,'',0,0,0),(9431,NULL,'product.details.page.info.form','customer','',100,'product/details/parts/common.info.buttons.twig',NULL,NULL,'',0,0,0),(9432,NULL,'product.details.quicklook.info.form','customer','',100,'product/details/parts/common.info.buttons.twig',NULL,NULL,'',0,0,0),(9433,NULL,'product.details.page','customer','',30,'product/details/parts/page.info.twig',NULL,NULL,'',0,0,0),(9434,NULL,'product.details.page.tab.attributes','customer','',10,'product/details/parts/page.tabs.attributes.twig',NULL,NULL,'',0,0,0),(9435,NULL,'product.details.common.product-attributes.attributes','customer','',10,'product/details/parts/common.product-attributes-list.twig',NULL,NULL,'',0,0,0),(9436,NULL,'product.details.quicklook.rotator','customer','',20,'product/details/parts/quicklook.rotator.twig',NULL,NULL,'',0,0,0),(9439,NULL,'product.quantity-box','customer','',20,'product/quantity_box/parts/quantity_box.twig',NULL,NULL,'',0,0,0),(9440,NULL,'operate_as_user','customer','',10,'operate_as_user/parts/desc.twig',NULL,NULL,'',0,0,0),(9441,NULL,'operate_as_user','customer','',40,'operate_as_user/parts/finish-button.twig',NULL,NULL,'',0,0,0),(9442,NULL,'operate_as_user','customer','',30,'operate_as_user/parts/login.twig',NULL,NULL,'',0,0,0),(9443,NULL,'operate_as_user','customer','',20,'operate_as_user/parts/name.twig',NULL,NULL,'',0,0,0),(9444,NULL,'product.plain_price','customer','',10,'common/price_parts/price.twig',NULL,NULL,'',0,0,0),(9445,NULL,'product.plain_price_only','customer','',10,'common/price_parts/price.twig',NULL,NULL,'',0,0,0),(9446,NULL,'order_status.wrapper','customer','',10,'common/order_status_wrapper.twig',NULL,NULL,'',0,0,0),(9447,NULL,'order_status.nowrapper','customer','',10,'common/order_status_nowrapper.twig',NULL,NULL,'',0,0,0),(9448,NULL,'surcharge.common','customer','',100,'common/surcharge_parts/surcharge.twig',NULL,NULL,'',0,0,0),(9449,NULL,'404.default','customer','',100,'404/parts/default/default_text.twig',NULL,NULL,'',0,0,0),(9450,NULL,'404.category','customer','',100,'404/parts/category/category_text.twig',NULL,NULL,'',0,0,0),(9451,NULL,'404.default','customer','',400,'404/parts/links.twig',NULL,NULL,'',0,0,0),(9452,NULL,'404.product','customer','',400,'404/parts/links.twig',NULL,NULL,'',0,0,0),(9453,NULL,'404.category','customer','',400,'404/parts/links.twig',NULL,NULL,'',0,0,0),(9454,NULL,'404.product','customer','',100,'404/parts/product/product_text.twig',NULL,NULL,'',0,0,0),(9455,NULL,'404.default','customer','',500,'404/parts/contact_info.twig',NULL,NULL,'',0,0,0),(9456,NULL,'404.product','customer','',500,'404/parts/contact_info.twig',NULL,NULL,'',0,0,0),(9457,NULL,'404.category','customer','',500,'404/parts/contact_info.twig',NULL,NULL,'',0,0,0),(9458,NULL,'cart.item','customer','',40,'shopping_cart/parts/item.price.twig',NULL,NULL,'',0,0,0),(9459,NULL,'cart.item','customer','',50,'shopping_cart/parts/item.qty.twig',NULL,NULL,'',0,0,0),(9460,NULL,'cart.panel.totals','customer','',20,'shopping_cart/parts/total.modifiers.twig',NULL,NULL,'',0,0,0),(9461,NULL,'cart.panel.totals','customer','',35,'shopping_cart/parts/total.includedModifiers.twig',NULL,NULL,'',0,0,0),(9462,NULL,'cart.children','customer','',20,'shopping_cart/parts/buttons.twig',NULL,NULL,'',0,0,0),(9463,NULL,'cart.item.info','customer','',10,'shopping_cart/parts/item.info.name.twig',NULL,NULL,'',0,0,0),(9464,NULL,'cart.item','customer','',20,'shopping_cart/parts/item.image.twig',NULL,NULL,'',0,0,0),(9466,NULL,'cart.panel.totals','customer','',40,'shopping_cart/parts/total.button.twig',NULL,NULL,'',0,0,0),(9467,NULL,'cart.children','customer','',10,'shopping_cart/parts/items.twig',NULL,NULL,'',0,0,0),(9468,NULL,'checkout.cart','customer','',10,'shopping_cart/parts/items.twig',NULL,NULL,'',0,0,0),(9469,NULL,'cart.totals','customer','',10,'shopping_cart/parts/total.subtotal.twig',NULL,NULL,'',0,0,0),(9470,NULL,'cart.panel.totals','customer','',10,'shopping_cart/parts/total.subtotal.twig',NULL,NULL,'',0,0,0),(9471,NULL,'cart.panel','customer','',10,'shopping_cart/parts/panel.totals.twig',NULL,NULL,'',0,0,0),(9472,NULL,'cart.item','customer','',30,'shopping_cart/parts/item.info.twig',NULL,NULL,'',0,0,0),(9473,NULL,'cart.totals','customer','',30,'shopping_cart/parts/cartItems.includedModifiers.twig',NULL,NULL,'',0,0,0),(9474,NULL,'cart.children','customer','',30,'shopping_cart/parts/totals.twig',NULL,NULL,'',0,0,0),(9475,NULL,'cart.panel','customer','',20,'shopping_cart/parts/panel.box.twig',NULL,NULL,'',0,0,0),(9476,NULL,'cart.panel.totals','customer','',50,'shopping_cart/parts/total.disabled.reason.twig',NULL,NULL,'',0,0,0),(9477,NULL,'cart.item.info','customer','',100,'shopping_cart/parts/item.info.out.twig',NULL,NULL,'',0,0,0),(9478,NULL,'cart.group','customer','',10,'shopping_cart/parts/group.title.twig',NULL,NULL,'',0,0,0),(9479,NULL,'cart.item','customer','',60,'shopping_cart/parts/item.subtotal.twig',NULL,NULL,'',0,0,0),(9480,NULL,'shippingEstimator.main','customer','',10,'shopping_cart/shipping_estimator/parts/main.address.twig',NULL,NULL,'',0,0,0),(9481,NULL,'shippingEstimator.address','customer','',20,'shopping_cart/shipping_estimator/parts/address.state.twig',NULL,NULL,'',0,0,0),(9482,NULL,'shippingEstimator.address','customer','',10,'shopping_cart/shipping_estimator/parts/address.country.twig',NULL,NULL,'',0,0,0),(9483,NULL,'shippingEstimator.address','customer','',25,'shopping_cart/shipping_estimator/parts/address.city.twig',NULL,NULL,'',0,0,0),(9484,NULL,'shippingEstimator.address','customer','',30,'shopping_cart/shipping_estimator/parts/address.zipcode.twig',NULL,NULL,'',0,0,0),(9485,NULL,'shippingEstimator.address','customer','',40,'shopping_cart/shipping_estimator/parts/address.type.twig',NULL,NULL,'',0,0,0),(9486,NULL,'shippingEstimator.main','customer','',20,'shopping_cart/shipping_estimator/parts/main.methods.twig',NULL,NULL,'',0,0,0),(9487,NULL,'cart.bottom.right','customer','',20,'shopping_cart/checkout_buttons.twig',NULL,NULL,'',0,0,0),(9488,NULL,'jscontainer.js','customer','',100,'jscontainer/parts/js.twig',NULL,NULL,'',0,0,0),(9489,NULL,'jscontainer.js','customer','',50,'jscontainer/parts/register_resources.twig',NULL,NULL,'',0,0,0),(9490,NULL,'jscontainer.js','customer','',200,'jscontainer/parts/js_aggregation.twig',NULL,NULL,'',0,0,0),(9491,NULL,'customer.signin.links','customer','',200,'authorization/parts/link.bullet.twig',NULL,NULL,'',0,0,0),(9492,NULL,'productBlock.info','customer','',400,'product_box/parts/add2cart.twig',NULL,NULL,'',0,0,0),(9493,NULL,'productBlock.info','customer','',100,'product_box/parts/photo.twig',NULL,NULL,'',0,0,0),(9494,NULL,'checkout.cart','customer','',20,'checkout/parts/cart.totals.twig',NULL,NULL,'',0,0,0),(9495,NULL,'checkout.review.selected.items','customer','',45,'checkout/steps/review/parts/items.includedModifiers.twig',NULL,NULL,'',0,0,0),(9496,NULL,'checkout.review.selected.items','customer','',50,'checkout/steps/review/parts/items.paid.twig',NULL,NULL,'',0,0,0),(9497,NULL,'checkout.review.inactive.items','customer','',50,'checkout/steps/review/parts/items.paid.twig',NULL,NULL,'',0,0,0),(9498,NULL,'checkout.review.selected.placeOrder','customer','',400,'checkout/steps/review/parts/place_order.button.twig',NULL,NULL,'',0,0,0),(9499,NULL,'checkout.review.selected.placeOrder','customer','',500,'checkout/steps/review/parts/place_order.agree_note.browsewrap.twig',NULL,NULL,'',0,0,0),(9500,NULL,'checkout.review.selected.items','customer','',30,'checkout/steps/review/parts/items.modifiers.twig',NULL,NULL,'',0,0,0),(9501,NULL,'checkout.review.selected.items','customer','',10,'checkout/steps/review/parts/items.subtotal.twig',NULL,NULL,'',0,0,0),(9502,NULL,'checkout.review.inactive.items','customer','',10,'checkout/steps/review/parts/items.subtotal.twig',NULL,NULL,'',0,0,0),(9503,NULL,'checkout.review.selected.items','customer','',40,'checkout/steps/review/parts/items.total.twig',NULL,NULL,'',0,0,0),(9504,NULL,'checkout.review.inactive.items','customer','',40,'checkout/steps/review/parts/items.total.twig',NULL,NULL,'',0,0,0),(9505,NULL,'checkout.review.selected.items','customer','',35,'checkout/steps/review/parts/items.separator.twig',NULL,NULL,'',0,0,0),(9506,NULL,'checkout.review.inactive.items','customer','',35,'checkout/steps/review/parts/items.separator.twig',NULL,NULL,'',0,0,0),(9507,NULL,'checkout.review.selected.placeOrder','customer','',390,'checkout/steps/review/parts/place_order.agree_note.clickwrap.twig',NULL,NULL,'',0,0,0),(9508,NULL,'checkout.review.selected','customer','',20,'checkout/steps/review/parts/place_order.twig',NULL,NULL,'',0,0,0),(9509,NULL,'checkout.review.selected.items','customer','',20,'checkout/steps/review/parts/items.list.twig',NULL,NULL,'',0,0,0),(9510,NULL,'checkout.review.inactive.items','customer','',20,'checkout/steps/review/parts/items.list.twig',NULL,NULL,'',0,0,0),(9511,NULL,'checkout.review.selected.placeOrder','customer','',200,'checkout/steps/review/parts/place_order.note.twig',NULL,NULL,'',0,0,0),(9512,NULL,'checkout.shipping.selected.sub.shipping','customer','',100,'checkout/steps/shipping/parts/address.first.twig',NULL,NULL,'',0,0,0),(9513,NULL,'checkout.shipping.selected','customer','',200,'checkout/steps/shipping/parts/subsection.payment.twig',NULL,NULL,'',0,0,0),(9514,NULL,'checkout.shipping.address.email','customer','',100,'checkout/steps/shipping/parts/address.shipping.create.twig',NULL,NULL,'',0,0,0),(9515,NULL,'checkout.payment.address.email','customer','',100,'checkout/steps/shipping/parts/address.billing.create.twig',NULL,NULL,'',0,0,0),(9516,NULL,'checkout.shipping.selected.sub.payment','customer','',200,'checkout/steps/shipping/parts/shippingMethods.twig',NULL,NULL,'',0,0,0),(9518,NULL,'checkout.shipping.selected','customer','',100,'checkout/steps/shipping/parts/subsection.shipping.twig',NULL,NULL,'',0,0,0),(9519,NULL,'checkout.shipping.selected.sub.payment','customer','',100,'checkout/steps/shipping/parts/address.second.twig',NULL,NULL,'',0,0,0),(9520,NULL,'checkout.success.panel','customer','',100,'checkout/success_message.twig',NULL,NULL,'',0,0,0),(9521,NULL,'checkout.success.panel','customer','',200,'checkout/success/parts/buttons.twig',NULL,NULL,'',0,0,0),(9522,NULL,'checkout.success.panel.buttons','customer','',200,'checkout/success/parts/button.print.twig',NULL,NULL,'',0,0,0),(9523,NULL,'checkout.success','customer','',100,'checkout/success/parts/panel.twig',NULL,NULL,'',0,0,0),(9524,NULL,'checkout.success.panel','customer','',300,'checkout/success/parts/panel_line.twig',NULL,NULL,'',0,0,0),(9525,NULL,'checkout.success','customer','',200,'checkout/success/parts/invoice.twig',NULL,NULL,'',0,0,0),(9526,NULL,'pager.itemsTotal','customer','',20,'pager/parts/items_total.twig',NULL,NULL,'',0,0,0),(9528,NULL,'layout.header','customer','',100,'layout/header/header.logo.twig',NULL,NULL,'',0,0,0),(9534,NULL,'layout.header.bar.links.newby','customer','',100,'layout/header/header.bar.links.newby.login.twig',NULL,NULL,'',0,0,0),(9535,NULL,'layout.header','customer','',190,'layout/header/header.bar.checkout.logos.twig',NULL,NULL,'',0,0,0),(9536,NULL,'layout.responsive.search','customer','',200,'layout/header/header.bar.mobilesearch.twig',NULL,NULL,'',0,0,0),(9537,NULL,'layout.header.bar.links.newby','customer','',200,'layout/header/header.bar.links.newby.register.twig',NULL,NULL,'',0,0,0),(9539,NULL,'layout.main','customer','',400,'layout/content/main.center.twig',NULL,NULL,'',0,0,0),(9540,NULL,'layout.main.center','customer','',100,'layout/content/main.center.left.twig',NULL,NULL,'',0,0,0),(9542,NULL,'layout.main.center','customer','',200,'layout/content/main.center.center.twig',NULL,NULL,'',0,0,0),(9543,NULL,'layout.main.center','customer','',300,'layout/content/main.center.right.twig',NULL,NULL,'',0,0,0),(9544,NULL,'layout.main.footer','customer','',1000,'layout/footer/main.footer.section.twig',NULL,NULL,'',0,0,0),(9545,NULL,'orders.children.spec','customer','',200,'items_list/order/parts/spec.number.twig',NULL,NULL,'',0,0,0),(9546,NULL,'orders.children.spec','customer','',600,'items_list/order/parts/spec.count.twig',NULL,NULL,'',0,0,0),(9547,NULL,'orders.children.spec','customer','',100,'items_list/order/parts/spec.switcher.twig',NULL,NULL,'',0,0,0),(9548,NULL,'orders.children.spec','customer','',500,'items_list/order/parts/spec.total.twig',NULL,NULL,'',0,0,0),(9549,NULL,'orders.children.spec','customer','',400,'items_list/order/parts/spec.break.twig',NULL,NULL,'',0,0,0),(9550,NULL,'orders.children.actions','customer','',100,'items_list/order/parts/actions.reorder.twig',NULL,NULL,'',0,0,0),(9551,NULL,'orders.children.shipping','customer','',100,'items_list/order/parts/shipping.name.twig',NULL,NULL,'',0,0,0),(9552,NULL,'orders.children.view_all_items_link','customer','',10,'items_list/order/parts/view_all_items_link.twig',NULL,NULL,'',0,0,0),(9553,NULL,'orders.children.spec','customer','',300,'items_list/order/parts/spec.date.twig',NULL,NULL,'',0,0,0),(9554,NULL,'itemsList.product.list.customer.body','customer','',40,'items_list/product/center/list/parts/body/body.twig',NULL,NULL,'',0,0,0),(9555,NULL,'itemsList.product.list.customer.body','customer','',20,'items_list/product/center/list/parts/body/thumbnail.twig',NULL,NULL,'',0,0,0),(9556,NULL,'itemsList.product.small_thumbnails.customer.info','customer','',20,'items_list/product/parts/small-thumbnails.details.twig',NULL,NULL,'',0,0,0),(9560,NULL,'itemsList.product.table.customer.captions','customer','',25,'items_list/product/parts/table.captions.labels.twig',NULL,NULL,'',0,0,0),(9562,NULL,'itemsList.product.table.customer.columns','customer','',10,'items_list/product/parts/common.product-sku.twig',NULL,NULL,'',0,0,0),(9563,NULL,'itemsList.product.table.customer.captions','customer','',30,'items_list/product/parts/table.captions.qty.twig',NULL,NULL,'',0,0,0),(9564,NULL,'itemsList.product.table.customer.buttons','customer','',50,'items_list/product/parts/common.button-buy-selected.twig',NULL,NULL,'',0,0,0),(9567,NULL,'itemsList.product.small_thumbnails.customer.details','customer','',20,'items_list/product/parts/common.product-name.twig',NULL,NULL,'',0,0,0),(9568,NULL,'itemsList.product.big_thumbnails.customer.info','customer','',200,'items_list/product/parts/common.product-name.twig',NULL,NULL,'',0,0,0),(9569,NULL,'itemsList.product.text_links.customer.info','customer','',100,'items_list/product/parts/common.product-name.twig',NULL,NULL,'',0,0,0),(9570,NULL,'productBlock.info','customer','',200,'items_list/product/parts/common.product-name.twig',NULL,NULL,'',0,0,0),(9571,NULL,'itemsList.product.table.customer.captions','customer','',10,'items_list/product/parts/table.captions.sku.twig',NULL,NULL,'',0,0,0),(9573,NULL,'itemsList.product.small_thumbnails.customer.info','customer','',10,'items_list/product/parts/grid.photo.twig',NULL,NULL,'',0,0,0),(9574,NULL,'itemsList.product.big_thumbnails.customer.info','customer','',100,'items_list/product/parts/grid.photo.twig',NULL,NULL,'',0,0,0),(9579,NULL,'itemsList.product.table.customer.captions','customer','',40,'items_list/product/parts/table.captions.price.twig',NULL,NULL,'',0,0,0),(9580,NULL,'itemsList.product.table.customer.captions','customer','',50,'items_list/product/parts/table.captions.add2cart-button.twig',NULL,NULL,'',0,0,0),(9582,NULL,'itemsList.product.grid.customer.info','customer','',30,'items_list/product/parts/common.product-price.twig',NULL,NULL,'',0,0,0),(9583,NULL,'itemsList.product.small_thumbnails.customer.details','customer','',25,'items_list/product/parts/common.product-price.twig',NULL,NULL,'',0,0,0),(9584,NULL,'itemsList.product.list.customer.info','customer','',40,'items_list/product/parts/common.product-price.twig',NULL,NULL,'',0,0,0),(9585,NULL,'itemsList.product.table.customer.columns','customer','',40,'items_list/product/parts/common.product-price.twig',NULL,NULL,'',0,0,0),(9586,NULL,'productBlock.info','customer','',300,'items_list/product/parts/common.product-price.twig',NULL,NULL,'',0,0,0),(9589,NULL,'itemsList.product.small_thumbnails.customer.info.photo','customer','',10,'items_list/product/parts/common.product-thumbnail.twig',NULL,NULL,'',0,0,0),(9590,NULL,'itemsList.product.big_thumbnails.customer.info.photo','customer','',10,'items_list/product/parts/common.product-thumbnail.twig',NULL,NULL,'',0,0,0),(9591,NULL,'productBlock.info.photo','customer','',100,'items_list/product/parts/common.product-thumbnail.twig',NULL,NULL,'',0,0,0),(9592,NULL,'itemsList.product.grid.customer.info.photo','customer','',999,'items_list/product/parts/common.quicklook-button.twig',NULL,NULL,'',0,0,0),(9593,NULL,'itemsList.product.list.customer.quicklook','customer','',999,'items_list/product/parts/common.quicklook-button.twig',NULL,NULL,'',0,0,0),(9594,NULL,'productBlock.info','customer','',999,'items_list/product/parts/common.quicklook-button.twig',NULL,NULL,'',0,0,0),(9595,NULL,'itemsList.product.list.customer.info','customer','',30,'items_list/product/parts/common.product-description.twig',NULL,NULL,'',0,0,0),(9596,NULL,'itemsList.product.table.customer.captions','customer','',20,'items_list/product/parts/table.captions.name.twig',NULL,NULL,'',0,0,0),(9597,NULL,'itemsList.product.table.customer.columns','customer','',50,'items_list/product/parts/common.button-add2cart.twig',NULL,NULL,'',0,0,0),(9598,NULL,'itemsList.product.table.customer.columns','customer','',20,'items_list/product/parts/common.product-link.twig',NULL,NULL,'',0,0,0),(9599,NULL,'itemsList.product.list.customer.info','customer','',1000,'items_list/product/parts/list.button-add2cart.twig',NULL,NULL,'',0,0,0),(9600,NULL,'itemsList.product.list.customer.photo','customer','',10,'items_list/product/parts/common.product-thumbnail-aligned-top.twig',NULL,NULL,'',0,0,0),(9602,NULL,'itemsList.product.grid.customer.info','customer','',998,'items_list/product/parts/common.labels.twig',NULL,NULL,'',0,0,0),(9604,NULL,'itemsList.product.list.customer.photo','customer','',998,'items_list/product/parts/common.labels.twig',NULL,NULL,'',0,0,0),(9605,NULL,'itemsList.product.table.customer.columns','customer','',25,'items_list/product/parts/common.labels.twig',NULL,NULL,'',0,0,0),(9606,NULL,'itemsList.product.big_thumbnails.customer.info','customer','',998,'items_list/product/parts/common.labels.twig',NULL,NULL,'',0,0,0),(9607,NULL,'productBlock.info.photo','customer','',998,'items_list/product/parts/common.labels.twig',NULL,NULL,'',0,0,0),(9608,NULL,'product.details.page.image','customer','',17,'items_list/product/parts/common.labels.twig',NULL,NULL,'',0,0,0),(9609,NULL,'head','customer','',1310,'modules/Amazon/PayWithAmazon/header/parts/amazon_config.twig',NULL,NULL,'',0,0,0),(9610,NULL,'customer.signin','customer','',100,'modules/Amazon/PayWithAmazon/login/signin/signin.twig',NULL,NULL,'',0,0,0),(9612,NULL,'minicart.horizontal.buttons','customer','',1000,'modules/Amazon/PayWithAmazon/checkout_button/mini_cart.twig',NULL,NULL,'',0,0,0),(9613,NULL,'cart.panel.totals','customer','',1000,'modules/Amazon/PayWithAmazon/checkout_button/cart.twig',NULL,NULL,'',0,0,0),(9614,NULL,'inline_editor','customer','',200,'modules/XC/ThemeTweaker/themetweaker/inline_editable/tinymce_warning_modal.twig',NULL,NULL,'',0,0,0),(9615,NULL,'layout_editor','customer','',20,'modules/XC/ThemeTweaker/themetweaker/layout_editor/panel_parts/hidden_blocks.twig',NULL,NULL,'',0,0,0),(9616,NULL,'layout_editor.sidebar','customer','',10,'modules/XC/ThemeTweaker/themetweaker/layout_editor/panel_parts/layout_options.twig',NULL,NULL,'',0,0,0),(9617,NULL,'layout_editor','customer','',10,'modules/XC/ThemeTweaker/themetweaker/layout_editor/panel_parts/hidden_count.twig',NULL,NULL,'',0,0,0),(9618,NULL,'layout_editor','customer','',100,'modules/XC/ThemeTweaker/themetweaker/layout_editor/panel_parts/help_message.twig',NULL,NULL,'',0,0,0),(9619,NULL,'list-item.actions','customer','',10,'modules/XC/ThemeTweaker/themetweaker/layout_editor/list_item_parts/action_hide.twig',NULL,NULL,'',0,0,0),(9620,NULL,'list-item.actions','customer','',10,'modules/XC/ThemeTweaker/themetweaker/layout_editor/list_item_parts/action_unhide.twig',NULL,NULL,'',0,0,0),(9621,NULL,'head.css','customer','',9999,'modules/XC/ThemeTweaker/themetweaker/custom_css/css.twig',NULL,NULL,'',0,0,0),(9622,NULL,'layout.main.center','customer','',0,'modules/XC/ThemeTweaker/layout/content/main.center.hidden.twig',NULL,NULL,'',0,0,0),(9623,NULL,'themetweaker-panel--tabs','customer','',0,'modules/XC/ThemeTweaker/themetweaker_panel/panel/tabs.admin.twig',NULL,NULL,'',0,0,0),(9624,NULL,'themetweaker-panel--tabs','customer','',30,'modules/XC/ThemeTweaker/themetweaker_panel/panel/tabs.inline_editor.twig',NULL,NULL,'',0,0,0),(9625,NULL,'themetweaker-panel--actions','customer','',999,'modules/XC/ThemeTweaker/themetweaker_panel/panel/tabs.hide.twig',NULL,NULL,'',0,0,0),(9626,NULL,'themetweaker-panel--actions','customer','',100,'modules/XC/ThemeTweaker/themetweaker_panel/panel/actions.switcher.twig',NULL,NULL,'',0,0,0),(9627,NULL,'themetweaker-panel--tabs','customer','',40,'modules/XC/ThemeTweaker/themetweaker_panel/panel/tabs.custom_css.twig',NULL,NULL,'',0,0,0),(9628,NULL,'themetweaker-panel--tabs','customer','',10,'modules/XC/ThemeTweaker/themetweaker_panel/panel/tabs.layout_editor.twig',NULL,NULL,'',0,0,0),(9629,NULL,'themetweaker-panel--header','customer','',100,'modules/XC/ThemeTweaker/themetweaker_panel/panel/tabs.twig',NULL,NULL,'',0,0,0),(9630,NULL,'themetweaker-panel--tabs','customer','',50,'modules/XC/ThemeTweaker/themetweaker_panel/panel/tabs.webmaster.twig',NULL,NULL,'',0,0,0),(9631,NULL,'themetweaker-panel--actions','customer','',200,'modules/XC/ThemeTweaker/themetweaker_panel/panel/actions.save.twig',NULL,NULL,'',0,0,0),(9632,NULL,'themetweaker-panel--body','customer','',100,'modules/XC/ThemeTweaker/themetweaker_panel/panel/content.twig',NULL,NULL,'',0,0,0),(9633,NULL,'themetweaker-panel--header','customer','',200,'modules/XC/ThemeTweaker/themetweaker_panel/panel/actions.twig',NULL,NULL,'',0,0,0),(9634,NULL,'themetweaker-panel--tabs','customer','',20,'modules/XC/ThemeTweaker/themetweaker_panel/panel/tabs.labels_editor.twig',NULL,NULL,'',0,0,0),(9635,NULL,'themetweaker-panel-extensions','customer','',200,'modules/XC/ThemeTweaker/themetweaker_panel/panel_extensions/confirm_reset_layout_modal.twig',NULL,NULL,'',0,0,0),(9636,NULL,'themetweaker-panel-extensions','customer','',220,'modules/XC/ThemeTweaker/themetweaker_panel/panel_extensions/code_error_modal.twig',NULL,NULL,'',0,0,0),(9637,NULL,'themetweaker-panel-extensions','customer','',210,'modules/XC/ThemeTweaker/themetweaker_panel/panel_extensions/confirm_save_modal.twig',NULL,NULL,'',0,0,0),(9638,NULL,'themetweaker-panel-extensions','customer','',200,'modules/XC/ThemeTweaker/themetweaker_panel/panel_extensions/confirm_exit_modal.twig',NULL,NULL,'',0,0,0),(9639,NULL,'order.links','customer','',30,'modules/XC/CanadaPost/order/parts/link.return.twig',NULL,NULL,'',0,0,0),(9640,NULL,'invoice.bottom.d2po','customer','',10,'modules/XC/CanadaPost/order/invoice/parts/bottom.d2po.details.twig',NULL,NULL,'',0,0,0),(9641,NULL,'capost_create_return.form.captions','customer','',5,'modules/XC/CanadaPost/products_return/create/parts/table.captions.field.twig',NULL,NULL,'',0,0,0),(9642,NULL,'capost_create_return.form.captions','customer','',10,'modules/XC/CanadaPost/products_return/create/parts/table.captions.sku.twig',NULL,NULL,'',0,0,0),(9643,NULL,'capost_create_return.form.columns','customer','',25,'modules/XC/CanadaPost/products_return/create/parts/table.common.amount.twig',NULL,NULL,'',0,0,0),(9644,NULL,'capost_create_return','customer','',100,'modules/XC/CanadaPost/products_return/create/parts/main.info.twig',NULL,NULL,'',0,0,0),(9645,NULL,'capost_create_return.form.captions','customer','',15,'modules/XC/CanadaPost/products_return/create/parts/table.captions.image.twig',NULL,NULL,'',0,0,0),(9646,NULL,'capost_create_return.form.captions','customer','',30,'modules/XC/CanadaPost/products_return/create/parts/table.captions.ret_amount.twig',NULL,NULL,'',0,0,0),(9647,NULL,'capost_create_return.form.columns','customer','',10,'modules/XC/CanadaPost/products_return/create/parts/table.common.sku.twig',NULL,NULL,'',0,0,0),(9648,NULL,'capost_create_return.form','customer','',100,'modules/XC/CanadaPost/products_return/create/parts/main.form.products.twig',NULL,NULL,'',0,0,0),(9649,NULL,'capost_create_return.form','customer','',300,'modules/XC/CanadaPost/products_return/create/parts/main.form.button.twig',NULL,NULL,'',0,0,0),(9650,NULL,'capost_create_return.form.columns','customer','',20,'modules/XC/CanadaPost/products_return/create/parts/table.common.name.twig',NULL,NULL,'',0,0,0),(9651,NULL,'capost_create_return.form.captions','customer','',25,'modules/XC/CanadaPost/products_return/create/parts/table.captions.amount.twig',NULL,NULL,'',0,0,0),(9652,NULL,'capost_create_return.form.columns','customer','',15,'modules/XC/CanadaPost/products_return/create/parts/table.common.image.twig',NULL,NULL,'',0,0,0),(9653,NULL,'capost_create_return.form.captions','customer','',20,'modules/XC/CanadaPost/products_return/create/parts/table.captions.name.twig',NULL,NULL,'',0,0,0),(9654,NULL,'capost_create_return','customer','',200,'modules/XC/CanadaPost/products_return/create/parts/main.form.twig',NULL,NULL,'',0,0,0),(9655,NULL,'capost_create_return.form.columns','customer','',10,'modules/XC/CanadaPost/products_return/create/parts/table.common.field.twig',NULL,NULL,'',0,0,0),(9656,NULL,'capost_create_return.form.columns','customer','',30,'modules/XC/CanadaPost/products_return/create/parts/table.common.ret_amount.twig',NULL,NULL,'',0,0,0),(9657,NULL,'capost_create_return.form','customer','',200,'modules/XC/CanadaPost/products_return/create/parts/main.form.message.twig',NULL,NULL,'',0,0,0),(9658,NULL,'checkout_fastlane.sections.address','customer','',20,'modules/XC/FastLaneCheckout/sections/address/billing.twig',NULL,NULL,'',0,0,0),(9659,NULL,'checkout_fastlane.sections.address','customer','',10,'modules/XC/FastLaneCheckout/sections/address/shipping.twig',NULL,NULL,'',0,0,0),(9660,NULL,'checkout_fastlane.sections.payment.right','customer','',10,'modules/XC/FastLaneCheckout/sections/payment/methods.twig',NULL,NULL,'',0,0,0),(9661,NULL,'checkout_fastlane.sections.payment.left','customer','',0,'modules/XC/FastLaneCheckout/sections/payment/heading.left.twig',NULL,NULL,'',0,0,0),(9662,NULL,'checkout_fastlane.sections.payment','customer','',10,'modules/XC/FastLaneCheckout/sections/payment/columns.twig',NULL,NULL,'',0,0,0),(9663,NULL,'checkout_fastlane.sections.payment.left','customer','',20,'modules/XC/FastLaneCheckout/sections/payment/billing.twig',NULL,NULL,'',0,0,0),(9664,NULL,'checkout_fastlane.sections.payment.right','customer','',0,'modules/XC/FastLaneCheckout/sections/payment/heading.right.twig',NULL,NULL,'',0,0,0),(9665,NULL,'checkout_fastlane.sections.payment.left','customer','',30,'modules/XC/FastLaneCheckout/sections/payment/note.twig',NULL,NULL,'',0,0,0),(9666,NULL,'checkout_fastlane.sections.details.right','customer','',13,'modules/XC/FastLaneCheckout/sections/details/included_modifiers.twig',NULL,NULL,'',0,0,0),(9667,NULL,'checkout_fastlane.sections.details.left','customer','',15,'modules/XC/FastLaneCheckout/sections/details/shipping_details.twig',NULL,NULL,'',0,0,0),(9668,NULL,'checkout_fastlane.sections.details.left','customer','',10,'modules/XC/FastLaneCheckout/sections/details/order_details.twig',NULL,NULL,'',0,0,0),(9669,NULL,'checkout_fastlane.sections.details.right','customer','',10,'modules/XC/FastLaneCheckout/sections/details/order_total.twig',NULL,NULL,'',0,0,0),(9670,NULL,'checkout_fastlane.sections.after','customer','',10,'modules/XC/FastLaneCheckout/sections/details_box.twig',NULL,NULL,'',0,0,0),(9671,NULL,'checkout_fastlane.sections.details.right','customer','',20,'modules/XC/FastLaneCheckout/sections/section_change_button.twig',NULL,NULL,'',0,0,0),(9672,NULL,'checkout_fastlane.sections.shipping.right','customer','',10,'modules/XC/FastLaneCheckout/sections/shipping/methods.twig',NULL,NULL,'',0,0,0),(9673,NULL,'checkout_fastlane.sections.shipping.left','customer','',0,'modules/XC/FastLaneCheckout/sections/shipping/heading.left.twig',NULL,NULL,'',0,0,0),(9674,NULL,'checkout_fastlane.sections.shipping','customer','',10,'modules/XC/FastLaneCheckout/sections/shipping/columns.twig',NULL,NULL,'',0,0,0),(9675,NULL,'checkout_fastlane.sections.shipping.right','customer','',0,'modules/XC/FastLaneCheckout/sections/shipping/heading.right.twig',NULL,NULL,'',0,0,0),(9676,NULL,'checkout_fastlane.sections.shipping.left','customer','',20,'modules/XC/FastLaneCheckout/sections/shipping/address.twig',NULL,NULL,'',0,0,0),(9677,NULL,'checkout_fastlane.sections.shipping.left','customer','',30,'modules/XC/FastLaneCheckout/sections/shipping/note.twig',NULL,NULL,'',0,0,0),(9678,NULL,'checkout_fastlane.sections.shipping.left','customer','',10,'modules/XC/FastLaneCheckout/sections/shipping/email.twig',NULL,NULL,'',0,0,0),(9679,NULL,'checkout_fastlane.header.left','customer','',10,'modules/XC/FastLaneCheckout/checkout_fastlane/header/title.twig',NULL,NULL,'',0,0,0),(9681,NULL,'checkout_fastlane.header.right','customer','',10,'modules/XC/FastLaneCheckout/checkout_fastlane/header/navigation.twig',NULL,NULL,'',0,0,0),(9682,NULL,'checkout_fastlane','customer','',10,'modules/XC/FastLaneCheckout/checkout_fastlane/header.twig',NULL,NULL,'',0,0,0),(9683,NULL,'checkout_fastlane','customer','',20,'modules/XC/FastLaneCheckout/checkout_fastlane/sections.twig',NULL,NULL,'',0,0,0),(9684,NULL,'select-address.after','customer','',100,'modules/XC/FastLaneCheckout/select_address/add_button.twig',NULL,NULL,'',0,0,0),(9685,NULL,'checkout_fastlane.blocks.payment_methods.available','customer','',10,'modules/XC/FastLaneCheckout/blocks/payment_methods/available/payment_tpl.twig',NULL,NULL,'',0,0,0),(9686,NULL,'checkout_fastlane.blocks.address.billing.prepend','customer','',10,'modules/XC/FastLaneCheckout/blocks/address_form/address_book.twig',NULL,NULL,'',0,0,0),(9687,NULL,'checkout_fastlane.blocks.address.shipping.prepend','customer','',10,'modules/XC/FastLaneCheckout/blocks/address_form/address_book.twig',NULL,NULL,'',0,0,0),(9688,NULL,'checkout_fastlane.blocks.address.billing.email','customer','',100,'modules/XC/FastLaneCheckout/blocks/address_form/billing/address.create.twig',NULL,NULL,'',0,0,0),(9689,NULL,'checkout_fastlane.blocks.address.billing.before','customer','',10,'modules/XC/FastLaneCheckout/blocks/address_form/billing/same.twig',NULL,NULL,'',0,0,0),(9690,NULL,'checkout_fastlane.blocks.address.shipping.email','customer','',100,'modules/XC/FastLaneCheckout/blocks/address_form/shipping/address.create.twig',NULL,NULL,'',0,0,0),(9691,NULL,'checkout_fastlane.blocks.popup_address_form.billing','customer','',999,'modules/XC/FastLaneCheckout/blocks/popup_address_form/apply_to_shipping.twig',NULL,NULL,'',0,0,0),(9692,NULL,'checkout_fastlane.blocks.popup_address_form.shipping','customer','',999,'modules/XC/FastLaneCheckout/blocks/popup_address_form/apply_to_billing.twig',NULL,NULL,'',0,0,0),(9693,NULL,'NewsletterSubscriptions.footer.form-block','customer','',100,'modules/XC/NewsletterSubscriptions/form/parts/form.twig',NULL,NULL,'',0,0,0),(9694,NULL,'NewsletterSubscriptions.footer.error-block','customer','',100,'modules/XC/NewsletterSubscriptions/form/parts/error.twig',NULL,NULL,'',0,0,0),(9695,NULL,'NewsletterSubscriptions.footer.success-block','customer','',100,'modules/XC/NewsletterSubscriptions/form/parts/success.twig',NULL,NULL,'',0,0,0),(9697,NULL,'product.reviews.tab','customer','',500,'modules/XC/Reviews/reviews_tab/parts/tab.all_reviews_link.twig',NULL,NULL,'',0,0,0),(9698,NULL,'reviews.product.rating.form.content','customer','',100,'modules/XC/Reviews/average_rating/rating.twig',NULL,NULL,'',0,0,0),(9699,NULL,'reviews.page.rating','customer','',200,'modules/XC/Reviews/average_rating/text.twig',NULL,NULL,'',0,0,0),(9700,NULL,'reviews.tooltip.rating','customer','',200,'modules/XC/Reviews/average_rating/text.twig',NULL,NULL,'',0,0,0),(9701,NULL,'reviews.page.rating','customer','',200,'modules/XC/Reviews/average_rating/separator.twig',NULL,NULL,'',0,0,0),(9702,NULL,'reviews.page.rating','customer','',300,'modules/XC/Reviews/average_rating/details.twig',NULL,NULL,'',0,0,0),(9703,NULL,'reviews.rating.details','customer','',200,'modules/XC/Reviews/average_rating/details.twig',NULL,NULL,'',0,0,0),(9704,NULL,'reviews.product.rating','customer','',100,'modules/XC/Reviews/average_rating/form.twig',NULL,NULL,'',0,0,0),(9706,NULL,'reviews.tab.rating','customer','',200,'modules/XC/Reviews/average_rating/form.twig',NULL,NULL,'',0,0,0),(9709,NULL,'reviews.general','customer','',20,'modules/XC/Reviews/button/add_review.twig',NULL,NULL,'',0,0,0),(9710,NULL,'review.add.fields','customer','',400,'modules/XC/Reviews/review/parts/field.review.twig',NULL,NULL,'',0,0,0),(9711,NULL,'review.add.buttons','customer','',500,'modules/XC/Reviews/review/parts/buttons.twig',NULL,NULL,'',0,0,0),(9712,NULL,'review.add.fields','customer','',100,'modules/XC/Reviews/review/parts/field.rating.twig',NULL,NULL,'',0,0,0),(9713,NULL,'review.add.fields','customer','',300,'modules/XC/Reviews/review/parts/field.email.twig',NULL,NULL,'',0,0,0),(9714,NULL,'review.add.fields','customer','',200,'modules/XC/Reviews/review/parts/field.reviewer_name.twig',NULL,NULL,'',0,0,0),(9715,NULL,'reviews.review','customer','',200,'modules/XC/Reviews/reviews_page/parts/review.rating.twig',NULL,NULL,'',0,0,0),(9716,NULL,'product.reviews.page','customer','',100,'modules/XC/Reviews/reviews_page/parts/page.product.twig',NULL,NULL,'',0,0,0),(9717,NULL,'reviews.review','customer','',300,'modules/XC/Reviews/reviews_page/parts/review.text.twig',NULL,NULL,'',0,0,0),(9718,NULL,'reviews.review.response','customer','',300,'modules/XC/Reviews/reviews_page/parts/response.text.twig',NULL,NULL,'',0,0,0),(9719,NULL,'reviews.review','customer','',100,'modules/XC/Reviews/reviews_page/parts/review.title.twig',NULL,NULL,'',0,0,0),(9720,NULL,'reviews.review.title','customer','',100,'modules/XC/Reviews/reviews_page/parts/title.left.twig',NULL,NULL,'',0,0,0),(9721,NULL,'product.reviews.page','customer','',300,'modules/XC/Reviews/reviews_page/parts/page.reviews_list.twig',NULL,NULL,'',0,0,0),(9722,NULL,'reviews.review.response','customer','',100,'modules/XC/Reviews/reviews_page/parts/response.title.twig',NULL,NULL,'',0,0,0),(9723,NULL,'reviews.review','customer','',500,'modules/XC/Reviews/reviews_page/parts/review.response.twig',NULL,NULL,'',0,0,0),(9724,NULL,'product.details.page.info','customer','',105,'modules/XC/CustomProductTabs/product/brief_info.twig',NULL,NULL,'',0,0,0),(9725,NULL,'checkout.review.selected.placeOrder','customer','',350,'modules/XC/MailChimp/model/profile/subscriptions_list.twig',NULL,NULL,'',0,0,0),(9726,NULL,'checkout_fastlane.sections.place-order.before','customer','',100,'modules/XC/MailChimp/model/profile/subscriptions_list.twig',NULL,NULL,'',0,0,0),(9727,NULL,'checkout.review.selected.items','customer','',2000,'modules/XC/MailChimp/model/profile/subscriptions_list.twig',NULL,NULL,'',0,0,0),(9728,NULL,'product.stock.info','customer','',20,'modules/XC/FreeShipping/free_ship.label.twig',NULL,NULL,'',0,0,0),(9729,NULL,'checkout_fastlane','customer','',5,'modules/XC/FacebookMarketing/checkout/initiate_checkout_data.twig',NULL,NULL,'',0,0,0),(9730,NULL,'checkout.main','customer','',5,'modules/XC/FacebookMarketing/checkout/initiate_checkout_data.twig',NULL,NULL,'',0,0,0),(9731,NULL,'itemsList.newsMessages.customer.top.row','customer','',200,'modules/XC/News/top_news_messages/list/parts/cell.name.twig',NULL,NULL,'',0,0,0),(9732,NULL,'itemsList.newsMessages.customer.top.row','customer','',100,'modules/XC/News/top_news_messages/list/parts/cell.date.twig',NULL,NULL,'',0,0,0),(9733,NULL,'itemsList.newsMessages.customer.top.row','customer','',250,'modules/XC/News/top_news_messages/list/parts/cell.brief.twig',NULL,NULL,'',0,0,0),(9734,NULL,'itemsList.newsMessages.customer.center.row','customer','',200,'modules/XC/News/news_messages/list/parts/cell.name.twig',NULL,NULL,'',0,0,0),(9735,NULL,'itemsList.newsMessages.customer.center.row','customer','',100,'modules/XC/News/news_messages/list/parts/cell.date.twig',NULL,NULL,'',0,0,0),(9736,NULL,'itemsList.newsMessages.customer.center.row','customer','',250,'modules/XC/News/news_messages/list/parts/cell.brief.twig',NULL,NULL,'',0,0,0),(9737,NULL,'newsMessage.details','customer','',300,'modules/XC/News/page/news_message/parts/body.twig',NULL,NULL,'',0,0,0),(9738,NULL,'newsMessage.details','customer','',200,'modules/XC/News/page/news_message/parts/date.twig',NULL,NULL,'',0,0,0),(9739,NULL,'newsMessage.details','customer','',400,'modules/XC/News/page/news_message/parts/link.twig',NULL,NULL,'',0,0,0),(9740,NULL,'invoice.item.name','customer','',100,'modules/XPay/XPaymentsCloud/order/invoice/parts/item.subscription.twig',NULL,NULL,'',0,0,0),(9741,NULL,'product.details.page.info.form.buttons-added.cart-buttons','customer','',124,'modules/XPay/XPaymentsCloud/product/details/parts/buy_with_wallet_price_update_view.twig',NULL,NULL,'',0,0,0),(9742,NULL,'product.details.quicklook.info.form.buttons-added.cart-buttons','customer','',124,'modules/XPay/XPaymentsCloud/product/details/parts/buy_with_wallet_price_update_view.twig',NULL,NULL,'',0,0,0),(9743,NULL,'product.details.page.info.form.buttons.cart-buttons','customer','',124,'modules/XPay/XPaymentsCloud/product/details/parts/buy_with_wallet_price_update_view.twig',NULL,NULL,'',0,0,0),(9744,NULL,'product.details.quicklook.info.form.buttons.cart-buttons','customer','',124,'modules/XPay/XPaymentsCloud/product/details/parts/buy_with_wallet_price_update_view.twig',NULL,NULL,'',0,0,0),(9745,NULL,'product.details.page.info.form.buttons-added.cart-buttons','customer','',127,'modules/XPay/XPaymentsCloud/product/details/parts/buy_apple_pay_view.twig',NULL,NULL,'',0,0,0),(9746,NULL,'product.details.quicklook.info.form.buttons-added.cart-buttons','customer','',127,'modules/XPay/XPaymentsCloud/product/details/parts/buy_apple_pay_view.twig',NULL,NULL,'',0,0,0),(9747,NULL,'product.details.page.info.form.buttons.cart-buttons','customer','',127,'modules/XPay/XPaymentsCloud/product/details/parts/buy_apple_pay_view.twig',NULL,NULL,'',0,0,0),(9748,NULL,'product.details.quicklook.info.form.buttons.cart-buttons','customer','',127,'modules/XPay/XPaymentsCloud/product/details/parts/buy_apple_pay_view.twig',NULL,NULL,'',0,0,0),(9749,NULL,'product.details.page.info.form.buttons-added.cart-buttons','customer','',131,'modules/XPay/XPaymentsCloud/product/details/parts/buy_google_pay_view.twig',NULL,NULL,'',0,0,0),(9750,NULL,'product.details.quicklook.info.form.buttons-added.cart-buttons','customer','',131,'modules/XPay/XPaymentsCloud/product/details/parts/buy_google_pay_view.twig',NULL,NULL,'',0,0,0),(9751,NULL,'product.details.page.info.form.buttons.cart-buttons','customer','',131,'modules/XPay/XPaymentsCloud/product/details/parts/buy_google_pay_view.twig',NULL,NULL,'',0,0,0),(9752,NULL,'product.details.quicklook.info.form.buttons.cart-buttons','customer','',131,'modules/XPay/XPaymentsCloud/product/details/parts/buy_google_pay_view.twig',NULL,NULL,'',0,0,0),(9753,NULL,'product.details.page.info','customer','',1000,'modules/XPay/XPaymentsCloud/product/details/parts/buy_with_wallet_form.twig',NULL,NULL,'',0,0,0),(9754,NULL,'product.plain_price.tail.xpayments_subscription_info.text','customer','',100,'modules/XPay/XPaymentsCloud/details/setup_fee.twig',NULL,NULL,'',0,0,0),(9755,NULL,'product.plain_price.tail.xpayments_subscription_info.text','customer','',200,'modules/XPay/XPaymentsCloud/details/subscription_fee.twig',NULL,NULL,'',0,0,0),(9756,NULL,'product.plain_price.tail.xpayments_subscription_info.text','customer','',300,'modules/XPay/XPaymentsCloud/details/description.twig',NULL,NULL,'',0,0,0),(9757,NULL,'product.plain_price.tail.xpayments_subscription_info.text','customer','',400,'modules/XPay/XPaymentsCloud/details/totalPayments.twig',NULL,NULL,'',0,0,0),(9758,NULL,'product.plain_price','customer','',100,'modules/XPay/XPaymentsCloud/details/trial_period.twig',NULL,NULL,'',0,0,0),(9759,NULL,'product.plain_price_only','customer','',100,'modules/XPay/XPaymentsCloud/details/trial_period.twig',NULL,NULL,'',0,0,0),(9760,NULL,'cart.item.info','customer','',20,'modules/XPay/XPaymentsCloud/shopping_cart/parts/item.info.subscription.twig',NULL,NULL,'',0,0,0),(9761,NULL,'cart.item.info.xpayments_subscription','customer','',100,'modules/XPay/XPaymentsCloud/shopping_cart/parts/subscription/setup_fee.twig',NULL,NULL,'',0,0,0),(9762,NULL,'cart.item.info.xpayments_subscription','customer','',200,'modules/XPay/XPaymentsCloud/shopping_cart/parts/subscription/subscription_fee.twig',NULL,NULL,'',0,0,0),(9763,NULL,'cart.item.info.xpayments_subscription','customer','',300,'modules/XPay/XPaymentsCloud/shopping_cart/parts/subscription/description.twig',NULL,NULL,'',0,0,0),(9764,NULL,'cart.item.info.xpayments_subscription','customer','',400,'modules/XPay/XPaymentsCloud/shopping_cart/parts/subscription/totalPayments.twig',NULL,NULL,'',0,0,0),(9765,NULL,'cart.item.info.xpayments_subscription','customer','',500,'modules/XPay/XPaymentsCloud/shopping_cart/parts/subscription/trial_period.twig',NULL,NULL,'',0,0,0),(9766,NULL,'xpayments.button.checkoutWithApplePay','customer','',10,'modules/XPay/XPaymentsCloud/button/checkout_wallet.form.twig',NULL,NULL,'',0,0,0),(9767,NULL,'xpayments.button.checkoutWithGooglePay','customer','',10,'modules/XPay/XPaymentsCloud/button/checkout_wallet.form.twig',NULL,NULL,'',0,0,0),(9768,NULL,'xpayments.button.checkoutWithGooglePay','customer','',10,'modules/XPay/XPaymentsCloud/button/checkout_google_pay.button.twig',NULL,NULL,'',0,0,0),(9769,NULL,'xpayments.button.buyWithGooglePay','customer','',10,'modules/XPay/XPaymentsCloud/button/checkout_google_pay.button.twig',NULL,NULL,'',0,0,0),(9770,NULL,'xpayments.button.checkoutWithApplePay','customer','',10,'modules/XPay/XPaymentsCloud/button/checkout_apple_pay.button.twig',NULL,NULL,'',0,0,0),(9771,NULL,'xpayments.button.buyWithApplePay','customer','',10,'modules/XPay/XPaymentsCloud/button/checkout_apple_pay.button.twig',NULL,NULL,'',0,0,0),(9772,NULL,'product.plain_price.tail','customer','',30,'modules/XPay/XPaymentsCloud/details.twig',NULL,NULL,'',0,0,0),(9773,NULL,'itemsList.product.grid.customer.header','customer','',100,'modules/QSL/CloudSearch/cloud_filters/items_list/product/parts/common.filters.twig',NULL,NULL,'',0,0,0),(9774,NULL,'itemsList.product.list.customer.header','customer','',100,'modules/QSL/CloudSearch/cloud_filters/items_list/product/parts/common.filters.twig',NULL,NULL,'',0,0,0),(9775,NULL,'itemsList.product.table.customer.header','customer','',100,'modules/QSL/CloudSearch/cloud_filters/items_list/product/parts/common.filters.twig',NULL,NULL,'',0,0,0),(9776,NULL,'itemsList.product.grid.customer.recently.info','customer','',100,'modules/CDev/ProductAdvisor/parts/info.twig',NULL,NULL,'',0,0,0),(9777,NULL,'itemsList.product.text_links.customer.recently.info','customer','',100,'modules/CDev/ProductAdvisor/parts/info_textlinks.twig',NULL,NULL,'',0,0,0),(9780,NULL,'cart.item.info','customer','',1000,'modules/CDev/Coupons/item.freeship.twig',NULL,NULL,'',0,0,0),(9781,NULL,'static_page.info','customer','',100,'modules/CDev/SimpleCMS/page/parts/content.twig',NULL,NULL,'',0,0,0),(9782,NULL,'customer.signin','customer','',100,'modules/CDev/SocialLogin/signin/signin.social.twig',NULL,NULL,'',0,0,0),(9784,NULL,'social.login','customer','',100,'modules/CDev/SocialLogin/parts/social_login.widget.twig',NULL,NULL,'',0,0,0),(9785,NULL,'social.login.buttons','customer','',1,'modules/CDev/SocialLogin/parts/social_login.caption.twig',NULL,NULL,'',0,0,0),(9786,NULL,'social.login','customer','',150,'modules/CDev/SocialLogin/parts/social_login.after.twig',NULL,NULL,'',0,0,0),(9787,NULL,'social.login','customer','',50,'modules/CDev/SocialLogin/parts/social_login.before.twig',NULL,NULL,'',0,0,0),(9788,NULL,'product.details.page.info.form.buttons-added.cart-buttons','customer','',150,'modules/CDev/Paypal/product/details/parts/express_checkout.twig',NULL,NULL,'',0,0,0),(9789,NULL,'product.details.quicklook.info.form.buttons-added.cart-buttons','customer','',150,'modules/CDev/Paypal/product/details/parts/express_checkout.twig',NULL,NULL,'',0,0,0),(9790,NULL,'product.details.page.info.form.buttons.cart-buttons','customer','',150,'modules/CDev/Paypal/product/details/parts/express_checkout.twig',NULL,NULL,'',0,0,0),(9791,NULL,'product.details.quicklook.info.form.buttons.cart-buttons','customer','',150,'modules/CDev/Paypal/product/details/parts/express_checkout.twig',NULL,NULL,'',0,0,0),(9792,NULL,'product.details.page.info.form.buttons-added.cart-buttons','customer','',150,'modules/CDev/Paypal/product/details/parts/paypal_commerce_platform.twig',NULL,NULL,'',0,0,0),(9793,NULL,'product.details.quicklook.info.form.buttons-added.cart-buttons','customer','',150,'modules/CDev/Paypal/product/details/parts/paypal_commerce_platform.twig',NULL,NULL,'',0,0,0),(9794,NULL,'product.details.page.info.form.buttons.cart-buttons','customer','',150,'modules/CDev/Paypal/product/details/parts/paypal_commerce_platform.twig',NULL,NULL,'',0,0,0),(9795,NULL,'product.details.quicklook.info.form.buttons.cart-buttons','customer','',150,'modules/CDev/Paypal/product/details/parts/paypal_commerce_platform.twig',NULL,NULL,'',0,0,0),(9796,NULL,'add2cart_popup.item.buttons','customer','',300,'modules/CDev/Paypal/add2cart_popup/express_checkout.twig',NULL,NULL,'',0,0,0),(9797,NULL,'center','customer','',10,'modules/CDev/Paypal/banner/homePage/aboveProducts.twig',NULL,NULL,'',0,0,0),(9798,NULL,'center.bottom','customer','',99999,'modules/CDev/Paypal/banner/homePage/belowProducts.twig',NULL,NULL,'',0,0,0),(9799,NULL,'cart.panel','customer','',15,'modules/CDev/Paypal/banner/cartPage/nearCheckoutButton.twig',NULL,NULL,'',0,0,0),(9800,NULL,'center.top','customer','',100,'modules/CDev/Paypal/banner/categoryPages/aboveProducts.twig',NULL,NULL,'',0,0,0),(9801,NULL,'center.bottom','customer','',99999,'modules/CDev/Paypal/banner/categoryPages/belowProducts.twig',NULL,NULL,'',0,0,0),(9802,NULL,'product.details.page.info','customer','',105,'modules/CDev/Paypal/banner/ProductDetailsPages/nearAddToCartButton.twig',NULL,NULL,'',0,0,0),(9803,NULL,'itemsList.product.list.customer.info','customer','',1300,'modules/CDev/Paypal/item_list/product/parts/express_checkout.twig',NULL,NULL,'',0,0,0),(9804,NULL,'itemsList.product.list.customer.info','customer','',1300,'modules/CDev/Paypal/item_list/product/parts/paypal_commerce_platform.twig',NULL,NULL,'',0,0,0),(9806,NULL,'customer.signin','customer','',100,'modules/CDev/Paypal/login/signin/signin.paypal.twig',NULL,NULL,'',0,0,0),(9807,NULL,'customer.account.details.before','customer','',100,'modules/CDev/Paypal/login/signin/signin.paypal.twig',NULL,NULL,'',0,0,0),(9808,NULL,'cart.panel.totals','customer','',38,'modules/CDev/Paypal/ppcm_banner/cart_page.twig',NULL,NULL,'',0,0,0),(9809,NULL,'checkout.review.selected.items','customer','',70,'modules/CDev/Paypal/ppcm_banner/opc_checkout_page.twig',NULL,NULL,'',0,0,0),(9810,NULL,'cart.panel','customer','',5,'modules/CDev/Paypal/ppcm_banner/ppcm_amount_parts/cart-total.twig',NULL,NULL,'',0,0,0),(9811,NULL,'checkout.review.selected.items','customer','',10,'modules/CDev/Paypal/ppcm_banner/ppcm_amount_parts/checkout-total.twig',NULL,NULL,'',0,0,0),(9812,NULL,'checkout.review.inactive.items','customer','',10,'modules/CDev/Paypal/ppcm_banner/ppcm_amount_parts/checkout-total.twig',NULL,NULL,'',0,0,0),(9813,NULL,'product.plain_price.head','customer','',5,'modules/CDev/Paypal/ppcm_banner/ppcm_amount_parts/product-price.twig',NULL,NULL,'',0,0,0),(9814,NULL,'product.details.page.info','customer','',45,'modules/CDev/Paypal/ppcm_banner/product_page.twig',NULL,NULL,'',0,0,0),(9815,NULL,'checkout_fastlane.sections.details.right','customer','',18,'modules/CDev/Paypal/ppcm_banner/flc_checkout_page.twig',NULL,NULL,'',0,0,0),(9816,NULL,'product.plain_price.before','customer','',40,'modules/CDev/Sale/label.twig',NULL,NULL,'',0,0,0),(9817,NULL,'product.plain_price.before','customer','',15,'modules/CDev/Sale/details/label.twig',NULL,NULL,'',0,0,0),(9818,NULL,'product.plain_price.before.sale_price.text','customer','',100,'modules/CDev/Sale/details/sale_price.twig',NULL,NULL,'',0,0,0),(9819,NULL,'product.plain_price.before.sale_price.text','customer','',200,'modules/CDev/Sale/details/you_save.twig',NULL,NULL,'',0,0,0),(9820,NULL,'product.details.quicklook.info','customer','',20,'modules/CDev/GoogleAnalytics/quick-look-data.twig',NULL,NULL,'',0,0,0),(9821,NULL,'itemsList.product.grid.customer.info','customer','',20,'modules/CDev/GoogleAnalytics/impression-block.twig',NULL,NULL,'',0,0,0),(9822,NULL,'itemsList.product.list.customer.info','customer','',20,'modules/CDev/GoogleAnalytics/impression-block.twig',NULL,NULL,'',0,0,0),(9823,NULL,'itemsList.product.small_thumbnails.customer.details','customer','',20,'modules/CDev/GoogleAnalytics/impression-block.twig',NULL,NULL,'',0,0,0),(9824,NULL,'itemsList.product.big_thumbnails.customer.info','customer','',200,'modules/CDev/GoogleAnalytics/impression-block.twig',NULL,NULL,'',0,0,0),(9825,NULL,'itemsList.product.text_links.customer.info','customer','',100,'modules/CDev/GoogleAnalytics/impression-block.twig',NULL,NULL,'',0,0,0),(9826,NULL,'itemsList.product.table.customer.add2cart','customer','',10,'modules/CDev/GoogleAnalytics/impression-block.twig',NULL,NULL,'',0,0,0),(9827,NULL,'productBlock.info','customer','',200,'modules/CDev/GoogleAnalytics/impression-block.twig',NULL,NULL,'',0,0,0),(9828,NULL,'itemsList.product.grid.customer.recently.info','customer','',10,'modules/CDev/GoogleAnalytics/impression-block.twig',NULL,NULL,'',0,0,0),(9829,NULL,'static_page.info','customer','',100000,'modules/CDev/GoSocial/page/parts/share.twig',NULL,NULL,'',0,0,0),(9831,NULL,'minicart.horizontal.buttons','customer','',10,'mini_cart/horizontal/parts/checkout.twig',NULL,NULL,'',0,0,0),(9833,NULL,'minicart.horizontal.children','customer','',5,'mini_cart/horizontal/parts/link.twig',NULL,NULL,'',0,0,0),(9834,NULL,'minicart.horizontal.buttons','customer','',20,'mini_cart/horizontal/parts/disabled_reason.twig',NULL,NULL,'',0,0,0),(9835,NULL,'minicart.horizontal.buttons','customer','',5,'mini_cart/horizontal/parts/cart.twig',NULL,NULL,'',0,0,0),(9836,NULL,'footer','customer','',100,'footer/parts/css_aggregation.twig',NULL,NULL,'',0,0,0),(9837,NULL,'invoice.base.totals.after','pdf','',20,'order/invoice/parts/totals.includedModifiers.twig',NULL,NULL,'',0,0,0),(9838,NULL,'invoice.item','pdf','',20,'order/invoice/parts/items/item.price.twig',NULL,NULL,'',0,0,0),(9839,NULL,'invoice.item','pdf','',40,'order/invoice/parts/items/item.total.twig',NULL,NULL,'',0,0,0),(9840,NULL,'minicart.horizontal.item.name','customer','XLite\\View\\MinicartAttributeValues',10,'',NULL,NULL,'',0,0,0),(9841,NULL,'product.details.page.image','customer','XLite\\View\\Product\\Details\\Customer\\PhotoBox',5,'',NULL,NULL,'',0,0,0),(9842,NULL,'product.details.page','customer','XLite\\View\\Product\\Details\\Customer\\Gallery',15,'',NULL,NULL,'',0,0,0),(9843,NULL,'product.details.quicklook','customer','XLite\\View\\Product\\Details\\Customer\\Gallery',15,'',NULL,NULL,'',0,0,0),(9844,NULL,'layout.main','customer','XLite\\View\\BannerRotation\\BannerRotation',350,'',NULL,NULL,'',0,0,0),(9845,NULL,'checkout.review.selected','customer','XLite\\Module\\CDev\\Coupons\\View\\CartCoupons',200,'',NULL,NULL,'',0,0,0),(9846,NULL,'layout.main.footer.before','customer','XLite\\Module\\XC\\NewsletterSubscriptions\\View\\SubscribeBlock',10,'',NULL,NULL,'',0,0,0),(9847,NULL,'customer.signin.popup.fields','customer','',500,'authorization/parts/field.links.twig',NULL,NULL,'',0,0,0),(9848,NULL,'center.top','customer','',1000,'layout/content/main.location.twig',NULL,NULL,'',0,0,0),(9849,NULL,'product.details.page.info','customer','',5,'layout/content/product.location.twig',NULL,NULL,'',0,0,0),(9850,NULL,'layout.header','customer','',300,'layout/header/top_menu.twig',NULL,NULL,'',0,0,0),(9851,NULL,'layout.header','customer','',350,'layout/header/header.right.twig',NULL,NULL,'',0,0,0),(9852,NULL,'layout.header.bar','customer','',50,'layout/header/header.bar.search.twig',NULL,NULL,'',0,0,0),(9853,NULL,'layout.header.right.mobile','customer','',1100,'layout/header/header.bar.checkout.logos.twig',NULL,NULL,'',0,0,0),(9854,NULL,'layout.header.mobile.menu','customer','',2000,'layout/header/mobile_header_parts/slidebar_menu.twig',NULL,NULL,'',0,0,0),(9855,NULL,'itemsList.product.small_thumbnails.customer.info.photo','customer','',30,'items_list/product/parts/common.labels.twig',NULL,NULL,'',0,0,0),(9856,NULL,'product.details.quicklook.image','customer','',17,'items_list/product/parts/common.labels.twig',NULL,NULL,'',0,0,0),(9857,NULL,'cart.item','customer','',100,'shopping_cart/parts/item.remove.twig',NULL,NULL,'',0,0,0),(9858,NULL,'cart.item.info','customer','',15,'shopping_cart/parts/item.info.weight.twig',NULL,NULL,'',0,0,0),(9859,NULL,'itemsList.product.grid.customer.info','customer','',50,'product/details/stock/label.twig',NULL,NULL,'',0,0,0),(9860,NULL,'itemsList.product.list.customer.info','customer','',50,'product/details/stock/label.twig',NULL,NULL,'',0,0,0),(9861,NULL,'itemsList.product.grid.customer.header','customer','',10,'items_list/product/parts/common.sort-options.twig',NULL,NULL,'',0,0,0),(9862,NULL,'itemsList.product.list.customer.header','customer','',10,'items_list/product/parts/common.sort-options.twig',NULL,NULL,'',0,0,0),(9863,NULL,'itemsList.product.table.customer.header','customer','',10,'items_list/product/parts/common.sort-options.twig',NULL,NULL,'',0,0,0),(9864,NULL,'itemsList.product.grid.customer.header','customer','',20,'items_list/product/parts/common.display-modes.twig',NULL,NULL,'',0,0,0),(9865,NULL,'itemsList.product.list.customer.header','customer','',20,'items_list/product/parts/common.display-modes.twig',NULL,NULL,'',0,0,0),(9866,NULL,'itemsList.product.table.customer.header','customer','',20,'items_list/product/parts/common.display-modes.twig',NULL,NULL,'',0,0,0),(9867,NULL,'itemsList.product.grid.customer.mainBlock','customer','',200,'items_list/product/parts/common.product-name.twig',NULL,NULL,'',0,0,0),(9868,NULL,'itemsList.product.list.customer.info','customer','',20,'items_list/product/center/list/parts/common.product-name.twig',NULL,NULL,'',0,0,0),(9869,NULL,'itemsList.product.grid.customer.mainBlock','customer','',100,'items_list/product/parts/grid.photo.twig',NULL,NULL,'',0,0,0),(9870,NULL,'itemsList.product.grid.customer.mainBlock.photo','customer','',10,'items_list/product/parts/common.product-thumbnail.twig',NULL,NULL,'',0,0,0),(9871,NULL,'itemsList.product.grid.customer.marks','customer','',100,'items_list/product/parts/common.added-mark.twig',NULL,NULL,'',0,0,0),(9872,NULL,'itemsList.product.list.customer.marks','customer','',100,'items_list/product/parts/common.added-mark.twig',NULL,NULL,'',0,0,0),(9873,NULL,'itemsList.product.table.customer.marks','customer','',100,'items_list/product/parts/common.added-mark.twig',NULL,NULL,'',0,0,0),(9874,NULL,'product.details.page.image.photo','customer','',100,'product/details/parts/common.loupe.twig',NULL,NULL,'',0,0,0),(9875,NULL,'product.details.page.info','customer','',19,'product/details/parts/common.briefDescription.twig',NULL,NULL,'',0,0,0),(9876,NULL,'product.details.page.info','customer','',35,'product/details/parts/common.product-editable-attributes.twig',NULL,NULL,'',0,0,0),(9877,NULL,'product.details.quicklook.info','customer','',30,'product/details/parts/common.product-editable-attributes.twig',NULL,NULL,'',0,0,0),(9878,NULL,'product.details.quicklook.image','customer','',30,'product/details/parts/common.more-info-link.twig',NULL,NULL,'',0,0,0),(9879,NULL,'itemsList.product.grid.customer.buttons','customer','',100,'items_list/product/parts/grid.button-add2cart-wrapper.twig',NULL,NULL,'',0,0,0),(9880,NULL,'checkout.payment.address.before','customer','',10,'checkout/steps/shipping/parts/address.billing.same.twig',NULL,NULL,'',0,0,0),(9881,NULL,'product.details.page.image','customer','',20,'modules/CDev/GoSocial/product/details/parts/common.share.twig',NULL,NULL,'',0,0,0),(9882,NULL,'product.details.page.info','customer','',16,'modules/CDev/ProductAdvisor/product/details/parts/common.coming_soon.twig',NULL,NULL,'',0,0,0),(9883,NULL,'product.details.quicklook.info','customer','',16,'modules/CDev/ProductAdvisor/product/details/parts/common.coming_soon.twig',NULL,NULL,'',0,0,0),(9884,NULL,'itemsList.product.grid.customer.info','customer','',27,'modules/CDev/ProductAdvisor/expected.twig',NULL,NULL,'',0,0,0),(9885,NULL,'itemsList.product.list.customer.info','customer','',33,'modules/CDev/ProductAdvisor/expected.twig',NULL,NULL,'',0,0,0),(9886,NULL,'itemsList.product.grid.customer.info','customer','',26,'modules/XC/Reviews/product.items_list.rating.twig',NULL,NULL,'',0,0,0),(9887,NULL,'itemsList.product.list.customer.info','customer','',35,'modules/XC/Reviews/product.items_list.rating.twig',NULL,NULL,'',0,0,0),(9888,NULL,'product.details.quicklook.image','customer','',20,'modules/XC/Reviews/product_details.rating.twig',NULL,NULL,'',0,0,0),(9889,NULL,'product.details.page.info','customer','',18,'modules/XC/Reviews/product_details.rating.twig',NULL,NULL,'',0,0,0),(9890,NULL,'reviews.page.rating','customer','',100,'modules/XC/Reviews/reviews_page/parts/average_rating.form.twig',NULL,NULL,'',0,0,0),(9891,NULL,'signin.main','customer','',20,'modules/CDev/SocialLogin/signin/signin.checkout.social.twig',NULL,NULL,'',0,0,0),(9892,NULL,'signin.main','customer','',30,'modules/Amazon/PayWithAmazon/login/signin/signin.checkout.twig',NULL,NULL,'',0,0,0),(9893,NULL,'signin.main','customer','',40,'modules/CDev/Paypal/login/signin/signin.checkout.paypal.twig',NULL,NULL,'',0,0,0),(9894,NULL,'itemsList.product.grid.customer.info','customer','',1100,'items_list/product/parts/grid.buttons-container.twig',NULL,NULL,'',0,0,0),(9895,NULL,'checkout_fastlane.header.top','customer','XLite\\View\\AllInOneSolutions',100,'',NULL,NULL,'',0,0,0),(9896,NULL,'checkout_fastlane.header.top','customer','',100,'layout/header/header.bar.checkout.logos.twig',NULL,NULL,'',0,0,0);

--
-- Table structure for table `xc_volume_discounts`
--

CREATE TABLE `xc_volume_discounts` (
  `id` int(10) unsigned NOT NULL AUTO_INCREMENT,
  `membership_id` int(10) unsigned DEFAULT NULL,
  `value` decimal(14,4) NOT NULL,
  `type` char(1) COLLATE utf8mb4_unicode_ci NOT NULL,
  `subtotalRangeBegin` decimal(14,4) NOT NULL,
  `dateRangeBegin` int(10) unsigned NOT NULL,
  `dateRangeEnd` int(10) unsigned NOT NULL,
  PRIMARY KEY (`id`),
  KEY `IDX_7432BEED1FB354CD` (`membership_id`),
  KEY `date_range` (`dateRangeBegin`,`dateRangeEnd`),
  KEY `subtotal` (`subtotalRangeBegin`),
  CONSTRAINT `FK_7432BEED1FB354CD` FOREIGN KEY (`membership_id`) REFERENCES `xc_memberships` (`membership_id`) ON DELETE CASCADE
) ENGINE=InnoDB DEFAULT CHARSET=utf8mb4 COLLATE=utf8mb4_unicode_ci;

--
-- Dumping data for table `xc_volume_discounts`
--


--
-- Table structure for table `xc_xpayments_bulk_operations`
--

CREATE TABLE `xc_xpayments_bulk_operations` (
  `order_id` int(11) NOT NULL COMMENT 'Order id',
  `operation` varchar(20) COLLATE utf8mb4_unicode_ci NOT NULL COMMENT 'Order operation code',
  `xpaymentsId` varchar(32) COLLATE utf8mb4_unicode_ci NOT NULL COMMENT 'XPID',
  `status` varchar(20) COLLATE utf8mb4_unicode_ci NOT NULL COMMENT 'Order operation status',
  `batchId` varchar(32) COLLATE utf8mb4_unicode_ci NOT NULL COMMENT 'Batch operation ID',
  PRIMARY KEY (`order_id`,`xpaymentsId`,`operation`)
) ENGINE=InnoDB DEFAULT CHARSET=utf8mb4 COLLATE=utf8mb4_unicode_ci;

--
-- Dumping data for table `xc_xpayments_bulk_operations`
--


--
-- Table structure for table `xc_xpayments_fraud_check_data`
--

CREATE TABLE `xc_xpayments_fraud_check_data` (
  `id` int(10) unsigned NOT NULL AUTO_INCREMENT,
  `transaction_id` int(11) DEFAULT NULL,
  `code` varchar(255) COLLATE utf8mb4_unicode_ci NOT NULL,
  `service` varchar(255) COLLATE utf8mb4_unicode_ci NOT NULL,
  `module` varchar(255) COLLATE utf8mb4_unicode_ci NOT NULL DEFAULT '',
  `result` int(11) NOT NULL,
  `status` varchar(255) COLLATE utf8mb4_unicode_ci NOT NULL,
  `score` int(11) NOT NULL,
  `message` varchar(255) COLLATE utf8mb4_unicode_ci NOT NULL,
  `serviceTransactionId` varchar(255) COLLATE utf8mb4_unicode_ci NOT NULL,
  `url` varchar(255) COLLATE utf8mb4_unicode_ci NOT NULL,
  `errors` varchar(255) COLLATE utf8mb4_unicode_ci NOT NULL,
  `warnings` varchar(255) COLLATE utf8mb4_unicode_ci NOT NULL,
  `rules` varchar(255) COLLATE utf8mb4_unicode_ci NOT NULL,
  `data` varchar(255) COLLATE utf8mb4_unicode_ci NOT NULL,
  PRIMARY KEY (`id`),
  KEY `IDX_5A8F75F22FC0CB0F` (`transaction_id`),
  CONSTRAINT `FK_5A8F75F22FC0CB0F` FOREIGN KEY (`transaction_id`) REFERENCES `xc_payment_transactions` (`transaction_id`)
) ENGINE=InnoDB DEFAULT CHARSET=utf8mb4 COLLATE=utf8mb4_unicode_ci;

--
-- Dumping data for table `xc_xpayments_fraud_check_data`
--


--
-- Table structure for table `xc_xpayments_subscription_plans`
--

CREATE TABLE `xc_xpayments_subscription_plans` (
  `id` int(10) unsigned NOT NULL AUTO_INCREMENT COMMENT 'Unique id',
  `isSubscription` tinyint(1) NOT NULL COMMENT 'Is the product a subscription plan',
  `setupFee` decimal(14,4) NOT NULL COMMENT 'Setup fee for the plan(DC2Type:money)',
  `calculateShipping` tinyint(1) NOT NULL COMMENT 'Whether to calculate shipping for recurring orders',
  `trialDuration` int(11) NOT NULL DEFAULT '0' COMMENT 'Trial duration (in days / weeks / months / years)',
  `trialDurationUnit` char(1) COLLATE utf8mb4_unicode_ci NOT NULL DEFAULT 'D',
  `hasTrialPeriod` tinyint(1) NOT NULL DEFAULT '0' COMMENT 'Has trial period or not',
  `fee` decimal(14,4) NOT NULL COMMENT 'Fee for the plan(DC2Type:money)',
  `type` varchar(1) COLLATE utf8mb4_unicode_ci NOT NULL,
  `number` int(11) DEFAULT NULL,
  `period` char(1) COLLATE utf8mb4_unicode_ci NOT NULL,
  `reverse` tinyint(1) NOT NULL DEFAULT '0',
  `periods` int(11) DEFAULT NULL,
  `productId` int(10) unsigned DEFAULT NULL,
  PRIMARY KEY (`id`),
  UNIQUE KEY `UNIQ_8AA6B33B36799605` (`productId`),
  CONSTRAINT `FK_8AA6B33B36799605` FOREIGN KEY (`productId`) REFERENCES `xc_products` (`product_id`)
) ENGINE=InnoDB DEFAULT CHARSET=utf8mb4 COLLATE=utf8mb4_unicode_ci;

--
-- Dumping data for table `xc_xpayments_subscription_plans`
--


--
-- Table structure for table `xc_xpayments_subscriptions`
--

CREATE TABLE `xc_xpayments_subscriptions` (
  `id` int(10) unsigned NOT NULL AUTO_INCREMENT COMMENT 'Unique id',
  `calculateShipping` tinyint(1) NOT NULL,
  `shippingId` int(11) NOT NULL,
  `xpaymentsSubscriptionPublicId` varchar(255) COLLATE utf8mb4_unicode_ci NOT NULL,
  `status` char(1) COLLATE utf8mb4_unicode_ci NOT NULL,
  `failedAttempts` int(11) DEFAULT NULL,
  `successfulAttempts` int(11) DEFAULT NULL,
  `startDate` int(11) DEFAULT NULL,
  `plannedDate` int(11) DEFAULT NULL,
  `actualDate` int(11) DEFAULT NULL,
  `cardId` varchar(16) COLLATE utf8mb4_unicode_ci DEFAULT NULL,
  `fee` decimal(14,4) NOT NULL COMMENT 'Fee for the plan(DC2Type:money)',
  `type` varchar(1) COLLATE utf8mb4_unicode_ci NOT NULL,
  `number` int(11) DEFAULT NULL,
  `period` char(1) COLLATE utf8mb4_unicode_ci NOT NULL,
  `reverse` tinyint(1) NOT NULL DEFAULT '0',
  `periods` int(11) DEFAULT NULL,
  `initialOrderItem` int(11) DEFAULT NULL,
  `shippingAddress` int(11) DEFAULT NULL,
  PRIMARY KEY (`id`),
  UNIQUE KEY `UNIQ_B2267420C59142C9` (`initialOrderItem`),
  KEY `IDX_B2267420109A74D1` (`shippingAddress`),
  CONSTRAINT `FK_B2267420109A74D1` FOREIGN KEY (`shippingAddress`) REFERENCES `xc_profile_addresses` (`address_id`),
  CONSTRAINT `FK_B2267420C59142C9` FOREIGN KEY (`initialOrderItem`) REFERENCES `xc_order_items` (`item_id`) ON DELETE CASCADE
) ENGINE=InnoDB DEFAULT CHARSET=utf8mb4 COLLATE=utf8mb4_unicode_ci;

--
-- Dumping data for table `xc_xpayments_subscriptions`
--


--
-- Table structure for table `xc_zone_coupons`
--

CREATE TABLE `xc_zone_coupons` (
  `coupon_id` int(10) unsigned NOT NULL,
  `zone_id` int(11) NOT NULL,
  PRIMARY KEY (`coupon_id`,`zone_id`),
  KEY `IDX_F0C5893566C5951B` (`coupon_id`),
  KEY `IDX_F0C589359F2C3FAB` (`zone_id`),
  CONSTRAINT `FK_F0C5893566C5951B` FOREIGN KEY (`coupon_id`) REFERENCES `xc_coupons` (`id`) ON DELETE CASCADE,
  CONSTRAINT `FK_F0C589359F2C3FAB` FOREIGN KEY (`zone_id`) REFERENCES `xc_zones` (`zone_id`) ON DELETE CASCADE
) ENGINE=InnoDB DEFAULT CHARSET=utf8mb4 COLLATE=utf8mb4_unicode_ci;

--
-- Dumping data for table `xc_zone_coupons`
--


--
-- Table structure for table `xc_zone_elements`
--

CREATE TABLE `xc_zone_elements` (
  `element_id` int(11) NOT NULL AUTO_INCREMENT,
  `zone_id` int(11) DEFAULT NULL,
  `element_value` varchar(255) COLLATE utf8mb4_unicode_ci NOT NULL,
  `element_type` char(1) COLLATE utf8mb4_unicode_ci NOT NULL,
  PRIMARY KEY (`element_id`),
  KEY `IDX_190FAB09F2C3FAB` (`zone_id`),
  KEY `type_value` (`element_type`,`element_value`),
  KEY `id_type` (`zone_id`,`element_type`),
  CONSTRAINT `FK_190FAB09F2C3FAB` FOREIGN KEY (`zone_id`) REFERENCES `xc_zones` (`zone_id`) ON DELETE CASCADE
) ENGINE=InnoDB AUTO_INCREMENT=33 DEFAULT CHARSET=utf8mb4 COLLATE=utf8mb4_unicode_ci;

--
-- Dumping data for table `xc_zone_elements`
--

INSERT INTO `xc_zone_elements` (`element_id`, `zone_id`, `element_value`, `element_type`) VALUES (1,2,'US','C'),(2,2,'VI','C'),(3,2,'UM','C'),(4,3,'CA','C'),(5,4,'AT','C'),(6,4,'BE','C'),(7,4,'BG','C'),(8,4,'HR','C'),(9,4,'CY','C'),(10,4,'CZ','C'),(11,4,'DK','C'),(12,4,'EE','C'),(13,4,'FL','C'),(14,4,'FR','C'),(15,4,'DE','C'),(16,4,'GR','C'),(17,4,'HU','C'),(18,4,'IE','C'),(19,4,'IT','C'),(20,4,'LV','C'),(21,4,'LT','C'),(22,4,'LU','C'),(23,4,'MT','C'),(24,4,'NL','C'),(25,4,'PL','C'),(26,4,'PT','C'),(27,4,'RO','C'),(28,4,'SK','C'),(29,4,'SI','C'),(30,4,'ES','C'),(31,4,'SE','C'),(32,4,'GB','C');

--
-- Table structure for table `xc_zones`
--

CREATE TABLE `xc_zones` (
  `zone_id` int(11) NOT NULL AUTO_INCREMENT,
  `zone_name` varchar(64) COLLATE utf8mb4_unicode_ci NOT NULL,
  `is_default` tinyint(1) NOT NULL,
  PRIMARY KEY (`zone_id`),
  KEY `zone_name` (`zone_name`),
  KEY `zone_default` (`is_default`)
) ENGINE=InnoDB AUTO_INCREMENT=5 DEFAULT CHARSET=utf8mb4 COLLATE=utf8mb4_unicode_ci;

--
-- Dumping data for table `xc_zones`
--

INSERT INTO `xc_zones` (`zone_id`, `zone_name`, `is_default`) VALUES (1,'All Addresses (default zone)',1),(2,'United States',0),(3,'Canada',0),(4,'Europe',0);

--
-- Table structure for table `xc_zones_volume_discounts`
--

CREATE TABLE `xc_zones_volume_discounts` (
  `volume_discount_id` int(10) unsigned NOT NULL,
  `zone_id` int(11) NOT NULL,
  PRIMARY KEY (`volume_discount_id`,`zone_id`),
  KEY `IDX_A5794E77FF3F3A82` (`volume_discount_id`),
  KEY `IDX_A5794E779F2C3FAB` (`zone_id`),
  CONSTRAINT `FK_A5794E779F2C3FAB` FOREIGN KEY (`zone_id`) REFERENCES `xc_zones` (`zone_id`) ON DELETE CASCADE,
  CONSTRAINT `FK_A5794E77FF3F3A82` FOREIGN KEY (`volume_discount_id`) REFERENCES `xc_volume_discounts` (`id`) ON DELETE CASCADE
) ENGINE=InnoDB DEFAULT CHARSET=utf8mb4 COLLATE=utf8mb4_unicode_ci;

--
-- Dumping data for table `xc_zones_volume_discounts`
--



UPDATE xpay_profiles SET last_login=UNIX_TIMESTAMP();
UPDATE xpay_profiles SET previous_login=UNIX_TIMESTAMP()-3600;
UPDATE xpay_profiles SET change_password_date=UNIX_TIMESTAMP();
