-- Dumping data for table `xc_news_message_translations`
--


--
-- Table structure for table `xc_newsletter_subscriptions_subscribers`
--

CREATE TABLE `xc_newsletter_subscriptions_subscribers` (
  `id` int(10) unsigned NOT NULL AUTO_INCREMENT,
  `profile_id` int(11) DEFAULT NULL,
  `email` varchar(255) COLLATE utf8mb4_unicode_ci NOT NULL,
  PRIMARY KEY (`id`),
  UNIQUE KEY `email` (`email`),
  KEY `IDX_1B2FC2FDCCFA12B8` (`profile_id`),
  CONSTRAINT `FK_1B2FC2FDCCFA12B8` FOREIGN KEY (`profile_id`) REFERENCES `xc_profiles` (`profile_id`) ON DELETE SET NULL
) ENGINE=InnoDB DEFAULT CHARSET=utf8mb4 COLLATE=utf8mb4_unicode_ci;

--
-- Dumping data for table `xc_newsletter_subscriptions_subscribers`
--


--
-- Table structure for table `xc_notification_translations`
--

CREATE TABLE `xc_notification_translations` (
  `label_id` int(11) NOT NULL AUTO_INCREMENT,
  `id` varchar(255) COLLATE utf8mb4_unicode_ci DEFAULT NULL,
  `name` varchar(128) COLLATE utf8mb4_unicode_ci NOT NULL,
  `description` longtext COLLATE utf8mb4_unicode_ci NOT NULL,
  `customerSubject` varchar(255) COLLATE utf8mb4_unicode_ci NOT NULL,
  `customerText` longtext COLLATE utf8mb4_unicode_ci NOT NULL,
  `adminSubject` varchar(255) COLLATE utf8mb4_unicode_ci NOT NULL,
  `adminText` longtext COLLATE utf8mb4_unicode_ci NOT NULL,
  `code` char(2) COLLATE utf8mb4_unicode_ci NOT NULL,
  PRIMARY KEY (`label_id`),
  KEY `ci` (`code`,`id`),
  KEY `id` (`id`),
  CONSTRAINT `FK_AD8A2EB1BF396750` FOREIGN KEY (`id`) REFERENCES `xc_notifications` (`templatesDirectory`) ON DELETE CASCADE
) ENGINE=InnoDB AUTO_INCREMENT=38 DEFAULT CHARSET=utf8mb4 COLLATE=utf8mb4_unicode_ci;

--
-- Dumping data for table `xc_notification_translations`
--

INSERT INTO `xc_notification_translations` (`label_id`, `id`, `name`, `description`, `customerSubject`, `customerText`, `adminSubject`, `adminText`, `code`) VALUES (1,'failed_admin_login','Failed admin login','The notification is sent to the email address of the admin user for whose account failed login attempts have been detected several times in a row.','','','Password issue detected','<h3 dir=\"ltr\">Hey there,</h3><p dir=\"ltr\">Someone (hopefully you) is trying to log into your account. If it is indeed you, cool, but it looks like you forgot your password. If so, you can retrieve and reset it <a href=\"%reset_link%\">here</a>.</p><p dir=\"ltr\">If these login attempts have not been made by you, you should reset your password immediately using a strong password. Also, to stay safe, make sure you don&rsquo;t share your login creds with anyone.</p>','en'),(2,'failed_transaction','Payment declined','This notification is sent to the administrator if payment on the checkout failed','','','Payment was declined','<p dir=\"ltr\">Hmmm . . . let&rsquo;s solve this one together:</p><p dir=\"ltr\">One of your customers was trying to make a purchase, but the payment was declined..</p><p dir=\"ltr\">%dynamic_message%</p><p dir=\"ltr\">This can happen for lots of reasons: your customer entered a wrong card number, password, or CVC; maxed out the credit limit, failed to activate the card initially, closed the browser by mistake . . .</p><p dir=\"ltr\">Whatever the cause and the case, it may be a good idea to contact the customer and offer your help.</p>','en'),(3,'low_limit_warning','Low limit warning','This message is used to notify the administrator if the product stock level reaches the low stock limit as specified in the product details.','','','You are running out of %product_name%','<h3 dir=\"ltr\">You&rsquo;re running out soon!</h3><p dir=\"ltr\"> Looks like you sold a few items of this product %latest_sale_date% and you only have %product_qty% items left. Since you can&rsquo;t sell what you don&rsquo;t have, consider restocking the item as soon as possible.</p><p dir=\"ltr\">%dynamic_message%</p>','en'),(4,'backorder_created','Backordered item in the order','This notification is sent to the administrator if one or more products in a customer\'s order are out of stock at the time of order placement.','','','A new backorder %backordered_item_names%','<p dir=\"ltr\">A customer has just bought one or more items that are out of stock at the moment. It is time to replenish your supplies.&nbsp;</p><p dir=\"ltr\"><a href=\"%order_link%\">Check the order #%order_number%</a></p>','en'),(5,'order_changed','Order changed','This notification is sent to both the administrator and customer when the status of an order is updated - in the event that no other type of notification is sent.','Order #%order_number% is updated','<p dir=\"ltr\">As promised, here&rsquo;s an update to your order. Here&rsquo;s the updated status as reflected on your invoice. Please check it to make sure that everything looks good.</p>','Order #%order_number% is changed','<p dir=\"ltr\">Here are the order changes just in case you need to refer to them in the future. Please review the order history and make sure that everything looks correct.</p>','en'),(6,'order_canceled','Order canceled','This notification is sent to both the administrator and customer when an order gets the status Canceled.','Order #%order_number% is canceled','<p dir=\"ltr\">Your order has been canceled. If you initiated the cancellation, please tell us why so we can continually improve our selection and service. To let us know, or for any questions, just hit reply.</p>','Order #%order_number% is canceled','<p dir=\"ltr\">Just a note to confirm that this order has been canceled. Please make any adjustments necessary.</p>','en'),(7,'order_created','Order created','This notification is sent to both the administrator and customer when a new order is created from scratch and gets Awaiting Payment or Authorized statuses.','Order #%order_number% is received','<p dir=\"ltr\">Thank you for shopping with us!</p><p dir=\"ltr\">This is just a quick note to let you know that we&rsquo;ve received your order and it&rsquo;s in process!. We&rsquo;ll keep you updated on the status of your order.</p>','You’ve got a new order! #%order_number% for %order_total%','<p dir=\"ltr\">Commerce is happening! There’s a new order for you. Go ahead and process it ASAP so your customer enjoys quick service and delivery.</p>','en'),(8,'order_failed','Order declined','This notification is sent to both the administrator and customer when an order gets the status Declined.','Order #%order_number% is declined','<h3 dir=\"ltr\">Hi %recipient_name%,</h3><p dir=\"ltr\">We&rsquo;ve hit a snag. %payment_method_name% declined your payment. Perhaps your credit card is expired or you need to update some other details.</p><p dir=\"ltr\">If everything seems alright on your side and you are eager to proceed with the purchase, please reply. We&rsquo;ll try to find out what&rsquo;s up and rectify the issue.</p>','Order #%order_number% is declined','<p dir=\"ltr\">It looks like an order payment was declined by %payment_method_name%. Help the customer (and save the sale) by contacting your customer and offering your help.</p>','en'),(9,'order_processed','Order processed','This notification is sent to both the administrator and customer when an order gets the status Paid.','Order #%order_number% is paid (yay!)','<h2 dir=\"ltr\" style=\"text-align: center;\">Your order was paid successfully, %recipient_name%!</h2><h3 dir=\"ltr\" style=\"text-align: center;\">And we&rsquo;re just as excited as you are!</h3><p dir=\"ltr\">Payment for your order has been received and processed. We&rsquo;ll let you know when the order ships or is ready for pickup.</p>','Order #%order_number% is paid','<h3 dir=\"ltr\">Great news!</h3><p dir=\"ltr\">This order has been processed and paid for. Keep on selling!</p>','en'),(10,'order_shipped','Order shipped','This notification is sent to the customer when an order gets the status Shipped.','Order #%order_number% is shipped','<h2 dir=\"ltr\" style=\"text-align: center;\">Bingo, %recipient_name%!</h2><h3 dir=\"ltr\" style=\"text-align: center;\">Your item is on its way to your doorstep!</h3><p dir=\"ltr\"><br>Woohoo! Your order is en route to you and should be delivered to you soon!</p><p dir=\"ltr\">%dynamic_message%</p><p dir=\"ltr\">If you have any questions, feel free to get in touch. We&rsquo;re always here and happy to help you.</p>','','','en'),(11,'order_tracking_information','Order tracking information','This notification is sent to the customer when an administrator clicks the \"Send tracking information to customer\" button.','Order #%order_number% tracking information','<p dir=\"ltr\">Your order is en route via %shipping_method_name%.&nbsp;</p><p dir=\"ltr\">Below you&rsquo;ll find shipping details and a handy tracking link you can use to follow your order&rsquo;s trip to your door.</p><p dir=\"ltr\">%dynamic_message%</p><p dir=\"ltr\">Don&#39;t worry if order tracking isn&rsquo;t available right away. It may take some time for the tracking number to enter the system.</p>','','','en'),(12,'order_waiting_for_approve','Order awaiting approval','This notification is sent to the customer when an order gets the status Waiting for approve.','Order #%order_number% is pending','<p dir=\"ltr\">Thank you for shopping on %company_name%!&nbsp;</p><p dir=\"ltr\">Your order is currently pending and we&rsquo;ll let you know when it reaches the next phase. In the meantime, you don&rsquo;t need to do anything. Just keep an eye on your inbox.</p>','','','en'),(13,'profile_created','User profile created','This notification is sent to both the administrator and customer when a new customer profile is created.','Welcome to %company_name%!','<h3 dir=\"ltr\" style=\"text-align: center;\">Welcome to %company_name%!</h3><p dir=\"ltr\">Your account is active and ready! You&rsquo;re ready to shop and manage your profile. In addition to finding all of the products you need, you&rsquo;ll also be able to access:</p><ul><li dir=\"ltr\">your order history</li><li dir=\"ltr\">your address book so you can ship to multiple locations</li><li dir=\"ltr\">security features where you can edit your login and password</li><li dir=\"ltr\">communications between you and our helpful employees</li></ul><p>Sign in to <a href=\"%sign_in_url%\">your account</a> to start using all these features. And if you have any questions, just reply.&nbsp;</p>','Great news: You\'ve got a new customer!','<h3 dir=\"ltr\">Hello and congratulations!</h3><p dir=\"ltr\">One more customer has just created a profile on your online store: %customer_email%. Looks like your business is growing :)</p>','en'),(14,'profile_deleted','User profile deleted','This notification is sent to the administrator when a customer profile is deleted.','','','Bummer, one customer fewer','<p dir=\"ltr\">One of your customers has just deleted his or her profile: %deleted_profile%</p><p dir=\"ltr\">Be cool and respect privacy guidelines by making sure that you no longer keep account-related personal data anywhere in your database.</p>','en'),(15,'recover_password_request','Password reset request','This notification is sent to the user when a password reset is requested for their account.','Password reset request','<p dir=\"ltr\">We&rsquo;ve received a request to reset your forgotten password.</p><p dir=\"ltr\">If you didn&rsquo;t make the request (or you remembered the password on your own), cool, there&rsquo;s nothing else you need to do. Just safely ignore this message.&nbsp;</p><p>Otherwise, please <a href=\"%recover_url%\">click here to change your password</a> right away.</p>','Password reset request','<p dir=\"ltr\">I&rsquo;ve received a request to reset your password.</p><p dir=\"ltr\">If you didn&rsquo;t make this request, simply do . . . nothing. It&rsquo;s all good.</p><p dir=\"ltr\">Otherwise, please proceed and <a href=\"%recover_url%\">click here to change your password</a>.</p>','en'),(16,'register_anonymous','User account created for a guest buyer based on order info','This notification is sent to the customer when a customer profile is created for them by the store administrator based on a previously created order.','Welcome to %company_name%!','<h2 dir=\"ltr\" style=\"text-align: center;\">Thank you for shopping with us, %recipient_name%!&nbsp;</h2><p dir=\"ltr\">We noticed that you&rsquo;ve made a purchase using our guest checkout. To save you time on future orders, we&rsquo;ve created an account for you. Simply log in with the following credentials.</p><p dir=\"ltr\">Email: <strong>%customer_email%</strong><br>Password: <strong>%customer_password%</strong></p><p dir=\"ltr\">There you&rsquo;ill find all of your orders, addresses, messages, and profile details.&nbsp;</p><p dir=\"ltr\">Enjoy expedited checkout and don&rsquo;t forget to change your password for extra security.</p><p dir=\"ltr\">If you need any help, just reply.&nbsp;</p>','','','en'),(17,'access_link','Access link re-sent','This notification is sent to the guest buyer when they request a new link for access to information about their order after an access link issued to them previously has expired.','New access link','','','','en'),(18,'modules/CDev/ContactUs/message','Contact us form submitted (Contact us module)','This notification is sent to the administrator when someone submits a request via the \"Contact us\" form.','','','New message: %message_subject%','<p dir=\"ltr\">%message_author% has sent you a message through the “Contact us” form and is waiting for your reply. Bust out the killer customer care and get in touch with him or her in a timely manner.</p><blockquote><p dir=\"ltr\">%message%</p></blockquote>','en'),(19,'modules/XC/CanadaPost/return_approved','Return request approved (Canada Post module)','This notification is sent to the customer if their request to return a product via Canada Post is approved by the administrator.','Order #%order_number%: Return request approved','<p dir=\"ltr\">We&rsquo;re sorry to hear that your order didn&rsquo;t work out as hoped.</p><p dir=\"ltr\">%dynamic_message%</p><p dir=\"ltr\">We&rsquo;re happy to take the items back for a full refund and we hope we can better meet your needs in the future. Please, <a href=\"https://www.canadapost.ca/web/en/kb/details.page?article=how_do_i_return_a_re&cattype=kb&cat=atthepostoffice&subcat=services\">ship the package back to our office</a> using the parcel service that best meets your needs.&nbsp;</p><p dir=\"ltr\">Feel free to contact us if you have any questions.</p>','','','en'),(20,'modules/XC/CanadaPost/return_approved','Запрос на возврат товара одобрен (модуль Canada Post)','Данное сообщение отправляется покупателю в случае, если его запрос на возврат товара с пересылкой службой Canada Post получает одобрение администратора.','Ваш запрос на возврат товара одобрен','Ваш запрос на возврат товара одобрен','','','ru'),(21,'modules/XC/CanadaPost/return_rejected','Return request rejected (Canada Post module)','This notification is sent to the customer if their request to return a product via Canada Post is rejected by the administrator.','Order #%order_number%: Return request rejected','<h3 dir=\"ltr\">Hello %recipient_name%,</h3><p dir=\"ltr\">Unfortunately, we cannot take your products or issue a refund according to our stated policy.</p><p dir=\"ltr\">%dynamic_message%</p><p dir=\"ltr\">Please contact us if you have any questions.</p>','','','en'),(22,'modules/XC/CanadaPost/return_rejected','Запрос на возврат товара отклонен (модуль Canada Post)','Данное сообщение отправляется покупателю в случае, если его запрос на возврат товара с пересылкой службой Canada Post отклоняется администратором.','Ваш запрос на возврат товара отклонен','Ваш запрос на возврат товара отклонен','','','ru'),(23,'modules/XC/Reviews/new_review','New product review submitted (Product Reviews module)','This message is used to notify the administrator when a customer submits a new product review.','','','New review for ‘%product_name%’','<p dir=\"ltr\">%author_name% has just rated your &quot;%product_name%&quot; and left a review for you.</p><p dir=\"ltr\">%dynamic_message%</p><blockquote><p dir=\"ltr\">%review%</p></blockquote><p dir=\"ltr\">Follow <a href=\"%product_link%\">this link</a> to approve or remove this review. And don&rsquo;t forget to reply to the customer. If there&rsquo;s a problem, now&rsquo;s your chance to make it right and be a customer-service hero. If you&rsquo;ve gotten a rave review, reach out, thank the reviewer, and ask if there&rsquo;s anything else you can help with. Both scenarios are great opportunities to build strong relationships and an excellent reputation.</p>','en'),(24,'modules/XC/Reviews/review_key','Request to review purchased products - (Product Reviews module)','This message is used to invite customers to leave feedback on the products they have purchased.','Order #%order_number%: Please, review','<p>Thank you for purchasing our products! We hope you love them.</p><p>%dynamic_message%</p><p>Please take a minute to review your order to let others know that you&rsquo;ve found a gem and want to share the goodness!</p>','','','en'),(25,'modules/XC/Reviews/review_key','Приглашение оставить отзыв на купленные товары - (модуль Product Reviews)','Данное сообщение используется для отправки покупателю приглашения оставить отзыв о купленных им товарах.','Пожалуйста, оставьте отзыв о купленных товарах','','','','ru'),(26,'modules/XPay/XPaymentsCloud/subscription_status_A','Subscription activated (X-Payments Cloud module)','This notification is sent after first order of subscription and also when it\'s status is changed from Stopped/Failed/Restarted to Active','Your subscription has been activated','<p>Your subscription %subscriptionName% has been activated.</p><p>Subscription ID: #%subscriptionId%<br>Setup fee: %setupFee%<br>Subscription fee: %subscriptionFee%<br>Plan: %planDescription%<br>Planned date of the next payment: %plannedDate%</p><p>You can manage your subscriptions here: %pageUrl%.</p>','Subscription #%subscriptionId% has been activated','<p>Subscription #%subscriptionId% has been activated.</p><p>Setup fee: %setupFee%<br>Subscription fee: %subscriptionFee%<br>Plan: %planDescription%<br>Planned date of the next payment: %plannedDate%</p>','en'),(27,'modules/XPay/XPaymentsCloud/subscription_status_A','Подписка активирована (модуль X-Payments Cloud)','Данное сообщение отправляется после покупки подписки, а также в случае смены её статуса на Active','','','','','ru'),(28,'modules/XPay/XPaymentsCloud/subscription_status_S','Subscription stopped (X-Payments Cloud module)','This notification is sent after first order of subscription and also when it\'s status is changed from Active/Restarted to Stopped','Your subscription #%subscriptionId% has been stopped','<p>Your subscription %subscriptionName% has been stopped.</p><p>Subscription ID: #%subscriptionId%</p><p>You can manage your subscriptions here: %pageUrl%.</p>','Subscription %subscriptionId% has been stopped','<p>Subscription #%subscriptionId% %subscriptionName% has been stopped.</p>','en'),(29,'modules/XPay/XPaymentsCloud/subscription_status_S','Подписка остановлена (модуль X-Payments Cloud)','Данное сообщение отправляется после смены её статуса на Stopped','','','','','ru'),(30,'modules/XPay/XPaymentsCloud/order_created','Upcoming subscription payment (X-Payments Cloud module)','This notification is sent few days before next scheduled payment on subscription','Upcoming subscription #%subscriptionId% payment notification','<p>Order #%orderNumber% created for next payment on subscription #%subscriptionId% %pendingPaymentNumber%</p><p>It will be charged on %actualDate%</p>','Order %orderNumber% created for next payment on subscription #%subscriptionId%','<p>Order #%orderNumber% created for next payment on subscription #%subscriptionId% %pendingPaymentNumber%</p><p>It will be charged on %actualDate%</p>','en'),(31,'modules/XPay/XPaymentsCloud/order_created','Предстоящий платёж по подписке (модуль X-Payments Cloud)','Данное сообщение отправляется за несколько дней до следующего платежа по подписке','','','','','ru'),(32,'modules/XPay/XPaymentsCloud/payment_successful','Subscription payment successful (X-Payments Cloud module)','This notification is sent when scheduled payment on subscriptions is succesfully charged','Subscription #%subscriptionId% payment successfully charged','<p>Subscription #%subscriptionId% payment successfully charged.</p><p>Planned date of the next payment: %plannedDate%</p><p>You can manage your subscriptions here: %pageUrl%.</p>','Subscription %subscriptionId% payment successfully charged','<p>Subscription #%subscriptionId% payment successfully charged.</p><p>Planned date of the next payment: %plannedDate%</p>','en'),(33,'modules/XPay/XPaymentsCloud/payment_successful','Платёж по подписке прошёл успешно (модуль X-Payments Cloud)','Данное сообщение отправляется если платеж по подписке прошёл успешно','','','','','ru'),(34,'modules/XPay/XPaymentsCloud/payment_failed','Subscription payment failed (X-Payments Cloud module)','This notification is sent when scheduled payment on subscription fails','Transaction for order #%orderNumber% has failed','<p>Transaction for this order has failed. Next charge attempt will be at %actualDate%</p><p>You can manage your subscriptions here: %pageUrl%.</p>','%companyName%: Transaction for order #%orderNumber% has failed','<p>Transaction for this order has failed. Next charge attempt will be at %actualDate%</p>','en'),(35,'modules/XPay/XPaymentsCloud/payment_failed','Платёж по подписке не прошёл из-за ошибки (модуль X-Payments Cloud)','Данное сообщение отправляется если платеж по подписке не прошёл из-за ошибки','','','','','ru'),(36,'modules/XPay/XPaymentsCloud/subscription_failed','Subscription stopped after failed payments (X-Payments Cloud module)','This notification is sent when it\'s status is changed to Failed after multiple failed payment','Your subscription #%subscriptionId% has been failed','<p>Subscription #%subscriptionId% has been failed. Please try to use another payment card or contact the store administrator.</p><p>%reason%</p><p>You can manage your subscriptions here: %pageUrl%.</p>','Subscription %subscriptionId% has been failed','<p>Subscription %subscriptionId% has been failed</p><p>%reason%</p>','en'),(37,'modules/XPay/XPaymentsCloud/subscription_failed','Подписка остановлена из-за неуспешных платежей (модуль X-Payments Cloud)','Данное сообщение отправляется после смены её статуса на Failed после нескольких неуспешных платежей','','','','','ru');

--
-- Table structure for table `xc_notifications`
--

CREATE TABLE `xc_notifications` (
  `templatesDirectory` varchar(255) COLLATE utf8mb4_unicode_ci NOT NULL,
  `availableForAdmin` tinyint(1) NOT NULL,
  `availableForCustomer` tinyint(1) NOT NULL,
  `enabledForAdmin` tinyint(1) NOT NULL,
  `enabledForCustomer` tinyint(1) NOT NULL,
  `adminHeaderEnabled` tinyint(1) NOT NULL,
  `adminGreetingEnabled` tinyint(1) NOT NULL,
  `adminSignatureEnabled` tinyint(1) NOT NULL,
  `customerHeaderEnabled` tinyint(1) NOT NULL,
  `customerGreetingEnabled` tinyint(1) NOT NULL,
  `customerSignatureEnabled` tinyint(1) NOT NULL,
  `position` int(11) NOT NULL DEFAULT '0',
  `editable` tinyint(1) NOT NULL,
  PRIMARY KEY (`templatesDirectory`)
) ENGINE=InnoDB DEFAULT CHARSET=utf8mb4 COLLATE=utf8mb4_unicode_ci;

--
-- Dumping data for table `xc_notifications`
--

INSERT INTO `xc_notifications` (`templatesDirectory`, `availableForAdmin`, `availableForCustomer`, `enabledForAdmin`, `enabledForCustomer`, `adminHeaderEnabled`, `adminGreetingEnabled`, `adminSignatureEnabled`, `customerHeaderEnabled`, `customerGreetingEnabled`, `customerSignatureEnabled`, `position`, `editable`) VALUES ('access_link',0,0,0,1,0,0,1,1,0,1,2700,1),('backorder_created',1,0,1,0,1,1,1,1,1,1,700,1),('failed_admin_login',1,0,1,0,1,0,1,1,1,1,100,1),('failed_transaction',1,0,1,0,1,0,1,1,1,1,200,1),('low_limit_warning',1,0,1,0,1,0,1,1,1,1,300,1),('modules/CDev/ContactUs/message',0,0,1,0,1,1,1,1,1,1,500,1),('modules/XC/CanadaPost/return_approved',0,1,0,1,1,0,1,1,1,1,800,1),('modules/XC/CanadaPost/return_rejected',0,1,0,1,1,0,1,1,0,1,900,1),('modules/XC/Reviews/new_review',1,0,1,0,1,1,1,0,0,0,1000,1),('modules/XC/Reviews/review_key',0,1,0,0,0,0,0,1,1,1,0,1),('modules/XPay/XPaymentsCloud/order_created',1,1,1,1,1,0,1,1,1,1,3200,1),('modules/XPay/XPaymentsCloud/payment_failed',1,1,1,1,1,0,1,1,1,1,3400,1),('modules/XPay/XPaymentsCloud/payment_successful',1,1,1,1,1,0,1,1,1,1,3300,1),('modules/XPay/XPaymentsCloud/subscription_failed',1,1,1,1,1,0,1,1,1,1,3500,1),('modules/XPay/XPaymentsCloud/subscription_status_A',1,1,1,1,1,0,1,1,1,1,3000,1),('modules/XPay/XPaymentsCloud/subscription_status_S',1,1,1,1,1,0,1,1,1,1,3100,1),('order_canceled',1,1,1,1,0,1,1,0,1,1,1500,1),('order_changed',1,1,1,1,1,1,1,0,1,1,1400,1),('order_created',1,1,1,1,0,1,1,0,1,1,1600,1),('order_failed',1,1,1,1,1,1,1,1,0,1,1700,1),('order_processed',1,1,1,1,0,0,1,0,0,1,1800,1),('order_shipped',0,1,0,1,0,0,1,0,0,1,1900,1),('order_tracking_information',0,0,0,1,0,0,1,1,1,1,2000,1),('order_waiting_for_approve',0,1,0,1,0,0,1,1,1,1,2100,1),('profile_created',1,1,0,1,1,0,1,1,0,1,2200,1),('profile_deleted',1,0,0,0,1,1,1,1,1,1,2300,1),('recover_password_request',0,0,1,1,1,1,1,1,1,1,2500,1),('register_anonymous',0,1,0,1,1,0,1,1,0,1,2600,1);

--
-- Table structure for table `xc_order_backorder_competitors`
--

CREATE TABLE `xc_order_backorder_competitors` (
  `id` int(11) NOT NULL,
  `competitor_id` int(11) NOT NULL,
  PRIMARY KEY (`id`,`competitor_id`),
  KEY `IDX_45D576EDBF396750` (`id`),
  KEY `IDX_45D576ED78A5D405` (`competitor_id`),
  CONSTRAINT `FK_45D576ED78A5D405` FOREIGN KEY (`competitor_id`) REFERENCES `xc_orders` (`order_id`) ON DELETE CASCADE,
  CONSTRAINT `FK_45D576EDBF396750` FOREIGN KEY (`id`) REFERENCES `xc_orders` (`order_id`) ON DELETE CASCADE
) ENGINE=InnoDB DEFAULT CHARSET=utf8mb4 COLLATE=utf8mb4_unicode_ci;

--
-- Dumping data for table `xc_order_backorder_competitors`
--


--
-- Table structure for table `xc_order_capost_office`
--

CREATE TABLE `xc_order_capost_office` (
  `id` int(10) unsigned NOT NULL AUTO_INCREMENT,
  `officeId` char(10) COLLATE utf8mb4_unicode_ci NOT NULL,
  `name` varchar(40) COLLATE utf8mb4_unicode_ci NOT NULL,
  `location` varchar(40) COLLATE utf8mb4_unicode_ci NOT NULL,
  `distance` decimal(12,2) NOT NULL,
  `bilingualDesignation` tinyint(1) NOT NULL,
  `city` varchar(40) COLLATE utf8mb4_unicode_ci NOT NULL,
  `latitude` decimal(15,5) NOT NULL,
  `longitude` decimal(15,5) NOT NULL,
  `postalCode` varchar(20) COLLATE utf8mb4_unicode_ci NOT NULL,
  `province` varchar(64) COLLATE utf8mb4_unicode_ci NOT NULL,
  `officeAddress` varchar(64) COLLATE utf8mb4_unicode_ci NOT NULL,
  `workingHours` longtext COLLATE utf8mb4_unicode_ci NOT NULL COMMENT '(DC2Type:array)',
  `orderId` int(11) DEFAULT NULL,
  PRIMARY KEY (`id`),
  UNIQUE KEY `UNIQ_1CFF923EFA237437` (`orderId`),
  CONSTRAINT `FK_1CFF923EFA237437` FOREIGN KEY (`orderId`) REFERENCES `xc_orders` (`order_id`) ON DELETE CASCADE
) ENGINE=InnoDB DEFAULT CHARSET=utf8mb4 COLLATE=utf8mb4_unicode_ci;

--
-- Dumping data for table `xc_order_capost_office`
--


--
-- Table structure for table `xc_order_capost_parcel_items`
--

CREATE TABLE `xc_order_capost_parcel_items` (
  `id` int(11) NOT NULL AUTO_INCREMENT,
  `amount` int(11) NOT NULL,
  `parcelId` int(11) DEFAULT NULL,
  `orderItemId` int(11) DEFAULT NULL,
  PRIMARY KEY (`id`),
  KEY `IDX_8A82CBCF5A9ACC87` (`parcelId`),
  KEY `IDX_8A82CBCFBBF22A26` (`orderItemId`),
  CONSTRAINT `FK_8A82CBCF5A9ACC87` FOREIGN KEY (`parcelId`) REFERENCES `xc_order_capost_parcels` (`id`) ON DELETE CASCADE,
  CONSTRAINT `FK_8A82CBCFBBF22A26` FOREIGN KEY (`orderItemId`) REFERENCES `xc_order_items` (`item_id`) ON DELETE SET NULL
) ENGINE=InnoDB DEFAULT CHARSET=utf8mb4 COLLATE=utf8mb4_unicode_ci;

--
-- Dumping data for table `xc_order_capost_parcel_items`
--


--
-- Table structure for table `xc_order_capost_parcel_manifest_link_storage`
--

CREATE TABLE `xc_order_capost_parcel_manifest_link_storage` (
  `id` int(10) unsigned NOT NULL AUTO_INCREMENT,
  `path` varchar(512) COLLATE utf8mb4_unicode_ci NOT NULL,
  `fileName` varchar(255) COLLATE utf8mb4_unicode_ci NOT NULL,
  `mime` varchar(128) COLLATE utf8mb4_unicode_ci NOT NULL,
  `storageType` varchar(1) COLLATE utf8mb4_unicode_ci NOT NULL,
  `size` int(10) unsigned NOT NULL,
  `date` int(10) unsigned NOT NULL,
  `linkId` int(11) DEFAULT NULL,
  PRIMARY KEY (`id`),
  UNIQUE KEY `UNIQ_F2AE8D8DAEC98E42` (`linkId`),
  CONSTRAINT `FK_F2AE8D8DAEC98E42` FOREIGN KEY (`linkId`) REFERENCES `xc_order_capost_parcel_manifest_links` (`id`) ON DELETE CASCADE
) ENGINE=InnoDB DEFAULT CHARSET=utf8mb4 COLLATE=utf8mb4_unicode_ci;

--
-- Dumping data for table `xc_order_capost_parcel_manifest_link_storage`
--


--
-- Table structure for table `xc_order_capost_parcel_manifest_links`
--

CREATE TABLE `xc_order_capost_parcel_manifest_links` (
  `id` int(11) NOT NULL AUTO_INCREMENT,
  `rel` varchar(255) COLLATE utf8mb4_unicode_ci NOT NULL,
  `href` varchar(255) COLLATE utf8mb4_unicode_ci NOT NULL,
  `idx` int(11) DEFAULT NULL,
  `mediaType` varchar(255) COLLATE utf8mb4_unicode_ci NOT NULL,
  `manifestId` int(11) DEFAULT NULL,
  PRIMARY KEY (`id`),
  KEY `IDX_7025024699AD4367` (`manifestId`),
  CONSTRAINT `FK_7025024699AD4367` FOREIGN KEY (`manifestId`) REFERENCES `xc_order_capost_parcel_manifests` (`id`) ON DELETE CASCADE
) ENGINE=InnoDB DEFAULT CHARSET=utf8mb4 COLLATE=utf8mb4_unicode_ci;

--
-- Dumping data for table `xc_order_capost_parcel_manifest_links`
--


--
-- Table structure for table `xc_order_capost_parcel_manifests`
--

CREATE TABLE `xc_order_capost_parcel_manifests` (
  `id` int(11) NOT NULL AUTO_INCREMENT,
  `poNumber` varchar(255) COLLATE utf8mb4_unicode_ci DEFAULT NULL,
  `rel` varchar(255) COLLATE utf8mb4_unicode_ci NOT NULL,
  `href` varchar(255) COLLATE utf8mb4_unicode_ci NOT NULL,
  `idx` int(11) DEFAULT NULL,
  `mediaType` varchar(255) COLLATE utf8mb4_unicode_ci NOT NULL,
  PRIMARY KEY (`id`)
) ENGINE=InnoDB DEFAULT CHARSET=utf8mb4 COLLATE=utf8mb4_unicode_ci;

--
-- Dumping data for table `xc_order_capost_parcel_manifests`
--


--
-- Table structure for table `xc_order_capost_parcel_shipment`
--

CREATE TABLE `xc_order_capost_parcel_shipment` (
  `id` int(11) NOT NULL AUTO_INCREMENT,
  `shipmentId` varchar(32) COLLATE utf8mb4_unicode_ci NOT NULL,
  `shipmentStatus` varchar(14) COLLATE utf8mb4_unicode_ci DEFAULT NULL,
  `trackingPin` varchar(16) COLLATE utf8mb4_unicode_ci DEFAULT NULL,
  `returnTrackingPin` varchar(16) COLLATE utf8mb4_unicode_ci DEFAULT NULL,
  `poNumber` varchar(32) COLLATE utf8mb4_unicode_ci DEFAULT NULL,
  `parcelId` int(11) DEFAULT NULL,
  PRIMARY KEY (`id`),
  UNIQUE KEY `UNIQ_BE7176165A9ACC87` (`parcelId`),
  CONSTRAINT `FK_BE7176165A9ACC87` FOREIGN KEY (`parcelId`) REFERENCES `xc_order_capost_parcels` (`id`) ON DELETE CASCADE
) ENGINE=InnoDB DEFAULT CHARSET=utf8mb4 COLLATE=utf8mb4_unicode_ci;

--
-- Dumping data for table `xc_order_capost_parcel_shipment`
--


--
-- Table structure for table `xc_order_capost_parcel_shipment_link_storage`
--

CREATE TABLE `xc_order_capost_parcel_shipment_link_storage` (
  `id` int(10) unsigned NOT NULL AUTO_INCREMENT,
  `path` varchar(512) COLLATE utf8mb4_unicode_ci NOT NULL,
  `fileName` varchar(255) COLLATE utf8mb4_unicode_ci NOT NULL,
  `mime` varchar(128) COLLATE utf8mb4_unicode_ci NOT NULL,
  `storageType` varchar(1) COLLATE utf8mb4_unicode_ci NOT NULL,
  `size` int(10) unsigned NOT NULL,
  `date` int(10) unsigned NOT NULL,
  `linkId` int(11) DEFAULT NULL,
  PRIMARY KEY (`id`),
  UNIQUE KEY `UNIQ_34148C2AEC98E42` (`linkId`),
  CONSTRAINT `FK_34148C2AEC98E42` FOREIGN KEY (`linkId`) REFERENCES `xc_order_capost_parcel_shipment_links` (`id`) ON DELETE CASCADE
) ENGINE=InnoDB DEFAULT CHARSET=utf8mb4 COLLATE=utf8mb4_unicode_ci;

--
-- Dumping data for table `xc_order_capost_parcel_shipment_link_storage`
--


--
-- Table structure for table `xc_order_capost_parcel_shipment_links`
--

CREATE TABLE `xc_order_capost_parcel_shipment_links` (
  `id` int(11) NOT NULL AUTO_INCREMENT,
  `rel` varchar(255) COLLATE utf8mb4_unicode_ci NOT NULL,
  `href` varchar(255) COLLATE utf8mb4_unicode_ci NOT NULL,
  `idx` int(11) DEFAULT NULL,
  `mediaType` varchar(255) COLLATE utf8mb4_unicode_ci NOT NULL,
  `shipmentId` int(11) DEFAULT NULL,
  PRIMARY KEY (`id`),
  KEY `IDX_E4E4AD8E3C5EEBE2` (`shipmentId`),
  CONSTRAINT `FK_E4E4AD8E3C5EEBE2` FOREIGN KEY (`shipmentId`) REFERENCES `xc_order_capost_parcel_shipment` (`id`) ON DELETE CASCADE
) ENGINE=InnoDB DEFAULT CHARSET=utf8mb4 COLLATE=utf8mb4_unicode_ci;

--
-- Dumping data for table `xc_order_capost_parcel_shipment_links`
--


--
-- Table structure for table `xc_order_capost_parcel_shipment_tracking`
--

CREATE TABLE `xc_order_capost_parcel_shipment_tracking` (
  `id` int(11) NOT NULL AUTO_INCREMENT,
  `expiry` int(10) unsigned NOT NULL,
  `pin` varchar(255) COLLATE utf8mb4_unicode_ci DEFAULT NULL,
  `activeExists` tinyint(1) NOT NULL,
  `archiveExists` tinyint(1) NOT NULL,
  `destinationPostalId` varchar(255) COLLATE utf8mb4_unicode_ci DEFAULT NULL,
  `expectedDeliveryDate` int(10) unsigned DEFAULT NULL,
  `changedExpectedDate` int(10) unsigned DEFAULT NULL,
  `changedExpectedDeliveryReason` varchar(255) COLLATE utf8mb4_unicode_ci DEFAULT NULL,
  `mailedByCustomerNumber` varchar(255) COLLATE utf8mb4_unicode_ci DEFAULT NULL,
  `mailedOnBehalfOfCustomerNumber` varchar(255) COLLATE utf8mb4_unicode_ci DEFAULT NULL,
  `originalPin` varchar(255) COLLATE utf8mb4_unicode_ci DEFAULT NULL,
  `serviceName` varchar(255) COLLATE utf8mb4_unicode_ci DEFAULT NULL,
  `serviceName_2` varchar(255) COLLATE utf8mb4_unicode_ci DEFAULT NULL,
  `customerRef_1` varchar(255) COLLATE utf8mb4_unicode_ci DEFAULT NULL,
  `customerRef_2` varchar(255) COLLATE utf8mb4_unicode_ci DEFAULT NULL,
  `returnPin` varchar(255) COLLATE utf8mb4_unicode_ci DEFAULT NULL,
  `signatureImageExists` tinyint(1) NOT NULL,
  `suppressSignature` tinyint(1) NOT NULL,
  `shipmentId` int(11) DEFAULT NULL,
  PRIMARY KEY (`id`),
  UNIQUE KEY `UNIQ_59862D0A3C5EEBE2` (`shipmentId`),
  CONSTRAINT `FK_59862D0A3C5EEBE2` FOREIGN KEY (`shipmentId`) REFERENCES `xc_order_capost_parcel_shipment` (`id`) ON DELETE CASCADE
) ENGINE=InnoDB DEFAULT CHARSET=utf8mb4 COLLATE=utf8mb4_unicode_ci;

--
-- Dumping data for table `xc_order_capost_parcel_shipment_tracking`
--


--
-- Table structure for table `xc_order_capost_parcel_shipment_tracking_events`
--

CREATE TABLE `xc_order_capost_parcel_shipment_tracking_events` (
  `id` int(11) NOT NULL AUTO_INCREMENT,
  `identifier` varchar(255) COLLATE utf8mb4_unicode_ci NOT NULL,
  `date` char(10) COLLATE utf8mb4_unicode_ci NOT NULL,
  `time` char(8) COLLATE utf8mb4_unicode_ci NOT NULL,
  `timeZone` varchar(255) COLLATE utf8mb4_unicode_ci NOT NULL,
  `description` varchar(255) COLLATE utf8mb4_unicode_ci NOT NULL,
  `signatoryName` varchar(255) COLLATE utf8mb4_unicode_ci NOT NULL,
  `site` varchar(255) COLLATE utf8mb4_unicode_ci NOT NULL,
  `province` varchar(255) COLLATE utf8mb4_unicode_ci NOT NULL,
  `retailLocationId` varchar(255) COLLATE utf8mb4_unicode_ci NOT NULL,
  `retailName` varchar(255) COLLATE utf8mb4_unicode_ci NOT NULL,
  `trackingId` int(11) DEFAULT NULL,
  PRIMARY KEY (`id`),
  KEY `IDX_3D55FC756F76B6A7` (`trackingId`),
  CONSTRAINT `FK_3D55FC756F76B6A7` FOREIGN KEY (`trackingId`) REFERENCES `xc_order_capost_parcel_shipment_tracking` (`id`) ON DELETE CASCADE
) ENGINE=InnoDB DEFAULT CHARSET=utf8mb4 COLLATE=utf8mb4_unicode_ci;

--
-- Dumping data for table `xc_order_capost_parcel_shipment_tracking_events`
--


--
-- Table structure for table `xc_order_capost_parcel_shipment_tracking_files`
--

CREATE TABLE `xc_order_capost_parcel_shipment_tracking_files` (
  `id` int(10) unsigned NOT NULL AUTO_INCREMENT,
  `docType` char(1) COLLATE utf8mb4_unicode_ci NOT NULL,
  `path` varchar(512) COLLATE utf8mb4_unicode_ci NOT NULL,
  `fileName` varchar(255) COLLATE utf8mb4_unicode_ci NOT NULL,
  `mime` varchar(128) COLLATE utf8mb4_unicode_ci NOT NULL,
  `storageType` varchar(1) COLLATE utf8mb4_unicode_ci NOT NULL,
  `size` int(10) unsigned NOT NULL,
  `date` int(10) unsigned NOT NULL,
  `trackingId` int(11) DEFAULT NULL,
  PRIMARY KEY (`id`),
  KEY `IDX_BF9898CE6F76B6A7` (`trackingId`),
  CONSTRAINT `FK_BF9898CE6F76B6A7` FOREIGN KEY (`trackingId`) REFERENCES `xc_order_capost_parcel_shipment_tracking` (`id`) ON DELETE CASCADE
) ENGINE=InnoDB DEFAULT CHARSET=utf8mb4 COLLATE=utf8mb4_unicode_ci;

--
-- Dumping data for table `xc_order_capost_parcel_shipment_tracking_files`
--


--
-- Table structure for table `xc_order_capost_parcel_shipment_tracking_options`
--

CREATE TABLE `xc_order_capost_parcel_shipment_tracking_options` (
  `id` int(11) NOT NULL AUTO_INCREMENT,
  `name` varchar(255) COLLATE utf8mb4_unicode_ci NOT NULL,
  `description` varchar(255) COLLATE utf8mb4_unicode_ci NOT NULL,
  `trackingId` int(11) DEFAULT NULL,
  PRIMARY KEY (`id`),
  KEY `IDX_663D05116F76B6A7` (`trackingId`),
  CONSTRAINT `FK_663D05116F76B6A7` FOREIGN KEY (`trackingId`) REFERENCES `xc_order_capost_parcel_shipment_tracking` (`id`) ON DELETE CASCADE
) ENGINE=InnoDB DEFAULT CHARSET=utf8mb4 COLLATE=utf8mb4_unicode_ci;

--
-- Dumping data for table `xc_order_capost_parcel_shipment_tracking_options`
--


--
-- Table structure for table `xc_order_capost_parcel_shipments_manifests`
--

CREATE TABLE `xc_order_capost_parcel_shipments_manifests` (
  `manifest_id` int(11) NOT NULL,
  `shipment_id` int(11) NOT NULL,
  PRIMARY KEY (`manifest_id`,`shipment_id`),
  KEY `IDX_5695D0D2E697B2FB` (`manifest_id`),
  KEY `IDX_5695D0D27BE036FC` (`shipment_id`),
  CONSTRAINT `FK_5695D0D27BE036FC` FOREIGN KEY (`shipment_id`) REFERENCES `xc_order_capost_parcel_shipment` (`id`) ON DELETE CASCADE,
  CONSTRAINT `FK_5695D0D2E697B2FB` FOREIGN KEY (`manifest_id`) REFERENCES `xc_order_capost_parcel_manifests` (`id`) ON DELETE CASCADE
) ENGINE=InnoDB DEFAULT CHARSET=utf8mb4 COLLATE=utf8mb4_unicode_ci;

--
-- Dumping data for table `xc_order_capost_parcel_shipments_manifests`
--


--
-- Table structure for table `xc_order_capost_parcels`
--

CREATE TABLE `xc_order_capost_parcels` (
  `id` int(11) NOT NULL AUTO_INCREMENT,
  `order_id` int(11) DEFAULT NULL,
  `number` int(11) NOT NULL,
  `status` char(2) COLLATE utf8mb4_unicode_ci NOT NULL,
  `quoteType` char(2) COLLATE utf8mb4_unicode_ci NOT NULL,
  `boxWeight` decimal(14,4) NOT NULL,
  `boxWidth` decimal(14,4) NOT NULL,
  `boxLength` decimal(14,4) NOT NULL,
  `boxHeight` decimal(14,4) NOT NULL,
  `isDocument` tinyint(1) NOT NULL,
  `isUnpackaged` tinyint(1) NOT NULL,
  `isMailingTube` tinyint(1) NOT NULL,
  `isOversized` tinyint(1) NOT NULL,
  `notifyOnShipment` tinyint(1) NOT NULL,
  `notifyOnException` tinyint(1) NOT NULL,
  `notifyOnDelivery` tinyint(1) NOT NULL,
  `optSignature` tinyint(1) NOT NULL,
  `optCoverage` decimal(14,4) NOT NULL,
  `optAgeProof` varchar(4) COLLATE utf8mb4_unicode_ci NOT NULL,
  `optWayToDeliver` varchar(3) COLLATE utf8mb4_unicode_ci NOT NULL,
  `optNonDelivery` varchar(4) COLLATE utf8mb4_unicode_ci NOT NULL,
  `hasRemovedItems` tinyint(1) NOT NULL,
  PRIMARY KEY (`id`),
  KEY `IDX_7972E7708D9F6D38` (`order_id`),
  KEY `status` (`status`),
  KEY `number` (`number`),
  CONSTRAINT `FK_7972E7708D9F6D38` FOREIGN KEY (`order_id`) REFERENCES `xc_orders` (`order_id`) ON DELETE CASCADE
) ENGINE=InnoDB DEFAULT CHARSET=utf8mb4 COLLATE=utf8mb4_unicode_ci;

--
-- Dumping data for table `xc_order_capost_parcels`
--


--
-- Table structure for table `xc_order_coupons`
--

CREATE TABLE `xc_order_coupons` (
  `id` int(10) unsigned NOT NULL AUTO_INCREMENT,
  `order_id` int(11) DEFAULT NULL,
  `coupon_id` int(10) unsigned DEFAULT NULL,
  `code` char(16) COLLATE utf8mb4_unicode_ci NOT NULL,
  `value` decimal(14,4) NOT NULL,
  `type` char(1) COLLATE utf8mb4_unicode_ci DEFAULT NULL,
  PRIMARY KEY (`id`),
  KEY `IDX_6E78C9238D9F6D38` (`order_id`),
  KEY `IDX_6E78C92366C5951B` (`coupon_id`),
  CONSTRAINT `FK_6E78C92366C5951B` FOREIGN KEY (`coupon_id`) REFERENCES `xc_coupons` (`id`) ON DELETE SET NULL,
  CONSTRAINT `FK_6E78C9238D9F6D38` FOREIGN KEY (`order_id`) REFERENCES `xc_orders` (`order_id`) ON DELETE CASCADE
) ENGINE=InnoDB DEFAULT CHARSET=utf8mb4 COLLATE=utf8mb4_unicode_ci;

--
-- Dumping data for table `xc_order_coupons`
--


--
-- Table structure for table `xc_order_details`
--

CREATE TABLE `xc_order_details` (
  `detail_id` int(11) NOT NULL AUTO_INCREMENT,
  `order_id` int(11) DEFAULT NULL,
  `name` varchar(255) COLLATE utf8mb4_unicode_ci NOT NULL,
  `label` varchar(255) COLLATE utf8mb4_unicode_ci DEFAULT NULL,
  `value` longtext COLLATE utf8mb4_unicode_ci NOT NULL,
  PRIMARY KEY (`detail_id`),
  KEY `IDX_E93AD3B18D9F6D38` (`order_id`),
  KEY `oname` (`order_id`,`name`),
  CONSTRAINT `FK_E93AD3B18D9F6D38` FOREIGN KEY (`order_id`) REFERENCES `xc_orders` (`order_id`) ON DELETE CASCADE
) ENGINE=InnoDB DEFAULT CHARSET=utf8mb4 COLLATE=utf8mb4_unicode_ci;

--
-- Dumping data for table `xc_order_details`
--


--
-- Table structure for table `xc_order_history_event_data`
--

CREATE TABLE `xc_order_history_event_data` (
  `id` int(11) NOT NULL AUTO_INCREMENT,
  `event_id` int(11) DEFAULT NULL,
  `name` varchar(128) COLLATE utf8mb4_unicode_ci NOT NULL,
  `value` longtext COLLATE utf8mb4_unicode_ci NOT NULL,
  PRIMARY KEY (`id`),
  KEY `IDX_83396FE871F7E88B` (`event_id`),
  KEY `en` (`event_id`,`name`),
  CONSTRAINT `FK_83396FE871F7E88B` FOREIGN KEY (`event_id`) REFERENCES `xc_order_history_events` (`event_id`) ON DELETE CASCADE
) ENGINE=InnoDB DEFAULT CHARSET=utf8mb4 COLLATE=utf8mb4_unicode_ci;

--
-- Dumping data for table `xc_order_history_event_data`
--


--
-- Table structure for table `xc_order_history_events`
--

CREATE TABLE `xc_order_history_events` (
  `event_id` int(11) NOT NULL AUTO_INCREMENT,
  `order_id` int(11) DEFAULT NULL,
  `author_id` int(11) DEFAULT NULL,
  `date` int(11) NOT NULL,
  `code` varchar(255) COLLATE utf8mb4_unicode_ci NOT NULL,
  `description` varchar(1024) COLLATE utf8mb4_unicode_ci DEFAULT NULL,
  `data` longtext COLLATE utf8mb4_unicode_ci NOT NULL COMMENT '(DC2Type:array)',
  `comment` longtext COLLATE utf8mb4_unicode_ci NOT NULL,
  `authorName` varchar(255) COLLATE utf8mb4_unicode_ci DEFAULT NULL,
  `authorIp` varchar(255) COLLATE utf8mb4_unicode_ci DEFAULT NULL,
  PRIMARY KEY (`event_id`),
  KEY `IDX_1B5068758D9F6D38` (`order_id`),
  KEY `IDX_1B506875F675F31B` (`author_id`),
  CONSTRAINT `FK_1B5068758D9F6D38` FOREIGN KEY (`order_id`) REFERENCES `xc_orders` (`order_id`) ON DELETE CASCADE,
  CONSTRAINT `FK_1B506875F675F31B` FOREIGN KEY (`author_id`) REFERENCES `xc_profiles` (`profile_id`) ON DELETE SET NULL
) ENGINE=InnoDB AUTO_INCREMENT=21 DEFAULT CHARSET=utf8mb4 COLLATE=utf8mb4_unicode_ci;

--
-- Dumping data for table `xc_order_history_events`
--

INSERT INTO `xc_order_history_events` (`event_id`, `order_id`, `author_id`, `date`, `code`, `description`, `data`, `comment`, `authorName`, `authorIp`) VALUES (1,1,1,1551771900,'PLACE ORDER','Order placed','N;','',NULL,''),(2,1,1,1551771900,'TRANSACTION','Payment transaction [method: Phone Ordering, type: sale, amount: 18.49, status: Pending]','N;','',NULL,''),(3,1,1,1551771900,'EMAIL ADMIN SENT','Email sent to the admin','a:1:{s:7:\"orderId\";i:1;}','Order is initially created',NULL,''),(4,2,1,1553772240,'PLACE ORDER','Order placed','N;','',NULL,''),(5,2,1,1553772240,'TRANSACTION','Payment transaction [method: Phone Ordering, type: sale, amount: 88.67, status: Pending]','N;','',NULL,''),(6,2,1,1553772240,'EMAIL ADMIN SENT','Email sent to the admin','a:1:{s:7:\"orderId\";i:2;}','Order is initially created',NULL,''),(7,3,1,1564729080,'PLACE ORDER','Order placed','N;','',NULL,''),(8,3,1,1564729080,'TRANSACTION','Payment transaction [method: Phone Ordering, type: sale, amount: 158.94, status: Pending]','N;','',NULL,''),(9,3,1,1564729080,'EMAIL ADMIN SENT','Email sent to the admin','a:1:{s:7:\"orderId\";i:3;}','Order is initially created',NULL,''),(10,4,1,1575162780,'PLACE ORDER','Order placed','a:1:{s:7:\"orderId\";i:4;}','',NULL,''),(11,4,1,1575172780,'TRANSACTION','Back end payment transaction [method: Simplify Commerce Hosted Payments, type: sale, amount: 38.01, status: Failed] [initial request]','N;','',NULL,''),(12,4,1,1575172780,'TRANSACTION','Payment transaction [method: Simplify Commerce Hosted Payments, type: sale, amount: 38.01, status: Failed]','N;','',NULL,''),(13,4,1,1575172780,'CHANGE PAYMENT STATUS ORDER','Order payment status changed from {{oldStatus}} to {{newStatus}}','a:3:{s:7:\"orderId\";i:4;s:9:\"newStatus\";s:8:\"Declined\";s:9:\"oldStatus\";s:16:\"Awaiting payment\";}','',NULL,''),(14,4,1,1575175780,'CHANGE PAYMENT STATUS ORDER','Order payment status changed from {{oldStatus}} to {{newStatus}}','a:3:{s:7:\"orderId\";i:4;s:9:\"newStatus\";s:16:\"Awaiting payment\";s:9:\"oldStatus\";s:8:\"Declined\";}','',NULL,''),(15,4,1,1575475780,'TRANSACTION','Back end payment transaction [method: Simplify Commerce Hosted Payments, type: sale, amount: 38.01, status: Failed] [initial request]','N;','',NULL,''),(16,4,1,1575475780,'TRANSACTION','Payment transaction [method: Simplify Commerce Hosted Payments, type: sale, amount: 38.01, status: Failed]','N;','',NULL,''),(17,4,1,1575485780,'CHANGE PAYMENT STATUS ORDER','Order payment status changed from {{oldStatus}} to {{newStatus}}','a:3:{s:7:\"orderId\";i:4;s:9:\"newStatus\";s:8:\"Declined\";s:9:\"oldStatus\";s:16:\"Awaiting payment\";}','',NULL,''),(18,5,1,1575163080,'PLACE ORDER','Order placed','N;','',NULL,''),(19,5,1,1575163080,'TRANSACTION','Payment transaction [method: Money Ordering, type: sale, amount: 352.81, status: Pending]','N;','',NULL,''),(20,5,1,1575163080,'EMAIL ADMIN SENT','Email sent to the admin','a:1:{s:7:\"orderId\";i:5;}','Order is initially created',NULL,'');

--
-- Table structure for table `xc_order_item_attribute_values`
--

CREATE TABLE `xc_order_item_attribute_values` (
  `id` int(10) unsigned NOT NULL AUTO_INCREMENT,
  `item_id` int(11) DEFAULT NULL,
  `attribute_value_checkbox_id` int(10) unsigned DEFAULT NULL,
  `attribute_value_select_id` int(10) unsigned DEFAULT NULL,
  `attribute_value_text_id` int(10) unsigned DEFAULT NULL,
  `name` varchar(255) COLLATE utf8mb4_unicode_ci NOT NULL,
  `value` varchar(255) COLLATE utf8mb4_unicode_ci NOT NULL,
  `attributeId` int(10) unsigned NOT NULL,
  PRIMARY KEY (`id`),
  KEY `IDX_C40D099C126F525E` (`item_id`),
  KEY `IDX_C40D099C571B5A02` (`attribute_value_checkbox_id`),
  KEY `IDX_C40D099CA16D6CC9` (`attribute_value_select_id`),
  KEY `IDX_C40D099C27A31B4D` (`attribute_value_text_id`),
  CONSTRAINT `FK_C40D099C126F525E` FOREIGN KEY (`item_id`) REFERENCES `xc_order_items` (`item_id`) ON DELETE CASCADE,
  CONSTRAINT `FK_C40D099C27A31B4D` FOREIGN KEY (`attribute_value_text_id`) REFERENCES `xc_attribute_values_text` (`id`) ON DELETE SET NULL,
  CONSTRAINT `FK_C40D099C571B5A02` FOREIGN KEY (`attribute_value_checkbox_id`) REFERENCES `xc_attribute_values_checkbox` (`id`) ON DELETE SET NULL,
  CONSTRAINT `FK_C40D099CA16D6CC9` FOREIGN KEY (`attribute_value_select_id`) REFERENCES `xc_attribute_values_select` (`id`) ON DELETE SET NULL
) ENGINE=InnoDB DEFAULT CHARSET=utf8mb4 COLLATE=utf8mb4_unicode_ci;

--
-- Dumping data for table `xc_order_item_attribute_values`
--


--
-- Table structure for table `xc_order_item_surcharges`
--

CREATE TABLE `xc_order_item_surcharges` (
  `id` int(10) unsigned NOT NULL AUTO_INCREMENT,
  `item_id` int(11) DEFAULT NULL,
  `type` char(8) COLLATE utf8mb4_unicode_ci NOT NULL,
  `code` varchar(128) COLLATE utf8mb4_unicode_ci NOT NULL,
  `class` varchar(255) COLLATE utf8mb4_unicode_ci NOT NULL,
  `include` tinyint(1) NOT NULL,
  `available` tinyint(1) NOT NULL,
  `value` decimal(14,4) NOT NULL,
  `name` varchar(255) COLLATE utf8mb4_unicode_ci NOT NULL,
  `weight` int(11) NOT NULL,
  PRIMARY KEY (`id`),
  KEY `IDX_22CE371C126F525E` (`item_id`),
  CONSTRAINT `FK_22CE371C126F525E` FOREIGN KEY (`item_id`) REFERENCES `xc_order_items` (`item_id`) ON DELETE CASCADE
) ENGINE=InnoDB DEFAULT CHARSET=utf8mb4 COLLATE=utf8mb4_unicode_ci;

--
-- Dumping data for table `xc_order_item_surcharges`
--


--
-- Table structure for table `xc_order_items`
--

CREATE TABLE `xc_order_items` (
  `item_id` int(11) NOT NULL AUTO_INCREMENT,
  `object_id` int(10) unsigned DEFAULT NULL,
  `order_id` int(11) DEFAULT NULL,
  `categoryAdded` varchar(255) COLLATE utf8mb4_unicode_ci DEFAULT NULL,
  `xpaymentsEmulated` tinyint(1) NOT NULL,
  `xpaymentsUniqueId` varchar(255) COLLATE utf8mb4_unicode_ci NOT NULL,
  `name` varchar(255) COLLATE utf8mb4_unicode_ci NOT NULL,
  `sku` varchar(32) COLLATE utf8mb4_unicode_ci NOT NULL,
  `price` decimal(14,4) NOT NULL COMMENT '(DC2Type:money)',
  `itemNetPrice` decimal(14,4) NOT NULL,
  `discountedSubtotal` decimal(14,4) NOT NULL,
  `amount` int(11) NOT NULL,
  `backorderedAmount` int(11) NOT NULL,
  `total` decimal(14,4) NOT NULL,
  `subtotal` decimal(14,4) NOT NULL,
  `subscriptionId` int(10) unsigned DEFAULT NULL COMMENT 'Unique id',
  `object_type` varchar(16) COLLATE utf8mb4_unicode_ci NOT NULL,
  PRIMARY KEY (`item_id`),
  KEY `IDX_FC5C8B05CA77D3A9` (`subscriptionId`),
  KEY `IDX_FC5C8B058D9F6D38` (`order_id`),
  KEY `ooo` (`order_id`,`object_type`,`object_id`),
  KEY `object_id` (`object_id`),
  KEY `price` (`price`),
  KEY `amount` (`amount`),
  CONSTRAINT `FK_FC5C8B05232D562B` FOREIGN KEY (`object_id`) REFERENCES `xc_products` (`product_id`) ON DELETE SET NULL,
  CONSTRAINT `FK_FC5C8B058D9F6D38` FOREIGN KEY (`order_id`) REFERENCES `xc_orders` (`order_id`) ON DELETE CASCADE,
  CONSTRAINT `FK_FC5C8B05CA77D3A9` FOREIGN KEY (`subscriptionId`) REFERENCES `xc_xpayments_subscriptions` (`id`) ON DELETE SET NULL
) ENGINE=InnoDB AUTO_INCREMENT=9 DEFAULT CHARSET=utf8mb4 COLLATE=utf8mb4_unicode_ci;

--
-- Dumping data for table `xc_order_items`
--

INSERT INTO `xc_order_items` (`item_id`, `object_id`, `order_id`, `categoryAdded`, `xpaymentsEmulated`, `xpaymentsUniqueId`, `name`, `sku`, `price`, `itemNetPrice`, `discountedSubtotal`, `amount`, `backorderedAmount`, `total`, `subtotal`, `subscriptionId`, `object_type`) VALUES (1,42,1,'',0,'','Perfect Snacks','10000000118',19.9900,19.9900,16.9900,1,0,19.9900,19.9900,NULL,'product'),(2,3,2,'',0,'','Beige Sneakers','10000000069',19.9900,19.9900,39.9800,2,0,39.9800,39.9800,NULL,'product'),(3,8,2,'',0,'','Pink Sneakers with White Soles','10000000081',19.9900,14.9900,44.9700,3,0,44.9700,44.9700,NULL,'product'),(4,12,3,'',0,'','Waist Tie Dress in Blue and White Stripe','10000000085',9.9900,9.9900,59.9400,6,0,59.9400,59.9400,NULL,'product'),(5,16,3,'',0,'','Sleeved Mini Dress in Color Block','10000000089',99.0000,99.0000,99.9900,1,0,99.0000,99.0000,NULL,'product'),(6,10,4,'',0,'','Caged Cutout Sandals in Gold','10000000083',34.9900,34.9900,34.9900,1,0,34.9900,34.9900,NULL,'product'),(7,14,5,'',0,'','Multicolored Dress with Balloon Sleeves [Options & Attributes]','10000000087',29.9900,25.4900,305.8800,12,0,305.8800,305.8800,NULL,'product'),(8,26,5,'',0,'','Festival Braslet Pack in Gold Tone','10000000101',12.9900,6.4900,45.4300,7,0,45.4300,45.4300,NULL,'product');

--
-- Table structure for table `xc_order_modifiers`
--

CREATE TABLE `xc_order_modifiers` (
  `id` int(10) unsigned NOT NULL AUTO_INCREMENT,
  `class` varchar(255) COLLATE utf8mb4_unicode_ci NOT NULL,
  `weight` int(11) NOT NULL,
  PRIMARY KEY (`id`)
) ENGINE=InnoDB AUTO_INCREMENT=5 DEFAULT CHARSET=utf8mb4 COLLATE=utf8mb4_unicode_ci;

--
-- Dumping data for table `xc_order_modifiers`
--

INSERT INTO `xc_order_modifiers` (`id`, `class`, `weight`) VALUES (1,'XLite\\Logic\\Order\\Modifier\\Shipping',100),(2,'XLite\\Module\\CDev\\Coupons\\Logic\\Order\\Modifier\\Discount',50),(3,'XLite\\Module\\CDev\\SalesTax\\Logic\\Order\\Modifier\\Tax',1100),(4,'XLite\\Module\\CDev\\VolumeDiscounts\\Logic\\Order\\Modifier\\Discount',50);

--
-- Table structure for table `xc_order_payment_status_translations`
--

CREATE TABLE `xc_order_payment_status_translations` (
  `label_id` int(11) NOT NULL AUTO_INCREMENT,
  `id` int(10) unsigned DEFAULT NULL,
  `name` varchar(255) COLLATE utf8mb4_unicode_ci NOT NULL,
  `customerName` varchar(255) COLLATE utf8mb4_unicode_ci DEFAULT NULL,
  `code` char(2) COLLATE utf8mb4_unicode_ci NOT NULL,
  PRIMARY KEY (`label_id`),
  KEY `ci` (`code`,`id`),
  KEY `id` (`id`),
  CONSTRAINT `FK_B1AECB8BBF396750` FOREIGN KEY (`id`) REFERENCES `xc_order_payment_statuses` (`id`) ON DELETE CASCADE
) ENGINE=InnoDB AUTO_INCREMENT=8 DEFAULT CHARSET=utf8mb4 COLLATE=utf8mb4_unicode_ci;

--
-- Dumping data for table `xc_order_payment_status_translations`
--

INSERT INTO `xc_order_payment_status_translations` (`label_id`, `id`, `name`, `customerName`, `code`) VALUES (1,1,'Awaiting payment','Awaiting payment','en'),(2,2,'Authorized','Authorization hold','en'),(3,3,'Partially Paid','Partially Paid','en'),(4,4,'Paid','Paid','en'),(5,5,'Declined','Declined','en'),(6,6,'Cancelled','Cancelled','en'),(7,7,'Refunded','Refunded','en');

--
-- Table structure for table `xc_order_payment_statuses`
--

CREATE TABLE `xc_order_payment_statuses` (
  `id` int(10) unsigned NOT NULL AUTO_INCREMENT,
  `code` char(4) COLLATE utf8mb4_unicode_ci DEFAULT NULL,
  `position` int(11) NOT NULL,
  PRIMARY KEY (`id`),
  UNIQUE KEY `UNIQ_A5757FE577153098` (`code`),
  KEY `code` (`code`)
) ENGINE=InnoDB AUTO_INCREMENT=8 DEFAULT CHARSET=utf8mb4 COLLATE=utf8mb4_unicode_ci;

--
-- Dumping data for table `xc_order_payment_statuses`
--

INSERT INTO `xc_order_payment_statuses` (`id`, `code`, `position`) VALUES (1,'Q',10),(2,'A',20),(3,'PP',30),(4,'P',40),(5,'D',50),(6,'C',60),(7,'R',70);

--
-- Table structure for table `xc_order_review_keys`
--

CREATE TABLE `xc_order_review_keys` (
  `id` int(10) unsigned NOT NULL AUTO_INCREMENT,
  `order_id` int(11) DEFAULT NULL,
  `keyValue` char(32) COLLATE utf8mb4_unicode_ci NOT NULL,
  `addedDate` int(11) NOT NULL,
  `sentDate` int(11) NOT NULL,
  `firstClickDate` int(11) NOT NULL,
  PRIMARY KEY (`id`),
  UNIQUE KEY `UNIQ_7320054D8D9F6D38` (`order_id`),
  KEY `keyValue` (`keyValue`),
  KEY `addedDate` (`addedDate`),
  KEY `sentDate` (`sentDate`),
  CONSTRAINT `FK_7320054D8D9F6D38` FOREIGN KEY (`order_id`) REFERENCES `xc_orders` (`order_id`) ON DELETE CASCADE
) ENGINE=InnoDB DEFAULT CHARSET=utf8mb4 COLLATE=utf8mb4_unicode_ci;

--
-- Dumping data for table `xc_order_review_keys`
--


--
-- Table structure for table `xc_order_shipping_status_translations`
--

CREATE TABLE `xc_order_shipping_status_translations` (
  `label_id` int(11) NOT NULL AUTO_INCREMENT,
  `id` int(10) unsigned DEFAULT NULL,
  `name` varchar(255) COLLATE utf8mb4_unicode_ci NOT NULL,
  `customerName` varchar(255) COLLATE utf8mb4_unicode_ci DEFAULT NULL,
  `code` char(2) COLLATE utf8mb4_unicode_ci NOT NULL,
  PRIMARY KEY (`label_id`),
  KEY `ci` (`code`,`id`),
  KEY `id` (`id`),
  CONSTRAINT `FK_5C1F97F7BF396750` FOREIGN KEY (`id`) REFERENCES `xc_order_shipping_statuses` (`id`) ON DELETE CASCADE
) ENGINE=InnoDB AUTO_INCREMENT=11 DEFAULT CHARSET=utf8mb4 COLLATE=utf8mb4_unicode_ci;

--
-- Dumping data for table `xc_order_shipping_status_translations`
--

INSERT INTO `xc_order_shipping_status_translations` (`label_id`, `id`, `name`, `customerName`, `code`) VALUES (1,1,'New','New','en'),(2,2,'Processing','Processing','en'),(3,3,'Shipped','Shipped','en'),(4,4,'Delivered','Delivered','en'),(5,5,'Will Not Deliver','Will Not Deliver','en'),(6,6,'Returned','Returned','en'),(7,7,'Waiting for approve','Waiting for approve','en'),(8,8,'New/Backorder','New','en'),(9,9,'Not Finished','Not finished','en'),(10,9,'Не завершен','Не завершен','ru');

--
-- Table structure for table `xc_order_shipping_statuses`
--

CREATE TABLE `xc_order_shipping_statuses` (
  `id` int(10) unsigned NOT NULL AUTO_INCREMENT,
  `code` char(4) COLLATE utf8mb4_unicode_ci DEFAULT NULL,
  `position` int(11) NOT NULL,
  PRIMARY KEY (`id`),
  UNIQUE KEY `UNIQ_2E08CCF277153098` (`code`),
  KEY `code` (`code`)
) ENGINE=InnoDB AUTO_INCREMENT=10 DEFAULT CHARSET=utf8mb4 COLLATE=utf8mb4_unicode_ci;

--
-- Dumping data for table `xc_order_shipping_statuses`
--

INSERT INTO `xc_order_shipping_statuses` (`id`, `code`, `position`) VALUES (1,'N',10),(2,'P',20),(3,'S',30),(4,'D',40),(5,'WND',50),(6,'R',60),(7,'WFA',70),(8,'NBA',80),(9,'NF',100);

--
-- Table structure for table `xc_order_status_properties`
--

CREATE TABLE `xc_order_status_properties` (
  `id` int(10) unsigned NOT NULL AUTO_INCREMENT,
  `payment_status_id` int(10) unsigned DEFAULT NULL,
  `shipping_status_id` int(10) unsigned DEFAULT NULL,
  `incStock` tinyint(1) DEFAULT NULL,
  PRIMARY KEY (`id`),
  KEY `payment_status` (`payment_status_id`),
  KEY `shipping_status` (`shipping_status_id`),
  CONSTRAINT `FK_7F87490D28DE2F95` FOREIGN KEY (`payment_status_id`) REFERENCES `xc_order_payment_statuses` (`id`) ON DELETE CASCADE,
  CONSTRAINT `FK_7F87490D2D02518A` FOREIGN KEY (`shipping_status_id`) REFERENCES `xc_order_shipping_statuses` (`id`) ON DELETE CASCADE
) ENGINE=InnoDB AUTO_INCREMENT=64 DEFAULT CHARSET=utf8mb4 COLLATE=utf8mb4_unicode_ci;

--
-- Dumping data for table `xc_order_status_properties`
--

INSERT INTO `xc_order_status_properties` (`id`, `payment_status_id`, `shipping_status_id`, `incStock`) VALUES (1,2,1,0),(2,2,2,0),(3,2,3,0),(4,2,4,0),(5,2,5,0),(6,2,6,0),(7,2,7,0),(8,2,8,0),(9,3,1,0),(10,3,2,0),(11,3,3,0),(12,3,4,0),(13,3,5,0),(14,3,6,0),(15,3,7,0),(16,3,8,0),(17,4,1,0),(18,4,2,0),(19,4,3,0),(20,4,4,0),(21,4,5,0),(22,4,6,0),(23,4,7,0),(24,4,8,0),(25,5,1,1),(26,5,2,1),(27,5,3,1),(28,5,4,1),(29,5,5,1),(30,5,6,1),(31,5,7,1),(32,5,8,1),(33,6,1,1),(34,6,2,1),(35,6,3,1),(36,6,4,1),(37,6,5,1),(38,6,6,1),(39,6,7,1),(40,6,8,1),(41,1,1,0),(42,1,2,0),(43,1,3,0),(44,1,4,0),(45,1,5,0),(46,1,6,0),(47,1,7,0),(48,1,8,0),(49,7,1,1),(50,7,2,1),(51,7,3,0),(52,7,4,0),(53,7,5,1),(54,7,6,1),(55,7,7,1),(56,7,8,1),(57,2,9,1),(58,3,9,1),(59,4,9,1),(60,5,9,1),(61,6,9,1),(62,1,9,1),(63,7,9,1);

--
-- Table structure for table `xc_order_surcharges`
--

CREATE TABLE `xc_order_surcharges` (
  `id` int(10) unsigned NOT NULL AUTO_INCREMENT,
  `order_id` int(11) DEFAULT NULL,
  `type` char(8) COLLATE utf8mb4_unicode_ci NOT NULL,
  `code` varchar(128) COLLATE utf8mb4_unicode_ci NOT NULL,
  `class` varchar(255) COLLATE utf8mb4_unicode_ci NOT NULL,
  `include` tinyint(1) NOT NULL,
  `available` tinyint(1) NOT NULL,
  `value` decimal(14,4) NOT NULL,
  `name` varchar(255) COLLATE utf8mb4_unicode_ci NOT NULL,
  `weight` int(11) NOT NULL,
  PRIMARY KEY (`id`),
  KEY `IDX_78E8D04C8D9F6D38` (`order_id`),
  CONSTRAINT `FK_78E8D04C8D9F6D38` FOREIGN KEY (`order_id`) REFERENCES `xc_orders` (`order_id`) ON DELETE CASCADE
) ENGINE=InnoDB AUTO_INCREMENT=7 DEFAULT CHARSET=utf8mb4 COLLATE=utf8mb4_unicode_ci;

--
-- Dumping data for table `xc_order_surcharges`
--

INSERT INTO `xc_order_surcharges` (`id`, `order_id`, `type`, `code`, `class`, `include`, `available`, `value`, `name`, `weight`) VALUES (1,1,'shipping','SHIPPING','\\XLite\\Logic\\Order\\Modifier\\Shipping',0,1,1.5000,'Shipping cost',0),(2,1,'discount','DISCOUNT','\\XLite\\Module\\CDev\\VolumeDiscounts\\Logic\\Order\\Modifier\\Discount',0,1,-3.0000,'Discount',0),(3,2,'shipping','SHIPPING','\\XLite\\Logic\\Order\\Modifier\\Shipping',0,1,3.7200,'Shipping cost',0),(4,3,'shipping','SHIPPING','\\XLite\\Logic\\Order\\Modifier\\Shipping',0,1,0.0000,'Shipping cost',0),(5,4,'shipping','SHIPPING','\\XLite\\Logic\\Order\\Modifier\\Shipping',0,1,3.0200,'Shipping cost',0),(6,5,'shipping','SHIPPING','\\XLite\\Logic\\Order\\Modifier\\Shipping',0,1,1.5000,'Shipping cost',0);

--
-- Table structure for table `xc_order_tracking_number`
--

CREATE TABLE `xc_order_tracking_number` (
  `tracking_id` int(11) NOT NULL AUTO_INCREMENT,
  `order_id` int(11) DEFAULT NULL,
  `value` longtext COLLATE utf8mb4_unicode_ci NOT NULL,
  `creationDate` int(11) NOT NULL,
  PRIMARY KEY (`tracking_id`),
  KEY `IDX_AC554AF08D9F6D38` (`order_id`),
  CONSTRAINT `FK_AC554AF08D9F6D38` FOREIGN KEY (`order_id`) REFERENCES `xc_orders` (`order_id`) ON DELETE CASCADE
) ENGINE=InnoDB DEFAULT CHARSET=utf8mb4 COLLATE=utf8mb4_unicode_ci;

--
-- Dumping data for table `xc_order_tracking_number`
--


--
-- Table structure for table `xc_orders`
--

CREATE TABLE `xc_orders` (
  `order_id` int(11) NOT NULL AUTO_INCREMENT,
  `not_finished_order_id` int(11) DEFAULT NULL,
  `profile_id` int(11) DEFAULT NULL,
  `orig_profile_id` int(11) DEFAULT NULL,
  `payment_status_id` int(10) unsigned DEFAULT NULL,
  `shipping_status_id` int(10) unsigned DEFAULT NULL,
  `currency_id` int(10) unsigned DEFAULT NULL,
  `mailchimpStoreId` varchar(255) COLLATE utf8mb4_unicode_ci NOT NULL,
  `demo` tinyint(1) NOT NULL,
  `xpaymentsFraudStatus` varchar(255) COLLATE utf8mb4_unicode_ci NOT NULL,
  `xpaymentsFraudType` varchar(255) COLLATE utf8mb4_unicode_ci NOT NULL,
  `xpaymentsFraudCheckTransactionId` int(11) NOT NULL,
  `xpaymentsBuyWithWallet` varchar(255) COLLATE utf8mb4_unicode_ci NOT NULL,
  `delayedPaymentSavedCardId` varchar(10) COLLATE utf8mb4_unicode_ci NOT NULL,
  `shipping_id` int(11) NOT NULL,
  `shipping_method_name` varchar(255) COLLATE utf8mb4_unicode_ci DEFAULT NULL,
  `payment_method_name` varchar(255) COLLATE utf8mb4_unicode_ci DEFAULT NULL,
  `tracking` varchar(32) COLLATE utf8mb4_unicode_ci NOT NULL,
  `date` int(11) NOT NULL,
  `lastRenewDate` int(11) NOT NULL,
  `notes` longtext COLLATE utf8mb4_unicode_ci NOT NULL,
  `adminNotes` longtext COLLATE utf8mb4_unicode_ci NOT NULL,
  `orderNumber` varchar(255) COLLATE utf8mb4_unicode_ci DEFAULT NULL,
  `recent` tinyint(1) NOT NULL,
  `stockStatus` varchar(255) COLLATE utf8mb4_unicode_ci DEFAULT NULL,
  `xcPendingExport` tinyint(1) NOT NULL,
  `total` decimal(14,4) NOT NULL,
  `subtotal` decimal(14,4) NOT NULL,
  `is_order` int(11) NOT NULL,
  PRIMARY KEY (`order_id`),
  KEY `IDX_72661728791AE370` (`not_finished_order_id`),
  KEY `IDX_72661728CCFA12B8` (`profile_id`),
  KEY `IDX_72661728DBFEF46C` (`orig_profile_id`),
  KEY `IDX_7266172838248176` (`currency_id`),
  KEY `date` (`date`),
  KEY `total` (`total`),
  KEY `subtotal` (`subtotal`),
  KEY `tracking` (`tracking`),
  KEY `payment_status` (`payment_status_id`),
  KEY `shipping_status` (`shipping_status_id`),
  KEY `shipping_id` (`shipping_id`),
  KEY `lastRenewDate` (`lastRenewDate`),
  KEY `orderNumber` (`orderNumber`),
  KEY `is_order` (`is_order`),
  KEY `xcPendingExport` (`xcPendingExport`),
  KEY `delayedPaymentSavedCardId` (`delayedPaymentSavedCardId`),
  KEY `xpaymentsBuyWithWallet` (`xpaymentsBuyWithWallet`),
  CONSTRAINT `FK_7266172828DE2F95` FOREIGN KEY (`payment_status_id`) REFERENCES `xc_order_payment_statuses` (`id`) ON DELETE SET NULL,
  CONSTRAINT `FK_726617282D02518A` FOREIGN KEY (`shipping_status_id`) REFERENCES `xc_order_shipping_statuses` (`id`) ON DELETE SET NULL,
  CONSTRAINT `FK_7266172838248176` FOREIGN KEY (`currency_id`) REFERENCES `xc_currencies` (`currency_id`) ON DELETE CASCADE,
  CONSTRAINT `FK_72661728791AE370` FOREIGN KEY (`not_finished_order_id`) REFERENCES `xc_orders` (`order_id`) ON DELETE SET NULL,
  CONSTRAINT `FK_72661728CCFA12B8` FOREIGN KEY (`profile_id`) REFERENCES `xc_profiles` (`profile_id`) ON DELETE CASCADE,
  CONSTRAINT `FK_72661728DBFEF46C` FOREIGN KEY (`orig_profile_id`) REFERENCES `xc_profiles` (`profile_id`) ON DELETE SET NULL
) ENGINE=InnoDB AUTO_INCREMENT=6 DEFAULT CHARSET=utf8mb4 COLLATE=utf8mb4_unicode_ci;

--
-- Dumping data for table `xc_orders`
--

INSERT INTO `xc_orders` (`order_id`, `not_finished_order_id`, `profile_id`, `orig_profile_id`, `payment_status_id`, `shipping_status_id`, `currency_id`, `mailchimpStoreId`, `demo`, `xpaymentsFraudStatus`, `xpaymentsFraudType`, `xpaymentsFraudCheckTransactionId`, `xpaymentsBuyWithWallet`, `delayedPaymentSavedCardId`, `shipping_id`, `shipping_method_name`, `payment_method_name`, `tracking`, `date`, `lastRenewDate`, `notes`, `adminNotes`, `orderNumber`, `recent`, `stockStatus`, `xcPendingExport`, `total`, `subtotal`, `is_order`) VALUES (1,NULL,2,1,4,4,840,'',1,'','',0,'','',1,'Courier','','',1551771900,1663192292,'','','1',0,'',0,18.4900,19.9900,1),(2,NULL,3,1,4,4,840,'',1,'','',0,'','',1,'Courier','','',1553772240,1663192292,'','','2',1,'',0,88.6700,84.9500,1),(3,NULL,4,1,4,4,840,'',1,'','',0,'','',1,'Courier','','',1564729080,1663192292,'','','3',1,'',0,158.9400,158.9400,1),(4,NULL,5,1,5,5,840,'',1,'','',0,'','',1,'Courier','Simplify Commerce Hosted Payments','',1575162780,1663192292,'','','4',1,'',0,38.0100,34.9900,1),(5,NULL,6,1,4,4,840,'',1,'','',0,'','',1,'Courier','','',1575163080,1663192292,'','','5',0,'',0,352.8100,351.3100,1);

--
-- Table structure for table `xc_page_images`
--

CREATE TABLE `xc_page_images` (
  `id` int(10) unsigned NOT NULL AUTO_INCREMENT,
  `page_id` int(10) unsigned DEFAULT NULL,
  `width` int(11) NOT NULL,
  `height` int(11) NOT NULL,
  `hash` char(32) COLLATE utf8mb4_unicode_ci DEFAULT NULL,
  `needProcess` tinyint(1) NOT NULL,
  `path` varchar(512) COLLATE utf8mb4_unicode_ci NOT NULL,
  `fileName` varchar(255) COLLATE utf8mb4_unicode_ci NOT NULL,
  `mime` varchar(128) COLLATE utf8mb4_unicode_ci NOT NULL,
  `storageType` varchar(1) COLLATE utf8mb4_unicode_ci NOT NULL,
  `size` int(10) unsigned NOT NULL,
  `date` int(10) unsigned NOT NULL,
  PRIMARY KEY (`id`),
  UNIQUE KEY `UNIQ_11155EC1C4663E4` (`page_id`),
  CONSTRAINT `FK_11155EC1C4663E4` FOREIGN KEY (`page_id`) REFERENCES `xc_pages` (`id`) ON DELETE CASCADE
) ENGINE=InnoDB DEFAULT CHARSET=utf8mb4 COLLATE=utf8mb4_unicode_ci;

--
-- Dumping data for table `xc_page_images`
--


--
-- Table structure for table `xc_page_translations`
--

CREATE TABLE `xc_page_translations` (
  `label_id` int(11) NOT NULL AUTO_INCREMENT,
  `id` int(10) unsigned DEFAULT NULL,
  `ogMeta` longtext COLLATE utf8mb4_unicode_ci,
  `name` varchar(255) COLLATE utf8mb4_unicode_ci NOT NULL,
  `teaser` longtext COLLATE utf8mb4_unicode_ci NOT NULL,
  `body` longtext COLLATE utf8mb4_unicode_ci NOT NULL,
  `metaKeywords` longtext COLLATE utf8mb4_unicode_ci NOT NULL,
  `metaTitle` varchar(255) COLLATE utf8mb4_unicode_ci NOT NULL,
  `code` char(2) COLLATE utf8mb4_unicode_ci NOT NULL,
  PRIMARY KEY (`label_id`),
  KEY `ci` (`code`,`id`),
  KEY `id` (`id`),
  CONSTRAINT `FK_460305F6BF396750` FOREIGN KEY (`id`) REFERENCES `xc_pages` (`id`) ON DELETE CASCADE
) ENGINE=InnoDB AUTO_INCREMENT=7 DEFAULT CHARSET=utf8mb4 COLLATE=utf8mb4_unicode_ci;

--
-- Dumping data for table `xc_page_translations`
--

INSERT INTO `xc_page_translations` (`label_id`, `id`, `ogMeta`, `name`, `teaser`, `body`, `metaKeywords`, `metaTitle`, `code`) VALUES (1,1,'','Terms and conditions','Terms and conditions','<p>Terms and conditions text</p><p>To replace this text with the actual Terms and conditions, go to the \"Content -> Pages\" section, open the \"Terms &amp; Conditions\" page and edit the \"Content\" field.</p>','','','en'),(2,1,'','Условия использования','Условия использования','<p>Чтобы разместить на этой странице Ваш собственный текст \"Условия использования\", перейдите в раздел \"Содержание -> Страницы\", откройте для редактирования страницу \"Условия использования\" и добавьте требуемый текст в поле \"Содержание\".</p>','','','ru'),(3,1,'','条款约定','条款约定','<p>内容描述</p><p>要替代该条款内的内容，请到&ldquo;内容-网页&ldquo;中进行设置，打开页面编辑并在这里编辑内容栏目。</p>','','','zh'),(4,2,'','Shipping','Shipping teaser','<p>This page is intended for your store\'s shipping policy.</p><p>Here you can provide general information about the available shipping options and rates, shipping turn-around times, size and weight limits for shipping, shipping restrictions, order tracking, and so on.</p><p></p><p>To replace this text with the actual delivery information, go to the \"Content -> Pages\" section, open the \"Shipping\" page and edit the \"Content\" field.</p>','','','en'),(5,2,'','Доставка','Доставка','<p>Чтобы разместить на этой странице Ваш собственный текст \"Доставка\", перейдите в раздел \"Содержание -> Страницы\", откройте для редактирования страницу \"Доставка\" и добавьте требуемый текст в поле \"Содержание\".</p>','','','ru'),(6,2,'','关于运输','关于运输','<p>关于运输的内容</p><p>要设置该页面的运输项目内容，请到&rdquo;内容-页面&rdquo;中打开关于运输页面进行修改。</p>','','','zh');

--
-- Table structure for table `xc_pages`
--

CREATE TABLE `xc_pages` (
  `id` int(10) unsigned NOT NULL AUTO_INCREMENT,
  `useCustomOG` tinyint(1) NOT NULL,
  `ogMeta` longtext COLLATE utf8mb4_unicode_ci,
  `showSocialButtons` tinyint(1) NOT NULL,
  `enabled` tinyint(1) NOT NULL,
  `metaDescType` varchar(1) COLLATE utf8mb4_unicode_ci NOT NULL,
  `position` int(11) NOT NULL,
  PRIMARY KEY (`id`),
  KEY `enabled` (`enabled`)
) ENGINE=InnoDB AUTO_INCREMENT=3 DEFAULT CHARSET=utf8mb4 COLLATE=utf8mb4_unicode_ci;

--
-- Dumping data for table `xc_pages`
--

INSERT INTO `xc_pages` (`id`, `useCustomOG`, `ogMeta`, `showSocialButtons`, `enabled`, `metaDescType`, `position`) VALUES (1,0,'',0,1,'A',0),(2,0,'',0,1,'A',0);

--
-- Table structure for table `xc_payment_backend_transaction_data`
--

CREATE TABLE `xc_payment_backend_transaction_data` (
  `data_id` int(11) NOT NULL AUTO_INCREMENT,
  `backend_transaction_id` int(11) DEFAULT NULL,
  `name` varchar(128) COLLATE utf8mb4_unicode_ci NOT NULL,
  `label` varchar(255) COLLATE utf8mb4_unicode_ci NOT NULL,
  `access_level` char(1) COLLATE utf8mb4_unicode_ci NOT NULL,
  `value` longtext COLLATE utf8mb4_unicode_ci NOT NULL,
  PRIMARY KEY (`data_id`),
  KEY `IDX_55C64E3C8167CC5C` (`backend_transaction_id`),
  KEY `tn` (`backend_transaction_id`,`name`),
  CONSTRAINT `FK_55C64E3C8167CC5C` FOREIGN KEY (`backend_transaction_id`) REFERENCES `xc_payment_backend_transactions` (`id`) ON DELETE CASCADE
) ENGINE=InnoDB DEFAULT CHARSET=utf8mb4 COLLATE=utf8mb4_unicode_ci;

--
-- Dumping data for table `xc_payment_backend_transaction_data`
--


--
-- Table structure for table `xc_payment_backend_transactions`
--

CREATE TABLE `xc_payment_backend_transactions` (
  `id` int(11) NOT NULL AUTO_INCREMENT,
  `transaction_id` int(11) DEFAULT NULL,
  `date` int(11) NOT NULL,
  `status` char(1) COLLATE utf8mb4_unicode_ci NOT NULL,
  `value` decimal(14,4) NOT NULL,
  `type` varchar(20) COLLATE utf8mb4_unicode_ci NOT NULL,
  PRIMARY KEY (`id`),
  KEY `IDX_396E45CF2FC0CB0F` (`transaction_id`),
  KEY `td` (`transaction_id`,`date`),
  CONSTRAINT `FK_396E45CF2FC0CB0F` FOREIGN KEY (`transaction_id`) REFERENCES `xc_payment_transactions` (`transaction_id`) ON DELETE CASCADE
) ENGINE=InnoDB DEFAULT CHARSET=utf8mb4 COLLATE=utf8mb4_unicode_ci;

--
-- Dumping data for table `xc_payment_backend_transactions`
--


--
-- Table structure for table `xc_payment_method_country_position`
--

CREATE TABLE `xc_payment_method_country_position` (
  `id` int(11) NOT NULL AUTO_INCREMENT,
  `method_id` int(11) DEFAULT NULL,
  `countryCode` char(2) COLLATE utf8mb4_unicode_ci NOT NULL,
  `adminPosition` int(11) NOT NULL,
  PRIMARY KEY (`id`),
  UNIQUE KEY `method_country` (`method_id`,`countryCode`),
  KEY `IDX_E089212019883967` (`method_id`),
  KEY `adminPosition` (`adminPosition`),
  CONSTRAINT `FK_E089212019883967` FOREIGN KEY (`method_id`) REFERENCES `xc_payment_methods` (`method_id`) ON DELETE CASCADE
) ENGINE=InnoDB AUTO_INCREMENT=191 DEFAULT CHARSET=utf8mb4 COLLATE=utf8mb4_unicode_ci;

--
-- Dumping data for table `xc_payment_method_country_position`
--

INSERT INTO `xc_payment_method_country_position` (`id`, `method_id`, `countryCode`, `adminPosition`) VALUES (1,8,'US',-105760),(2,32,'US',-104070),(3,33,'US',-104250),(4,34,'US',-104170),(5,35,'US',-104150),(6,36,'US',-104570),(7,37,'US',-104100),(8,38,'US',-104290),(9,39,'US',-104090),(10,40,'US',-104080),(11,41,'US',-104310),(12,42,'US',-104550),(13,43,'US',-104490),(14,44,'US',-104460),(15,45,'US',-104180),(16,46,'US',-104500),(17,47,'US',-104220),(18,48,'US',-104380),(19,49,'US',-104420),(20,50,'US',-104560),(21,51,'US',-104140),(22,52,'US',-104230),(23,53,'US',-104370),(24,54,'US',-104400),(25,55,'US',-104190),(26,56,'US',-104410),(27,57,'US',-104120),(28,58,'US',-104580),(29,59,'US',-104430),(30,60,'US',-104300),(31,61,'US',-104480),(32,62,'US',-104110),(33,19,'US',-105880),(34,20,'US',-105800),(35,10,'US',-104860),(36,11,'US',-104870),(37,12,'US',-104850),(38,13,'US',-104820),(39,14,'US',-104900),(40,15,'US',-104910),(41,16,'US',-104920),(42,17,'US',-104890),(43,18,'US',-105990),(44,63,'US',-103970),(45,64,'US',-103960),(46,25,'US',0),(47,26,'US',-105930),(48,27,'US',0),(49,65,'US',-104690),(50,7,'US',-105900),(51,66,'US',-105090),(52,23,'US',-105740),(53,24,'US',-105180),(55,68,'US',-105140),(56,69,'US',-105160),(57,70,'US',-104770),(58,71,'US',-104620),(59,72,'US',-104600),(60,73,'US',-105560),(61,74,'US',-105630),(62,75,'US',-105850),(63,76,'US',-105830),(64,77,'US',-105390),(65,78,'US',-104740),(66,79,'US',-104060),(67,80,'US',-105350),(69,82,'US',-105600),(70,83,'US',-105270),(71,84,'US',-105400),(72,85,'US',-105210),(73,86,'US',-105590),(74,87,'US',-105510),(75,88,'US',-105530),(76,89,'US',-105920),(77,90,'US',-103940),(78,91,'US',-105860),(79,92,'US',-104010),(80,93,'US',-105010),(81,94,'US',-105250),(82,95,'US',-104650),(83,96,'US',-105410),(84,97,'US',-105220),(85,98,'US',-104750),(86,99,'US',-105260),(87,22,'US',-105980),(88,100,'US',-105650),(89,101,'US',-104970),(90,102,'US',-104780),(92,104,'US',-105580),(93,105,'US',-105680),(94,106,'US',-104790),(95,107,'US',-103880),(96,108,'US',-103860),(97,109,'US',-103800),(98,110,'US',-103840),(99,111,'US',-103850),(100,112,'US',-103810),(101,113,'US',-103820),(102,114,'US',-103830),(103,115,'US',-103870),(104,116,'US',-105960),(105,117,'US',-105870),(106,118,'US',-103790),(107,119,'US',-104000),(108,120,'US',-104040),(109,29,'US',-105690),(110,30,'US',0),(111,31,'US',-103900),(112,121,'US',-104990),(113,122,'US',-105480),(114,123,'US',-105490),(115,124,'US',-105500),(116,125,'US',-105470),(117,126,'US',0),(118,127,'US',0),(119,128,'US',-105450),(120,129,'US',-105460),(121,130,'US',-105440),(122,131,'US',-105430),(123,132,'US',-105030),(124,133,'US',-104930),(125,134,'US',0),(126,135,'US',-105770),(127,136,'US',-105780),(128,137,'US',-105970),(129,138,'US',-105750),(130,139,'US',-105730),(131,140,'US',-105720),(132,141,'US',-105710),(133,142,'US',-105670),(134,143,'US',-105640),(135,144,'US',-105620),(136,145,'US',-105660),(137,146,'US',-105610),(138,147,'US',-105910),(139,148,'US',-105570),(140,149,'US',-105540),(141,150,'US',-103890),(142,151,'US',-105520),(143,152,'US',-105420),(144,153,'US',-105810),(145,154,'US',-104640),(146,155,'US',-105070),(147,156,'US',-105370),(148,157,'US',-105330),(149,158,'US',-105310),(150,159,'US',-104050),(151,160,'US',-105950),(152,161,'US',-105240),(153,162,'US',-105200),(154,163,'US',-105190),(155,164,'US',-105150),(156,165,'US',-105110),(157,166,'US',-104940),(158,167,'US',-105060),(159,168,'US',-105840),(160,169,'US',-105820),(161,170,'US',-105050),(162,171,'US',-105170),(163,172,'US',0),(164,173,'US',-104980),(165,174,'US',-104830),(166,175,'US',-104840),(167,176,'US',-104730),(168,177,'US',-104710),(169,178,'US',-105120),(170,179,'US',-104700),(171,180,'US',-103930),(172,181,'US',-105230),(173,182,'US',-104670),(174,183,'US',-105000),(175,184,'US',-104610),(176,185,'US',-104590),(177,186,'US',-104030),(178,187,'US',0),(179,188,'US',0),(180,189,'US',-103990),(181,190,'US',-105940),(182,191,'US',-103950),(183,192,'US',-103920),(184,193,'US',-103910),(185,194,'US',-103980),(188,197,'US',0),(190,199,'US',-104810);

--
-- Table structure for table `xc_payment_method_settings`
--

CREATE TABLE `xc_payment_method_settings` (
  `setting_id` int(11) NOT NULL AUTO_INCREMENT,
  `method_id` int(11) DEFAULT NULL,
  `name` varchar(128) COLLATE utf8mb4_unicode_ci NOT NULL,
  `value` longtext COLLATE utf8mb4_unicode_ci NOT NULL,
  PRIMARY KEY (`setting_id`),
  UNIQUE KEY `mn` (`method_id`,`name`),
  KEY `IDX_E9DED4E319883967` (`method_id`),
  CONSTRAINT `FK_E9DED4E319883967` FOREIGN KEY (`method_id`) REFERENCES `xc_payment_methods` (`method_id`) ON DELETE CASCADE
) ENGINE=InnoDB AUTO_INCREMENT=184 DEFAULT CHARSET=utf8mb4 COLLATE=utf8mb4_unicode_ci;

--
-- Dumping data for table `xc_payment_method_settings`
--

INSERT INTO `xc_payment_method_settings` (`setting_id`, `method_id`, `name`, `value`) VALUES (1,7,'merchant_id',''),(2,7,'mode',''),(3,7,'access_key',''),(4,7,'secret_key',''),(5,7,'client_id',''),(6,7,'region','USD'),(7,7,'capture_mode','C'),(8,7,'sync_mode','S'),(9,7,'order_id_prefix',''),(10,8,'login',''),(11,8,'key',''),(12,8,'signature',''),(13,8,'type','sale'),(14,8,'test','1'),(15,8,'prefix','xcart'),(16,10,'vendor',''),(17,10,'user',''),(18,10,'pwd',''),(19,10,'partner','PayPal'),(20,10,'prefix','mystore_'),(21,10,'transaction_type','S'),(22,10,'mode','test'),(23,10,'buyNowEnabled','1'),(24,10,'headIconEnabled','1'),(25,11,'vendor',''),(26,11,'user',''),(27,11,'pwd',''),(28,11,'partner','PayPal'),(29,11,'prefix','mystore_'),(30,11,'transaction_type','S'),(31,11,'mode','test'),(32,12,'vendor',''),(33,12,'user',''),(34,12,'pwd',''),(35,12,'partner','PayPal'),(36,12,'prefix','mystore_'),(37,12,'transaction_type','S'),(38,12,'mode','test'),(39,12,'buyNowEnabled','1'),(40,12,'headIconEnabled','1'),(41,13,'account',''),(42,13,'description',''),(43,13,'prefix','mystore_'),(44,13,'mode','test'),(45,14,'api_type','email'),(46,14,'email',''),(47,14,'api_solution','paypal'),(48,14,'vendor',''),(49,14,'user',''),(50,14,'pwd',''),(51,14,'partner','PayPal'),(52,14,'api_username',''),(53,14,'api_password',''),(54,14,'auth_method','signature'),(55,14,'signature',''),(56,14,'certificate',''),(57,14,'prefix','mystore_'),(58,14,'transaction_type','S'),(59,14,'mode','test'),(60,14,'merchantId',''),(61,14,'buyNowEnabled','1'),(62,14,'headIconEnabled','1'),(63,15,'enabled','1'),(64,15,'agreement','N'),(65,15,'publisherId',''),(66,15,'bannerOnHomePage','D'),(67,15,'bannerOnCategoryPages','D'),(68,15,'bannerOnProductDetailsPages','A'),(69,15,'bannerOnCartPage','C'),(70,15,'ppcm_enabled','1'),(71,15,'ppcm_product_page','1'),(72,15,'ppcm_cart_page','1'),(73,15,'ppcm_checkout_page','1'),(74,15,'ppcm_banner_type','flex'),(75,15,'ppcm_text_logo_type','primary'),(76,15,'ppcm_text_logo_position','left'),(77,15,'ppcm_text_size','12'),(78,15,'ppcm_text_color','black'),(79,15,'ppcm_flex_color_scheme','blue'),(80,15,'ppcm_flex_layout','8x1'),(81,16,'app_id',''),(82,16,'api_username',''),(83,16,'api_password',''),(84,16,'signature',''),(85,16,'paypal_login',''),(86,16,'partner','PayPal'),(87,16,'feesPayer','PRIMARYRECEIVER'),(88,16,'matchCriteria','name'),(89,16,'prefix','mystore_'),(90,16,'transaction_type','S'),(91,16,'mode','test'),(92,16,'buyNowEnabled','1'),(93,16,'headIconEnabled','1'),(94,17,'email',''),(95,17,'client_id',''),(96,17,'secret',''),(97,17,'partner_id',''),(98,17,'bn_code',''),(99,17,'additional_partner_referral_id',''),(100,17,'additional_merchant_id',''),(101,17,'payment_descriptor',''),(102,17,'prefix','mystore_'),(103,17,'transaction_type','S'),(104,17,'mode','test'),(105,17,'disburse_funds','INSTANT'),(106,18,'authCode',''),(107,18,'merchant_id',''),(108,18,'sellerNonce','a0a3ba48e367cfc3fa41e7daf8c9246dae16861e1f46b802ada19ea7891fa294b304b4b32a704563119e512df854a68d2d78e022d73bb7f4d3595d1c3131fb66'),(109,18,'client_id',''),(110,18,'client_secret',''),(111,18,'transaction_type','S'),(112,18,'3d_secure',''),(114,18,'mode','test'),(115,18,'buyNowEnabled','1'),(116,18,'disabledFundingMethods',''),(117,18,'fundingMethods','{\"card\":\"Credit or debit cards\",\"credit\":\"PayPal Credit\",\"bancontact\":\"Bancontact\",\"blik\":\"BLIK\",\"eps\":\"eps\",\"giropay\":\"giropay\",\"ideal\":\"iDEAL\",\"mercadopago\":\"Mercado Pago\",\"mybank\":\"MyBank\",\"p24\":\"Przelewy24\",\"sepa\":\"SEPA-Lastschrift\",\"sofort\":\"Sofort\"}'),(118,18,'headIconEnabled','1'),(119,18,'venmoEnabled','1'),(120,19,'login',''),(121,19,'prefix','xcart'),(122,19,'hash',''),(123,19,'include_response','N'),(124,20,'account',''),(125,20,'secret',''),(126,20,'language','en'),(127,20,'mode','test'),(128,20,'prefix','xcart'),(129,20,'currency','USD'),(130,22,'api_login_id',''),(131,22,'transaction_key',''),(132,22,'public_key',''),(133,22,'type','sale'),(134,22,'mode','test'),(135,22,'prefix','xcart'),(136,23,'pspid',''),(137,23,'sha_in',''),(138,23,'sha_out',''),(139,23,'currency','GBP'),(140,23,'test','1'),(141,23,'prefix','xcart_'),(142,23,'debug_enabled','0'),(143,24,'merchant_id',''),(144,24,'subid','0'),(145,24,'pub_cert','rabobank.cer'),(146,24,'pub_key',''),(147,24,'private_key',''),(148,24,'private_key_pass',''),(149,24,'currency','EUR'),(150,24,'test','Y'),(151,24,'prefix','xcart_'),(152,24,'debug_enabled','0'),(153,25,'vendorName',''),(154,25,'password',''),(155,25,'type','sale'),(156,25,'test','1'),(157,25,'prefix','xcart'),(158,26,'publishKey',''),(159,26,'accessToken',''),(160,26,'publishKeyTest',''),(161,26,'accessTokenTest',''),(162,26,'mode','live'),(163,26,'type','sale'),(164,26,'prefix','xcart'),(165,26,'userId',''),(166,26,'refreshToken',''),(167,26,'credit_card_method','1'),(168,26,'alipay_method','0'),(169,26,'grab_pay_method','0'),(170,26,'fpx_method','0'),(171,27,'publishKey',''),(172,27,'accessToken',''),(173,27,'clientId',''),(174,27,'publishKeyTest',''),(175,27,'accessTokenTest',''),(176,27,'clientIdTest',''),(177,27,'mode','live'),(178,27,'prefix','xcart'),(179,31,'account',''),(180,31,'api_key',''),(181,31,'secret_key',''),(182,31,'widget_key',''),(183,31,'quickaccess_key','');

--
-- Table structure for table `xc_payment_method_translations`
--

CREATE TABLE `xc_payment_method_translations` (
  `label_id` int(11) NOT NULL AUTO_INCREMENT,
  `id` int(11) DEFAULT NULL,
  `name` varchar(255) COLLATE utf8mb4_unicode_ci NOT NULL,
  `title` varchar(255) COLLATE utf8mb4_unicode_ci NOT NULL,
  `description` longtext COLLATE utf8mb4_unicode_ci NOT NULL,
  `adminDescription` longtext COLLATE utf8mb4_unicode_ci NOT NULL,
  `altAdminDescription` longtext COLLATE utf8mb4_unicode_ci NOT NULL,
  `instruction` longtext COLLATE utf8mb4_unicode_ci NOT NULL,
  `code` char(2) COLLATE utf8mb4_unicode_ci NOT NULL,
  PRIMARY KEY (`label_id`),
  KEY `ci` (`code`,`id`),
  KEY `id` (`id`),
  CONSTRAINT `FK_8B15F513BF396750` FOREIGN KEY (`id`) REFERENCES `xc_payment_methods` (`method_id`) ON DELETE CASCADE
) ENGINE=InnoDB AUTO_INCREMENT=217 DEFAULT CHARSET=utf8mb4 COLLATE=utf8mb4_unicode_ci;

--
-- Dumping data for table `xc_payment_method_translations`
--

INSERT INTO `xc_payment_method_translations` (`label_id`, `id`, `name`, `title`, `description`, `adminDescription`, `altAdminDescription`, `instruction`, `code`) VALUES (1,1,'Purchase Order','','','','','','en'),(2,1,'Заказ-наряд','','Оформить заказ на поставку товара','','','','ru'),(3,2,'Phone Ordering','','Phone: (555) 555-5555','','','','en'),(4,2,'Заказ по телефону','','Тел. (555) 555-5555','','','','ru'),(5,3,'Fax Ordering','','Fax: (555) 555-5555','','','','en'),(6,3,'Заказ по факсу','','','','','','ru'),(7,4,'Money Order','','US Banks Only','','','','en'),(8,4,'Денежный перевод','','Оплата через отделение банка','','','','ru'),(9,5,'Check','','Check payment','','','','en'),(10,5,'Чек','','Оплата банковским чеком','','','','ru'),(11,6,'COD','','Cash On Delivery','','','','en'),(12,6,'Наложенный платеж','','Оплата товара при получении','','','','ru'),(13,7,'Amazon Pay','','','','','','en'),(14,8,'Authorize.Net SIM','','','','','','en'),(15,9,'Cash on Delivery (FedEx)','','','','','','en'),(16,10,'PayPal Payflow Link','Credit/Debit card or PayPal','','','Accept Visa, MasterCard®, American Express, Discover and PayPal payments on your site by connecting a PayPal-hosted checkout page with your own internet merchant account. Customize the page to look like the rest of your site and make sure customer transactions are secure.','','en'),(17,11,'PayPal Partner Hosted with PCI Compliance','Credit/Debit card','','','PCI compliant payments on your site with Visa, MasterCard, American Express and Discover - without PayPal-hosted pages. Maintain full control over your customers\' checkout experience by providing a credit card form that will post your customers\' payment details from your site\'s native checkout page directly to the Gateway server.','','en'),(18,12,'PayPal Payments Advanced','Credit/Debit card or PayPal','','','Accept Visa, MasterCard®, American Express, Discover and PayPal payments securely. With this all-in-one option, customers stay on your site for the entire checkout process. It simplifies PCI compliance and opens the door to more than 100 million active PayPal customers. Requires credit approval (2-3 business days).','','en'),(19,13,'PayPal Payments Standard','PayPal','','','Add a PayPal payment button to your site to accept Visa, MasterCard®, American Express, Discover and PayPal payments securely. When your customers check out, they are redirected to PayPal to pay, then return to your site after they are finished.','','en'),(20,14,'PayPal Express Checkout (legacy)','PayPal','','','Create a seamless checkout experience and increase your conversion rate by opening the door to over 100 million active PayPal customers who look for and use this fast, easy, and secure way to pay.','','en'),(21,15,'PayPal Credit','PayPal Credit','','','','','en'),(22,16,'PayPal Adaptive payments (legacy)','PayPal','','','This method provides automatic transfer of payments to vendor users (the type of users enabled by the Multi-vendor module). The method may not be activated unless the module <a href=\'admin.php?target=addons_list_marketplace&moduleName=XC\\MultiVendor\' target=\'_blank\'>Multi-vendor</a> is installed and enabled. To use this method, store administrator is required to have an Application ID for PayPal Adaptive Payments API.','','en'),(23,17,'PayPal for Marketplaces','PayPal','','','PayPal for Marketplaces is a comprehensive payments solution for marketplaces, crowdfunding platforms, and other environments where people buy and sell goods and services or raise money. The solution is ideal if you run a multi-party commerce platform and want a flexible, end-to-end solution for processing payments.','','en'),(24,17,'PayPal for Marketplaces','PayPal','','','PayPal for Marketplaces - это комплексное решение по приёму платежей для торговых площадок, платформ для сбора средств под проект (\"краудфандинг\") и других сфер, где осуществляется продажа и покупка товаров и услуг, либо сбор средств. Данное решение идеально подойдет для платформ, осуществляющих коммерческую деятельность от лица нескольких участников, и представляет собой комплексное и гибкое решение для обработки платежей на всех этапах этой деятельности.','','ru'),(25,18,'PayPal Checkout','PayPal','','','PayPal Checkout can be set up quickly and offers a convenient way for customers to complete online purchases. Configure PayPal on your product pages and cart to increase conversion.','','en'),(26,19,'QuantumGateway','','','','','','en'),(27,20,'2Checkout.com','','','','','','en'),(28,21,'Cash on Delivery (USPS)','','','','','','en'),(29,22,'Authorize.Net Accept.js','','','','','','en'),(30,23,'Barclaycard ePDQ e-Commerce','','','','','','en'),(31,24,'iDEAL Professional (Rabobank)','','','','','','en'),(32,25,'Opayo form protocol','','','','','','en'),(33,26,'Stripe','','','','','','en'),(34,27,'Stripe Connect','','','','','','en'),(35,28,'Cash on Delivery (UPS)','','','','','','en'),(36,29,'Apple Pay','Apple Pay','','','Enable Apple Pay in your checkout via X-Payments Cloud. Supported payment processors: Authorize.Net, Braintree, Chase Paymentech, CyberSource - SOAP Toolkit API, First Data Payeezy Gateway (ex- Global Gateway e4)','','en'),(37,30,'Google Pay','Google Pay','','','Enable Google Pay in your checkout via X-Payments Cloud. Supported payment processors: Authorize.Net, Braintree, Chase Paymentech, CyberSource - SOAP Toolkit API, First Data Payeezy Gateway (ex- Global Gateway e4)','','en'),(38,31,'X-Payments Cloud','Credit or Debit card by X-Payments','','','','','en'),(39,32,'Skrill Wallet','','','','','','en'),(40,33,'Skrill Neteller','','','','','','en'),(41,34,'Skrill PSC','','','','','','en'),(42,35,'Skrill Resurs','','','','','','en'),(43,36,'Skrill All Card Types','','','','','','en'),(44,37,'Skrill Visa','','','','','','en'),(45,38,'Skrill MasterCard','','','','','','en'),(46,39,'Skrill Visa Delta/Debit','','','','','','en'),(47,40,'Skrill Visa Electron','','','','','','en'),(48,41,'Skrill Maestro','','','','','','en'),(49,42,'Skrill American Express','','','','','','en'),(50,43,'Skrill Carte Bleue','','','','','','en'),(51,44,'Skrill Dankort','','','','','','en'),(52,45,'Skrill PostePay','','','','','','en'),(53,46,'Skrill CartaSi','','','','','','en'),(54,47,'Skrill Online Bank Transfer','','','','','','en'),(55,48,'Skrill Giropay','','','','','','en'),(56,49,'Skrill Direct Debit / ELV','','','','','','en'),(57,50,'Skrill All Polish Banks','','','','','','en'),(58,51,'Skrill Sofortueberweisung','','','','','','en'),(59,52,'Skrill Nordea Solo','','','','','','en'),(60,53,'Skrill iDEAL','','','','','','en'),(61,54,'Skrill EPS (Netpay)','','','','','','en'),(62,55,'Skrill POLi','','','','','','en'),(63,56,'Skrill ePay.bg','','','','','','en'),(64,57,'Skrill Trustly','','','','','','en'),(65,58,'Skrill Alipay','','','','','','en'),(66,59,'Skrill Direct bank transfer','','','','','','en'),(67,60,'Skrill Manual bank transfer','','','','','','en'),(68,61,'Skrill Cash/Invoice','','','','','','en'),(69,62,'Skrill Unionpay','','','','','','en'),(70,63,'Visa QIWI Wallet','','','','','','en'),(71,64,'WebMoney','','','','','','en'),(72,65,'Robokassa','','','','','','en'),(73,66,'Meritus Payment Solutions (“MPS”) WebHost','','','','','','en'),(75,68,'InternetSecure','','','','','','en'),(76,69,'Ingenico Payment Services (Ogone)','','','','','','en'),(77,70,'PayU India','','','','','','en'),(78,71,'Simplify Commerce','','','','','','en'),(79,72,'Simplify Commerce Hosted Payments','','','','','','en'),(80,73,'Converge (Virtual merchant)','','','','','','en'),(81,74,'Braintree, a PayPal Company','','','','','','en'),(82,75,'Beanstream','','','','','','en'),(83,76,'Netbanx Hosted Payment','','','','','','en'),(84,77,'EBS India','','','','','','en'),(85,78,'Poli Payment','','','','','','en'),(86,79,'SOFORT Banking','','','','','','en'),(87,80,'emerchantpay Checkout','emerchantpay Checkout','emerchantpay offers a secure way to pay for your order, using Credit/Debit/Prepaid Card, e-Wallet or Vouchers.','','Accept Credit/Debit Cards or Alternative Payments (e-Wallet, Prepaid-Cards, Vouchers etc.) via Payment Form on emerchantpay PCI-certified servers.','','en'),(89,82,'CCBill','','','','','','en'),(90,83,'First Data Payeezy Gateway - Hosted Payment Pages','','','','','','en'),(91,84,'E-Gateway','','','','','','en'),(92,85,'Global Transport eCommerce processor','','','','','','en'),(93,86,'ChronoPay','','','','','','en'),(94,87,'DIBS FlexWin','','','','','','en'),(95,88,'Datatrans (Universal payment page)','','','','','','en'),(96,89,'eWAY Payments','','','','','','en'),(97,90,'WorldPay','','','','','','en'),(98,91,'Paysafecard','','','','','','en'),(99,92,'TenPay','','','','','','en'),(100,93,'Pagseguro','','','','','','en'),(101,94,'Giropay','','','','','','en'),(102,95,'SecurePay (SecureFrame)','','','','','','en'),(103,96,'Dwolla','','','','','','en'),(104,97,'Global Payments Hosted Payment Page','','','','','','en'),(105,98,'Pilibaba Chinese Checkout','','','','','','en'),(106,99,'G2A Pay','','','','','','en'),(107,100,'BlueSnap Credit/Debit Card Payments','Credit/Debit Cards','','','','','en'),(108,101,'PayFort','','','','','','en'),(109,102,'Paytm PG','','','','','','en'),(111,104,'CoinPayments','','','','','','en'),(112,105,'BitPay','','','','','','en'),(113,106,'PayTabs','','','','','','en'),(114,107,'YooMoney','','','','','','en'),(115,107,'ЮKassa, выбор способа оплаты на стороне ЮKassa','','','','','','ru'),(116,108,'YooMoney with bank card payment','','','','','','en'),(117,108,'ЮKassa, оплата банковской картой','','','','','','ru'),(118,109,'YooMoney with YooMoney wallet','','','','','','en'),(119,109,'ЮKassa, оплата со счета ЮMoney','','','','','','ru'),(120,110,'YooMoney with mobile account payment','','','','','','en'),(121,110,'ЮKassa, оплата с мобильного телефона','','','','','','ru'),(122,111,'YooMoney with cash in terminal','','','','','','en'),(123,111,'ЮKassa, оплата наличными в терминале','','','','','','ru'),(124,112,'YooMoney with WebMoney wallet','','','','','','en'),(125,112,'ЮKassa, оплата через WebMoney','','','','','','ru'),(126,113,'YooMoney with Sberbank Online','','','','','','en'),(127,113,'ЮKassa, оплата через Сбербанк Онлайн','','','','','','ru'),(128,114,'YooMoney with QIWI Wallet','','','','','','en'),(129,114,'ЮKassa, оплата через QIWI Wallet','','','','','','ru'),(130,115,'YooMoney with Alfa-Click','','','','','','en'),(131,115,'ЮKassa, оплата через Альфа-Клик','','','','','','ru'),(132,116,'Trust Payments (former Secure Trading)','','','','','','en'),(133,117,'Heartland Payment System','','','','','','en'),(134,118,'Zonos Hosted Checkout','','','','<b>IMPORTANT NOTE:</b> When Zonos is enabled other checkouts are disabled!','','en'),(135,119,'UBRiR','Online payment via bank card','(Visa, MasterCard, МИР)','','Accept Visa, MasterCard and МИР on your site by connecting to Ural Bank of Reconstruction and Development, to make sure customer transactions are secure.','','en'),(136,119,'УБРиР','Онлайн-оплата банковской картой','(Visa, MasterCard, МИР)','','Принимайте карты Visa, MasterCard и МИР на вашем сайте подключившись к Уральскому Банку Реконструкции и Развития. Сделайте оплату удобной и безопасной.','','ru'),(137,120,'Square','','','','','','en'),(138,121,'Paya Services ACH','ACH / Bank Account','','','','','en'),(139,122,'Digiwallet - iDEAL','iDEAL','','','','','en'),(140,123,'Digiwallet - Bancontact','Bancontact','','','','','en'),(141,124,'Digiwallet - Afterpay','Afterpay','','','','','en'),(142,125,'Digiwallet - Bankwire - Overschrijvingen','Bankwire - Overschrijvingen','','','','','en'),(143,126,'Digiwallet - EPS','EPS','','','','','en'),(144,127,'Digiwallet - GiroPay','GiroPay','','','','','en'),(145,128,'Digiwallet - PaysafeCard','PaysafeCard','','','','','en'),(146,129,'Digiwallet - PayPal','PayPal','','','','','en'),(147,130,'Digiwallet - Sofort','Sofort','','','','','en'),(148,131,'Digiwallet - Visa/Mastercard','Visa/Mastercard','','','','','en'),(149,132,'Nochex','Credit/Debit card (Nochex)','','','Accept Credit / Debit Card payments on your site.','','en'),(150,133,'Payop','','','','','','en'),(151,134,'Affirm','','','','','','en'),(152,135,'ANZ eGate','','','','','','en'),(153,136,'American Express Web-Services API Integration','','','','','','en'),(154,137,'Authorize.Net','','','','','','en'),(155,138,'Bambora (Beanstream)','','','','','','en'),(156,139,'Beanstream (legacy API)','','','','','','en'),(157,140,'Bendigo Bank','','','','','','en'),(158,141,'BillriantPay','','','','','','en'),(159,142,'BluePay','','','','','','en'),(160,143,'BlueSnap Payment API (XML)','','','','','','en'),(161,144,'Braintree, direct integration with CC storing','','','','','','en'),(162,145,'BluePay Canada (Caledon)','','','','','','en'),(163,146,'Cardinal Commerce Centinel','','','','','','en'),(164,147,'Chase Paymentech','','','','','','en'),(165,148,'CommWeb - Commonwealth Bank','','','','','','en'),(166,149,'CyberSource - SOAP Toolkit API','','','','','','en'),(167,150,'X-Payments Demo Pay','','','','','','en'),(168,151,'DIBS','','','','','','en'),(169,152,'DirectOne - Direct Interface','','','','','','en'),(170,153,'eProcessing Network - Transparent Database Engine','','','','','','en'),(171,154,'SecurePay Australia','','','','','','en'),(172,155,'Moneris eSELECTplus','','','','','','en'),(173,156,'Elavon (Realex API)','','','','','','en'),(174,157,'ePDQ MPI XML (Phased out)','','','','','','en'),(175,158,'eWAY Rapid - Direct Connection','','','','','','en'),(176,159,'Sparrow (5th Dimension Gateway)','','','','','','en'),(177,160,'First Data Payeezy Gateway (ex- Global Gateway e4)','','','','','','en'),(178,161,'Global Iris','','','','','','en'),(179,162,'GoEmerchant - XML Gateway API','','','','','','en'),(180,163,'HeidelPay','','','','','','en'),(181,164,'Innovative Gateway','','','','','','en'),(182,165,'iTransact XML','','','','','','en'),(183,166,'Payment XP (Meritus) Web Host','','','','','','en'),(184,167,'NAB - National Australia Bank','','','','','','en'),(185,168,'NMI (Network Merchants Inc.)','','','','','','en'),(186,169,'Netbilling - Direct Mode','','','','','','en'),(187,170,'Netevia','','','','','','en'),(188,171,'Ingenico ePayments (Ogone e-Commerce)','','','','','','en'),(189,172,'PayGate South Africa','','','','','','en'),(190,173,'Payflow Pro','','','','','','en'),(191,174,'PayPal Payments Pro (PayPal API)','','','','','','en'),(192,175,'PayPal Payments Pro (Payflow API)','','','','','','en'),(193,176,'PSiGate XML API','','','','','','en'),(194,177,'QuantumGateway - XML Requester','','','','','','en'),(195,178,'Intuit QuickBooks Payments','','','','','','en'),(196,179,'QuickPay','','','','','','en'),(197,180,'Worldpay Corporate Gateway - Direct Model','','','','','','en'),(198,181,'Global Payments (ex. Realex)','','','','','','en'),(199,182,'Opayo Direct (ex. Sage Pay Go - Direct Interface)','','','','','','en'),(200,183,'Paya (ex. Sage Payments US)','','','','','','en'),(201,184,'Simplify Commerce by MasterCard','','','','','','en'),(202,185,'SkipJack','','','','','','en'),(203,186,'Suncorp','','','','','','en'),(204,187,'TranSafe, powered by Monetra','','','','','','en'),(205,188,'2Checkout','','','','','','en'),(206,189,'USA ePay - Transaction Gateway API','','','','','','en'),(207,190,'Elavon Converge (ex VirtualMerchant)','','','','','','en'),(208,191,'WebXpress','','','','','','en'),(209,192,'Worldpay Total US','','','','','','en'),(210,193,'Worldpay US (Lynk Systems)','','','','','','en'),(211,194,'Use a saved credit card','','','','','','en'),(214,197,'X-Payments Cloud (Split Payments)','Credit or Debit card','Split the payment onto multiple cards via X-Payments','','','','en'),(216,199,'PayPal powered by Braintree','','','','','','en');

--
-- Table structure for table `xc_payment_methods`
--

CREATE TABLE `xc_payment_methods` (
  `method_id` int(11) NOT NULL AUTO_INCREMENT,
  `service_name` varchar(128) COLLATE utf8mb4_unicode_ci NOT NULL,
  `class` varchar(255) COLLATE utf8mb4_unicode_ci NOT NULL,
  `moduleName` varchar(255) COLLATE utf8mb4_unicode_ci NOT NULL,
  `orderby` int(11) NOT NULL,
  `adminOrderby` int(11) NOT NULL,
  `enabled` tinyint(1) NOT NULL,
  `added` tinyint(1) NOT NULL,
  `type` char(1) COLLATE utf8mb4_unicode_ci NOT NULL,
  `fromMarketplace` tinyint(1) NOT NULL,
  `iconURL` varchar(255) COLLATE utf8mb4_unicode_ci DEFAULT NULL,
  `countries` longtext COLLATE utf8mb4_unicode_ci COMMENT '(DC2Type:array)',
  `exCountries` longtext COLLATE utf8mb4_unicode_ci COMMENT '(DC2Type:array)',
  PRIMARY KEY (`method_id`),
  KEY `orderby` (`orderby`),
  KEY `class` (`class`,`enabled`),
  KEY `enabled` (`enabled`),
  KEY `serviceName` (`service_name`)
) ENGINE=InnoDB AUTO_INCREMENT=200 DEFAULT CHARSET=utf8mb4 COLLATE=utf8mb4_unicode_ci;

--
-- Dumping data for table `xc_payment_methods`
--

INSERT INTO `xc_payment_methods` (`method_id`, `service_name`, `class`, `moduleName`, `orderby`, `adminOrderby`, `enabled`, `added`, `type`, `fromMarketplace`, `iconURL`, `countries`, `exCountries`) VALUES (1,'PurchaseOrder','Model\\Payment\\Processor\\PurchaseOrder','',20,0,0,1,'O',0,NULL,'N;','N;'),(2,'PhoneOrdering','Model\\Payment\\Processor\\PhoneOrdering','',30,0,1,1,'O',0,NULL,'N;','N;'),(3,'FaxOrdering','Model\\Payment\\Processor\\Offline','',40,0,1,1,'O',0,NULL,'N;','N;'),(4,'MoneyOrdering','Model\\Payment\\Processor\\Offline','',50,0,1,1,'O',0,NULL,'N;','N;'),(5,'Echeck','Model\\Payment\\Processor\\Check','',60,0,0,1,'O',0,NULL,'N;','N;'),(6,'COD','Model\\Payment\\Processor\\Offline','',70,0,1,1,'O',0,NULL,'N;','N;'),(7,'PayWithAmazon','Module\\Amazon\\PayWithAmazon\\Model\\Payment\\Processor\\PayWithAmazon','Amazon_PayWithAmazon',-101600,-105900,0,0,'C',0,NULL,'a:18:{i:0;s:2:\"AT\";i:1;s:2:\"BE\";i:2;s:2:\"CH\";i:3;s:2:\"CY\";i:4;s:2:\"DE\";i:5;s:2:\"DK\";i:6;s:2:\"ES\";i:7;s:2:\"FR\";i:8;s:2:\"GB\";i:9;s:2:\"HU\";i:10;s:2:\"IE\";i:11;s:2:\"IT\";i:12;s:2:\"JP\";i:13;s:2:\"LU\";i:14;s:2:\"NL\";i:15;s:2:\"PT\";i:16;s:2:\"SE\";i:17;s:2:\"US\";}','a:0:{}'),(8,'AuthorizeNet SIM','Module\\CDev\\AuthorizeNet\\Model\\Payment\\Processor\\AuthorizeNetSIM','CDev_AuthorizeNet',-101000,-105760,0,0,'C',0,NULL,'a:3:{i:0;s:2:\"AU\";i:1;s:2:\"CA\";i:2;s:2:\"US\";}','a:0:{}'),(9,'COD_FEDEX','Module\\CDev\\FedEx\\Model\\Payment\\Processor\\COD','CDev_FedEx',0,0,0,1,'O',0,NULL,'a:2:{i:0;s:2:\"CA\";i:1;s:2:\"US\";}','N;'),(10,'PayflowLink','Module\\CDev\\Paypal\\Model\\Payment\\Processor\\PayflowLink','CDev_Paypal',-10600,-104860,0,0,'C',0,NULL,'a:4:{i:0;s:2:\"US\";i:1;s:2:\"CA\";i:2;s:2:\"AU\";i:3;s:2:\"NZ\";}','a:0:{}'),(11,'PayflowTransparentRedirect','Module\\CDev\\Paypal\\Model\\Payment\\Processor\\PayflowTransparentRedirect','CDev_Paypal',-10650,-104870,0,0,'C',0,NULL,'a:4:{i:0;s:2:\"US\";i:1;s:2:\"CA\";i:2;s:2:\"AU\";i:3;s:2:\"NZ\";}','a:0:{}'),(12,'PaypalAdvanced','Module\\CDev\\Paypal\\Model\\Payment\\Processor\\PaypalAdvanced','CDev_Paypal',-10700,-104850,0,0,'C',0,NULL,'a:2:{i:0;s:2:\"US\";i:1;s:2:\"CA\";}','a:0:{}'),(13,'PaypalWPS','Module\\CDev\\Paypal\\Model\\Payment\\Processor\\PaypalWPS','CDev_Paypal',-10800,-104820,0,0,'A',0,NULL,'a:199:{i:0;s:2:\"AD\";i:1;s:2:\"AE\";i:2;s:2:\"AG\";i:3;s:2:\"AI\";i:4;s:2:\"AL\";i:5;s:2:\"AM\";i:6;s:2:\"AO\";i:7;s:2:\"AR\";i:8;s:2:\"AT\";i:9;s:2:\"AU\";i:10;s:2:\"AW\";i:11;s:2:\"AZ\";i:12;s:2:\"BA\";i:13;s:2:\"BB\";i:14;s:2:\"BE\";i:15;s:2:\"BF\";i:16;s:2:\"BG\";i:17;s:2:\"BH\";i:18;s:2:\"BI\";i:19;s:2:\"BJ\";i:20;s:2:\"BM\";i:21;s:2:\"BN\";i:22;s:2:\"BO\";i:23;s:2:\"BR\";i:24;s:2:\"BS\";i:25;s:2:\"BT\";i:26;s:2:\"BW\";i:27;s:2:\"BY\";i:28;s:2:\"BZ\";i:29;s:2:\"CA\";i:30;s:2:\"CD\";i:31;s:2:\"CH\";i:32;s:2:\"CI\";i:33;s:2:\"CK\";i:34;s:2:\"CL\";i:35;s:2:\"CM\";i:36;s:2:\"CN\";i:37;s:2:\"CO\";i:38;s:2:\"CR\";i:39;s:2:\"CV\";i:40;s:2:\"CY\";i:41;s:2:\"CZ\";i:42;s:2:\"DE\";i:43;s:2:\"DJ\";i:44;s:2:\"DK\";i:45;s:2:\"DM\";i:46;s:2:\"DO\";i:47;s:2:\"DZ\";i:48;s:2:\"EC\";i:49;s:2:\"EE\";i:50;s:2:\"EG\";i:51;s:2:\"ER\";i:52;s:2:\"ES\";i:53;s:2:\"ET\";i:54;s:2:\"FI\";i:55;s:2:\"FJ\";i:56;s:2:\"FK\";i:57;s:2:\"FM\";i:58;s:2:\"FO\";i:59;s:2:\"FR\";i:60;s:2:\"GA\";i:61;s:2:\"GB\";i:62;s:2:\"GD\";i:63;s:2:\"GE\";i:64;s:2:\"GI\";i:65;s:2:\"GL\";i:66;s:2:\"GM\";i:67;s:2:\"GN\";i:68;s:2:\"GP\";i:69;s:2:\"GR\";i:70;s:2:\"GT\";i:71;s:2:\"GW\";i:72;s:2:\"GY\";i:73;s:2:\"HK\";i:74;s:2:\"HN\";i:75;s:2:\"HR\";i:76;s:2:\"HU\";i:77;s:2:\"ID\";i:78;s:2:\"IE\";i:79;s:2:\"IL\";i:80;s:2:\"IN\";i:81;s:2:\"IS\";i:82;s:2:\"IT\";i:83;s:2:\"JM\";i:84;s:2:\"JO\";i:85;s:2:\"JP\";i:86;s:2:\"KE\";i:87;s:2:\"KG\";i:88;s:2:\"KH\";i:89;s:2:\"KI\";i:90;s:2:\"KM\";i:91;s:2:\"KN\";i:92;s:2:\"KR\";i:93;s:2:\"KW\";i:94;s:2:\"KY\";i:95;s:2:\"KZ\";i:96;s:2:\"LA\";i:97;s:2:\"LC\";i:98;s:2:\"LI\";i:99;s:2:\"LK\";i:100;s:2:\"LS\";i:101;s:2:\"LT\";i:102;s:2:\"LU\";i:103;s:2:\"LV\";i:104;s:2:\"MA\";i:105;s:2:\"MC\";i:106;s:2:\"MD\";i:107;s:2:\"ME\";i:108;s:2:\"MG\";i:109;s:2:\"MH\";i:110;s:2:\"MK\";i:111;s:2:\"ML\";i:112;s:2:\"MN\";i:113;s:2:\"MQ\";i:114;s:2:\"MR\";i:115;s:2:\"MS\";i:116;s:2:\"MT\";i:117;s:2:\"MU\";i:118;s:2:\"MV\";i:119;s:2:\"MW\";i:120;s:2:\"MX\";i:121;s:2:\"MY\";i:122;s:2:\"MZ\";i:123;s:2:\"NA\";i:124;s:2:\"NC\";i:125;s:2:\"NE\";i:126;s:2:\"NF\";i:127;s:2:\"NG\";i:128;s:2:\"NI\";i:129;s:2:\"NL\";i:130;s:2:\"NO\";i:131;s:2:\"NP\";i:132;s:2:\"NR\";i:133;s:2:\"NU\";i:134;s:2:\"NZ\";i:135;s:2:\"OM\";i:136;s:2:\"PA\";i:137;s:2:\"PE\";i:138;s:2:\"PF\";i:139;s:2:\"PG\";i:140;s:2:\"PH\";i:141;s:2:\"PL\";i:142;s:2:\"PM\";i:143;s:2:\"PN\";i:144;s:2:\"PT\";i:145;s:2:\"PW\";i:146;s:2:\"PY\";i:147;s:2:\"QA\";i:148;s:2:\"RE\";i:149;s:2:\"RO\";i:150;s:2:\"RS\";i:151;s:2:\"RU\";i:152;s:2:\"RW\";i:153;s:2:\"SA\";i:154;s:2:\"SB\";i:155;s:2:\"SC\";i:156;s:2:\"SE\";i:157;s:2:\"SG\";i:158;s:2:\"SH\";i:159;s:2:\"SI\";i:160;s:2:\"SJ\";i:161;s:2:\"SK\";i:162;s:2:\"SL\";i:163;s:2:\"SM\";i:164;s:2:\"SN\";i:165;s:2:\"SO\";i:166;s:2:\"SR\";i:167;s:2:\"ST\";i:168;s:2:\"SV\";i:169;s:2:\"SZ\";i:170;s:2:\"TC\";i:171;s:2:\"TD\";i:172;s:2:\"TG\";i:173;s:2:\"TH\";i:174;s:2:\"TJ\";i:175;s:2:\"TM\";i:176;s:2:\"TN\";i:177;s:2:\"TO\";i:178;s:2:\"TT\";i:179;s:2:\"TV\";i:180;s:2:\"TW\";i:181;s:2:\"TZ\";i:182;s:2:\"UA\";i:183;s:2:\"UG\";i:184;s:2:\"US\";i:185;s:2:\"UY\";i:186;s:2:\"VA\";i:187;s:2:\"VC\";i:188;s:2:\"VE\";i:189;s:2:\"VG\";i:190;s:2:\"VN\";i:191;s:2:\"VU\";i:192;s:2:\"WF\";i:193;s:2:\"WS\";i:194;s:2:\"YE\";i:195;s:2:\"YT\";i:196;s:2:\"ZA\";i:197;s:2:\"ZM\";i:198;s:2:\"ZW\";}','a:0:{}'),(14,'ExpressCheckout','Module\\CDev\\Paypal\\Model\\Payment\\Processor\\ExpressCheckout','CDev_Paypal',-102000,-104900,0,0,'C',0,NULL,'a:199:{i:0;s:2:\"AD\";i:1;s:2:\"AE\";i:2;s:2:\"AG\";i:3;s:2:\"AI\";i:4;s:2:\"AL\";i:5;s:2:\"AM\";i:6;s:2:\"AO\";i:7;s:2:\"AR\";i:8;s:2:\"AT\";i:9;s:2:\"AU\";i:10;s:2:\"AW\";i:11;s:2:\"AZ\";i:12;s:2:\"BA\";i:13;s:2:\"BB\";i:14;s:2:\"BE\";i:15;s:2:\"BF\";i:16;s:2:\"BG\";i:17;s:2:\"BH\";i:18;s:2:\"BI\";i:19;s:2:\"BJ\";i:20;s:2:\"BM\";i:21;s:2:\"BN\";i:22;s:2:\"BO\";i:23;s:2:\"BR\";i:24;s:2:\"BS\";i:25;s:2:\"BT\";i:26;s:2:\"BW\";i:27;s:2:\"BY\";i:28;s:2:\"BZ\";i:29;s:2:\"CA\";i:30;s:2:\"CD\";i:31;s:2:\"CH\";i:32;s:2:\"CI\";i:33;s:2:\"CK\";i:34;s:2:\"CL\";i:35;s:2:\"CM\";i:36;s:2:\"CN\";i:37;s:2:\"CO\";i:38;s:2:\"CR\";i:39;s:2:\"CV\";i:40;s:2:\"CY\";i:41;s:2:\"CZ\";i:42;s:2:\"DE\";i:43;s:2:\"DJ\";i:44;s:2:\"DK\";i:45;s:2:\"DM\";i:46;s:2:\"DO\";i:47;s:2:\"DZ\";i:48;s:2:\"EC\";i:49;s:2:\"EE\";i:50;s:2:\"EG\";i:51;s:2:\"ER\";i:52;s:2:\"ES\";i:53;s:2:\"ET\";i:54;s:2:\"FI\";i:55;s:2:\"FJ\";i:56;s:2:\"FK\";i:57;s:2:\"FM\";i:58;s:2:\"FO\";i:59;s:2:\"FR\";i:60;s:2:\"GA\";i:61;s:2:\"GB\";i:62;s:2:\"GD\";i:63;s:2:\"GE\";i:64;s:2:\"GI\";i:65;s:2:\"GL\";i:66;s:2:\"GM\";i:67;s:2:\"GN\";i:68;s:2:\"GP\";i:69;s:2:\"GR\";i:70;s:2:\"GT\";i:71;s:2:\"GW\";i:72;s:2:\"GY\";i:73;s:2:\"HK\";i:74;s:2:\"HN\";i:75;s:2:\"HR\";i:76;s:2:\"HU\";i:77;s:2:\"ID\";i:78;s:2:\"IE\";i:79;s:2:\"IL\";i:80;s:2:\"IN\";i:81;s:2:\"IS\";i:82;s:2:\"IT\";i:83;s:2:\"JM\";i:84;s:2:\"JO\";i:85;s:2:\"JP\";i:86;s:2:\"KE\";i:87;s:2:\"KG\";i:88;s:2:\"KH\";i:89;s:2:\"KI\";i:90;s:2:\"KM\";i:91;s:2:\"KN\";i:92;s:2:\"KR\";i:93;s:2:\"KW\";i:94;s:2:\"KY\";i:95;s:2:\"KZ\";i:96;s:2:\"LA\";i:97;s:2:\"LC\";i:98;s:2:\"LI\";i:99;s:2:\"LK\";i:100;s:2:\"LS\";i:101;s:2:\"LT\";i:102;s:2:\"LU\";i:103;s:2:\"LV\";i:104;s:2:\"MA\";i:105;s:2:\"MC\";i:106;s:2:\"MD\";i:107;s:2:\"ME\";i:108;s:2:\"MG\";i:109;s:2:\"MH\";i:110;s:2:\"MK\";i:111;s:2:\"ML\";i:112;s:2:\"MN\";i:113;s:2:\"MQ\";i:114;s:2:\"MR\";i:115;s:2:\"MS\";i:116;s:2:\"MT\";i:117;s:2:\"MU\";i:118;s:2:\"MV\";i:119;s:2:\"MW\";i:120;s:2:\"MX\";i:121;s:2:\"MY\";i:122;s:2:\"MZ\";i:123;s:2:\"NA\";i:124;s:2:\"NC\";i:125;s:2:\"NE\";i:126;s:2:\"NF\";i:127;s:2:\"NG\";i:128;s:2:\"NI\";i:129;s:2:\"NL\";i:130;s:2:\"NO\";i:131;s:2:\"NP\";i:132;s:2:\"NR\";i:133;s:2:\"NU\";i:134;s:2:\"NZ\";i:135;s:2:\"OM\";i:136;s:2:\"PA\";i:137;s:2:\"PE\";i:138;s:2:\"PF\";i:139;s:2:\"PG\";i:140;s:2:\"PH\";i:141;s:2:\"PL\";i:142;s:2:\"PM\";i:143;s:2:\"PN\";i:144;s:2:\"PT\";i:145;s:2:\"PW\";i:146;s:2:\"PY\";i:147;s:2:\"QA\";i:148;s:2:\"RE\";i:149;s:2:\"RO\";i:150;s:2:\"RS\";i:151;s:2:\"RU\";i:152;s:2:\"RW\";i:153;s:2:\"SA\";i:154;s:2:\"SB\";i:155;s:2:\"SC\";i:156;s:2:\"SE\";i:157;s:2:\"SG\";i:158;s:2:\"SH\";i:159;s:2:\"SI\";i:160;s:2:\"SJ\";i:161;s:2:\"SK\";i:162;s:2:\"SL\";i:163;s:2:\"SM\";i:164;s:2:\"SN\";i:165;s:2:\"SO\";i:166;s:2:\"SR\";i:167;s:2:\"ST\";i:168;s:2:\"SV\";i:169;s:2:\"SZ\";i:170;s:2:\"TC\";i:171;s:2:\"TD\";i:172;s:2:\"TG\";i:173;s:2:\"TH\";i:174;s:2:\"TJ\";i:175;s:2:\"TM\";i:176;s:2:\"TN\";i:177;s:2:\"TO\";i:178;s:2:\"TT\";i:179;s:2:\"TV\";i:180;s:2:\"TW\";i:181;s:2:\"TZ\";i:182;s:2:\"UA\";i:183;s:2:\"UG\";i:184;s:2:\"US\";i:185;s:2:\"UY\";i:186;s:2:\"VA\";i:187;s:2:\"VC\";i:188;s:2:\"VE\";i:189;s:2:\"VG\";i:190;s:2:\"VN\";i:191;s:2:\"VU\";i:192;s:2:\"WF\";i:193;s:2:\"WS\";i:194;s:2:\"YE\";i:195;s:2:\"YT\";i:196;s:2:\"ZA\";i:197;s:2:\"ZM\";i:198;s:2:\"ZW\";}','a:0:{}'),(15,'PaypalCredit','Module\\CDev\\Paypal\\Model\\Payment\\Processor\\PaypalCredit','CDev_Paypal',-11000,-104910,0,1,'C',0,NULL,'a:5:{i:0;s:2:\"US\";i:1;s:2:\"AU\";i:2;s:2:\"FR\";i:3;s:2:\"GB\";i:4;s:2:\"DE\";}','a:0:{}'),(16,'PaypalAdaptive','Module\\CDev\\Paypal\\Model\\Payment\\Processor\\PaypalAdaptive','CDev_Paypal',-11100,-104920,0,0,'C',0,NULL,'a:0:{}','a:0:{}'),(17,'PaypalForMarketplaces','Module\\CDev\\Paypal\\Model\\Payment\\Processor\\PaypalForMarketplaces','CDev_Paypal',-11100,-104890,0,0,'C',0,NULL,'a:27:{i:0;s:2:\"AT\";i:1;s:2:\"AU\";i:2;s:2:\"BE\";i:3;s:2:\"CA\";i:4;s:2:\"CH\";i:5;s:2:\"CZ\";i:6;s:2:\"DE\";i:7;s:2:\"DK\";i:8;s:2:\"ES\";i:9;s:2:\"FI\";i:10;s:2:\"FR\";i:11;s:2:\"GB\";i:12;s:2:\"GB\";i:13;s:2:\"GR\";i:14;s:2:\"HU\";i:15;s:2:\"IE\";i:16;s:2:\"IL\";i:17;s:2:\"IN\";i:18;s:2:\"IT\";i:19;s:2:\"NL\";i:20;s:2:\"NO\";i:21;s:2:\"PL\";i:22;s:2:\"PT\";i:23;s:2:\"RU\";i:24;s:2:\"SE\";i:25;s:2:\"SK\";i:26;s:2:\"US\";}','a:0:{}'),(18,'PaypalCommercePlatform','Module\\CDev\\Paypal\\Model\\Payment\\Processor\\PaypalCommercePlatform','CDev_Paypal',-103000,-105990,0,1,'C',0,NULL,'a:27:{i:0;s:2:\"AT\";i:1;s:2:\"AU\";i:2;s:2:\"BE\";i:3;s:2:\"CA\";i:4;s:2:\"CH\";i:5;s:2:\"CZ\";i:6;s:2:\"DE\";i:7;s:2:\"DK\";i:8;s:2:\"ES\";i:9;s:2:\"FI\";i:10;s:2:\"FR\";i:11;s:2:\"GB\";i:12;s:2:\"GB\";i:13;s:2:\"GR\";i:14;s:2:\"HU\";i:15;s:2:\"IE\";i:16;s:2:\"IL\";i:17;s:2:\"IN\";i:18;s:2:\"IT\";i:19;s:2:\"NL\";i:20;s:2:\"NO\";i:21;s:2:\"PL\";i:22;s:2:\"PT\";i:23;s:2:\"RU\";i:24;s:2:\"SE\";i:25;s:2:\"SK\";i:26;s:2:\"US\";}','a:0:{}'),(19,'QuantumGateway','Module\\CDev\\Quantum\\Model\\Payment\\Processor\\Quantum','CDev_Quantum',-10000,-105880,0,0,'C',0,NULL,'a:1:{i:0;s:2:\"US\";}','a:0:{}'),(20,'2Checkout.com','Module\\CDev\\TwoCheckout\\Model\\Payment\\Processor\\TwoCheckout','CDev_TwoCheckout',-10500,-105800,0,0,'C',0,NULL,'a:238:{i:0;s:2:\"AD\";i:1;s:2:\"AE\";i:2;s:2:\"AF\";i:3;s:2:\"AG\";i:4;s:2:\"AI\";i:5;s:2:\"AL\";i:6;s:2:\"AM\";i:7;s:2:\"AO\";i:8;s:2:\"AR\";i:9;s:2:\"AS\";i:10;s:2:\"AT\";i:11;s:2:\"AU\";i:12;s:2:\"AW\";i:13;s:2:\"AX\";i:14;s:2:\"AZ\";i:15;s:2:\"BA\";i:16;s:2:\"BB\";i:17;s:2:\"BD\";i:18;s:2:\"BE\";i:19;s:2:\"BF\";i:20;s:2:\"BG\";i:21;s:2:\"BH\";i:22;s:2:\"BI\";i:23;s:2:\"BJ\";i:24;s:2:\"BM\";i:25;s:2:\"BN\";i:26;s:2:\"BO\";i:27;s:2:\"BQ\";i:28;s:2:\"BR\";i:29;s:2:\"BS\";i:30;s:2:\"BT\";i:31;s:2:\"BV\";i:32;s:2:\"BW\";i:33;s:2:\"BY\";i:34;s:2:\"BZ\";i:35;s:2:\"CA\";i:36;s:2:\"CC\";i:37;s:2:\"CD\";i:38;s:2:\"CF\";i:39;s:2:\"CG\";i:40;s:2:\"CH\";i:41;s:2:\"CK\";i:42;s:2:\"CL\";i:43;s:2:\"CM\";i:44;s:2:\"CN\";i:45;s:2:\"CO\";i:46;s:2:\"CR\";i:47;s:2:\"CV\";i:48;s:2:\"CW\";i:49;s:2:\"CX\";i:50;s:2:\"CY\";i:51;s:2:\"CZ\";i:52;s:2:\"DE\";i:53;s:2:\"DJ\";i:54;s:2:\"DK\";i:55;s:2:\"DM\";i:56;s:2:\"DO\";i:57;s:2:\"DZ\";i:58;s:2:\"EC\";i:59;s:2:\"EE\";i:60;s:2:\"EG\";i:61;s:2:\"EH\";i:62;s:2:\"ER\";i:63;s:2:\"ES\";i:64;s:2:\"ET\";i:65;s:2:\"FI\";i:66;s:2:\"FJ\";i:67;s:2:\"FK\";i:68;s:2:\"FM\";i:69;s:2:\"FO\";i:70;s:2:\"FR\";i:71;s:2:\"GA\";i:72;s:2:\"GB\";i:73;s:2:\"GD\";i:74;s:2:\"GE\";i:75;s:2:\"GG\";i:76;s:2:\"GH\";i:77;s:2:\"GI\";i:78;s:2:\"GL\";i:79;s:2:\"GM\";i:80;s:2:\"GN\";i:81;s:2:\"GP\";i:82;s:2:\"GQ\";i:83;s:2:\"GR\";i:84;s:2:\"GS\";i:85;s:2:\"GT\";i:86;s:2:\"GU\";i:87;s:2:\"GW\";i:88;s:2:\"GY\";i:89;s:2:\"HK\";i:90;s:2:\"HM\";i:91;s:2:\"HN\";i:92;s:2:\"HR\";i:93;s:2:\"HT\";i:94;s:2:\"HU\";i:95;s:2:\"ID\";i:96;s:2:\"IE\";i:97;s:2:\"IL\";i:98;s:2:\"IM\";i:99;s:2:\"IN\";i:100;s:2:\"IO\";i:101;s:2:\"IS\";i:102;s:2:\"IT\";i:103;s:2:\"JE\";i:104;s:2:\"JM\";i:105;s:2:\"JO\";i:106;s:2:\"JP\";i:107;s:2:\"KE\";i:108;s:2:\"KG\";i:109;s:2:\"KH\";i:110;s:2:\"KI\";i:111;s:2:\"KM\";i:112;s:2:\"KN\";i:113;s:2:\"KR\";i:114;s:2:\"KW\";i:115;s:2:\"KY\";i:116;s:2:\"KZ\";i:117;s:2:\"LA\";i:118;s:2:\"LB\";i:119;s:2:\"LC\";i:120;s:2:\"LI\";i:121;s:2:\"LK\";i:122;s:2:\"LR\";i:123;s:2:\"LS\";i:124;s:2:\"LT\";i:125;s:2:\"LU\";i:126;s:2:\"LV\";i:127;s:2:\"MA\";i:128;s:2:\"MC\";i:129;s:2:\"MD\";i:130;s:2:\"ME\";i:131;s:2:\"MF\";i:132;s:2:\"MG\";i:133;s:2:\"MH\";i:134;s:2:\"MK\";i:135;s:2:\"ML\";i:136;s:2:\"MN\";i:137;s:2:\"MO\";i:138;s:2:\"MP\";i:139;s:2:\"MQ\";i:140;s:2:\"MR\";i:141;s:2:\"MS\";i:142;s:2:\"MT\";i:143;s:2:\"MU\";i:144;s:2:\"MV\";i:145;s:2:\"MW\";i:146;s:2:\"MX\";i:147;s:2:\"MY\";i:148;s:2:\"MZ\";i:149;s:2:\"NA\";i:150;s:2:\"NC\";i:151;s:2:\"NE\";i:152;s:2:\"NF\";i:153;s:2:\"NG\";i:154;s:2:\"NI\";i:155;s:2:\"NL\";i:156;s:2:\"NO\";i:157;s:2:\"NP\";i:158;s:2:\"NR\";i:159;s:2:\"NU\";i:160;s:2:\"NZ\";i:161;s:2:\"OM\";i:162;s:2:\"PA\";i:163;s:2:\"PE\";i:164;s:2:\"PF\";i:165;s:2:\"PG\";i:166;s:2:\"PH\";i:167;s:2:\"PK\";i:168;s:2:\"PL\";i:169;s:2:\"PM\";i:170;s:2:\"PN\";i:171;s:2:\"PR\";i:172;s:2:\"PS\";i:173;s:2:\"PT\";i:174;s:2:\"PW\";i:175;s:2:\"PY\";i:176;s:2:\"QA\";i:177;s:2:\"RE\";i:178;s:2:\"RO\";i:179;s:2:\"RS\";i:180;s:2:\"RU\";i:181;s:2:\"RW\";i:182;s:2:\"SA\";i:183;s:2:\"SB\";i:184;s:2:\"SC\";i:185;s:2:\"SE\";i:186;s:2:\"SG\";i:187;s:2:\"SH\";i:188;s:2:\"SI\";i:189;s:2:\"SJ\";i:190;s:2:\"SK\";i:191;s:2:\"SL\";i:192;s:2:\"SM\";i:193;s:2:\"SN\";i:194;s:2:\"SO\";i:195;s:2:\"SR\";i:196;s:2:\"ST\";i:197;s:2:\"SV\";i:198;s:2:\"SX\";i:199;s:2:\"SZ\";i:200;s:2:\"TC\";i:201;s:2:\"TD\";i:202;s:2:\"TF\";i:203;s:2:\"TG\";i:204;s:2:\"TH\";i:205;s:2:\"TJ\";i:206;s:2:\"TK\";i:207;s:2:\"TL\";i:208;s:2:\"TM\";i:209;s:2:\"TN\";i:210;s:2:\"TO\";i:211;s:2:\"TR\";i:212;s:2:\"TT\";i:213;s:2:\"TV\";i:214;s:2:\"TW\";i:215;s:2:\"TZ\";i:216;s:2:\"UA\";i:217;s:2:\"UG\";i:218;s:2:\"UM\";i:219;s:2:\"US\";i:220;s:2:\"UY\";i:221;s:2:\"UZ\";i:222;s:2:\"VA\";i:223;s:2:\"VC\";i:224;s:2:\"VE\";i:225;s:2:\"VG\";i:226;s:2:\"VI\";i:227;s:2:\"VN\";i:228;s:2:\"VU\";i:229;s:2:\"WF\";i:230;s:2:\"WS\";i:231;s:2:\"XA\";i:232;s:2:\"XK\";i:233;s:2:\"YE\";i:234;s:2:\"YT\";i:235;s:2:\"ZA\";i:236;s:2:\"ZM\";i:237;s:2:\"ZW\";}','a:0:{}'),(21,'COD_USPS','Module\\CDev\\USPS\\Model\\Payment\\Processor\\COD','CDev_USPS',0,0,0,1,'O',0,NULL,'a:1:{i:0;s:2:\"US\";}','N;'),(22,'AuthorizenetAcceptjs','Module\\QSL\\AuthorizenetAcceptjs\\Model\\Payment\\Processor\\AuthorizenetAcceptjs','QSL_AuthorizenetAcceptjs',-101800,-105980,0,1,'C',0,NULL,'a:1:{i:0;s:2:\"US\";}','a:0:{}'),(23,'ePDQ e-Commerce','Module\\XC\\EPDQ\\Model\\Payment\\Processor\\EPDQ','XC_EPDQ',-10200,-105740,0,0,'C',0,NULL,'a:1:{i:0;s:2:\"GB\";}','a:0:{}'),(24,'iDEAL Professional','Module\\XC\\IdealPayments\\Model\\Payment\\Processor\\IdealProfessional','XC_IdealPayments',-10100,-105180,0,0,'C',0,NULL,'a:1:{i:0;s:2:\"NL\";}','a:0:{}'),(25,'Opayo form protocol','Module\\XC\\SagePay\\Model\\Payment\\Processor\\SagePayForm','XC_SagePay',-101500,0,0,0,'C',0,NULL,'a:2:{i:0;s:2:\"GB\";i:1;s:2:\"IE\";}','a:0:{}'),(26,'Stripe','Module\\XC\\Stripe\\Model\\Payment\\Stripe','XC_Stripe',-10300,-105930,0,0,'C',0,NULL,'a:41:{i:0;s:2:\"AE\";i:1;s:2:\"AT\";i:2;s:2:\"AU\";i:3;s:2:\"BE\";i:4;s:2:\"BG\";i:5;s:2:\"BR\";i:6;s:2:\"CA\";i:7;s:2:\"CH\";i:8;s:2:\"CY\";i:9;s:2:\"CZ\";i:10;s:2:\"DE\";i:11;s:2:\"DK\";i:12;s:2:\"EE\";i:13;s:2:\"ES\";i:14;s:2:\"FI\";i:15;s:2:\"FR\";i:16;s:2:\"GB\";i:17;s:2:\"GR\";i:18;s:2:\"HK\";i:19;s:2:\"HU\";i:20;s:2:\"IE\";i:21;s:2:\"IN\";i:22;s:2:\"IT\";i:23;s:2:\"JP\";i:24;s:2:\"LT\";i:25;s:2:\"LU\";i:26;s:2:\"LV\";i:27;s:2:\"MT\";i:28;s:2:\"MX\";i:29;s:2:\"MY\";i:30;s:2:\"NL\";i:31;s:2:\"NO\";i:32;s:2:\"NZ\";i:33;s:2:\"PL\";i:34;s:2:\"PT\";i:35;s:2:\"RO\";i:36;s:2:\"SE\";i:37;s:2:\"SG\";i:38;s:2:\"SI\";i:39;s:2:\"SK\";i:40;s:2:\"US\";}','a:0:{}'),(27,'StripeConnect','Module\\XC\\Stripe\\Model\\Payment\\StripeConnect','XC_Stripe',-10301,0,0,0,'C',0,NULL,'a:34:{i:0;s:2:\"AT\";i:1;s:2:\"AU\";i:2;s:2:\"BE\";i:3;s:2:\"BR\";i:4;s:2:\"CA\";i:5;s:2:\"CH\";i:6;s:2:\"DE\";i:7;s:2:\"DK\";i:8;s:2:\"EE\";i:9;s:2:\"ES\";i:10;s:2:\"FI\";i:11;s:2:\"FR\";i:12;s:2:\"GB\";i:13;s:2:\"GR\";i:14;s:2:\"HK\";i:15;s:2:\"IE\";i:16;s:2:\"IN\";i:17;s:2:\"IT\";i:18;s:2:\"JP\";i:19;s:2:\"LT\";i:20;s:2:\"LU\";i:21;s:2:\"LV\";i:22;s:2:\"MX\";i:23;s:2:\"MY\";i:24;s:2:\"NL\";i:25;s:2:\"NO\";i:26;s:2:\"NZ\";i:27;s:2:\"PL\";i:28;s:2:\"PT\";i:29;s:2:\"SE\";i:30;s:2:\"SG\";i:31;s:2:\"SI\";i:32;s:2:\"SK\";i:33;s:2:\"US\";}','a:0:{}'),(28,'COD_UPS','Module\\XC\\UPS\\Model\\Payment\\Processor\\COD','XC_UPS',0,0,0,1,'O',0,NULL,'a:2:{i:0;s:2:\"US\";i:1;s:2:\"PR\";}','N;'),(29,'XPaymentsApplePay','Module\\XPay\\XPaymentsCloud\\Model\\Payment\\Processor\\ApplePay','XPay_XPaymentsCloud',-105690,-105690,0,1,'C',0,NULL,'a:0:{}','a:0:{}'),(30,'XPaymentsGooglePay','Module\\XPay\\XPaymentsCloud\\Model\\Payment\\Processor\\GooglePay','XPay_XPaymentsCloud',-105680,0,0,1,'C',0,NULL,'a:0:{}','a:0:{}'),(31,'XPaymentsCloud','Module\\XPay\\XPaymentsCloud\\Model\\Payment\\Processor\\XPaymentsCloud','XPay_XPaymentsCloud',-103900,-103900,0,1,'C',0,NULL,'a:0:{}','a:0:{}'),(32,'Moneybookers.WLT','Module\\CDev\\Moneybookers\\Model\\Payment\\Processor\\Moneybookers','CDev_Moneybookers',0,-104070,0,0,'N',1,'https://my.x-cart.com/storage/addons/CDev/Moneybookers/method_icon.png','a:142:{i:0;s:2:\"AD\";i:1;s:2:\"AE\";i:2;s:2:\"AG\";i:3;s:2:\"AL\";i:4;s:2:\"AM\";i:5;s:2:\"AR\";i:6;s:2:\"AT\";i:7;s:2:\"AU\";i:8;s:2:\"AZ\";i:9;s:2:\"BA\";i:10;s:2:\"BD\";i:11;s:2:\"BE\";i:12;s:2:\"BG\";i:13;s:2:\"BH\";i:14;s:2:\"BN\";i:15;s:2:\"BO\";i:16;s:2:\"BR\";i:17;s:2:\"BS\";i:18;s:2:\"BT\";i:19;s:2:\"BW\";i:20;s:2:\"BY\";i:21;s:2:\"BZ\";i:22;s:2:\"CA\";i:23;s:2:\"CD\";i:24;s:2:\"CH\";i:25;s:2:\"CI\";i:26;s:2:\"CL\";i:27;s:2:\"CM\";i:28;s:2:\"CN\";i:29;s:2:\"CO\";i:30;s:2:\"CR\";i:31;s:2:\"CV\";i:32;s:2:\"CY\";i:33;s:2:\"CZ\";i:34;s:2:\"DE\";i:35;s:2:\"DK\";i:36;s:2:\"DM\";i:37;s:2:\"DO\";i:38;s:2:\"DZ\";i:39;s:2:\"EC\";i:40;s:2:\"EE\";i:41;s:2:\"EG\";i:42;s:2:\"ES\";i:43;s:2:\"ET\";i:44;s:2:\"FI\";i:45;s:2:\"FJ\";i:46;s:2:\"FM\";i:47;s:2:\"FR\";i:48;s:2:\"GB\";i:49;s:2:\"GE\";i:50;s:2:\"GH\";i:51;s:2:\"GR\";i:52;s:2:\"GT\";i:53;s:2:\"HN\";i:54;s:2:\"HR\";i:55;s:2:\"HT\";i:56;s:2:\"HU\";i:57;s:2:\"ID\";i:58;s:2:\"IE\";i:59;s:2:\"IL\";i:60;s:2:\"IN\";i:61;s:2:\"IS\";i:62;s:2:\"IT\";i:63;s:2:\"JM\";i:64;s:2:\"JO\";i:65;s:2:\"KE\";i:66;s:2:\"KH\";i:67;s:2:\"KI\";i:68;s:2:\"KR\";i:69;s:2:\"KW\";i:70;s:2:\"LB\";i:71;s:2:\"LC\";i:72;s:2:\"LI\";i:73;s:2:\"LK\";i:74;s:2:\"LS\";i:75;s:2:\"LT\";i:76;s:2:\"LU\";i:77;s:2:\"LV\";i:78;s:2:\"MA\";i:79;s:2:\"MC\";i:80;s:2:\"MD\";i:81;s:2:\"ME\";i:82;s:2:\"MH\";i:83;s:2:\"MK\";i:84;s:2:\"MT\";i:85;s:2:\"MU\";i:86;s:2:\"MV\";i:87;s:2:\"MX\";i:88;s:2:\"MY\";i:89;s:2:\"MZ\";i:90;s:2:\"NG\";i:91;s:2:\"NI\";i:92;s:2:\"NL\";i:93;s:2:\"NO\";i:94;s:2:\"NZ\";i:95;s:2:\"OM\";i:96;s:2:\"PA\";i:97;s:2:\"PE\";i:98;s:2:\"PH\";i:99;s:2:\"PK\";i:100;s:2:\"PL\";i:101;s:2:\"PS\";i:102;s:2:\"PT\";i:103;s:2:\"PY\";i:104;s:2:\"QA\";i:105;s:2:\"RO\";i:106;s:2:\"RS\";i:107;s:2:\"RU\";i:108;s:2:\"RW\";i:109;s:2:\"SA\";i:110;s:2:\"SB\";i:111;s:2:\"SC\";i:112;s:2:\"SE\";i:113;s:2:\"SG\";i:114;s:2:\"SI\";i:115;s:2:\"SK\";i:116;s:2:\"SM\";i:117;s:2:\"SN\";i:118;s:2:\"SO\";i:119;s:2:\"SS\";i:120;s:2:\"ST\";i:121;s:2:\"SV\";i:122;s:2:\"SZ\";i:123;s:2:\"TH\";i:124;s:2:\"TN\";i:125;s:2:\"TO\";i:126;s:2:\"TR\";i:127;s:2:\"TT\";i:128;s:2:\"TV\";i:129;s:2:\"TZ\";i:130;s:2:\"UA\";i:131;s:2:\"UG\";i:132;s:2:\"US\";i:133;s:2:\"UY\";i:134;s:2:\"VA\";i:135;s:2:\"VC\";i:136;s:2:\"VE\";i:137;s:2:\"VN\";i:138;s:2:\"VU\";i:139;s:2:\"ZA\";i:140;s:2:\"ZM\";i:141;s:2:\"ZW\";}','a:0:{}'),(33,'Moneybookers.NTL','Module\\CDev\\Moneybookers\\Model\\Payment\\Processor\\Moneybookers','CDev_Moneybookers',0,-104250,0,0,'N',1,'https://my.x-cart.com/storage/addons/CDev/Moneybookers/method_icon.png','a:0:{}','a:43:{i:0;s:2:\"AF\";i:1;s:2:\"AM\";i:2;s:2:\"BT\";i:3;s:2:\"BV\";i:4;s:2:\"MM\";i:5;s:2:\"CN\";i:6;s:2:\"CK\";i:7;s:2:\"CU\";i:8;s:2:\"ER\";i:9;s:2:\"GS\";i:10;s:2:\"GU\";i:11;s:2:\"GN\";i:12;s:2:\"IQ\";i:13;s:2:\"KZ\";i:14;s:2:\"KG\";i:15;s:2:\"LR\";i:16;s:2:\"LY\";i:17;s:2:\"MN\";i:18;s:2:\"MP\";i:19;s:2:\"MH\";i:20;s:2:\"PW\";i:21;s:2:\"PK\";i:22;s:2:\"PR\";i:23;s:2:\"SL\";i:24;s:2:\"SO\";i:25;s:2:\"ZW\";i:26;s:2:\"SD\";i:27;s:2:\"TJ\";i:28;s:2:\"TM\";i:29;s:2:\"UG\";i:30;s:2:\"US\";i:31;s:2:\"UZ\";i:32;s:2:\"YE\";i:33;s:2:\"CC\";i:34;s:2:\"CD\";i:35;s:2:\"HM\";i:36;s:2:\"IR\";i:37;s:2:\"CI\";i:38;s:2:\"KP\";i:39;s:2:\"FM\";i:40;s:2:\"TL\";i:41;s:2:\"SY\";i:42;s:2:\"VI\";}'),(34,'Moneybookers.PSC','Module\\CDev\\Moneybookers\\Model\\Payment\\Processor\\Moneybookers','CDev_Moneybookers',0,-104170,0,0,'N',1,'https://my.x-cart.com/storage/addons/CDev/Moneybookers/method_icon.png','a:35:{i:0;s:2:\"AS\";i:1;s:2:\"AT\";i:2;s:2:\"BE\";i:3;s:2:\"CA\";i:4;s:2:\"HR\";i:5;s:2:\"CY\";i:6;s:2:\"CZ\";i:7;s:2:\"DK\";i:8;s:2:\"FI\";i:9;s:2:\"FR\";i:10;s:2:\"DE\";i:11;s:2:\"GU\";i:12;s:2:\"HU\";i:13;s:2:\"IE\";i:14;s:2:\"IT\";i:15;s:2:\"LV\";i:16;s:2:\"LU\";i:17;s:2:\"MT\";i:18;s:2:\"MX\";i:19;s:2:\"NL\";i:20;s:2:\"MP\";i:21;s:2:\"NO\";i:22;s:2:\"PL\";i:23;s:2:\"PT\";i:24;s:2:\"PR\";i:25;s:2:\"RO\";i:26;s:2:\"SK\";i:27;s:2:\"SI\";i:28;s:2:\"ES\";i:29;s:2:\"SE\";i:30;s:2:\"CH\";i:31;s:2:\"TR\";i:32;s:2:\"GB\";i:33;s:2:\"US\";i:34;s:2:\"VI\";}','a:0:{}'),(35,'Moneybookers.RSB','Module\\CDev\\Moneybookers\\Model\\Payment\\Processor\\Moneybookers','CDev_Moneybookers',0,-104150,0,0,'N',1,'https://my.x-cart.com/storage/addons/CDev/Moneybookers/method_icon.png','a:4:{i:0;s:2:\"SE\";i:1;s:2:\"NO\";i:2;s:2:\"FI\";i:3;s:2:\"DK\";}','a:0:{}'),(36,'Moneybookers.ACC','Module\\CDev\\Moneybookers\\Model\\Payment\\Processor\\Moneybookers','CDev_Moneybookers',0,-104570,0,0,'C',1,'https://my.x-cart.com/storage/addons/CDev/Moneybookers/method_icon.png','a:232:{i:0;s:2:\"AD\";i:1;s:2:\"AE\";i:2;s:2:\"AG\";i:3;s:2:\"AI\";i:4;s:2:\"AL\";i:5;s:2:\"AM\";i:6;s:2:\"AO\";i:7;s:2:\"AQ\";i:8;s:2:\"AR\";i:9;s:2:\"AS\";i:10;s:2:\"AT\";i:11;s:2:\"AU\";i:12;s:2:\"AW\";i:13;s:2:\"AX\";i:14;s:2:\"AZ\";i:15;s:2:\"BA\";i:16;s:2:\"BB\";i:17;s:2:\"BD\";i:18;s:2:\"BE\";i:19;s:2:\"BF\";i:20;s:2:\"BG\";i:21;s:2:\"BH\";i:22;s:2:\"BI\";i:23;s:2:\"BJ\";i:24;s:2:\"BM\";i:25;s:2:\"BN\";i:26;s:2:\"BO\";i:27;s:2:\"BR\";i:28;s:2:\"BS\";i:29;s:2:\"BT\";i:30;s:2:\"BV\";i:31;s:2:\"BW\";i:32;s:2:\"BY\";i:33;s:2:\"BZ\";i:34;s:2:\"CA\";i:35;s:2:\"CC\";i:36;s:2:\"CD\";i:37;s:2:\"CF\";i:38;s:2:\"CG\";i:39;s:2:\"CH\";i:40;s:2:\"CI\";i:41;s:2:\"CK\";i:42;s:2:\"CL\";i:43;s:2:\"CM\";i:44;s:2:\"CN\";i:45;s:2:\"CO\";i:46;s:2:\"CR\";i:47;s:2:\"CV\";i:48;s:2:\"CX\";i:49;s:2:\"CY\";i:50;s:2:\"CZ\";i:51;s:2:\"DE\";i:52;s:2:\"DJ\";i:53;s:2:\"DK\";i:54;s:2:\"DM\";i:55;s:2:\"DO\";i:56;s:2:\"DZ\";i:57;s:2:\"EC\";i:58;s:2:\"EE\";i:59;s:2:\"EG\";i:60;s:2:\"EH\";i:61;s:2:\"ER\";i:62;s:2:\"ES\";i:63;s:2:\"ET\";i:64;s:2:\"FI\";i:65;s:2:\"FJ\";i:66;s:2:\"FK\";i:67;s:2:\"FM\";i:68;s:2:\"FO\";i:69;s:2:\"FR\";i:70;s:2:\"GA\";i:71;s:2:\"GB\";i:72;s:2:\"GD\";i:73;s:2:\"GE\";i:74;s:2:\"GG\";i:75;s:2:\"GH\";i:76;s:2:\"GI\";i:77;s:2:\"GL\";i:78;s:2:\"GM\";i:79;s:2:\"GN\";i:80;s:2:\"GP\";i:81;s:2:\"GQ\";i:82;s:2:\"GR\";i:83;s:2:\"GS\";i:84;s:2:\"GT\";i:85;s:2:\"GU\";i:86;s:2:\"GW\";i:87;s:2:\"GY\";i:88;s:2:\"HK\";i:89;s:2:\"HM\";i:90;s:2:\"HN\";i:91;s:2:\"HR\";i:92;s:2:\"HT\";i:93;s:2:\"HU\";i:94;s:2:\"ID\";i:95;s:2:\"IE\";i:96;s:2:\"IL\";i:97;s:2:\"IM\";i:98;s:2:\"IN\";i:99;s:2:\"IS\";i:100;s:2:\"IT\";i:101;s:2:\"JE\";i:102;s:2:\"JM\";i:103;s:2:\"JO\";i:104;s:2:\"JP\";i:105;s:2:\"KE\";i:106;s:2:\"KH\";i:107;s:2:\"KI\";i:108;s:2:\"KM\";i:109;s:2:\"KN\";i:110;s:2:\"KR\";i:111;s:2:\"KW\";i:112;s:2:\"KY\";i:113;s:2:\"KZ\";i:114;s:2:\"LA\";i:115;s:2:\"LB\";i:116;s:2:\"LC\";i:117;s:2:\"LI\";i:118;s:2:\"LK\";i:119;s:2:\"LR\";i:120;s:2:\"LS\";i:121;s:2:\"LT\";i:122;s:2:\"LU\";i:123;s:2:\"LV\";i:124;s:2:\"MA\";i:125;s:2:\"MC\";i:126;s:2:\"MD\";i:127;s:2:\"ME\";i:128;s:2:\"MF\";i:129;s:2:\"MG\";i:130;s:2:\"MH\";i:131;s:2:\"MK\";i:132;s:2:\"ML\";i:133;s:2:\"MM\";i:134;s:2:\"MN\";i:135;s:2:\"MO\";i:136;s:2:\"MP\";i:137;s:2:\"MQ\";i:138;s:2:\"MR\";i:139;s:2:\"MS\";i:140;s:2:\"MT\";i:141;s:2:\"MU\";i:142;s:2:\"MV\";i:143;s:2:\"MW\";i:144;s:2:\"MX\";i:145;s:2:\"MY\";i:146;s:2:\"MZ\";i:147;s:2:\"NA\";i:148;s:2:\"NC\";i:149;s:2:\"NE\";i:150;s:2:\"NF\";i:151;s:2:\"NG\";i:152;s:2:\"NI\";i:153;s:2:\"NL\";i:154;s:2:\"NO\";i:155;s:2:\"NP\";i:156;s:2:\"NU\";i:157;s:2:\"NZ\";i:158;s:2:\"OM\";i:159;s:2:\"PA\";i:160;s:2:\"PE\";i:161;s:2:\"PF\";i:162;s:2:\"PG\";i:163;s:2:\"PH\";i:164;s:2:\"PK\";i:165;s:2:\"PL\";i:166;s:2:\"PM\";i:167;s:2:\"PN\";i:168;s:2:\"PR\";i:169;s:2:\"PS\";i:170;s:2:\"PT\";i:171;s:2:\"PW\";i:172;s:2:\"PY\";i:173;s:2:\"QA\";i:174;s:2:\"RE\";i:175;s:2:\"RO\";i:176;s:2:\"RS\";i:177;s:2:\"RU\";i:178;s:2:\"RW\";i:179;s:2:\"SA\";i:180;s:2:\"SB\";i:181;s:2:\"SC\";i:182;s:2:\"SE\";i:183;s:2:\"SG\";i:184;s:2:\"SH\";i:185;s:2:\"SI\";i:186;s:2:\"SJ\";i:187;s:2:\"SK\";i:188;s:2:\"SL\";i:189;s:2:\"SM\";i:190;s:2:\"SN\";i:191;s:2:\"SO\";i:192;s:2:\"SR\";i:193;s:2:\"ST\";i:194;s:2:\"SV\";i:195;s:2:\"SZ\";i:196;s:2:\"TC\";i:197;s:2:\"TD\";i:198;s:2:\"TF\";i:199;s:2:\"TG\";i:200;s:2:\"TH\";i:201;s:2:\"TJ\";i:202;s:2:\"TK\";i:203;s:2:\"TL\";i:204;s:2:\"TM\";i:205;s:2:\"TN\";i:206;s:2:\"TO\";i:207;s:2:\"TR\";i:208;s:2:\"TT\";i:209;s:2:\"TV\";i:210;s:2:\"TW\";i:211;s:2:\"TZ\";i:212;s:2:\"UA\";i:213;s:2:\"UG\";i:214;s:2:\"UM\";i:215;s:2:\"US\";i:216;s:2:\"UY\";i:217;s:2:\"UZ\";i:218;s:2:\"VA\";i:219;s:2:\"VC\";i:220;s:2:\"VE\";i:221;s:2:\"VG\";i:222;s:2:\"VI\";i:223;s:2:\"VN\";i:224;s:2:\"VU\";i:225;s:2:\"WF\";i:226;s:2:\"WS\";i:227;s:2:\"YE\";i:228;s:2:\"YT\";i:229;s:2:\"ZA\";i:230;s:2:\"ZM\";i:231;s:2:\"ZW\";}','a:0:{}'),(37,'Moneybookers.VSA','Module\\CDev\\Moneybookers\\Model\\Payment\\Processor\\Moneybookers','CDev_Moneybookers',0,-104100,0,0,'C',1,'https://my.x-cart.com/storage/addons/CDev/Moneybookers/method_icon.png','a:232:{i:0;s:2:\"AD\";i:1;s:2:\"AE\";i:2;s:2:\"AG\";i:3;s:2:\"AI\";i:4;s:2:\"AL\";i:5;s:2:\"AM\";i:6;s:2:\"AO\";i:7;s:2:\"AQ\";i:8;s:2:\"AR\";i:9;s:2:\"AS\";i:10;s:2:\"AT\";i:11;s:2:\"AU\";i:12;s:2:\"AW\";i:13;s:2:\"AX\";i:14;s:2:\"AZ\";i:15;s:2:\"BA\";i:16;s:2:\"BB\";i:17;s:2:\"BD\";i:18;s:2:\"BE\";i:19;s:2:\"BF\";i:20;s:2:\"BG\";i:21;s:2:\"BH\";i:22;s:2:\"BI\";i:23;s:2:\"BJ\";i:24;s:2:\"BM\";i:25;s:2:\"BN\";i:26;s:2:\"BO\";i:27;s:2:\"BR\";i:28;s:2:\"BS\";i:29;s:2:\"BT\";i:30;s:2:\"BV\";i:31;s:2:\"BW\";i:32;s:2:\"BY\";i:33;s:2:\"BZ\";i:34;s:2:\"CA\";i:35;s:2:\"CC\";i:36;s:2:\"CD\";i:37;s:2:\"CF\";i:38;s:2:\"CG\";i:39;s:2:\"CH\";i:40;s:2:\"CI\";i:41;s:2:\"CK\";i:42;s:2:\"CL\";i:43;s:2:\"CM\";i:44;s:2:\"CN\";i:45;s:2:\"CO\";i:46;s:2:\"CR\";i:47;s:2:\"CV\";i:48;s:2:\"CX\";i:49;s:2:\"CY\";i:50;s:2:\"CZ\";i:51;s:2:\"DE\";i:52;s:2:\"DJ\";i:53;s:2:\"DK\";i:54;s:2:\"DM\";i:55;s:2:\"DO\";i:56;s:2:\"DZ\";i:57;s:2:\"EC\";i:58;s:2:\"EE\";i:59;s:2:\"EG\";i:60;s:2:\"EH\";i:61;s:2:\"ER\";i:62;s:2:\"ES\";i:63;s:2:\"ET\";i:64;s:2:\"FI\";i:65;s:2:\"FJ\";i:66;s:2:\"FK\";i:67;s:2:\"FM\";i:68;s:2:\"FO\";i:69;s:2:\"FR\";i:70;s:2:\"GA\";i:71;s:2:\"GB\";i:72;s:2:\"GD\";i:73;s:2:\"GE\";i:74;s:2:\"GG\";i:75;s:2:\"GH\";i:76;s:2:\"GI\";i:77;s:2:\"GL\";i:78;s:2:\"GM\";i:79;s:2:\"GN\";i:80;s:2:\"GP\";i:81;s:2:\"GQ\";i:82;s:2:\"GR\";i:83;s:2:\"GS\";i:84;s:2:\"GT\";i:85;s:2:\"GU\";i:86;s:2:\"GW\";i:87;s:2:\"GY\";i:88;s:2:\"HK\";i:89;s:2:\"HM\";i:90;s:2:\"HN\";i:91;s:2:\"HR\";i:92;s:2:\"HT\";i:93;s:2:\"HU\";i:94;s:2:\"ID\";i:95;s:2:\"IE\";i:96;s:2:\"IL\";i:97;s:2:\"IM\";i:98;s:2:\"IN\";i:99;s:2:\"IS\";i:100;s:2:\"IT\";i:101;s:2:\"JE\";i:102;s:2:\"JM\";i:103;s:2:\"JO\";i:104;s:2:\"JP\";i:105;s:2:\"KE\";i:106;s:2:\"KH\";i:107;s:2:\"KI\";i:108;s:2:\"KM\";i:109;s:2:\"KN\";i:110;s:2:\"KR\";i:111;s:2:\"KW\";i:112;s:2:\"KY\";i:113;s:2:\"KZ\";i:114;s:2:\"LA\";i:115;s:2:\"LB\";i:116;s:2:\"LC\";i:117;s:2:\"LI\";i:118;s:2:\"LK\";i:119;s:2:\"LR\";i:120;s:2:\"LS\";i:121;s:2:\"LT\";i:122;s:2:\"LU\";i:123;s:2:\"LV\";i:124;s:2:\"MA\";i:125;s:2:\"MC\";i:126;s:2:\"MD\";i:127;s:2:\"ME\";i:128;s:2:\"MF\";i:129;s:2:\"MG\";i:130;s:2:\"MH\";i:131;s:2:\"MK\";i:132;s:2:\"ML\";i:133;s:2:\"MM\";i:134;s:2:\"MN\";i:135;s:2:\"MO\";i:136;s:2:\"MP\";i:137;s:2:\"MQ\";i:138;s:2:\"MR\";i:139;s:2:\"MS\";i:140;s:2:\"MT\";i:141;s:2:\"MU\";i:142;s:2:\"MV\";i:143;s:2:\"MW\";i:144;s:2:\"MX\";i:145;s:2:\"MY\";i:146;s:2:\"MZ\";i:147;s:2:\"NA\";i:148;s:2:\"NC\";i:149;s:2:\"NE\";i:150;s:2:\"NF\";i:151;s:2:\"NG\";i:152;s:2:\"NI\";i:153;s:2:\"NL\";i:154;s:2:\"NO\";i:155;s:2:\"NP\";i:156;s:2:\"NU\";i:157;s:2:\"NZ\";i:158;s:2:\"OM\";i:159;s:2:\"PA\";i:160;s:2:\"PE\";i:161;s:2:\"PF\";i:162;s:2:\"PG\";i:163;s:2:\"PH\";i:164;s:2:\"PK\";i:165;s:2:\"PL\";i:166;s:2:\"PM\";i:167;s:2:\"PN\";i:168;s:2:\"PR\";i:169;s:2:\"PS\";i:170;s:2:\"PT\";i:171;s:2:\"PW\";i:172;s:2:\"PY\";i:173;s:2:\"QA\";i:174;s:2:\"RE\";i:175;s:2:\"RO\";i:176;s:2:\"RS\";i:177;s:2:\"RU\";i:178;s:2:\"RW\";i:179;s:2:\"SA\";i:180;s:2:\"SB\";i:181;s:2:\"SC\";i:182;s:2:\"SE\";i:183;s:2:\"SG\";i:184;s:2:\"SH\";i:185;s:2:\"SI\";i:186;s:2:\"SJ\";i:187;s:2:\"SK\";i:188;s:2:\"SL\";i:189;s:2:\"SM\";i:190;s:2:\"SN\";i:191;s:2:\"SO\";i:192;s:2:\"SR\";i:193;s:2:\"ST\";i:194;s:2:\"SV\";i:195;s:2:\"SZ\";i:196;s:2:\"TC\";i:197;s:2:\"TD\";i:198;s:2:\"TF\";i:199;s:2:\"TG\";i:200;s:2:\"TH\";i:201;s:2:\"TJ\";i:202;s:2:\"TK\";i:203;s:2:\"TL\";i:204;s:2:\"TM\";i:205;s:2:\"TN\";i:206;s:2:\"TO\";i:207;s:2:\"TR\";i:208;s:2:\"TT\";i:209;s:2:\"TV\";i:210;s:2:\"TW\";i:211;s:2:\"TZ\";i:212;s:2:\"UA\";i:213;s:2:\"UG\";i:214;s:2:\"UM\";i:215;s:2:\"US\";i:216;s:2:\"UY\";i:217;s:2:\"UZ\";i:218;s:2:\"VA\";i:219;s:2:\"VC\";i:220;s:2:\"VE\";i:221;s:2:\"VG\";i:222;s:2:\"VI\";i:223;s:2:\"VN\";i:224;s:2:\"VU\";i:225;s:2:\"WF\";i:226;s:2:\"WS\";i:227;s:2:\"YE\";i:228;s:2:\"YT\";i:229;s:2:\"ZA\";i:230;s:2:\"ZM\";i:231;s:2:\"ZW\";}','a:0:{}'),(38,'Moneybookers.MSC','Module\\CDev\\Moneybookers\\Model\\Payment\\Processor\\Moneybookers','CDev_Moneybookers',0,-104290,0,0,'C',1,'https://my.x-cart.com/storage/addons/CDev/Moneybookers/method_icon.png','a:232:{i:0;s:2:\"AD\";i:1;s:2:\"AE\";i:2;s:2:\"AG\";i:3;s:2:\"AI\";i:4;s:2:\"AL\";i:5;s:2:\"AM\";i:6;s:2:\"AO\";i:7;s:2:\"AQ\";i:8;s:2:\"AR\";i:9;s:2:\"AS\";i:10;s:2:\"AT\";i:11;s:2:\"AU\";i:12;s:2:\"AW\";i:13;s:2:\"AX\";i:14;s:2:\"AZ\";i:15;s:2:\"BA\";i:16;s:2:\"BB\";i:17;s:2:\"BD\";i:18;s:2:\"BE\";i:19;s:2:\"BF\";i:20;s:2:\"BG\";i:21;s:2:\"BH\";i:22;s:2:\"BI\";i:23;s:2:\"BJ\";i:24;s:2:\"BM\";i:25;s:2:\"BN\";i:26;s:2:\"BO\";i:27;s:2:\"BR\";i:28;s:2:\"BS\";i:29;s:2:\"BT\";i:30;s:2:\"BV\";i:31;s:2:\"BW\";i:32;s:2:\"BY\";i:33;s:2:\"BZ\";i:34;s:2:\"CA\";i:35;s:2:\"CC\";i:36;s:2:\"CD\";i:37;s:2:\"CF\";i:38;s:2:\"CG\";i:39;s:2:\"CH\";i:40;s:2:\"CI\";i:41;s:2:\"CK\";i:42;s:2:\"CL\";i:43;s:2:\"CM\";i:44;s:2:\"CN\";i:45;s:2:\"CO\";i:46;s:2:\"CR\";i:47;s:2:\"CV\";i:48;s:2:\"CX\";i:49;s:2:\"CY\";i:50;s:2:\"CZ\";i:51;s:2:\"DE\";i:52;s:2:\"DJ\";i:53;s:2:\"DK\";i:54;s:2:\"DM\";i:55;s:2:\"DO\";i:56;s:2:\"DZ\";i:57;s:2:\"EC\";i:58;s:2:\"EE\";i:59;s:2:\"EG\";i:60;s:2:\"EH\";i:61;s:2:\"ER\";i:62;s:2:\"ES\";i:63;s:2:\"ET\";i:64;s:2:\"FI\";i:65;s:2:\"FJ\";i:66;s:2:\"FK\";i:67;s:2:\"FM\";i:68;s:2:\"FO\";i:69;s:2:\"FR\";i:70;s:2:\"GA\";i:71;s:2:\"GB\";i:72;s:2:\"GD\";i:73;s:2:\"GE\";i:74;s:2:\"GG\";i:75;s:2:\"GH\";i:76;s:2:\"GI\";i:77;s:2:\"GL\";i:78;s:2:\"GM\";i:79;s:2:\"GN\";i:80;s:2:\"GP\";i:81;s:2:\"GQ\";i:82;s:2:\"GR\";i:83;s:2:\"GS\";i:84;s:2:\"GT\";i:85;s:2:\"GU\";i:86;s:2:\"GW\";i:87;s:2:\"GY\";i:88;s:2:\"HK\";i:89;s:2:\"HM\";i:90;s:2:\"HN\";i:91;s:2:\"HR\";i:92;s:2:\"HT\";i:93;s:2:\"HU\";i:94;s:2:\"ID\";i:95;s:2:\"IE\";i:96;s:2:\"IL\";i:97;s:2:\"IM\";i:98;s:2:\"IN\";i:99;s:2:\"IS\";i:100;s:2:\"IT\";i:101;s:2:\"JE\";i:102;s:2:\"JM\";i:103;s:2:\"JO\";i:104;s:2:\"JP\";i:105;s:2:\"KE\";i:106;s:2:\"KH\";i:107;s:2:\"KI\";i:108;s:2:\"KM\";i:109;s:2:\"KN\";i:110;s:2:\"KR\";i:111;s:2:\"KW\";i:112;s:2:\"KY\";i:113;s:2:\"KZ\";i:114;s:2:\"LA\";i:115;s:2:\"LB\";i:116;s:2:\"LC\";i:117;s:2:\"LI\";i:118;s:2:\"LK\";i:119;s:2:\"LR\";i:120;s:2:\"LS\";i:121;s:2:\"LT\";i:122;s:2:\"LU\";i:123;s:2:\"LV\";i:124;s:2:\"MA\";i:125;s:2:\"MC\";i:126;s:2:\"MD\";i:127;s:2:\"ME\";i:128;s:2:\"MF\";i:129;s:2:\"MG\";i:130;s:2:\"MH\";i:131;s:2:\"MK\";i:132;s:2:\"ML\";i:133;s:2:\"MM\";i:134;s:2:\"MN\";i:135;s:2:\"MO\";i:136;s:2:\"MP\";i:137;s:2:\"MQ\";i:138;s:2:\"MR\";i:139;s:2:\"MS\";i:140;s:2:\"MT\";i:141;s:2:\"MU\";i:142;s:2:\"MV\";i:143;s:2:\"MW\";i:144;s:2:\"MX\";i:145;s:2:\"MY\";i:146;s:2:\"MZ\";i:147;s:2:\"NA\";i:148;s:2:\"NC\";i:149;s:2:\"NE\";i:150;s:2:\"NF\";i:151;s:2:\"NG\";i:152;s:2:\"NI\";i:153;s:2:\"NL\";i:154;s:2:\"NO\";i:155;s:2:\"NP\";i:156;s:2:\"NU\";i:157;s:2:\"NZ\";i:158;s:2:\"OM\";i:159;s:2:\"PA\";i:160;s:2:\"PE\";i:161;s:2:\"PF\";i:162;s:2:\"PG\";i:163;s:2:\"PH\";i:164;s:2:\"PK\";i:165;s:2:\"PL\";i:166;s:2:\"PM\";i:167;s:2:\"PN\";i:168;s:2:\"PR\";i:169;s:2:\"PS\";i:170;s:2:\"PT\";i:171;s:2:\"PW\";i:172;s:2:\"PY\";i:173;s:2:\"QA\";i:174;s:2:\"RE\";i:175;s:2:\"RO\";i:176;s:2:\"RS\";i:177;s:2:\"RU\";i:178;s:2:\"RW\";i:179;s:2:\"SA\";i:180;s:2:\"SB\";i:181;s:2:\"SC\";i:182;s:2:\"SE\";i:183;s:2:\"SG\";i:184;s:2:\"SH\";i:185;s:2:\"SI\";i:186;s:2:\"SJ\";i:187;s:2:\"SK\";i:188;s:2:\"SL\";i:189;s:2:\"SM\";i:190;s:2:\"SN\";i:191;s:2:\"SO\";i:192;s:2:\"SR\";i:193;s:2:\"ST\";i:194;s:2:\"SV\";i:195;s:2:\"SZ\";i:196;s:2:\"TC\";i:197;s:2:\"TD\";i:198;s:2:\"TF\";i:199;s:2:\"TG\";i:200;s:2:\"TH\";i:201;s:2:\"TJ\";i:202;s:2:\"TK\";i:203;s:2:\"TL\";i:204;s:2:\"TM\";i:205;s:2:\"TN\";i:206;s:2:\"TO\";i:207;s:2:\"TR\";i:208;s:2:\"TT\";i:209;s:2:\"TV\";i:210;s:2:\"TW\";i:211;s:2:\"TZ\";i:212;s:2:\"UA\";i:213;s:2:\"UG\";i:214;s:2:\"UM\";i:215;s:2:\"US\";i:216;s:2:\"UY\";i:217;s:2:\"UZ\";i:218;s:2:\"VA\";i:219;s:2:\"VC\";i:220;s:2:\"VE\";i:221;s:2:\"VG\";i:222;s:2:\"VI\";i:223;s:2:\"VN\";i:224;s:2:\"VU\";i:225;s:2:\"WF\";i:226;s:2:\"WS\";i:227;s:2:\"YE\";i:228;s:2:\"YT\";i:229;s:2:\"ZA\";i:230;s:2:\"ZM\";i:231;s:2:\"ZW\";}','a:0:{}'),(39,'Moneybookers.VSD','Module\\CDev\\Moneybookers\\Model\\Payment\\Processor\\Moneybookers','CDev_Moneybookers',0,-104090,0,0,'C',1,'https://my.x-cart.com/storage/addons/CDev/Moneybookers/method_icon.png','a:1:{i:0;s:2:\"GB\";}','a:0:{}'),(40,'Moneybookers.VSE','Module\\CDev\\Moneybookers\\Model\\Payment\\Processor\\Moneybookers','CDev_Moneybookers',0,-104080,0,0,'C',1,'https://my.x-cart.com/storage/addons/CDev/Moneybookers/method_icon.png','a:231:{i:0;s:2:\"AD\";i:1;s:2:\"AE\";i:2;s:2:\"AG\";i:3;s:2:\"AI\";i:4;s:2:\"AL\";i:5;s:2:\"AM\";i:6;s:2:\"AO\";i:7;s:2:\"AQ\";i:8;s:2:\"AR\";i:9;s:2:\"AS\";i:10;s:2:\"AT\";i:11;s:2:\"AU\";i:12;s:2:\"AW\";i:13;s:2:\"AX\";i:14;s:2:\"AZ\";i:15;s:2:\"BA\";i:16;s:2:\"BB\";i:17;s:2:\"BD\";i:18;s:2:\"BE\";i:19;s:2:\"BF\";i:20;s:2:\"BG\";i:21;s:2:\"BH\";i:22;s:2:\"BI\";i:23;s:2:\"BJ\";i:24;s:2:\"BM\";i:25;s:2:\"BN\";i:26;s:2:\"BO\";i:27;s:2:\"BR\";i:28;s:2:\"BS\";i:29;s:2:\"BT\";i:30;s:2:\"BV\";i:31;s:2:\"BW\";i:32;s:2:\"BY\";i:33;s:2:\"BZ\";i:34;s:2:\"CA\";i:35;s:2:\"CC\";i:36;s:2:\"CD\";i:37;s:2:\"CF\";i:38;s:2:\"CG\";i:39;s:2:\"CH\";i:40;s:2:\"CI\";i:41;s:2:\"CK\";i:42;s:2:\"CL\";i:43;s:2:\"CM\";i:44;s:2:\"CN\";i:45;s:2:\"CO\";i:46;s:2:\"CR\";i:47;s:2:\"CV\";i:48;s:2:\"CX\";i:49;s:2:\"CY\";i:50;s:2:\"CZ\";i:51;s:2:\"DE\";i:52;s:2:\"DJ\";i:53;s:2:\"DK\";i:54;s:2:\"DM\";i:55;s:2:\"DO\";i:56;s:2:\"DZ\";i:57;s:2:\"EC\";i:58;s:2:\"EE\";i:59;s:2:\"EG\";i:60;s:2:\"EH\";i:61;s:2:\"ER\";i:62;s:2:\"ES\";i:63;s:2:\"ET\";i:64;s:2:\"FI\";i:65;s:2:\"FJ\";i:66;s:2:\"FK\";i:67;s:2:\"FM\";i:68;s:2:\"FO\";i:69;s:2:\"FR\";i:70;s:2:\"GA\";i:71;s:2:\"GB\";i:72;s:2:\"GD\";i:73;s:2:\"GE\";i:74;s:2:\"GG\";i:75;s:2:\"GH\";i:76;s:2:\"GI\";i:77;s:2:\"GL\";i:78;s:2:\"GM\";i:79;s:2:\"GN\";i:80;s:2:\"GP\";i:81;s:2:\"GQ\";i:82;s:2:\"GR\";i:83;s:2:\"GS\";i:84;s:2:\"GT\";i:85;s:2:\"GU\";i:86;s:2:\"GW\";i:87;s:2:\"GY\";i:88;s:2:\"HK\";i:89;s:2:\"HM\";i:90;s:2:\"HN\";i:91;s:2:\"HR\";i:92;s:2:\"HT\";i:93;s:2:\"HU\";i:94;s:2:\"ID\";i:95;s:2:\"IE\";i:96;s:2:\"IL\";i:97;s:2:\"IM\";i:98;s:2:\"IN\";i:99;s:2:\"IS\";i:100;s:2:\"IT\";i:101;s:2:\"JE\";i:102;s:2:\"JM\";i:103;s:2:\"JO\";i:104;s:2:\"JP\";i:105;s:2:\"KE\";i:106;s:2:\"KH\";i:107;s:2:\"KI\";i:108;s:2:\"KM\";i:109;s:2:\"KN\";i:110;s:2:\"KR\";i:111;s:2:\"KW\";i:112;s:2:\"KY\";i:113;s:2:\"KZ\";i:114;s:2:\"LA\";i:115;s:2:\"LB\";i:116;s:2:\"LC\";i:117;s:2:\"LI\";i:118;s:2:\"LK\";i:119;s:2:\"LR\";i:120;s:2:\"LS\";i:121;s:2:\"LT\";i:122;s:2:\"LU\";i:123;s:2:\"LV\";i:124;s:2:\"MA\";i:125;s:2:\"MC\";i:126;s:2:\"MD\";i:127;s:2:\"ME\";i:128;s:2:\"MF\";i:129;s:2:\"MG\";i:130;s:2:\"MH\";i:131;s:2:\"MK\";i:132;s:2:\"ML\";i:133;s:2:\"MM\";i:134;s:2:\"MN\";i:135;s:2:\"MO\";i:136;s:2:\"MP\";i:137;s:2:\"MQ\";i:138;s:2:\"MR\";i:139;s:2:\"MS\";i:140;s:2:\"MT\";i:141;s:2:\"MU\";i:142;s:2:\"MV\";i:143;s:2:\"MW\";i:144;s:2:\"MX\";i:145;s:2:\"MY\";i:146;s:2:\"MZ\";i:147;s:2:\"NA\";i:148;s:2:\"NC\";i:149;s:2:\"NE\";i:150;s:2:\"NF\";i:151;s:2:\"NG\";i:152;s:2:\"NI\";i:153;s:2:\"NL\";i:154;s:2:\"NO\";i:155;s:2:\"NP\";i:156;s:2:\"NU\";i:157;s:2:\"NZ\";i:158;s:2:\"OM\";i:159;s:2:\"PA\";i:160;s:2:\"PE\";i:161;s:2:\"PF\";i:162;s:2:\"PG\";i:163;s:2:\"PH\";i:164;s:2:\"PK\";i:165;s:2:\"PL\";i:166;s:2:\"PM\";i:167;s:2:\"PN\";i:168;s:2:\"PR\";i:169;s:2:\"PS\";i:170;s:2:\"PT\";i:171;s:2:\"PW\";i:172;s:2:\"PY\";i:173;s:2:\"QA\";i:174;s:2:\"RE\";i:175;s:2:\"RO\";i:176;s:2:\"RS\";i:177;s:2:\"RU\";i:178;s:2:\"RW\";i:179;s:2:\"SA\";i:180;s:2:\"SB\";i:181;s:2:\"SC\";i:182;s:2:\"SE\";i:183;s:2:\"SG\";i:184;s:2:\"SH\";i:185;s:2:\"SI\";i:186;s:2:\"SJ\";i:187;s:2:\"SK\";i:188;s:2:\"SL\";i:189;s:2:\"SM\";i:190;s:2:\"SN\";i:191;s:2:\"SO\";i:192;s:2:\"SR\";i:193;s:2:\"ST\";i:194;s:2:\"SV\";i:195;s:2:\"SZ\";i:196;s:2:\"TC\";i:197;s:2:\"TD\";i:198;s:2:\"TF\";i:199;s:2:\"TG\";i:200;s:2:\"TH\";i:201;s:2:\"TJ\";i:202;s:2:\"TK\";i:203;s:2:\"TL\";i:204;s:2:\"TM\";i:205;s:2:\"TN\";i:206;s:2:\"TO\";i:207;s:2:\"TR\";i:208;s:2:\"TT\";i:209;s:2:\"TV\";i:210;s:2:\"TW\";i:211;s:2:\"TZ\";i:212;s:2:\"UA\";i:213;s:2:\"UG\";i:214;s:2:\"UM\";i:215;s:2:\"UY\";i:216;s:2:\"UZ\";i:217;s:2:\"VA\";i:218;s:2:\"VC\";i:219;s:2:\"VE\";i:220;s:2:\"VG\";i:221;s:2:\"VI\";i:222;s:2:\"VN\";i:223;s:2:\"VU\";i:224;s:2:\"WF\";i:225;s:2:\"WS\";i:226;s:2:\"YE\";i:227;s:2:\"YT\";i:228;s:2:\"ZA\";i:229;s:2:\"ZM\";i:230;s:2:\"ZW\";}','a:0:{}'),(41,'Moneybookers.MAE','Module\\CDev\\Moneybookers\\Model\\Payment\\Processor\\Moneybookers','CDev_Moneybookers',0,-104310,0,0,'C',1,'https://my.x-cart.com/storage/addons/CDev/Moneybookers/method_icon.png','a:4:{i:0;s:2:\"AT\";i:1;s:2:\"ES\";i:2;s:2:\"GB\";i:3;s:2:\"IE\";}','a:0:{}'),(42,'Moneybookers.AMX','Module\\CDev\\Moneybookers\\Model\\Payment\\Processor\\Moneybookers','CDev_Moneybookers',0,-104550,0,0,'C',1,'https://my.x-cart.com/storage/addons/CDev/Moneybookers/method_icon.png','a:1:{i:0;s:2:\"US\";}','a:0:{}'),(43,'Moneybookers.GCB','Module\\CDev\\Moneybookers\\Model\\Payment\\Processor\\Moneybookers','CDev_Moneybookers',0,-104490,0,0,'C',1,'https://my.x-cart.com/storage/addons/CDev/Moneybookers/method_icon.png','a:1:{i:0;s:2:\"FR\";}','a:0:{}'),(44,'Moneybookers.DNK','Module\\CDev\\Moneybookers\\Model\\Payment\\Processor\\Moneybookers','CDev_Moneybookers',0,-104460,0,0,'C',1,'https://my.x-cart.com/storage/addons/CDev/Moneybookers/method_icon.png','a:1:{i:0;s:2:\"DK\";}','a:0:{}'),(45,'Moneybookers.PSP','Module\\CDev\\Moneybookers\\Model\\Payment\\Processor\\Moneybookers','CDev_Moneybookers',0,-104180,0,0,'C',1,'https://my.x-cart.com/storage/addons/CDev/Moneybookers/method_icon.png','a:1:{i:0;s:2:\"IT\";}','a:0:{}'),(46,'Moneybookers.CSI','Module\\CDev\\Moneybookers\\Model\\Payment\\Processor\\Moneybookers','CDev_Moneybookers',0,-104500,0,0,'C',1,'https://my.x-cart.com/storage/addons/CDev/Moneybookers/method_icon.png','a:1:{i:0;s:2:\"IT\";}','a:0:{}'),(47,'Moneybookers.OBT','Module\\CDev\\Moneybookers\\Model\\Payment\\Processor\\Moneybookers','CDev_Moneybookers',0,-104220,0,0,'N',1,'https://my.x-cart.com/storage/addons/CDev/Moneybookers/method_icon.png','a:37:{i:0;s:2:\"AT\";i:1;s:2:\"AU\";i:2;s:2:\"BD\";i:3;s:2:\"BE\";i:4;s:2:\"CY\";i:5;s:2:\"DE\";i:6;s:2:\"EE\";i:7;s:2:\"ES\";i:8;s:2:\"FI\";i:9;s:2:\"FR\";i:10;s:2:\"GB\";i:11;s:2:\"GR\";i:12;s:2:\"ID\";i:13;s:2:\"IE\";i:14;s:2:\"IN\";i:15;s:2:\"IT\";i:16;s:2:\"KE\";i:17;s:2:\"LK\";i:18;s:2:\"LT\";i:19;s:2:\"LU\";i:20;s:2:\"LV\";i:21;s:2:\"MC\";i:22;s:2:\"MT\";i:23;s:2:\"MX\";i:24;s:2:\"MY\";i:25;s:2:\"NG\";i:26;s:2:\"NL\";i:27;s:2:\"NP\";i:28;s:2:\"PH\";i:29;s:2:\"PK\";i:30;s:2:\"PL\";i:31;s:2:\"PT\";i:32;s:2:\"SI\";i:33;s:2:\"SK\";i:34;s:2:\"SM\";i:35;s:2:\"TH\";i:36;s:2:\"VN\";}','a:0:{}'),(48,'Moneybookers.GIR','Module\\CDev\\Moneybookers\\Model\\Payment\\Processor\\Moneybookers','CDev_Moneybookers',0,-104380,0,0,'N',1,'https://my.x-cart.com/storage/addons/CDev/Moneybookers/method_icon.png','a:1:{i:0;s:2:\"DE\";}','a:0:{}'),(49,'Moneybookers.DID','Module\\CDev\\Moneybookers\\Model\\Payment\\Processor\\Moneybookers','CDev_Moneybookers',0,-104420,0,0,'N',1,'https://my.x-cart.com/storage/addons/CDev/Moneybookers/method_icon.png','a:1:{i:0;s:2:\"DE\";}','a:0:{}'),(50,'Moneybookers.PWY','Module\\CDev\\Moneybookers\\Model\\Payment\\Processor\\Moneybookers','CDev_Moneybookers',0,-104560,0,0,'N',1,'https://my.x-cart.com/storage/addons/CDev/Moneybookers/method_icon.png','a:1:{i:0;s:2:\"PL\";}','a:0:{}'),(51,'Moneybookers.SFT','Module\\CDev\\Moneybookers\\Model\\Payment\\Processor\\Moneybookers','CDev_Moneybookers',0,-104140,0,0,'N',1,'https://my.x-cart.com/storage/addons/CDev/Moneybookers/method_icon.png','a:1:{i:0;s:2:\"DE\";}','a:0:{}'),(52,'Moneybookers.EBT','Module\\CDev\\Moneybookers\\Model\\Payment\\Processor\\Moneybookers','CDev_Moneybookers',0,-104230,0,0,'N',1,'https://my.x-cart.com/storage/addons/CDev/Moneybookers/method_icon.png','a:1:{i:0;s:2:\"SE\";}','a:0:{}'),(53,'Moneybookers.IDL','Module\\CDev\\Moneybookers\\Model\\Payment\\Processor\\Moneybookers','CDev_Moneybookers',0,-104370,0,0,'N',1,'https://my.x-cart.com/storage/addons/CDev/Moneybookers/method_icon.png','a:1:{i:0;s:2:\"NL\";}','a:0:{}'),(54,'Moneybookers.NPY','Module\\CDev\\Moneybookers\\Model\\Payment\\Processor\\Moneybookers','CDev_Moneybookers',0,-104400,0,0,'N',1,'https://my.x-cart.com/storage/addons/CDev/Moneybookers/method_icon.png','a:1:{i:0;s:2:\"AT\";}','a:0:{}'),(55,'Moneybookers.PLI','Module\\CDev\\Moneybookers\\Model\\Payment\\Processor\\Moneybookers','CDev_Moneybookers',0,-104190,0,0,'N',1,'https://my.x-cart.com/storage/addons/CDev/Moneybookers/method_icon.png','a:1:{i:0;s:2:\"AU\";}','a:0:{}'),(56,'Moneybookers.EPY','Module\\CDev\\Moneybookers\\Model\\Payment\\Processor\\Moneybookers','CDev_Moneybookers',0,-104410,0,0,'N',1,'https://my.x-cart.com/storage/addons/CDev/Moneybookers/method_icon.png','a:1:{i:0;s:2:\"BG\";}','a:0:{}'),(57,'Moneybookers.GLU','Module\\CDev\\Moneybookers\\Model\\Payment\\Processor\\Moneybookers','CDev_Moneybookers',0,-104120,0,0,'N',1,'https://my.x-cart.com/storage/addons/CDev/Moneybookers/method_icon.png','a:13:{i:0;s:2:\"SE\";i:1;s:2:\"FI\";i:2;s:2:\"EE\";i:3;s:2:\"DK\";i:4;s:2:\"ES\";i:5;s:2:\"IT\";i:6;s:2:\"DE\";i:7;s:2:\"PT\";i:8;s:2:\"AT\";i:9;s:2:\"LV\";i:10;s:2:\"LT\";i:11;s:2:\"NL\";i:12;s:2:\"PL\";}','a:0:{}'),(58,'Moneybookers.ALI','Module\\CDev\\Moneybookers\\Model\\Payment\\Processor\\Moneybookers','CDev_Moneybookers',0,-104580,0,0,'N',1,'https://my.x-cart.com/storage/addons/CDev/Moneybookers/method_icon.png','a:1:{i:0;s:2:\"CN\";}','a:0:{}'),(59,'Moneybookers.ADB','Module\\CDev\\Moneybookers\\Model\\Payment\\Processor\\Moneybookers','CDev_Moneybookers',0,-104430,0,0,'N',1,'https://my.x-cart.com/storage/addons/CDev/Moneybookers/method_icon.png','a:2:{i:0;s:2:\"AR\";i:1;s:2:\"BR\";}','a:0:{}'),(60,'Moneybookers.AOB','Module\\CDev\\Moneybookers\\Model\\Payment\\Processor\\Moneybookers','CDev_Moneybookers',0,-104300,0,0,'N',1,'https://my.x-cart.com/storage/addons/CDev/Moneybookers/method_icon.png','a:4:{i:0;s:2:\"BR\";i:1;s:2:\"CL\";i:2;s:2:\"CN\";i:3;s:2:\"CO\";}','a:0:{}'),(61,'Moneybookers.ACI','Module\\CDev\\Moneybookers\\Model\\Payment\\Processor\\Moneybookers','CDev_Moneybookers',0,-104480,0,0,'N',1,'https://my.x-cart.com/storage/addons/CDev/Moneybookers/method_icon.png','a:7:{i:0;s:2:\"AR\";i:1;s:2:\"BR\";i:2;s:2:\"CL\";i:3;s:2:\"CN\";i:4;s:2:\"CO\";i:5;s:2:\"MX\";i:6;s:2:\"UY\";}','a:0:{}'),(62,'Moneybookers.AUP','Module\\CDev\\Moneybookers\\Model\\Payment\\Processor\\Moneybookers','CDev_Moneybookers',0,-104110,0,0,'N',1,'https://my.x-cart.com/storage/addons/CDev/Moneybookers/method_icon.png','a:1:{i:0;s:2:\"CN\";}','a:0:{}'),(63,'Visa QIWI Wallet','Module\\XC\\Qiwi\\Model\\Payment\\Processor\\Qiwi','XC_Qiwi',0,-103970,0,0,'N',1,'https://my.x-cart.com/storage/addons/XC/Qiwi/method_icon.png','a:17:{i:0;s:2:\"AB\";i:1;s:2:\"AM\";i:2;s:2:\"AZ\";i:3;s:2:\"BY\";i:4;s:2:\"CZ\";i:5;s:2:\"EE\";i:6;s:2:\"GE\";i:7;s:2:\"IL\";i:8;s:2:\"KG\";i:9;s:2:\"KZ\";i:10;s:2:\"LT\";i:11;s:2:\"LV\";i:12;s:2:\"MD\";i:13;s:2:\"RU\";i:14;s:2:\"TJ\";i:15;s:2:\"TR\";i:16;s:2:\"UZ\";}','a:0:{}'),(64,'WebMoney','Module\\XC\\Webmoney\\Model\\Payment\\Processor\\Webmoney','XC_Webmoney',0,-103960,0,0,'N',1,'https://my.x-cart.com/storage/addons/XC/Webmoney/method_icon.png','a:1:{i:0;s:2:\"RU\";}','a:0:{}'),(65,'Robokassa','Module\\XC\\Robokassa\\Model\\Payment\\Processor\\Robokassa','XC_Robokassa',0,-104690,0,0,'N',1,'https://my.x-cart.com/storage/addons/XC/Robokassa/method_icon.png','a:2:{i:0;s:2:\"RU\";i:1;s:2:\"KZ\";}','a:0:{}'),(66,'MPSWebHost','Module\\MPS\\MeritusPayment\\Model\\Payment\\Processor\\MeritusPayment','MPS_MeritusPayment',0,-105090,0,0,'C',1,'https://my.x-cart.com/storage/addons/MPS/MeritusPayment/method_icon.png','a:1:{i:0;s:2:\"US\";}','a:0:{}'),(68,'InternetSecure','Module\\XC\\InternetSecure\\Model\\Payment\\Processor\\ISecMerchantLink','XC_InternetSecure',0,-105140,0,0,'C',1,'https://my.x-cart.com/storage/addons/XC/InternetSecure/method_icon.png','a:13:{i:0;s:2:\"BE\";i:1;s:2:\"CA\";i:2;s:2:\"DE\";i:3;s:2:\"DK\";i:4;s:2:\"GB\";i:5;s:2:\"IE\";i:6;s:2:\"LU\";i:7;s:2:\"NL\";i:8;s:2:\"NO\";i:9;s:2:\"PL\";i:10;s:2:\"PR\";i:11;s:2:\"SE\";i:12;s:2:\"US\";}','a:0:{}'),(69,'Ingenico Payment Services (Ogone)','Module\\XC\\OgoneEcommerce\\Model\\Payment\\Processor\\OgoneEcommerce','XC_OgoneEcommerce',0,-105160,0,0,'C',1,'https://my.x-cart.com/storage/addons/XC/OgoneEcommerce/method_icon.png','a:25:{i:0;s:2:\"AR\";i:1;s:2:\"AT\";i:2;s:2:\"BE\";i:3;s:2:\"CL\";i:4;s:2:\"CN\";i:5;s:2:\"CZ\";i:6;s:2:\"DE\";i:7;s:2:\"EE\";i:8;s:2:\"ES\";i:9;s:2:\"FI\";i:10;s:2:\"FR\";i:11;s:2:\"GB\";i:12;s:2:\"HK\";i:13;s:2:\"ID\";i:14;s:2:\"IN\";i:15;s:2:\"IT\";i:16;s:2:\"LT\";i:17;s:2:\"LU\";i:18;s:2:\"LV\";i:19;s:2:\"MY\";i:20;s:2:\"NL\";i:21;s:2:\"PL\";i:22;s:2:\"SG\";i:23;s:2:\"SK\";i:24;s:2:\"TW\";}','a:0:{}'),(70,'PayUIndia','Module\\XC\\PayUIndia\\Model\\Payment\\Processor\\PayU','XC_PayUIndia',0,-104770,0,0,'C',1,'https://my.x-cart.com/storage/addons/XC/PayUIndia/method_icon.png','a:1:{i:0;s:2:\"IN\";}','a:0:{}'),(71,'SimplifyCommerce','Module\\XC\\SimplifyCommerce\\Model\\Payment\\Processor\\SimplifyCommerce','XC_SimplifyCommerce',0,-104620,0,0,'C',1,'https://my.x-cart.com/storage/addons/XC/SimplifyCommerce/method_icon.png','a:2:{i:0;s:2:\"US\";i:1;s:2:\"IE\";}','a:0:{}'),(72,'SimplifyCommerceHP','Module\\XC\\SimplifyCommerce\\Model\\Payment\\Processor\\SimplifyCommerceHP','XC_SimplifyCommerce',0,-104600,0,0,'C',1,'https://my.x-cart.com/storage/addons/XC/SimplifyCommerce/method_icon.png','a:2:{i:0;s:2:\"US\";i:1;s:2:\"IE\";}','a:0:{}'),(73,'VirtualMerchant','Module\\XC\\VirtualMerchant\\Model\\Payment\\Processor\\VirtualMerchant','XC_VirtualMerchant',0,-105560,0,0,'C',1,'https://my.x-cart.com/storage/addons/XC/VirtualMerchant/method_icon.png','a:3:{i:0;s:2:\"CA\";i:1;s:2:\"PR\";i:2;s:2:\"US\";}','a:0:{}'),(74,'Braintree payments','Module\\QSL\\Braintree\\Model\\Payment\\Processor\\Braintree','QSL_Braintree',0,-105630,0,0,'C',1,'https://my.x-cart.com/storage/addons/QSL/Braintree/method_icon.png','a:107:{i:0;s:2:\"AD\";i:1;s:2:\"AE\";i:2;s:2:\"AF\";i:3;s:2:\"AL\";i:4;s:2:\"AM\";i:5;s:2:\"AT\";i:6;s:2:\"AU\";i:7;s:2:\"AX\";i:8;s:2:\"AZ\";i:9;s:2:\"BA\";i:10;s:2:\"BD\";i:11;s:2:\"BE\";i:12;s:2:\"BG\";i:13;s:2:\"BH\";i:14;s:2:\"BN\";i:15;s:2:\"BT\";i:16;s:2:\"BY\";i:17;s:2:\"CA\";i:18;s:2:\"CH\";i:19;s:2:\"CN\";i:20;s:2:\"CY\";i:21;s:2:\"CZ\";i:22;s:2:\"DE\";i:23;s:2:\"DK\";i:24;s:2:\"EE\";i:25;s:2:\"ES\";i:26;s:2:\"FI\";i:27;s:2:\"FO\";i:28;s:2:\"FR\";i:29;s:2:\"GB\";i:30;s:2:\"GE\";i:31;s:2:\"GG\";i:32;s:2:\"GI\";i:33;s:2:\"GR\";i:34;s:2:\"HK\";i:35;s:2:\"HR\";i:36;s:2:\"HU\";i:37;s:2:\"ID\";i:38;s:2:\"IE\";i:39;s:2:\"IL\";i:40;s:2:\"IM\";i:41;s:2:\"IN\";i:42;s:2:\"IO\";i:43;s:2:\"IQ\";i:44;s:2:\"IR\";i:45;s:2:\"IS\";i:46;s:2:\"IT\";i:47;s:2:\"JE\";i:48;s:2:\"JO\";i:49;s:2:\"JP\";i:50;s:2:\"KG\";i:51;s:2:\"KH\";i:52;s:2:\"KP\";i:53;s:2:\"KR\";i:54;s:2:\"KW\";i:55;s:2:\"KZ\";i:56;s:2:\"LA\";i:57;s:2:\"LB\";i:58;s:2:\"LI\";i:59;s:2:\"LK\";i:60;s:2:\"LT\";i:61;s:2:\"LU\";i:62;s:2:\"LV\";i:63;s:2:\"MC\";i:64;s:2:\"MD\";i:65;s:2:\"ME\";i:66;s:2:\"MK\";i:67;s:2:\"MM\";i:68;s:2:\"MN\";i:69;s:2:\"MO\";i:70;s:2:\"MT\";i:71;s:2:\"MV\";i:72;s:2:\"MY\";i:73;s:2:\"NL\";i:74;s:2:\"NO\";i:75;s:2:\"NP\";i:76;s:2:\"OM\";i:77;s:2:\"PG\";i:78;s:2:\"PH\";i:79;s:2:\"PK\";i:80;s:2:\"PL\";i:81;s:2:\"PS\";i:82;s:2:\"PT\";i:83;s:2:\"QA\";i:84;s:2:\"RO\";i:85;s:2:\"RS\";i:86;s:2:\"RU\";i:87;s:2:\"SA\";i:88;s:2:\"SE\";i:89;s:2:\"SG\";i:90;s:2:\"SI\";i:91;s:2:\"SJ\";i:92;s:2:\"SK\";i:93;s:2:\"SM\";i:94;s:2:\"SY\";i:95;s:2:\"TH\";i:96;s:2:\"TJ\";i:97;s:2:\"TL\";i:98;s:2:\"TM\";i:99;s:2:\"TR\";i:100;s:2:\"TW\";i:101;s:2:\"UA\";i:102;s:2:\"US\";i:103;s:2:\"UZ\";i:104;s:2:\"VA\";i:105;s:2:\"VN\";i:106;s:2:\"YE\";}','a:0:{}'),(75,'Beanstream','Module\\XC\\Beanstream\\Model\\Payment\\Processor\\BeanstreamPaymentForm','XC_Beanstream',0,-105850,0,0,'C',1,'https://my.x-cart.com/storage/addons/XC/Beanstream/method_icon.png','a:2:{i:0;s:2:\"CA\";i:1;s:2:\"US\";}','a:0:{}'),(76,'Netbanx Hosted Payment','Module\\XC\\NetbanxHostedPayment\\Model\\Payment\\Processor\\NetbanxHostedPayment','XC_NetbanxHostedPayment',0,-105830,0,0,'C',1,'https://my.x-cart.com/storage/addons/XC/NetbanxHostedPayment/method_icon.png','a:34:{i:0;s:2:\"AT\";i:1;s:2:\"BE\";i:2;s:2:\"BG\";i:3;s:2:\"CA\";i:4;s:2:\"CH\";i:5;s:2:\"CY\";i:6;s:2:\"CZ\";i:7;s:2:\"DE\";i:8;s:2:\"DK\";i:9;s:2:\"EE\";i:10;s:2:\"ES\";i:11;s:2:\"FI\";i:12;s:2:\"FR\";i:13;s:2:\"GB\";i:14;s:2:\"GR\";i:15;s:2:\"HR\";i:16;s:2:\"HU\";i:17;s:2:\"IE\";i:18;s:2:\"IS\";i:19;s:2:\"IT\";i:20;s:2:\"LI\";i:21;s:2:\"LT\";i:22;s:2:\"LU\";i:23;s:2:\"LV\";i:24;s:2:\"MT\";i:25;s:2:\"NL\";i:26;s:2:\"NO\";i:27;s:2:\"PL\";i:28;s:2:\"PT\";i:29;s:2:\"RO\";i:30;s:2:\"SE\";i:31;s:2:\"SI\";i:32;s:2:\"SK\";i:33;s:2:\"US\";}','a:0:{}'),(77,'EBS India','Module\\XC\\EBSIndia\\Model\\Payment\\Processor\\EBSIndia','XC_EBSIndia',0,-105390,0,0,'C',1,'https://my.x-cart.com/storage/addons/XC/EBSIndia/method_icon.png','a:1:{i:0;s:2:\"IN\";}','a:0:{}'),(78,'PoliPayment','Module\\XC\\PoliPayment\\Model\\Payment\\Processor\\PoliPayment','XC_PoliPayment',0,-104740,0,0,'C',1,'https://my.x-cart.com/storage/addons/XC/PoliPayment/method_icon.png','a:2:{i:0;s:2:\"AU\";i:1;s:2:\"NZ\";}','a:0:{}'),(79,'SOFORT Banking','Module\\XC\\SofortBanking\\Model\\Payment\\Processor\\SofortBanking','XC_SofortBanking',0,-104060,0,0,'C',1,'https://my.x-cart.com/storage/addons/XC/SofortBanking/method_icon.png','a:8:{i:0;s:2:\"AT\";i:1;s:2:\"BE\";i:2;s:2:\"CH\";i:3;s:2:\"DE\";i:4;s:2:\"ES\";i:5;s:2:\"IT\";i:6;s:2:\"NL\";i:7;s:2:\"PL\";}','a:0:{}'),(80,'EMerchantPayCheckout','Module\\EMerchantPay\\Genesis\\Model\\Payment\\Processor\\EMerchantPayCheckout','EMerchantPay_Genesis',0,-105350,0,0,'C',1,'https://my.x-cart.com/storage/addons/EMerchantPay/Genesis/method_icon_EMerchantPayCheckout.png','a:0:{}','a:0:{}'),(82,'CCBill','Module\\QSL\\CCBill\\Model\\Payment\\Processor\\CCBill','QSL_CCBill',0,-105600,0,0,'C',1,'https://my.x-cart.com/storage/addons/QSL/CCBill/method_icon.png','a:44:{i:0;s:2:\"AD\";i:1;s:2:\"AT\";i:2;s:2:\"BE\";i:3;s:2:\"BG\";i:4;s:2:\"CA\";i:5;s:2:\"CH\";i:6;s:2:\"CY\";i:7;s:2:\"CZ\";i:8;s:2:\"DE\";i:9;s:2:\"DK\";i:10;s:2:\"EE\";i:11;s:2:\"ES\";i:12;s:2:\"FI\";i:13;s:2:\"FO\";i:14;s:2:\"FR\";i:15;s:2:\"GB\";i:16;s:2:\"GI\";i:17;s:2:\"GL\";i:18;s:2:\"GR\";i:19;s:2:\"HU\";i:20;s:2:\"IE\";i:21;s:2:\"IL\";i:22;s:2:\"IM\";i:23;s:2:\"IS\";i:24;s:2:\"IT\";i:25;s:2:\"LI\";i:26;s:2:\"LT\";i:27;s:2:\"LU\";i:28;s:2:\"LV\";i:29;s:2:\"MC\";i:30;s:2:\"MT\";i:31;s:2:\"NL\";i:32;s:2:\"NN\";i:33;s:2:\"NO\";i:34;s:2:\"PL\";i:35;s:2:\"PT\";i:36;s:2:\"RO\";i:37;s:2:\"SE\";i:38;s:2:\"SI\";i:39;s:2:\"SJ\";i:40;s:2:\"SK\";i:41;s:2:\"SM\";i:42;s:2:\"TR\";i:43;s:2:\"VA\";}','a:0:{}'),(83,'FirstDataPayeezyGatewayHP','Module\\QSL\\FirstDataPayeezyGatewayHP\\Model\\Payment\\Processor\\FirstDataPayeezyGatewayHP','QSL_FirstDataPayeezyGatewayHP',0,-105270,0,0,'C',1,'https://my.x-cart.com/storage/addons/QSL/FirstDataPayeezyGatewayHP/method_icon.png','a:87:{i:0;s:2:\"AE\";i:1;s:2:\"AG\";i:2;s:2:\"AI\";i:3;s:2:\"AR\";i:4;s:2:\"AT\";i:5;s:2:\"AU\";i:6;s:2:\"AW\";i:7;s:2:\"BA\";i:8;s:2:\"BB\";i:9;s:2:\"BG\";i:10;s:2:\"BH\";i:11;s:2:\"BL\";i:12;s:2:\"BO\";i:13;s:2:\"BQ\";i:14;s:2:\"BR\";i:15;s:2:\"BS\";i:16;s:2:\"BZ\";i:17;s:2:\"CA\";i:18;s:2:\"CH\";i:19;s:2:\"CL\";i:20;s:2:\"CN\";i:21;s:2:\"CO\";i:22;s:2:\"CR\";i:23;s:2:\"CU\";i:24;s:2:\"CW\";i:25;s:2:\"CZ\";i:26;s:2:\"DE\";i:27;s:2:\"DM\";i:28;s:2:\"DO\";i:29;s:2:\"EG\";i:30;s:2:\"ES\";i:31;s:2:\"FI\";i:32;s:2:\"FR\";i:33;s:2:\"GB\";i:34;s:2:\"GD\";i:35;s:2:\"GP\";i:36;s:2:\"GR\";i:37;s:2:\"GT\";i:38;s:2:\"HK\";i:39;s:2:\"HN\";i:40;s:2:\"HR\";i:41;s:2:\"HT\";i:42;s:2:\"HU\";i:43;s:2:\"IE\";i:44;s:2:\"IN\";i:45;s:2:\"IT\";i:46;s:2:\"JM\";i:47;s:2:\"KN\";i:48;s:2:\"KR\";i:49;s:2:\"KW\";i:50;s:2:\"KY\";i:51;s:2:\"LC\";i:52;s:2:\"MF\";i:53;s:2:\"MK\";i:54;s:2:\"MO\";i:55;s:2:\"MQ\";i:56;s:2:\"MS\";i:57;s:2:\"MX\";i:58;s:2:\"MY\";i:59;s:2:\"NI\";i:60;s:2:\"NL\";i:61;s:2:\"NO\";i:62;s:2:\"NZ\";i:63;s:2:\"PA\";i:64;s:2:\"PE\";i:65;s:2:\"PL\";i:66;s:2:\"PR\";i:67;s:2:\"PT\";i:68;s:2:\"PY\";i:69;s:2:\"QA\";i:70;s:2:\"RO\";i:71;s:2:\"RS\";i:72;s:2:\"RU\";i:73;s:2:\"SA\";i:74;s:2:\"SG\";i:75;s:2:\"SK\";i:76;s:2:\"SV\";i:77;s:2:\"SX\";i:78;s:2:\"TC\";i:79;s:2:\"TT\";i:80;s:2:\"US\";i:81;s:2:\"UY\";i:82;s:2:\"VC\";i:83;s:2:\"VE\";i:84;s:2:\"VG\";i:85;s:2:\"VI\";i:86;s:2:\"ZA\";}','a:0:{}'),(84,'E-Gateway','Module\\QSL\\EGateway\\Model\\Payment\\Processor\\EGateway','QSL_EGateway',0,-105400,0,0,'C',1,'https://my.x-cart.com/storage/addons/QSL/EGateway/method_icon.png','a:33:{i:0;s:2:\"AT\";i:1;s:2:\"AU\";i:2;s:2:\"BE\";i:3;s:2:\"BG\";i:4;s:2:\"CA\";i:5;s:2:\"CY\";i:6;s:2:\"CZ\";i:7;s:2:\"DE\";i:8;s:2:\"DK\";i:9;s:2:\"EE\";i:10;s:2:\"ES\";i:11;s:2:\"FI\";i:12;s:2:\"FR\";i:13;s:2:\"GB\";i:14;s:2:\"GR\";i:15;s:2:\"HU\";i:16;s:2:\"IE\";i:17;s:2:\"IS\";i:18;s:2:\"IT\";i:19;s:2:\"LI\";i:20;s:2:\"LT\";i:21;s:2:\"LU\";i:22;s:2:\"LV\";i:23;s:2:\"MT\";i:24;s:2:\"NL\";i:25;s:2:\"NO\";i:26;s:2:\"PL\";i:27;s:2:\"PT\";i:28;s:2:\"RO\";i:29;s:2:\"SE\";i:30;s:2:\"SI\";i:31;s:2:\"SK\";i:32;s:2:\"US\";}','a:0:{}'),(85,'Global Transport eCommerce processor','Module\\QSL\\GlobalTransport\\Model\\Payment\\Processor\\GlobalTransport','QSL_GlobalTransport',0,-105210,0,0,'C',1,'https://my.x-cart.com/storage/addons/QSL/GlobalTransport/method_icon.png','a:18:{i:0;s:2:\"MV\";i:1;s:2:\"CN\";i:2;s:2:\"HK\";i:3;s:2:\"IN\";i:4;s:2:\"MY\";i:5;s:2:\"PH\";i:6;s:2:\"SG\";i:7;s:2:\"TW\";i:8;s:2:\"BR\";i:9;s:2:\"CA\";i:10;s:2:\"RU\";i:11;s:2:\"MT\";i:12;s:2:\"ES\";i:13;s:2:\"GB\";i:14;s:2:\"US\";i:15;s:2:\"GR\";i:16;s:2:\"HU\";i:17;s:2:\"SK\";}','a:0:{}'),(86,'ChronoPay','Module\\XC\\ChronoPay\\Model\\Payment\\Processor\\ChronoPay','XC_ChronoPay',0,-105590,0,0,'C',1,'https://my.x-cart.com/storage/addons/XC/ChronoPay/method_icon.png','a:4:{i:0;s:2:\"ES\";i:1;s:2:\"LV\";i:2;s:2:\"NL\";i:3;s:2:\"RU\";}','a:0:{}'),(87,'DIBSFlexWin','Module\\XC\\DIBSFlexWin\\Model\\Payment\\Processor\\DIBSFlexWin','XC_DIBSFlexWin',0,-105510,0,0,'C',1,'https://my.x-cart.com/storage/addons/XC/DIBSFlexWin/method_icon.png','a:6:{i:0;s:2:\"DK\";i:1;s:2:\"FI\";i:2;s:2:\"GB\";i:3;s:2:\"NO\";i:4;s:2:\"SE\";i:5;s:2:\"US\";}','a:0:{}'),(88,'DatatransUPP','Module\\XC\\DatatransUPP\\Model\\Payment\\Processor\\DatatransUPP','XC_DatatransUPP',0,-105530,0,0,'C',1,'https://my.x-cart.com/storage/addons/XC/DatatransUPP/method_icon.png','a:4:{i:0;s:2:\"AT\";i:1;s:2:\"CH\";i:2;s:2:\"DE\";i:3;s:2:\"US\";}','a:0:{}'),(89,'EWAYStoredShared','Module\\XC\\EWAYStoredShared\\Model\\Payment\\Processor\\EWAYStoredShared','XC_EWAYStoredShared',0,-105920,0,0,'C',1,'https://my.x-cart.com/storage/addons/XC/EWAYStoredShared/method_icon.png','a:5:{i:0;s:2:\"AU\";i:1;s:2:\"HK\";i:2;s:2:\"MO\";i:3;s:2:\"NZ\";i:4;s:2:\"SG\";}','a:0:{}'),(90,'Worldpay','Module\\XC\\WorldpayHPP\\Model\\Payment\\Processor\\Worldpay','XC_WorldpayHPP',0,-103940,0,0,'C',1,'https://my.x-cart.com/storage/addons/XC/WorldpayHPP/method_icon.png','a:45:{i:0;s:2:\"AD\";i:1;s:2:\"AR\";i:2;s:2:\"AU\";i:3;s:2:\"BE\";i:4;s:2:\"BR\";i:5;s:2:\"CA\";i:6;s:2:\"CH\";i:7;s:2:\"CN\";i:8;s:2:\"CO\";i:9;s:2:\"CR\";i:10;s:2:\"CY\";i:11;s:2:\"CZ\";i:12;s:2:\"DE\";i:13;s:2:\"DK\";i:14;s:2:\"ES\";i:15;s:2:\"FI\";i:16;s:2:\"FR\";i:17;s:2:\"GB\";i:18;s:2:\"GI\";i:19;s:2:\"GR\";i:20;s:2:\"HK\";i:21;s:2:\"HU\";i:22;s:2:\"IE\";i:23;s:2:\"IN\";i:24;s:2:\"IT\";i:25;s:2:\"JP\";i:26;s:2:\"LI\";i:27;s:2:\"LU\";i:28;s:2:\"MC\";i:29;s:2:\"MT\";i:30;s:2:\"MX\";i:31;s:2:\"MY\";i:32;s:2:\"NL\";i:33;s:2:\"NO\";i:34;s:2:\"NZ\";i:35;s:2:\"PA\";i:36;s:2:\"PE\";i:37;s:2:\"PL\";i:38;s:2:\"PT\";i:39;s:2:\"SE\";i:40;s:2:\"SG\";i:41;s:2:\"SI\";i:42;s:2:\"SM\";i:43;s:2:\"TR\";i:44;s:2:\"VA\";}','a:0:{}'),(91,'Paysafecard','Module\\QSL\\Paysafecard\\Model\\Payment\\Processor\\Paysafecard','QSL_Paysafecard',0,-105860,0,0,'C',1,'https://my.x-cart.com/storage/addons/QSL/Paysafecard/method_icon.png','a:37:{i:0;s:2:\"AR\";i:1;s:2:\"AU\";i:2;s:2:\"AT\";i:3;s:2:\"BE\";i:4;s:2:\"BG\";i:5;s:2:\"CA\";i:6;s:2:\"HR\";i:7;s:2:\"CY\";i:8;s:2:\"CZ\";i:9;s:2:\"DK\";i:10;s:2:\"FI\";i:11;s:2:\"FR\";i:12;s:2:\"DE\";i:13;s:2:\"GR\";i:14;s:2:\"HU\";i:15;s:2:\"IE\";i:16;s:2:\"IT\";i:17;s:2:\"LV\";i:18;s:2:\"LT\";i:19;s:2:\"LU\";i:20;s:2:\"MT\";i:21;s:2:\"MX\";i:22;s:2:\"NL\";i:23;s:2:\"NO\";i:24;s:2:\"PE\";i:25;s:2:\"PL\";i:26;s:2:\"PT\";i:27;s:2:\"RO\";i:28;s:2:\"SK\";i:29;s:2:\"SI\";i:30;s:2:\"ES\";i:31;s:2:\"SE\";i:32;s:2:\"CH\";i:33;s:2:\"TR\";i:34;s:2:\"GB\";i:35;s:2:\"UY\";i:36;s:2:\"US\";}','a:0:{}'),(92,'TenPay','Module\\QSL\\TenPay\\Model\\Payment\\Processor\\TenPay','QSL_TenPay',0,-104010,0,0,'C',1,'https://my.x-cart.com/storage/addons/QSL/TenPay/method_icon.png','a:1:{i:0;s:2:\"CN\";}','a:0:{}'),(93,'Pagseguro','Module\\QSL\\Pagseguro\\Model\\Payment\\Processor\\Pagseguro','QSL_Pagseguro',0,-105010,0,0,'C',1,'https://my.x-cart.com/storage/addons/QSL/Pagseguro/method_icon.png','a:1:{i:0;s:2:\"BR\";}','a:0:{}'),(94,'Giropay','Module\\QSL\\Giropay\\Model\\Payment\\Processor\\Giropay','QSL_Giropay',0,-105250,0,0,'C',1,'https://my.x-cart.com/storage/addons/QSL/Giropay/method_icon.png','a:1:{i:0;s:2:\"DE\";}','a:0:{}'),(95,'SecurePay SecureFrame','Module\\QSL\\SecurePay\\Model\\Payment\\Processor\\SecurePay','QSL_SecurePay',0,-104650,0,0,'C',1,'https://my.x-cart.com/storage/addons/QSL/SecurePay/method_icon.png','a:1:{i:0;s:2:\"AU\";}','a:0:{}'),(96,'Dwolla','Module\\QSL\\Dwolla\\Model\\Payment\\Processor\\Dwolla','QSL_Dwolla',0,-105410,0,0,'C',1,'https://my.x-cart.com/storage/addons/QSL/Dwolla/method_icon.png','a:1:{i:0;s:2:\"US\";}','a:0:{}'),(97,'RealexHosted','Module\\QSL\\RealexHostedPayment\\Model\\Payment\\Processor\\RealexHosted','QSL_RealexHostedPayment',0,-105220,0,0,'C',1,'https://my.x-cart.com/storage/addons/QSL/RealexHostedPayment/method_icon.png','a:0:{}','a:0:{}'),(98,'Pilibaba','Module\\XC\\Pilibaba\\Model\\Payment\\Processor\\Pilibaba','XC_Pilibaba',0,-104750,0,0,'C',1,'https://my.x-cart.com/storage/addons/XC/Pilibaba/method_icon_Pilibaba.png','a:1:{i:0;s:2:\"CN\";}','a:0:{}'),(99,'G2A','Module\\G2APay\\G2APay\\Model\\Payment\\G2A','G2APay_G2APay',0,-105260,0,0,'C',1,'https://my.x-cart.com/storage/addons/G2APay/G2APay/method_icon.png','a:237:{i:0;s:2:\"AD\";i:1;s:2:\"AE\";i:2;s:2:\"AF\";i:3;s:2:\"AG\";i:4;s:2:\"AI\";i:5;s:2:\"AL\";i:6;s:2:\"AM\";i:7;s:2:\"AO\";i:8;s:2:\"AR\";i:9;s:2:\"AS\";i:10;s:2:\"AT\";i:11;s:2:\"AU\";i:12;s:2:\"AW\";i:13;s:2:\"AX\";i:14;s:2:\"AZ\";i:15;s:2:\"BA\";i:16;s:2:\"BB\";i:17;s:2:\"BD\";i:18;s:2:\"BE\";i:19;s:2:\"BF\";i:20;s:2:\"BG\";i:21;s:2:\"BH\";i:22;s:2:\"BI\";i:23;s:2:\"BJ\";i:24;s:2:\"BL\";i:25;s:2:\"BM\";i:26;s:2:\"BN\";i:27;s:2:\"BO\";i:28;s:2:\"BQ\";i:29;s:2:\"BR\";i:30;s:2:\"BS\";i:31;s:2:\"BT\";i:32;s:2:\"BW\";i:33;s:2:\"BY\";i:34;s:2:\"BZ\";i:35;s:2:\"CA\";i:36;s:2:\"CC\";i:37;s:2:\"CD\";i:38;s:2:\"CF\";i:39;s:2:\"CH\";i:40;s:2:\"CI\";i:41;s:2:\"CK\";i:42;s:2:\"CL\";i:43;s:2:\"CM\";i:44;s:2:\"CN\";i:45;s:2:\"CO\";i:46;s:2:\"CR\";i:47;s:2:\"CU\";i:48;s:2:\"CV\";i:49;s:2:\"CX\";i:50;s:2:\"CY\";i:51;s:2:\"CZ\";i:52;s:2:\"DE\";i:53;s:2:\"DJ\";i:54;s:2:\"DK\";i:55;s:2:\"DM\";i:56;s:2:\"DO\";i:57;s:2:\"DZ\";i:58;s:2:\"EC\";i:59;s:2:\"EE\";i:60;s:2:\"EG\";i:61;s:2:\"EH\";i:62;s:2:\"ER\";i:63;s:2:\"ES\";i:64;s:2:\"ET\";i:65;s:2:\"FI\";i:66;s:2:\"FJ\";i:67;s:2:\"FK\";i:68;s:2:\"FM\";i:69;s:2:\"FO\";i:70;s:2:\"FR\";i:71;s:2:\"GA\";i:72;s:2:\"GB\";i:73;s:2:\"GD\";i:74;s:2:\"GE\";i:75;s:2:\"GG\";i:76;s:2:\"GH\";i:77;s:2:\"GI\";i:78;s:2:\"GL\";i:79;s:2:\"GM\";i:80;s:2:\"GN\";i:81;s:2:\"GP\";i:82;s:2:\"GQ\";i:83;s:2:\"GR\";i:84;s:2:\"GS\";i:85;s:2:\"GT\";i:86;s:2:\"GU\";i:87;s:2:\"GW\";i:88;s:2:\"GY\";i:89;s:2:\"HK\";i:90;s:2:\"HN\";i:91;s:2:\"HR\";i:92;s:2:\"HT\";i:93;s:2:\"HU\";i:94;s:2:\"IE\";i:95;s:2:\"IL\";i:96;s:2:\"IM\";i:97;s:2:\"IO\";i:98;s:2:\"IQ\";i:99;s:2:\"IR\";i:100;s:2:\"IS\";i:101;s:2:\"IT\";i:102;s:2:\"JE\";i:103;s:2:\"JM\";i:104;s:2:\"JO\";i:105;s:2:\"JP\";i:106;s:2:\"KE\";i:107;s:2:\"KG\";i:108;s:2:\"KH\";i:109;s:2:\"KI\";i:110;s:2:\"KM\";i:111;s:2:\"KN\";i:112;s:2:\"KP\";i:113;s:2:\"KR\";i:114;s:2:\"KW\";i:115;s:2:\"KY\";i:116;s:2:\"KZ\";i:117;s:2:\"LA\";i:118;s:2:\"LB\";i:119;s:2:\"LC\";i:120;s:2:\"LI\";i:121;s:2:\"LK\";i:122;s:2:\"LR\";i:123;s:2:\"LS\";i:124;s:2:\"LT\";i:125;s:2:\"LU\";i:126;s:2:\"LV\";i:127;s:2:\"MA\";i:128;s:2:\"MC\";i:129;s:2:\"MD\";i:130;s:2:\"ME\";i:131;s:2:\"MF\";i:132;s:2:\"MG\";i:133;s:2:\"MH\";i:134;s:2:\"MK\";i:135;s:2:\"ML\";i:136;s:2:\"MM\";i:137;s:2:\"MN\";i:138;s:2:\"MO\";i:139;s:2:\"MP\";i:140;s:2:\"MQ\";i:141;s:2:\"MR\";i:142;s:2:\"MS\";i:143;s:2:\"MT\";i:144;s:2:\"MU\";i:145;s:2:\"MV\";i:146;s:2:\"MW\";i:147;s:2:\"MX\";i:148;s:2:\"MY\";i:149;s:2:\"MZ\";i:150;s:2:\"NA\";i:151;s:2:\"NC\";i:152;s:2:\"NE\";i:153;s:2:\"NF\";i:154;s:2:\"NG\";i:155;s:2:\"NI\";i:156;s:2:\"NL\";i:157;s:2:\"NO\";i:158;s:2:\"NP\";i:159;s:2:\"NR\";i:160;s:2:\"NU\";i:161;s:2:\"NZ\";i:162;s:2:\"OM\";i:163;s:2:\"PA\";i:164;s:2:\"PE\";i:165;s:2:\"PF\";i:166;s:2:\"PG\";i:167;s:2:\"PH\";i:168;s:2:\"PK\";i:169;s:2:\"PL\";i:170;s:2:\"PM\";i:171;s:2:\"PN\";i:172;s:2:\"PR\";i:173;s:2:\"PS\";i:174;s:2:\"PT\";i:175;s:2:\"PW\";i:176;s:2:\"PY\";i:177;s:2:\"QA\";i:178;s:2:\"RE\";i:179;s:2:\"RO\";i:180;s:2:\"RS\";i:181;s:2:\"RU\";i:182;s:2:\"RW\";i:183;s:2:\"SA\";i:184;s:2:\"SB\";i:185;s:2:\"SC\";i:186;s:2:\"SD\";i:187;s:2:\"SE\";i:188;s:2:\"SG\";i:189;s:2:\"SH\";i:190;s:2:\"SI\";i:191;s:2:\"SJ\";i:192;s:2:\"SK\";i:193;s:2:\"SL\";i:194;s:2:\"SM\";i:195;s:2:\"SN\";i:196;s:2:\"SO\";i:197;s:2:\"SR\";i:198;s:2:\"ST\";i:199;s:2:\"SV\";i:200;s:2:\"SY\";i:201;s:2:\"SZ\";i:202;s:2:\"TC\";i:203;s:2:\"TD\";i:204;s:2:\"TF\";i:205;s:2:\"TG\";i:206;s:2:\"TH\";i:207;s:2:\"TJ\";i:208;s:2:\"TK\";i:209;s:2:\"TL\";i:210;s:2:\"TM\";i:211;s:2:\"TN\";i:212;s:2:\"TO\";i:213;s:2:\"TR\";i:214;s:2:\"TT\";i:215;s:2:\"TV\";i:216;s:2:\"TW\";i:217;s:2:\"TZ\";i:218;s:2:\"UA\";i:219;s:2:\"UG\";i:220;s:2:\"UM\";i:221;s:2:\"US\";i:222;s:2:\"UY\";i:223;s:2:\"UZ\";i:224;s:2:\"VA\";i:225;s:2:\"VE\";i:226;s:2:\"VG\";i:227;s:2:\"VI\";i:228;s:2:\"VN\";i:229;s:2:\"VU\";i:230;s:2:\"WF\";i:231;s:2:\"WS\";i:232;s:2:\"YE\";i:233;s:2:\"YT\";i:234;s:2:\"ZA\";i:235;s:2:\"ZM\";i:236;s:2:\"ZW\";}','a:0:{}'),(100,'BlueSnap','Module\\XC\\BlueSnap\\Model\\Payment\\Processor\\BlueSnap','XC_BlueSnap',0,-105650,0,0,'C',1,'https://my.x-cart.com/storage/addons/XC/BlueSnap/method_icon.png','a:231:{i:0;s:0:\"\";i:1;s:2:\"AD\";i:2;s:2:\"AE\";i:3;s:2:\"AG\";i:4;s:2:\"AI\";i:5;s:2:\"AL\";i:6;s:2:\"AM\";i:7;s:2:\"AO\";i:8;s:2:\"AQ\";i:9;s:2:\"AR\";i:10;s:2:\"AS\";i:11;s:2:\"AT\";i:12;s:2:\"AU\";i:13;s:2:\"AW\";i:14;s:2:\"AZ\";i:15;s:2:\"BA\";i:16;s:2:\"BB\";i:17;s:2:\"BD\";i:18;s:2:\"BE\";i:19;s:2:\"BF\";i:20;s:2:\"BG\";i:21;s:2:\"BH\";i:22;s:2:\"BI\";i:23;s:2:\"BJ\";i:24;s:2:\"BM\";i:25;s:2:\"BN\";i:26;s:2:\"BO\";i:27;s:2:\"BR\";i:28;s:2:\"BS\";i:29;s:2:\"BT\";i:30;s:2:\"BV\";i:31;s:2:\"BW\";i:32;s:2:\"BY\";i:33;s:2:\"BZ\";i:34;s:2:\"CA\";i:35;s:2:\"CC\";i:36;s:2:\"CD\";i:37;s:2:\"CF\";i:38;s:2:\"CH\";i:39;s:2:\"CI\";i:40;s:2:\"CK\";i:41;s:2:\"CL\";i:42;s:2:\"CM\";i:43;s:2:\"CN\";i:44;s:2:\"CR\";i:45;s:2:\"CV\";i:46;s:2:\"CW\";i:47;s:2:\"CX\";i:48;s:2:\"CY\";i:49;s:2:\"CZ\";i:50;s:2:\"DE\";i:51;s:2:\"DJ\";i:52;s:2:\"DK\";i:53;s:2:\"DM\";i:54;s:2:\"DO\";i:55;s:2:\"DZ\";i:56;s:2:\"EC\";i:57;s:2:\"EE\";i:58;s:2:\"EG\";i:59;s:2:\"EH\";i:60;s:2:\"ER\";i:61;s:2:\"ES\";i:62;s:2:\"ET\";i:63;s:2:\"FI\";i:64;s:2:\"FJ\";i:65;s:2:\"FK\";i:66;s:2:\"FM\";i:67;s:2:\"FO\";i:68;s:2:\"FR\";i:69;s:2:\"GA\";i:70;s:2:\"GB\";i:71;s:2:\"GD\";i:72;s:2:\"GE\";i:73;s:2:\"GG\";i:74;s:2:\"GH\";i:75;s:2:\"GI\";i:76;s:2:\"GL\";i:77;s:2:\"GM\";i:78;s:2:\"GN\";i:79;s:2:\"GP\";i:80;s:2:\"GQ\";i:81;s:2:\"GR\";i:82;s:2:\"GS\";i:83;s:2:\"GT\";i:84;s:2:\"GU\";i:85;s:2:\"GW\";i:86;s:2:\"GY\";i:87;s:2:\"HK\";i:88;s:2:\"HM\";i:89;s:2:\"HN\";i:90;s:2:\"HR\";i:91;s:2:\"HT\";i:92;s:2:\"HU\";i:93;s:2:\"ID\";i:94;s:2:\"IE\";i:95;s:2:\"IL\";i:96;s:2:\"IM\";i:97;s:2:\"IN\";i:98;s:2:\"IO\";i:99;s:2:\"IS\";i:100;s:2:\"IT\";i:101;s:2:\"JE\";i:102;s:2:\"JM\";i:103;s:2:\"JO\";i:104;s:2:\"JP\";i:105;s:2:\"KE\";i:106;s:2:\"KG\";i:107;s:2:\"KH\";i:108;s:2:\"KI\";i:109;s:2:\"KM\";i:110;s:2:\"KN\";i:111;s:2:\"KR\";i:112;s:2:\"KW\";i:113;s:2:\"KY\";i:114;s:2:\"KZ\";i:115;s:2:\"LA\";i:116;s:2:\"LC\";i:117;s:2:\"LI\";i:118;s:2:\"LK\";i:119;s:2:\"LR\";i:120;s:2:\"LS\";i:121;s:2:\"LT\";i:122;s:2:\"LU\";i:123;s:2:\"LV\";i:124;s:2:\"MA\";i:125;s:2:\"MC\";i:126;s:2:\"MD\";i:127;s:2:\"ME\";i:128;s:2:\"MF\";i:129;s:2:\"MG\";i:130;s:2:\"MH\";i:131;s:2:\"MK\";i:132;s:2:\"ML\";i:133;s:2:\"MN\";i:134;s:2:\"MO\";i:135;s:2:\"MP\";i:136;s:2:\"MQ\";i:137;s:2:\"MR\";i:138;s:2:\"MS\";i:139;s:2:\"MT\";i:140;s:2:\"MU\";i:141;s:2:\"MV\";i:142;s:2:\"MW\";i:143;s:2:\"MX\";i:144;s:2:\"MY\";i:145;s:2:\"MZ\";i:146;s:2:\"NA\";i:147;s:2:\"NC\";i:148;s:2:\"NE\";i:149;s:2:\"NF\";i:150;s:2:\"NG\";i:151;s:2:\"NI\";i:152;s:2:\"NL\";i:153;s:2:\"NO\";i:154;s:2:\"NP\";i:155;s:2:\"NR\";i:156;s:2:\"NU\";i:157;s:2:\"NZ\";i:158;s:2:\"OM\";i:159;s:2:\"PA\";i:160;s:2:\"PE\";i:161;s:2:\"PF\";i:162;s:2:\"PG\";i:163;s:2:\"PH\";i:164;s:2:\"PK\";i:165;s:2:\"PL\";i:166;s:2:\"PM\";i:167;s:2:\"PN\";i:168;s:2:\"PR\";i:169;s:2:\"PT\";i:170;s:2:\"PW\";i:171;s:2:\"PY\";i:172;s:2:\"QA\";i:173;s:2:\"RE\";i:174;s:2:\"RO\";i:175;s:2:\"RS\";i:176;s:2:\"RU\";i:177;s:2:\"RW\";i:178;s:2:\"SA\";i:179;s:2:\"SB\";i:180;s:2:\"SC\";i:181;s:2:\"SE\";i:182;s:2:\"SG\";i:183;s:2:\"SH\";i:184;s:2:\"SI\";i:185;s:2:\"SJ\";i:186;s:2:\"SK\";i:187;s:2:\"SL\";i:188;s:2:\"SM\";i:189;s:2:\"SN\";i:190;s:2:\"SO\";i:191;s:2:\"SR\";i:192;s:2:\"ST\";i:193;s:2:\"SV\";i:194;s:2:\"SX\";i:195;s:2:\"SZ\";i:196;s:2:\"TC\";i:197;s:2:\"TD\";i:198;s:2:\"TF\";i:199;s:2:\"TG\";i:200;s:2:\"TH\";i:201;s:2:\"TJ\";i:202;s:2:\"TK\";i:203;s:2:\"TL\";i:204;s:2:\"TM\";i:205;s:2:\"TN\";i:206;s:2:\"TO\";i:207;s:2:\"TR\";i:208;s:2:\"TT\";i:209;s:2:\"TV\";i:210;s:2:\"TW\";i:211;s:2:\"TZ\";i:212;s:2:\"UA\";i:213;s:2:\"UG\";i:214;s:2:\"UM\";i:215;s:2:\"US\";i:216;s:2:\"UY\";i:217;s:2:\"UZ\";i:218;s:2:\"VA\";i:219;s:2:\"VC\";i:220;s:2:\"VE\";i:221;s:2:\"VG\";i:222;s:2:\"VI\";i:223;s:2:\"VN\";i:224;s:2:\"VU\";i:225;s:2:\"WF\";i:226;s:2:\"WS\";i:227;s:2:\"YT\";i:228;s:2:\"ZA\";i:229;s:2:\"ZM\";i:230;s:2:\"ZW\";}','a:0:{}'),(101,'PayFort','Module\\XC\\PayFort\\Model\\Payment\\Processor\\PayFort','XC_PayFort',0,-104970,0,0,'C',1,'https://my.x-cart.com/storage/addons/XC/PayFort/method_icon.png','a:8:{i:0;s:2:\"AE\";i:1;s:2:\"EG\";i:2;s:2:\"JO\";i:3;s:2:\"KW\";i:4;s:2:\"LB\";i:5;s:2:\"OM\";i:6;s:2:\"QA\";i:7;s:2:\"SA\";}','a:0:{}'),(102,'PaytmPayment','Module\\PerceptionSystemPvtLtd\\Paytm\\Model\\Payment\\Processor\\PaytmPayment','PerceptionSystemPvtLtd_Paytm',0,-104780,0,0,'C',1,'https://my.x-cart.com/storage/addons/PerceptionSystemPvtLtd/Paytm/method_icon.png','a:1:{i:0;s:2:\"IN\";}','a:0:{}'),(104,'CoinPayments','Module\\Qualiteam\\CoinPayments\\Model\\Payment\\Processor\\CoinPayments','Qualiteam_CoinPayments',0,-105580,0,0,'N',1,'https://my.x-cart.com/storage/addons/Qualiteam/CoinPayments/method_icon.png','a:1:{i:0;s:2:\"US\";}','a:0:{}'),(105,'BitPay','Module\\XC\\BitPay\\Model\\Payment\\Processor\\BitPay','XC_BitPay',0,-105680,0,0,'C',1,'https://my.x-cart.com/storage/addons/XC/BitPay/method_icon.png','a:227:{i:0;s:2:\"AD\";i:1;s:2:\"AE\";i:2;s:2:\"AF\";i:3;s:2:\"AG\";i:4;s:2:\"AI\";i:5;s:2:\"AL\";i:6;s:2:\"AM\";i:7;s:2:\"AO\";i:8;s:2:\"AR\";i:9;s:2:\"AS\";i:10;s:2:\"AT\";i:11;s:2:\"AU\";i:12;s:2:\"AW\";i:13;s:2:\"AX\";i:14;s:2:\"AZ\";i:15;s:2:\"BA\";i:16;s:2:\"BB\";i:17;s:2:\"BE\";i:18;s:2:\"BF\";i:19;s:2:\"BG\";i:20;s:2:\"BH\";i:21;s:2:\"BI\";i:22;s:2:\"BJ\";i:23;s:2:\"BL\";i:24;s:2:\"BM\";i:25;s:2:\"BN\";i:26;s:2:\"BQ\";i:27;s:2:\"BR\";i:28;s:2:\"BS\";i:29;s:2:\"BT\";i:30;s:2:\"BV\";i:31;s:2:\"BW\";i:32;s:2:\"BY\";i:33;s:2:\"BZ\";i:34;s:2:\"CA\";i:35;s:2:\"CC\";i:36;s:2:\"CD\";i:37;s:2:\"CF\";i:38;s:2:\"CH\";i:39;s:2:\"CI\";i:40;s:2:\"CK\";i:41;s:2:\"CL\";i:42;s:2:\"CM\";i:43;s:2:\"CN\";i:44;s:2:\"CO\";i:45;s:2:\"CR\";i:46;s:2:\"CV\";i:47;s:2:\"CW\";i:48;s:2:\"CX\";i:49;s:2:\"CY\";i:50;s:2:\"CZ\";i:51;s:2:\"DJ\";i:52;s:2:\"DK\";i:53;s:2:\"DM\";i:54;s:2:\"DO\";i:55;s:2:\"EE\";i:56;s:2:\"EH\";i:57;s:2:\"ER\";i:58;s:2:\"ES\";i:59;s:2:\"ET\";i:60;s:2:\"FI\";i:61;s:2:\"FJ\";i:62;s:2:\"FK\";i:63;s:2:\"FM\";i:64;s:2:\"FO\";i:65;s:2:\"FR\";i:66;s:2:\"GA\";i:67;s:2:\"GB\";i:68;s:2:\"GD\";i:69;s:2:\"GE\";i:70;s:2:\"GG\";i:71;s:2:\"GH\";i:72;s:2:\"GI\";i:73;s:2:\"GL\";i:74;s:2:\"GM\";i:75;s:2:\"GN\";i:76;s:2:\"GP\";i:77;s:2:\"GQ\";i:78;s:2:\"GR\";i:79;s:2:\"GS\";i:80;s:2:\"GT\";i:81;s:2:\"GU\";i:82;s:2:\"GW\";i:83;s:2:\"GY\";i:84;s:2:\"HK\";i:85;s:2:\"HM\";i:86;s:2:\"HN\";i:87;s:2:\"HR\";i:88;s:2:\"HT\";i:89;s:2:\"HU\";i:90;s:2:\"IE\";i:91;s:2:\"IL\";i:92;s:2:\"IM\";i:93;s:2:\"IN\";i:94;s:2:\"IO\";i:95;s:2:\"IS\";i:96;s:2:\"IT\";i:97;s:2:\"JE\";i:98;s:2:\"JM\";i:99;s:2:\"JO\";i:100;s:2:\"JP\";i:101;s:2:\"KE\";i:102;s:2:\"KI\";i:103;s:2:\"KM\";i:104;s:2:\"KN\";i:105;s:2:\"KR\";i:106;s:2:\"KW\";i:107;s:2:\"KY\";i:108;s:2:\"KZ\";i:109;s:2:\"LA\";i:110;s:2:\"LB\";i:111;s:2:\"LC\";i:112;s:2:\"LI\";i:113;s:2:\"LK\";i:114;s:2:\"LR\";i:115;s:2:\"LS\";i:116;s:2:\"LT\";i:117;s:2:\"LU\";i:118;s:2:\"LV\";i:119;s:2:\"LY\";i:120;s:2:\"MC\";i:121;s:2:\"MD\";i:122;s:2:\"ME\";i:123;s:2:\"MF\";i:124;s:2:\"MG\";i:125;s:2:\"MH\";i:126;s:2:\"ML\";i:127;s:2:\"MM\";i:128;s:2:\"MN\";i:129;s:2:\"MO\";i:130;s:2:\"MP\";i:131;s:2:\"MQ\";i:132;s:2:\"MR\";i:133;s:2:\"MS\";i:134;s:2:\"MT\";i:135;s:2:\"MU\";i:136;s:2:\"MV\";i:137;s:2:\"MW\";i:138;s:2:\"MX\";i:139;s:2:\"MY\";i:140;s:2:\"MZ\";i:141;s:2:\"NA\";i:142;s:2:\"NC\";i:143;s:2:\"NE\";i:144;s:2:\"NF\";i:145;s:2:\"NG\";i:146;s:2:\"NI\";i:147;s:2:\"NL\";i:148;s:2:\"NO\";i:149;s:2:\"NR\";i:150;s:2:\"NU\";i:151;s:2:\"NZ\";i:152;s:2:\"OM\";i:153;s:2:\"PA\";i:154;s:2:\"PE\";i:155;s:2:\"PF\";i:156;s:2:\"PG\";i:157;s:2:\"PH\";i:158;s:2:\"PL\";i:159;s:2:\"PM\";i:160;s:2:\"PN\";i:161;s:2:\"PR\";i:162;s:2:\"PT\";i:163;s:2:\"PW\";i:164;s:2:\"PY\";i:165;s:2:\"QA\";i:166;s:2:\"RE\";i:167;s:2:\"RO\";i:168;s:2:\"RS\";i:169;s:2:\"RU\";i:170;s:2:\"RW\";i:171;s:2:\"SA\";i:172;s:2:\"SB\";i:173;s:2:\"SC\";i:174;s:2:\"SD\";i:175;s:2:\"SE\";i:176;s:2:\"SG\";i:177;s:2:\"SH\";i:178;s:2:\"SI\";i:179;s:2:\"SJ\";i:180;s:2:\"SK\";i:181;s:2:\"SL\";i:182;s:2:\"SM\";i:183;s:2:\"SN\";i:184;s:2:\"SO\";i:185;s:2:\"SR\";i:186;s:2:\"SS\";i:187;s:2:\"ST\";i:188;s:2:\"SV\";i:189;s:2:\"SX\";i:190;s:2:\"SZ\";i:191;s:2:\"TC\";i:192;s:2:\"TD\";i:193;s:2:\"TF\";i:194;s:2:\"TG\";i:195;s:2:\"TH\";i:196;s:2:\"TJ\";i:197;s:2:\"TK\";i:198;s:2:\"TL\";i:199;s:2:\"TM\";i:200;s:2:\"TN\";i:201;s:2:\"TO\";i:202;s:2:\"TR\";i:203;s:2:\"TT\";i:204;s:2:\"TV\";i:205;s:2:\"TW\";i:206;s:2:\"TZ\";i:207;s:2:\"UA\";i:208;s:2:\"UG\";i:209;s:2:\"UM\";i:210;s:2:\"US\";i:211;s:2:\"UY\";i:212;s:2:\"UZ\";i:213;s:2:\"VA\";i:214;s:2:\"VC\";i:215;s:2:\"VE\";i:216;s:2:\"VG\";i:217;s:2:\"VI\";i:218;s:2:\"VU\";i:219;s:2:\"WF\";i:220;s:2:\"WS\";i:221;s:2:\"XK\";i:222;s:2:\"YE\";i:223;s:2:\"YT\";i:224;s:2:\"ZA\";i:225;s:2:\"ZM\";i:226;s:2:\"ZW\";}','a:0:{}'),(106,'PayTabs','Module\\XC\\PayTabs\\Model\\Payment\\Processor\\PayTabs','XC_PayTabs',0,-104790,0,0,'C',1,'https://my.x-cart.com/storage/addons/XC/PayTabs/method_icon.png','a:17:{i:0;s:2:\"IN\";i:1;s:2:\"ID\";i:2;s:2:\"MY\";i:3;s:2:\"PH\";i:4;s:2:\"SG\";i:5;s:2:\"HK\";i:6;s:2:\"DZ\";i:7;s:2:\"BH\";i:8;s:2:\"EG\";i:9;s:2:\"JO\";i:10;s:2:\"KW\";i:11;s:2:\"LB\";i:12;s:2:\"MA\";i:13;s:2:\"OM\";i:14;s:2:\"SA\";i:15;s:2:\"TN\";i:16;s:2:\"AE\";}','a:0:{}'),(107,'YandexCheckout','Module\\XC\\YandexCheckout\\Model\\Payment\\Processor\\YandexCheckout','XC_YandexCheckout',0,-103880,0,0,'C',1,'https://my.x-cart.com/storage/addons/XC/YandexCheckout/method_icon.png','a:20:{i:0;s:0:\"\";i:1;s:2:\"AM\";i:2;s:2:\"AZ\";i:3;s:2:\"BG\";i:4;s:2:\"BY\";i:5;s:2:\"CN\";i:6;s:2:\"CY\";i:7;s:2:\"DE\";i:8;s:2:\"EE\";i:9;s:2:\"KG\";i:10;s:2:\"KZ\";i:11;s:2:\"LV\";i:12;s:2:\"MD\";i:13;s:2:\"RU\";i:14;s:2:\"TH\";i:15;s:2:\"TJ\";i:16;s:2:\"TM\";i:17;s:2:\"TR\";i:18;s:2:\"UA\";i:19;s:2:\"UZ\";}','a:0:{}'),(108,'YandexCheckout.bank_card','Module\\XC\\YandexCheckout\\Model\\Payment\\Processor\\YandexCheckout','XC_YandexCheckout',0,-103860,0,0,'C',1,'https://my.x-cart.com/storage/addons/XC/YandexCheckout/method_icon.png','a:20:{i:0;s:0:\"\";i:1;s:2:\"AM\";i:2;s:2:\"AZ\";i:3;s:2:\"BG\";i:4;s:2:\"BY\";i:5;s:2:\"CN\";i:6;s:2:\"CY\";i:7;s:2:\"DE\";i:8;s:2:\"EE\";i:9;s:2:\"KG\";i:10;s:2:\"KZ\";i:11;s:2:\"LV\";i:12;s:2:\"MD\";i:13;s:2:\"RU\";i:14;s:2:\"TH\";i:15;s:2:\"TJ\";i:16;s:2:\"TM\";i:17;s:2:\"TR\";i:18;s:2:\"UA\";i:19;s:2:\"UZ\";}','a:0:{}'),(109,'YandexCheckout.yandex_money','Module\\XC\\YandexCheckout\\Model\\Payment\\Processor\\YandexCheckout','XC_YandexCheckout',0,-103800,0,0,'C',1,'https://my.x-cart.com/storage/addons/XC/YandexCheckout/method_icon.png','a:16:{i:0;s:2:\"RU\";i:1;s:2:\"AM\";i:2;s:2:\"AZ\";i:3;s:2:\"BY\";i:4;s:2:\"DE\";i:5;s:2:\"BG\";i:6;s:2:\"CY\";i:7;s:2:\"KZ\";i:8;s:2:\"CN\";i:9;s:2:\"KG\";i:10;s:2:\"LV\";i:11;s:2:\"MD\";i:12;s:2:\"UA\";i:13;s:2:\"UZ\";i:14;s:2:\"TJ\";i:15;s:2:\"TH\";}','a:0:{}'),(110,'YandexCheckout.mobile_balance','Module\\XC\\YandexCheckout\\Model\\Payment\\Processor\\YandexCheckout','XC_YandexCheckout',0,-103840,0,0,'C',1,'https://my.x-cart.com/storage/addons/XC/YandexCheckout/method_icon.png','a:20:{i:0;s:0:\"\";i:1;s:2:\"AM\";i:2;s:2:\"AZ\";i:3;s:2:\"BG\";i:4;s:2:\"BY\";i:5;s:2:\"CN\";i:6;s:2:\"CY\";i:7;s:2:\"DE\";i:8;s:2:\"EE\";i:9;s:2:\"KG\";i:10;s:2:\"KZ\";i:11;s:2:\"LV\";i:12;s:2:\"MD\";i:13;s:2:\"RU\";i:14;s:2:\"TH\";i:15;s:2:\"TJ\";i:16;s:2:\"TM\";i:17;s:2:\"TR\";i:18;s:2:\"UA\";i:19;s:2:\"UZ\";}','a:0:{}'),(111,'YandexCheckout.cash','Module\\XC\\YandexCheckout\\Model\\Payment\\Processor\\YandexCheckout','XC_YandexCheckout',0,-103850,0,0,'C',1,'https://my.x-cart.com/storage/addons/XC/YandexCheckout/method_icon.png','a:20:{i:0;s:0:\"\";i:1;s:2:\"AM\";i:2;s:2:\"AZ\";i:3;s:2:\"BG\";i:4;s:2:\"BY\";i:5;s:2:\"CN\";i:6;s:2:\"CY\";i:7;s:2:\"DE\";i:8;s:2:\"EE\";i:9;s:2:\"KG\";i:10;s:2:\"KZ\";i:11;s:2:\"LV\";i:12;s:2:\"MD\";i:13;s:2:\"RU\";i:14;s:2:\"TH\";i:15;s:2:\"TJ\";i:16;s:2:\"TM\";i:17;s:2:\"TR\";i:18;s:2:\"UA\";i:19;s:2:\"UZ\";}','a:0:{}'),(112,'YandexCheckout.webmoney','Module\\XC\\YandexCheckout\\Model\\Payment\\Processor\\YandexCheckout','XC_YandexCheckout',0,-103810,0,0,'C',1,'https://my.x-cart.com/storage/addons/XC/YandexCheckout/method_icon.png','a:20:{i:0;s:0:\"\";i:1;s:2:\"AM\";i:2;s:2:\"AZ\";i:3;s:2:\"BG\";i:4;s:2:\"BY\";i:5;s:2:\"CN\";i:6;s:2:\"CY\";i:7;s:2:\"DE\";i:8;s:2:\"EE\";i:9;s:2:\"KG\";i:10;s:2:\"KZ\";i:11;s:2:\"LV\";i:12;s:2:\"MD\";i:13;s:2:\"RU\";i:14;s:2:\"TH\";i:15;s:2:\"TJ\";i:16;s:2:\"TM\";i:17;s:2:\"TR\";i:18;s:2:\"UA\";i:19;s:2:\"UZ\";}','a:0:{}'),(113,'YandexCheckout.sberbank','Module\\XC\\YandexCheckout\\Model\\Payment\\Processor\\YandexCheckout','XC_YandexCheckout',0,-103820,0,0,'C',1,'https://my.x-cart.com/storage/addons/XC/YandexCheckout/method_icon.png','a:20:{i:0;s:0:\"\";i:1;s:2:\"AM\";i:2;s:2:\"AZ\";i:3;s:2:\"BG\";i:4;s:2:\"BY\";i:5;s:2:\"CN\";i:6;s:2:\"CY\";i:7;s:2:\"DE\";i:8;s:2:\"EE\";i:9;s:2:\"KG\";i:10;s:2:\"KZ\";i:11;s:2:\"LV\";i:12;s:2:\"MD\";i:13;s:2:\"RU\";i:14;s:2:\"TH\";i:15;s:2:\"TJ\";i:16;s:2:\"TM\";i:17;s:2:\"TR\";i:18;s:2:\"UA\";i:19;s:2:\"UZ\";}','a:0:{}'),(114,'YandexCheckout.qiwi','Module\\XC\\YandexCheckout\\Model\\Payment\\Processor\\YandexCheckout','XC_YandexCheckout',0,-103830,0,0,'C',1,'https://my.x-cart.com/storage/addons/XC/YandexCheckout/method_icon.png','a:16:{i:0;s:2:\"RU\";i:1;s:2:\"AM\";i:2;s:2:\"AZ\";i:3;s:2:\"BY\";i:4;s:2:\"DE\";i:5;s:2:\"BG\";i:6;s:2:\"CY\";i:7;s:2:\"KZ\";i:8;s:2:\"CN\";i:9;s:2:\"KG\";i:10;s:2:\"LV\";i:11;s:2:\"MD\";i:12;s:2:\"UA\";i:13;s:2:\"UZ\";i:14;s:2:\"TJ\";i:15;s:2:\"TH\";}','a:0:{}'),(115,'YandexCheckout.alfabank','Module\\XC\\YandexCheckout\\Model\\Payment\\Processor\\YandexCheckout','XC_YandexCheckout',0,-103870,0,0,'C',1,'https://my.x-cart.com/storage/addons/XC/YandexCheckout/method_icon.png','a:16:{i:0;s:2:\"RU\";i:1;s:2:\"AM\";i:2;s:2:\"AZ\";i:3;s:2:\"BY\";i:4;s:2:\"DE\";i:5;s:2:\"BG\";i:6;s:2:\"CY\";i:7;s:2:\"KZ\";i:8;s:2:\"CN\";i:9;s:2:\"KG\";i:10;s:2:\"LV\";i:11;s:2:\"MD\";i:12;s:2:\"UA\";i:13;s:2:\"UZ\";i:14;s:2:\"TJ\";i:15;s:2:\"TH\";}','a:0:{}'),(116,'SecureTrading','Module\\XC\\SecureTrading\\Model\\Payment\\Processor\\SecureTrading','XC_SecureTrading',0,-105960,0,0,'C',1,'https://my.x-cart.com/storage/addons/XC/SecureTrading/method_icon.png','a:229:{i:0;s:2:\"AD\";i:1;s:2:\"AE\";i:2;s:2:\"AF\";i:3;s:2:\"AG\";i:4;s:2:\"AI\";i:5;s:2:\"AL\";i:6;s:2:\"AM\";i:7;s:2:\"AO\";i:8;s:2:\"AQ\";i:9;s:2:\"AR\";i:10;s:2:\"AS\";i:11;s:2:\"AT\";i:12;s:2:\"AU\";i:13;s:2:\"AW\";i:14;s:2:\"AZ\";i:15;s:2:\"BA\";i:16;s:2:\"BB\";i:17;s:2:\"BD\";i:18;s:2:\"BE\";i:19;s:2:\"BF\";i:20;s:2:\"BG\";i:21;s:2:\"BH\";i:22;s:2:\"BI\";i:23;s:2:\"BJ\";i:24;s:2:\"BM\";i:25;s:2:\"BN\";i:26;s:2:\"BO\";i:27;s:2:\"BR\";i:28;s:2:\"BS\";i:29;s:2:\"BT\";i:30;s:2:\"BV\";i:31;s:2:\"BW\";i:32;s:2:\"BY\";i:33;s:2:\"BZ\";i:34;s:2:\"CA\";i:35;s:2:\"CC\";i:36;s:2:\"CD\";i:37;s:2:\"CF\";i:38;s:2:\"CH\";i:39;s:2:\"CI\";i:40;s:2:\"CK\";i:41;s:2:\"CL\";i:42;s:2:\"CM\";i:43;s:2:\"CN\";i:44;s:2:\"CO\";i:45;s:2:\"CR\";i:46;s:2:\"CU\";i:47;s:2:\"CV\";i:48;s:2:\"CX\";i:49;s:2:\"CY\";i:50;s:2:\"CZ\";i:51;s:2:\"DE\";i:52;s:2:\"DJ\";i:53;s:2:\"DK\";i:54;s:2:\"DM\";i:55;s:2:\"DO\";i:56;s:2:\"DZ\";i:57;s:2:\"EC\";i:58;s:2:\"EE\";i:59;s:2:\"EG\";i:60;s:2:\"EH\";i:61;s:2:\"ER\";i:62;s:2:\"ES\";i:63;s:2:\"ET\";i:64;s:2:\"FI\";i:65;s:2:\"FJ\";i:66;s:2:\"FK\";i:67;s:2:\"FM\";i:68;s:2:\"FR\";i:69;s:2:\"GA\";i:70;s:2:\"GB\";i:71;s:2:\"GD\";i:72;s:2:\"GE\";i:73;s:2:\"GH\";i:74;s:2:\"GI\";i:75;s:2:\"GL\";i:76;s:2:\"GM\";i:77;s:2:\"GN\";i:78;s:2:\"GP\";i:79;s:2:\"GQ\";i:80;s:2:\"GR\";i:81;s:2:\"GT\";i:82;s:2:\"GU\";i:83;s:2:\"GY\";i:84;s:2:\"HK\";i:85;s:2:\"HM\";i:86;s:2:\"HN\";i:87;s:2:\"HR\";i:88;s:2:\"HT\";i:89;s:2:\"HU\";i:90;s:2:\"ID\";i:91;s:2:\"IE\";i:92;s:2:\"IL\";i:93;s:2:\"IN\";i:94;s:2:\"IO\";i:95;s:2:\"IQ\";i:96;s:2:\"IR\";i:97;s:2:\"IS\";i:98;s:2:\"IT\";i:99;s:2:\"JM\";i:100;s:2:\"JO\";i:101;s:2:\"JP\";i:102;s:2:\"KE\";i:103;s:2:\"KG\";i:104;s:2:\"KH\";i:105;s:2:\"KI\";i:106;s:2:\"KM\";i:107;s:2:\"KN\";i:108;s:2:\"KR\";i:109;s:2:\"KW\";i:110;s:2:\"KY\";i:111;s:2:\"KZ\";i:112;s:2:\"LA\";i:113;s:2:\"LB\";i:114;s:2:\"LC\";i:115;s:2:\"LI\";i:116;s:2:\"LK\";i:117;s:2:\"LR\";i:118;s:2:\"LS\";i:119;s:2:\"LT\";i:120;s:2:\"LU\";i:121;s:2:\"LV\";i:122;s:2:\"LY\";i:123;s:2:\"MA\";i:124;s:2:\"MC\";i:125;s:2:\"MD\";i:126;s:2:\"ME\";i:127;s:2:\"MG\";i:128;s:2:\"MH\";i:129;s:2:\"MK\";i:130;s:2:\"ML\";i:131;s:2:\"MM\";i:132;s:2:\"MN\";i:133;s:2:\"MO\";i:134;s:2:\"MP\";i:135;s:2:\"MQ\";i:136;s:2:\"MR\";i:137;s:2:\"MS\";i:138;s:2:\"MT\";i:139;s:2:\"MU\";i:140;s:2:\"MV\";i:141;s:2:\"MW\";i:142;s:2:\"MX\";i:143;s:2:\"MY\";i:144;s:2:\"MZ\";i:145;s:2:\"NA\";i:146;s:2:\"NC\";i:147;s:2:\"NE\";i:148;s:2:\"NF\";i:149;s:2:\"NG\";i:150;s:2:\"NI\";i:151;s:2:\"NL\";i:152;s:2:\"NO\";i:153;s:2:\"NP\";i:154;s:2:\"NR\";i:155;s:2:\"NU\";i:156;s:2:\"NZ\";i:157;s:2:\"OM\";i:158;s:2:\"PA\";i:159;s:2:\"PE\";i:160;s:2:\"PG\";i:161;s:2:\"PH\";i:162;s:2:\"PK\";i:163;s:2:\"PL\";i:164;s:2:\"PM\";i:165;s:2:\"PN\";i:166;s:2:\"PR\";i:167;s:2:\"PT\";i:168;s:2:\"PW\";i:169;s:2:\"PY\";i:170;s:2:\"QA\";i:171;s:2:\"RE\";i:172;s:2:\"RO\";i:173;s:2:\"RS\";i:174;s:2:\"RU\";i:175;s:2:\"RW\";i:176;s:2:\"SA\";i:177;s:2:\"SB\";i:178;s:2:\"SC\";i:179;s:2:\"SD\";i:180;s:2:\"SE\";i:181;s:2:\"SG\";i:182;s:2:\"SH\";i:183;s:2:\"SI\";i:184;s:2:\"SJ\";i:185;s:2:\"SK\";i:186;s:2:\"SL\";i:187;s:2:\"SM\";i:188;s:2:\"SN\";i:189;s:2:\"SO\";i:190;s:2:\"SR\";i:191;s:2:\"ST\";i:192;s:2:\"SV\";i:193;s:2:\"SY\";i:194;s:2:\"SZ\";i:195;s:2:\"TC\";i:196;s:2:\"TD\";i:197;s:2:\"TG\";i:198;s:2:\"TH\";i:199;s:2:\"TJ\";i:200;s:2:\"TK\";i:201;s:2:\"TL\";i:202;s:2:\"TM\";i:203;s:2:\"TN\";i:204;s:2:\"TO\";i:205;s:2:\"TR\";i:206;s:2:\"TT\";i:207;s:2:\"TV\";i:208;s:2:\"TW\";i:209;s:2:\"TZ\";i:210;s:2:\"UA\";i:211;s:2:\"UG\";i:212;s:2:\"UM\";i:213;s:2:\"US\";i:214;s:2:\"UY\";i:215;s:2:\"UZ\";i:216;s:2:\"VA\";i:217;s:2:\"VC\";i:218;s:2:\"VE\";i:219;s:2:\"VG\";i:220;s:2:\"VN\";i:221;s:2:\"VU\";i:222;s:2:\"WF\";i:223;s:2:\"WS\";i:224;s:2:\"YE\";i:225;s:2:\"YT\";i:226;s:2:\"ZA\";i:227;s:2:\"ZM\";i:228;s:2:\"ZW\";}','a:0:{}'),(117,'Heartland','Module\\XC\\Heartland\\Model\\Payment\\Processor\\Heartland','XC_Heartland',0,-105870,0,0,'C',1,'https://my.x-cart.com/storage/addons/XC/Heartland/method_icon.png','a:1:{i:0;s:2:\"US\";}','a:0:{}'),(118,'ZonosHostedCheckout','Module\\Zonos\\ZonosHostedCheckout\\Model\\Payment\\Processor\\ZonosHostedCheckout','Zonos_ZonosHostedCheckout',0,-103790,0,0,'C',1,'https://my.x-cart.com/storage/addons/Zonos/ZonosHostedCheckout/list_icon.png','a:0:{}','a:0:{}'),(119,'UbRir','Module\\STaM\\UbRir\\Model\\Payment\\Processor\\UbRir','STaM_UbRir',0,-104000,0,0,'C',1,'https://my.x-cart.com/storage/addons/STaM/UbRir/method_icon.png','a:4:{i:0;s:2:\"RU\";i:1;s:2:\"BY\";i:2;s:2:\"KZ\";i:3;s:2:\"US\";}','a:0:{}'),(120,'Square','Module\\XPay\\Square\\Model\\Payment\\Processor\\Square','XPay_Square',0,-104040,0,0,'A',1,'https://my.x-cart.com/storage/addons/XPay/Square/method_icon.png','a:5:{i:0;s:2:\"US\";i:1;s:2:\"CA\";i:2;s:2:\"JP\";i:3;s:2:\"AU\";i:4;s:2:\"UK\";}','a:0:{}'),(121,'paya_ach','Module\\PayaServices\\PayaACH\\Model\\Payment\\Processor\\PayaACH','PayaServices_PayaACH',0,-104990,0,0,'C',1,'https://my.x-cart.com/storage/addons/PayaServices/PayaACH/method_icon.png','a:1:{i:0;s:2:\"US\";}','a:0:{}'),(122,'Digiwallet.iDEAL','Module\\Digiwallet\\Payment\\Processor\\iDEAL','Digiwallet_Payment',0,-105480,0,0,'C',1,'https://my.x-cart.com/storage/addons/Digiwallet/Payment/method_icon.png','a:0:{}','a:0:{}'),(123,'Digiwallet.Bancontact','Module\\Digiwallet\\Payment\\Processor\\Bancontact','Digiwallet_Payment',0,-105490,0,0,'C',1,'https://my.x-cart.com/storage/addons/Digiwallet/Payment/method_icon.png','a:0:{}','a:0:{}'),(124,'Digiwallet.Afterpay','Module\\Digiwallet\\Payment\\Processor\\Afterpay','Digiwallet_Payment',0,-105500,0,0,'C',1,'https://my.x-cart.com/storage/addons/Digiwallet/Payment/method_icon.png','a:0:{}','a:0:{}'),(125,'Digiwallet.Bankwire','Module\\Digiwallet\\Payment\\Processor\\Bankwire','Digiwallet_Payment',0,-105470,0,0,'C',1,'https://my.x-cart.com/storage/addons/Digiwallet/Payment/method_icon.png','a:0:{}','a:0:{}'),(126,'Digiwallet.EPS','Module\\Digiwallet\\Payment\\Processor\\EPS','Digiwallet_Payment',0,0,0,0,'C',1,'https://my.x-cart.com/storage/addons/Digiwallet/Payment/method_icon.png','a:0:{}','a:0:{}'),(127,'Digiwallet.GIP','Module\\Digiwallet\\Payment\\Processor\\GIP','Digiwallet_Payment',0,0,0,0,'C',1,'https://my.x-cart.com/storage/addons/Digiwallet/Payment/method_icon.png','a:0:{}','a:0:{}'),(128,'Digiwallet.Paysafe','Module\\Digiwallet\\Payment\\Processor\\Paysafe','Digiwallet_Payment',0,-105450,0,0,'C',1,'https://my.x-cart.com/storage/addons/Digiwallet/Payment/method_icon.png','a:0:{}','a:0:{}'),(129,'Digiwallet.Paypal','Module\\Digiwallet\\Payment\\Processor\\Paypal','Digiwallet_Payment',0,-105460,0,0,'C',1,'https://my.x-cart.com/storage/addons/Digiwallet/Payment/method_icon.png','a:0:{}','a:0:{}'),(130,'Digiwallet.Sofort','Module\\Digiwallet\\Payment\\Processor\\Sofort','Digiwallet_Payment',0,-105440,0,0,'C',1,'https://my.x-cart.com/storage/addons/Digiwallet/Payment/method_icon.png','a:0:{}','a:0:{}'),(131,'Digiwallet.Creditcard','Module\\Digiwallet\\Payment\\Processor\\Creditcard','Digiwallet_Payment',0,-105430,0,0,'C',1,'https://my.x-cart.com/storage/addons/Digiwallet/Payment/method_icon.png','a:0:{}','a:0:{}'),(132,'Nochex','Module\\Nochex\\Nochex\\Model\\Payment\\Processor\\Nochex','Nochex_Nochex',0,-105030,0,0,'C',1,'https://my.x-cart.com/storage/addons/Nochex/Nochex/list_icon.jpg','a:1:{i:0;s:2:\"GB\";}','a:0:{}'),(133,'Payop','Module\\Payop\\Payop\\Model\\Payment\\Processor\\Payop','Payop_Payop',0,-104930,0,0,'C',1,'https://my.x-cart.com/storage/addons/Payop/Payop/method_icon.png','a:0:{}','a:0:{}'),(134,'Affirm','Module\\XC\\Affirm\\Model\\Payment\\Processor\\Affirm','XC_Affirm',0,0,0,0,'C',1,'https://my.x-cart.com/storage/addons/XC/Affirm/method_icon.png','a:1:{i:0;s:2:\"US\";}','a:0:{}'),(135,'XPayments.Allowed.XPay_Module_ANZeGate','Module\\XPay\\XPaymentsCloud\\Model\\Payment\\Processor\\XPaymentsCloud','XPay_XPaymentsCloud',0,-105770,0,0,'C',1,'https://my.x-cart.com/storage/addons/XPay/XPaymentsCloud/XPayments.Allowed.XPay_Module_ANZeGate.png','a:32:{i:0;s:2:\"AE\";i:1;s:2:\"AS\";i:2;s:2:\"AU\";i:3;s:2:\"CK\";i:4;s:2:\"CN\";i:5;s:2:\"DE\";i:6;s:2:\"FJ\";i:7;s:2:\"GB\";i:8;s:2:\"GU\";i:9;s:2:\"HK\";i:10;s:2:\"ID\";i:11;s:2:\"IN\";i:12;s:2:\"JP\";i:13;s:2:\"KI\";i:14;s:2:\"KR\";i:15;s:2:\"LA\";i:16;s:2:\"MM\";i:17;s:2:\"MY\";i:18;s:2:\"NC\";i:19;s:2:\"NZ\";i:20;s:2:\"PG\";i:21;s:2:\"PH\";i:22;s:2:\"SB\";i:23;s:2:\"SG\";i:24;s:2:\"TH\";i:25;s:2:\"TL\";i:26;s:2:\"TO\";i:27;s:2:\"TW\";i:28;s:2:\"US\";i:29;s:2:\"VN\";i:30;s:2:\"VU\";i:31;s:2:\"WS\";}','a:0:{}'),(136,'XPayments.Allowed.XPay_Module_Amex','Module\\XPay\\XPaymentsCloud\\Model\\Payment\\Processor\\XPaymentsCloud','XPay_XPaymentsCloud',0,-105780,0,0,'C',1,'https://my.x-cart.com/storage/addons/XPay/XPaymentsCloud/XPayments.Allowed.XPay_Module_Amex.png','a:1:{i:0;s:2:\"US\";}','a:0:{}'),(137,'XPayments.Allowed.XPay_Module_AuthorizeNetXML','Module\\XPay\\XPaymentsCloud\\Model\\Payment\\Processor\\XPaymentsCloud','XPay_XPaymentsCloud',0,-105970,0,0,'C',1,'https://my.x-cart.com/storage/addons/XPay/XPaymentsCloud/XPayments.Allowed.XPay_Module_AuthorizeNetXML.png','a:3:{i:0;s:2:\"AU\";i:1;s:2:\"CA\";i:2;s:2:\"US\";}','a:0:{}'),(138,'XPayments.Allowed.XPay_Module_Bambora','Module\\XPay\\XPaymentsCloud\\Model\\Payment\\Processor\\XPaymentsCloud','XPay_XPaymentsCloud',0,-105750,0,0,'C',1,'https://my.x-cart.com/storage/addons/XPay/XPaymentsCloud/XPayments.Allowed.XPay_Module_Bambora.png','a:2:{i:0;s:2:\"CA\";i:1;s:2:\"US\";}','a:0:{}'),(139,'XPayments.Allowed.XPay_Module_Bean','Module\\XPay\\XPaymentsCloud\\Model\\Payment\\Processor\\XPaymentsCloud','XPay_XPaymentsCloud',0,-105730,0,0,'C',1,'https://my.x-cart.com/storage/addons/XPay/XPaymentsCloud/XPayments.Allowed.XPay_Module_Bean.png','a:2:{i:0;s:2:\"CA\";i:1;s:2:\"US\";}','a:0:{}'),(140,'XPayments.Allowed.XPay_Module_BendigoBank','Module\\XPay\\XPaymentsCloud\\Model\\Payment\\Processor\\XPaymentsCloud','XPay_XPaymentsCloud',0,-105720,0,0,'C',1,'https://my.x-cart.com/storage/addons/XPay/XPaymentsCloud/XPayments.Allowed.XPay_Module_BendigoBank.png','a:1:{i:0;s:2:\"AU\";}','a:0:{}'),(141,'XPayments.Allowed.XPay_Module_BillriantPay','Module\\XPay\\XPaymentsCloud\\Model\\Payment\\Processor\\XPaymentsCloud','XPay_XPaymentsCloud',0,-105710,0,0,'C',1,'https://my.x-cart.com/storage/addons/XPay/XPaymentsCloud/XPayments.Allowed.XPay_Module_BillriantPay.png','a:12:{i:0;s:2:\"CA\";i:1;s:2:\"CH\";i:2;s:2:\"DE\";i:3;s:2:\"DK\";i:4;s:2:\"ES\";i:5;s:2:\"FR\";i:6;s:2:\"GB\";i:7;s:2:\"IT\";i:8;s:2:\"NO\";i:9;s:2:\"PT\";i:10;s:2:\"SE\";i:11;s:2:\"US\";}','a:0:{}'),(142,'XPayments.Allowed.XPay_Module_BluePay','Module\\XPay\\XPaymentsCloud\\Model\\Payment\\Processor\\XPaymentsCloud','XPay_XPaymentsCloud',0,-105670,0,0,'C',1,'https://my.x-cart.com/storage/addons/XPay/XPaymentsCloud/XPayments.Allowed.XPay_Module_BluePay.png','a:2:{i:0;s:2:\"CA\";i:1;s:2:\"US\";}','a:0:{}'),(143,'XPayments.Allowed.XPay_Module_BlueSnap','Module\\XPay\\XPaymentsCloud\\Model\\Payment\\Processor\\XPaymentsCloud','XPay_XPaymentsCloud',0,-105640,0,0,'C',1,'https://my.x-cart.com/storage/addons/XPay/XPaymentsCloud/XPayments.Allowed.XPay_Module_BlueSnap.png','a:230:{i:0;s:2:\"AD\";i:1;s:2:\"AE\";i:2;s:2:\"AG\";i:3;s:2:\"AI\";i:4;s:2:\"AL\";i:5;s:2:\"AM\";i:6;s:2:\"AO\";i:7;s:2:\"AQ\";i:8;s:2:\"AR\";i:9;s:2:\"AS\";i:10;s:2:\"AT\";i:11;s:2:\"AU\";i:12;s:2:\"AW\";i:13;s:2:\"AZ\";i:14;s:2:\"BA\";i:15;s:2:\"BB\";i:16;s:2:\"BD\";i:17;s:2:\"BE\";i:18;s:2:\"BF\";i:19;s:2:\"BG\";i:20;s:2:\"BH\";i:21;s:2:\"BI\";i:22;s:2:\"BJ\";i:23;s:2:\"BM\";i:24;s:2:\"BN\";i:25;s:2:\"BO\";i:26;s:2:\"BR\";i:27;s:2:\"BS\";i:28;s:2:\"BT\";i:29;s:2:\"BV\";i:30;s:2:\"BW\";i:31;s:2:\"BY\";i:32;s:2:\"BZ\";i:33;s:2:\"CA\";i:34;s:2:\"CC\";i:35;s:2:\"CF\";i:36;s:2:\"CG\";i:37;s:2:\"CH\";i:38;s:2:\"CI\";i:39;s:2:\"CK\";i:40;s:2:\"CL\";i:41;s:2:\"CM\";i:42;s:2:\"CN\";i:43;s:2:\"CR\";i:44;s:2:\"CV\";i:45;s:2:\"CW\";i:46;s:2:\"CX\";i:47;s:2:\"CY\";i:48;s:2:\"CZ\";i:49;s:2:\"DE\";i:50;s:2:\"DJ\";i:51;s:2:\"DK\";i:52;s:2:\"DM\";i:53;s:2:\"DO\";i:54;s:2:\"DZ\";i:55;s:2:\"EC\";i:56;s:2:\"EE\";i:57;s:2:\"EG\";i:58;s:2:\"EH\";i:59;s:2:\"ER\";i:60;s:2:\"ES\";i:61;s:2:\"ET\";i:62;s:2:\"FI\";i:63;s:2:\"FJ\";i:64;s:2:\"FK\";i:65;s:2:\"FM\";i:66;s:2:\"FO\";i:67;s:2:\"FR\";i:68;s:2:\"GA\";i:69;s:2:\"GB\";i:70;s:2:\"GD\";i:71;s:2:\"GE\";i:72;s:2:\"GF\";i:73;s:2:\"GG\";i:74;s:2:\"GI\";i:75;s:2:\"GL\";i:76;s:2:\"GM\";i:77;s:2:\"GN\";i:78;s:2:\"GP\";i:79;s:2:\"GQ\";i:80;s:2:\"GR\";i:81;s:2:\"GS\";i:82;s:2:\"GT\";i:83;s:2:\"GU\";i:84;s:2:\"GW\";i:85;s:2:\"GY\";i:86;s:2:\"HK\";i:87;s:2:\"HM\";i:88;s:2:\"HN\";i:89;s:2:\"HR\";i:90;s:2:\"HT\";i:91;s:2:\"HU\";i:92;s:2:\"ID\";i:93;s:2:\"IE\";i:94;s:2:\"IL\";i:95;s:2:\"IM\";i:96;s:2:\"IN\";i:97;s:2:\"IO\";i:98;s:2:\"IS\";i:99;s:2:\"IT\";i:100;s:2:\"JE\";i:101;s:2:\"JM\";i:102;s:2:\"JO\";i:103;s:2:\"JP\";i:104;s:2:\"KE\";i:105;s:2:\"KG\";i:106;s:2:\"KH\";i:107;s:2:\"KI\";i:108;s:2:\"KM\";i:109;s:2:\"KN\";i:110;s:2:\"KR\";i:111;s:2:\"KW\";i:112;s:2:\"KY\";i:113;s:2:\"KZ\";i:114;s:2:\"LA\";i:115;s:2:\"LC\";i:116;s:2:\"LI\";i:117;s:2:\"LK\";i:118;s:2:\"LR\";i:119;s:2:\"LS\";i:120;s:2:\"LT\";i:121;s:2:\"LU\";i:122;s:2:\"LV\";i:123;s:2:\"MA\";i:124;s:2:\"MC\";i:125;s:2:\"MD\";i:126;s:2:\"ME\";i:127;s:2:\"MF\";i:128;s:2:\"MG\";i:129;s:2:\"MH\";i:130;s:2:\"MK\";i:131;s:2:\"ML\";i:132;s:2:\"MN\";i:133;s:2:\"MO\";i:134;s:2:\"MP\";i:135;s:2:\"MQ\";i:136;s:2:\"MR\";i:137;s:2:\"MS\";i:138;s:2:\"MT\";i:139;s:2:\"MU\";i:140;s:2:\"MV\";i:141;s:2:\"MW\";i:142;s:2:\"MX\";i:143;s:2:\"MY\";i:144;s:2:\"MZ\";i:145;s:2:\"NA\";i:146;s:2:\"NC\";i:147;s:2:\"NE\";i:148;s:2:\"NF\";i:149;s:2:\"NG\";i:150;s:2:\"NI\";i:151;s:2:\"NL\";i:152;s:2:\"NO\";i:153;s:2:\"NP\";i:154;s:2:\"NR\";i:155;s:2:\"NT\";i:156;s:2:\"NU\";i:157;s:2:\"NZ\";i:158;s:2:\"OM\";i:159;s:2:\"PA\";i:160;s:2:\"PE\";i:161;s:2:\"PF\";i:162;s:2:\"PG\";i:163;s:2:\"PH\";i:164;s:2:\"PK\";i:165;s:2:\"PL\";i:166;s:2:\"PM\";i:167;s:2:\"PN\";i:168;s:2:\"PR\";i:169;s:2:\"PT\";i:170;s:2:\"PW\";i:171;s:2:\"PY\";i:172;s:2:\"QA\";i:173;s:2:\"RE\";i:174;s:2:\"RO\";i:175;s:2:\"RS\";i:176;s:2:\"RU\";i:177;s:2:\"RW\";i:178;s:2:\"SA\";i:179;s:2:\"SB\";i:180;s:2:\"SC\";i:181;s:2:\"SE\";i:182;s:2:\"SG\";i:183;s:2:\"SI\";i:184;s:2:\"SJ\";i:185;s:2:\"SK\";i:186;s:2:\"SL\";i:187;s:2:\"SM\";i:188;s:2:\"SN\";i:189;s:2:\"SO\";i:190;s:2:\"SR\";i:191;s:2:\"ST\";i:192;s:2:\"SV\";i:193;s:2:\"SX\";i:194;s:2:\"SZ\";i:195;s:2:\"TC\";i:196;s:2:\"TD\";i:197;s:2:\"TF\";i:198;s:2:\"TG\";i:199;s:2:\"TH\";i:200;s:2:\"TJ\";i:201;s:2:\"TK\";i:202;s:2:\"TL\";i:203;s:2:\"TM\";i:204;s:2:\"TN\";i:205;s:2:\"TO\";i:206;s:2:\"TR\";i:207;s:2:\"TT\";i:208;s:2:\"TV\";i:209;s:2:\"TW\";i:210;s:2:\"TZ\";i:211;s:2:\"UA\";i:212;s:2:\"UG\";i:213;s:2:\"UM\";i:214;s:2:\"US\";i:215;s:2:\"UY\";i:216;s:2:\"UZ\";i:217;s:2:\"VA\";i:218;s:2:\"VC\";i:219;s:2:\"VE\";i:220;s:2:\"VG\";i:221;s:2:\"VI\";i:222;s:2:\"VN\";i:223;s:2:\"VU\";i:224;s:2:\"WF\";i:225;s:2:\"WS\";i:226;s:2:\"YT\";i:227;s:2:\"ZA\";i:228;s:2:\"ZM\";i:229;s:2:\"ZW\";}','a:0:{}'),(144,'XPayments.Allowed.XPay_Module_Braintree','Module\\XPay\\XPaymentsCloud\\Model\\Payment\\Processor\\XPaymentsCloud','XPay_XPaymentsCloud',0,-105620,0,0,'C',1,'https://my.x-cart.com/storage/addons/XPay/XPaymentsCloud/XPayments.Allowed.XPay_Module_Braintree.png','a:46:{i:0;s:2:\"AD\";i:1;s:2:\"AT\";i:2;s:2:\"AU\";i:3;s:2:\"BE\";i:4;s:2:\"BG\";i:5;s:2:\"CA\";i:6;s:2:\"CH\";i:7;s:2:\"CY\";i:8;s:2:\"CZ\";i:9;s:2:\"DE\";i:10;s:2:\"DK\";i:11;s:2:\"EE\";i:12;s:2:\"ES\";i:13;s:2:\"FI\";i:14;s:2:\"FR\";i:15;s:2:\"GB\";i:16;s:2:\"GG\";i:17;s:2:\"GI\";i:18;s:2:\"GR\";i:19;s:2:\"HK\";i:20;s:2:\"HR\";i:21;s:2:\"HU\";i:22;s:2:\"IE\";i:23;s:2:\"IM\";i:24;s:2:\"IS\";i:25;s:2:\"IT\";i:26;s:2:\"JE\";i:27;s:2:\"LI\";i:28;s:2:\"LT\";i:29;s:2:\"LU\";i:30;s:2:\"LV\";i:31;s:2:\"MC\";i:32;s:2:\"MT\";i:33;s:2:\"MY\";i:34;s:2:\"NL\";i:35;s:2:\"NO\";i:36;s:2:\"NZ\";i:37;s:2:\"PL\";i:38;s:2:\"PT\";i:39;s:2:\"RO\";i:40;s:2:\"SE\";i:41;s:2:\"SG\";i:42;s:2:\"SI\";i:43;s:2:\"SK\";i:44;s:2:\"SM\";i:45;s:2:\"US\";}','a:0:{}'),(145,'XPayments.Allowed.XPay_Module_Caledon','Module\\XPay\\XPaymentsCloud\\Model\\Payment\\Processor\\XPaymentsCloud','XPay_XPaymentsCloud',0,-105660,0,0,'C',1,'https://my.x-cart.com/storage/addons/XPay/XPaymentsCloud/XPayments.Allowed.XPay_Module_Caledon.png','a:1:{i:0;s:2:\"CA\";}','a:0:{}'),(146,'XPayments.Allowed.XPay_Module_CardinalCommerce','Module\\XPay\\XPaymentsCloud\\Model\\Payment\\Processor\\XPaymentsCloud','XPay_XPaymentsCloud',0,-105610,0,0,'C',1,'https://my.x-cart.com/storage/addons/XPay/XPaymentsCloud/XPayments.Allowed.XPay_Module_CardinalCommerce.png','a:1:{i:0;s:2:\"US\";}','a:0:{}'),(147,'XPayments.Allowed.XPay_Module_Chase','Module\\XPay\\XPaymentsCloud\\Model\\Payment\\Processor\\XPaymentsCloud','XPay_XPaymentsCloud',0,-105910,0,0,'C',1,'https://my.x-cart.com/storage/addons/XPay/XPaymentsCloud/XPayments.Allowed.XPay_Module_Chase.png','a:2:{i:0;s:2:\"CA\";i:1;s:2:\"US\";}','a:0:{}'),(148,'XPayments.Allowed.XPay_Module_CommWeb','Module\\XPay\\XPaymentsCloud\\Model\\Payment\\Processor\\XPaymentsCloud','XPay_XPaymentsCloud',0,-105570,0,0,'C',1,'https://my.x-cart.com/storage/addons/XPay/XPaymentsCloud/XPayments.Allowed.XPay_Module_CommWeb.png','a:11:{i:0;s:2:\"AU\";i:1;s:2:\"CN\";i:2;s:2:\"FJ\";i:3;s:2:\"GB\";i:4;s:2:\"HK\";i:5;s:2:\"ID\";i:6;s:2:\"JP\";i:7;s:2:\"MT\";i:8;s:2:\"NZ\";i:9;s:2:\"SG\";i:10;s:2:\"US\";}','a:0:{}'),(149,'XPayments.Allowed.XPay_Module_CyberSourceSOAP','Module\\XPay\\XPaymentsCloud\\Model\\Payment\\Processor\\XPaymentsCloud','XPay_XPaymentsCloud',0,-105540,0,0,'C',1,'https://my.x-cart.com/storage/addons/XPay/XPaymentsCloud/XPayments.Allowed.XPay_Module_CyberSourceSOAP.png','a:225:{i:0;s:2:\"AD\";i:1;s:2:\"AE\";i:2;s:2:\"AF\";i:3;s:2:\"AG\";i:4;s:2:\"AI\";i:5;s:2:\"AL\";i:6;s:2:\"AM\";i:7;s:2:\"AO\";i:8;s:2:\"AR\";i:9;s:2:\"AS\";i:10;s:2:\"AT\";i:11;s:2:\"AU\";i:12;s:2:\"AW\";i:13;s:2:\"AZ\";i:14;s:2:\"BA\";i:15;s:2:\"BB\";i:16;s:2:\"BD\";i:17;s:2:\"BE\";i:18;s:2:\"BF\";i:19;s:2:\"BG\";i:20;s:2:\"BH\";i:21;s:2:\"BI\";i:22;s:2:\"BJ\";i:23;s:2:\"BM\";i:24;s:2:\"BN\";i:25;s:2:\"BO\";i:26;s:2:\"BQ\";i:27;s:2:\"BS\";i:28;s:2:\"BT\";i:29;s:2:\"BW\";i:30;s:2:\"BY\";i:31;s:2:\"BZ\";i:32;s:2:\"CA\";i:33;s:2:\"CC\";i:34;s:2:\"CF\";i:35;s:2:\"CG\";i:36;s:2:\"CH\";i:37;s:2:\"CI\";i:38;s:2:\"CK\";i:39;s:2:\"CL\";i:40;s:2:\"CM\";i:41;s:2:\"CN\";i:42;s:2:\"CO\";i:43;s:2:\"CR\";i:44;s:2:\"CV\";i:45;s:2:\"CW\";i:46;s:2:\"CX\";i:47;s:2:\"CY\";i:48;s:2:\"CZ\";i:49;s:2:\"DE\";i:50;s:2:\"DJ\";i:51;s:2:\"DK\";i:52;s:2:\"DM\";i:53;s:2:\"DO\";i:54;s:2:\"DZ\";i:55;s:2:\"EC\";i:56;s:2:\"EE\";i:57;s:2:\"ER\";i:58;s:2:\"ES\";i:59;s:2:\"ET\";i:60;s:2:\"FI\";i:61;s:2:\"FJ\";i:62;s:2:\"FK\";i:63;s:2:\"FM\";i:64;s:2:\"FO\";i:65;s:2:\"FR\";i:66;s:2:\"GA\";i:67;s:2:\"GB\";i:68;s:2:\"GD\";i:69;s:2:\"GE\";i:70;s:2:\"GF\";i:71;s:2:\"GG\";i:72;s:2:\"GH\";i:73;s:2:\"GI\";i:74;s:2:\"GL\";i:75;s:2:\"GM\";i:76;s:2:\"GN\";i:77;s:2:\"GP\";i:78;s:2:\"GQ\";i:79;s:2:\"GR\";i:80;s:2:\"GS\";i:81;s:2:\"GT\";i:82;s:2:\"GU\";i:83;s:2:\"GW\";i:84;s:2:\"GY\";i:85;s:2:\"HK\";i:86;s:2:\"HN\";i:87;s:2:\"HR\";i:88;s:2:\"HT\";i:89;s:2:\"HU\";i:90;s:2:\"ID\";i:91;s:2:\"IE\";i:92;s:2:\"IL\";i:93;s:2:\"IO\";i:94;s:2:\"IQ\";i:95;s:2:\"IS\";i:96;s:2:\"IT\";i:97;s:2:\"JE\";i:98;s:2:\"JM\";i:99;s:2:\"JO\";i:100;s:2:\"JP\";i:101;s:2:\"KE\";i:102;s:2:\"KG\";i:103;s:2:\"KH\";i:104;s:2:\"KI\";i:105;s:2:\"KM\";i:106;s:2:\"KN\";i:107;s:2:\"KR\";i:108;s:2:\"KW\";i:109;s:2:\"KY\";i:110;s:2:\"KZ\";i:111;s:2:\"LA\";i:112;s:2:\"LB\";i:113;s:2:\"LC\";i:114;s:2:\"LI\";i:115;s:2:\"LK\";i:116;s:2:\"LR\";i:117;s:2:\"LS\";i:118;s:2:\"LT\";i:119;s:2:\"LU\";i:120;s:2:\"LV\";i:121;s:2:\"LY\";i:122;s:2:\"MA\";i:123;s:2:\"MC\";i:124;s:2:\"MD\";i:125;s:2:\"ME\";i:126;s:2:\"MF\";i:127;s:2:\"MG\";i:128;s:2:\"MH\";i:129;s:2:\"MK\";i:130;s:2:\"ML\";i:131;s:2:\"MM\";i:132;s:2:\"MN\";i:133;s:2:\"MO\";i:134;s:2:\"MR\";i:135;s:2:\"MT\";i:136;s:2:\"MU\";i:137;s:2:\"MV\";i:138;s:2:\"MW\";i:139;s:2:\"MX\";i:140;s:2:\"MY\";i:141;s:2:\"MZ\";i:142;s:2:\"NA\";i:143;s:2:\"NC\";i:144;s:2:\"NE\";i:145;s:2:\"NG\";i:146;s:2:\"NI\";i:147;s:2:\"NL\";i:148;s:2:\"NO\";i:149;s:2:\"NP\";i:150;s:2:\"NR\";i:151;s:2:\"NU\";i:152;s:2:\"NZ\";i:153;s:2:\"OM\";i:154;s:2:\"PA\";i:155;s:2:\"PE\";i:156;s:2:\"PF\";i:157;s:2:\"PG\";i:158;s:2:\"PH\";i:159;s:2:\"PK\";i:160;s:2:\"PL\";i:161;s:2:\"PM\";i:162;s:2:\"PN\";i:163;s:2:\"PR\";i:164;s:2:\"PS\";i:165;s:2:\"PT\";i:166;s:2:\"PW\";i:167;s:2:\"PY\";i:168;s:2:\"QA\";i:169;s:2:\"RO\";i:170;s:2:\"RS\";i:171;s:2:\"RU\";i:172;s:2:\"RW\";i:173;s:2:\"SA\";i:174;s:2:\"SB\";i:175;s:2:\"SC\";i:176;s:2:\"SE\";i:177;s:2:\"SG\";i:178;s:2:\"SI\";i:179;s:2:\"SJ\";i:180;s:2:\"SK\";i:181;s:2:\"SL\";i:182;s:2:\"SM\";i:183;s:2:\"SN\";i:184;s:2:\"SO\";i:185;s:2:\"SR\";i:186;s:2:\"ST\";i:187;s:2:\"SV\";i:188;s:2:\"SX\";i:189;s:2:\"SZ\";i:190;s:2:\"TC\";i:191;s:2:\"TD\";i:192;s:2:\"TF\";i:193;s:2:\"TG\";i:194;s:2:\"TH\";i:195;s:2:\"TJ\";i:196;s:2:\"TK\";i:197;s:2:\"TL\";i:198;s:2:\"TM\";i:199;s:2:\"TN\";i:200;s:2:\"TO\";i:201;s:2:\"TR\";i:202;s:2:\"TT\";i:203;s:2:\"TV\";i:204;s:2:\"TW\";i:205;s:2:\"TZ\";i:206;s:2:\"UA\";i:207;s:2:\"UG\";i:208;s:2:\"US\";i:209;s:2:\"UY\";i:210;s:2:\"UZ\";i:211;s:2:\"VA\";i:212;s:2:\"VC\";i:213;s:2:\"VE\";i:214;s:2:\"VG\";i:215;s:2:\"VN\";i:216;s:2:\"VU\";i:217;s:2:\"WF\";i:218;s:2:\"WS\";i:219;s:2:\"XK\";i:220;s:2:\"YE\";i:221;s:2:\"YT\";i:222;s:2:\"ZA\";i:223;s:2:\"ZM\";i:224;s:2:\"ZW\";}','a:0:{}'),(150,'XPayments.Allowed.XPay_Module_DemoPay','Module\\XPay\\XPaymentsCloud\\Model\\Payment\\Processor\\XPaymentsCloud','XPay_XPaymentsCloud',0,-103890,0,0,'C',1,'https://my.x-cart.com/storage/addons/XPay/XPaymentsCloud/XPayments.Allowed.XPay_Module_DemoPay.png','a:0:{}','a:0:{}'),(151,'XPayments.Allowed.XPay_Module_Dibs','Module\\XPay\\XPaymentsCloud\\Model\\Payment\\Processor\\XPaymentsCloud','XPay_XPaymentsCloud',0,-105520,0,0,'C',1,'https://my.x-cart.com/storage/addons/XPay/XPaymentsCloud/XPayments.Allowed.XPay_Module_Dibs.png','a:5:{i:0;s:2:\"DK\";i:1;s:2:\"FI\";i:2;s:2:\"GB\";i:3;s:2:\"NO\";i:4;s:2:\"SE\";}','a:0:{}'),(152,'XPayments.Allowed.XPay_Module_DirectOne','Module\\XPay\\XPaymentsCloud\\Model\\Payment\\Processor\\XPaymentsCloud','XPay_XPaymentsCloud',0,-105420,0,0,'C',1,'https://my.x-cart.com/storage/addons/XPay/XPaymentsCloud/XPayments.Allowed.XPay_Module_DirectOne.png','a:1:{i:0;s:2:\"AU\";}','a:0:{}'),(153,'XPayments.Allowed.XPay_Module_EProcessingTDE','Module\\XPay\\XPaymentsCloud\\Model\\Payment\\Processor\\XPaymentsCloud','XPay_XPaymentsCloud',0,-105810,0,0,'C',1,'https://my.x-cart.com/storage/addons/XPay/XPaymentsCloud/XPayments.Allowed.XPay_Module_EProcessingTDE.png','a:1:{i:0;s:2:\"US\";}','a:0:{}'),(154,'XPayments.Allowed.XPay_Module_ESec','Module\\XPay\\XPaymentsCloud\\Model\\Payment\\Processor\\XPaymentsCloud','XPay_XPaymentsCloud',0,-104640,0,0,'C',1,'https://my.x-cart.com/storage/addons/XPay/XPaymentsCloud/XPayments.Allowed.XPay_Module_ESec.png','a:1:{i:0;s:2:\"AU\";}','a:0:{}'),(155,'XPayments.Allowed.XPay_Module_ESelect','Module\\XPay\\XPaymentsCloud\\Model\\Payment\\Processor\\XPaymentsCloud','XPay_XPaymentsCloud',0,-105070,0,0,'C',1,'https://my.x-cart.com/storage/addons/XPay/XPaymentsCloud/XPayments.Allowed.XPay_Module_ESelect.png','a:2:{i:0;s:2:\"CA\";i:1;s:2:\"US\";}','a:0:{}'),(156,'XPayments.Allowed.XPay_Module_Elavon','Module\\XPay\\XPaymentsCloud\\Model\\Payment\\Processor\\XPaymentsCloud','XPay_XPaymentsCloud',0,-105370,0,0,'C',1,'https://my.x-cart.com/storage/addons/XPay/XPaymentsCloud/XPayments.Allowed.XPay_Module_Elavon.png','a:13:{i:0;s:2:\"BE\";i:1;s:2:\"CA\";i:2;s:2:\"DE\";i:3;s:2:\"DK\";i:4;s:2:\"GB\";i:5;s:2:\"IE\";i:6;s:2:\"LU\";i:7;s:2:\"NL\";i:8;s:2:\"NO\";i:9;s:2:\"PL\";i:10;s:2:\"PR\";i:11;s:2:\"SE\";i:12;s:2:\"US\";}','a:0:{}'),(157,'XPayments.Allowed.XPay_Module_EpdqXML','Module\\XPay\\XPaymentsCloud\\Model\\Payment\\Processor\\XPaymentsCloud','XPay_XPaymentsCloud',0,-105330,0,0,'C',1,'','a:1:{i:0;s:2:\"GB\";}','a:0:{}'),(158,'XPayments.Allowed.XPay_Module_EwayRapid','Module\\XPay\\XPaymentsCloud\\Model\\Payment\\Processor\\XPaymentsCloud','XPay_XPaymentsCloud',0,-105310,0,0,'C',1,'https://my.x-cart.com/storage/addons/XPay/XPaymentsCloud/XPayments.Allowed.XPay_Module_EwayRapid.png','a:5:{i:0;s:2:\"AU\";i:1;s:2:\"HK\";i:2;s:2:\"MO\";i:3;s:2:\"NZ\";i:4;s:2:\"SG\";}','a:0:{}'),(159,'XPayments.Allowed.XPay_Module_FifthDimensionGateway','Module\\XPay\\XPaymentsCloud\\Model\\Payment\\Processor\\XPaymentsCloud','XPay_XPaymentsCloud',0,-104050,0,0,'C',1,'https://my.x-cart.com/storage/addons/XPay/XPaymentsCloud/XPayments.Allowed.XPay_Module_FifthDimensionGateway.png','a:1:{i:0;s:2:\"US\";}','a:0:{}'),(160,'XPayments.Allowed.XPay_Module_FirstDataE4','Module\\XPay\\XPaymentsCloud\\Model\\Payment\\Processor\\XPaymentsCloud','XPay_XPaymentsCloud',0,-105950,0,0,'C',1,'https://my.x-cart.com/storage/addons/XPay/XPaymentsCloud/XPayments.Allowed.XPay_Module_FirstDataE4.png','a:86:{i:0;s:2:\"AE\";i:1;s:2:\"AG\";i:2;s:2:\"AI\";i:3;s:2:\"AR\";i:4;s:2:\"AT\";i:5;s:2:\"AU\";i:6;s:2:\"AW\";i:7;s:2:\"BA\";i:8;s:2:\"BB\";i:9;s:2:\"BG\";i:10;s:2:\"BH\";i:11;s:2:\"BL\";i:12;s:2:\"BO\";i:13;s:2:\"BR\";i:14;s:2:\"BS\";i:15;s:2:\"BZ\";i:16;s:2:\"CA\";i:17;s:2:\"CH\";i:18;s:2:\"CL\";i:19;s:2:\"CN\";i:20;s:2:\"CO\";i:21;s:2:\"CR\";i:22;s:2:\"CU\";i:23;s:2:\"CW\";i:24;s:2:\"CZ\";i:25;s:2:\"DE\";i:26;s:2:\"DM\";i:27;s:2:\"DO\";i:28;s:2:\"EG\";i:29;s:2:\"ES\";i:30;s:2:\"FI\";i:31;s:2:\"FR\";i:32;s:2:\"GB\";i:33;s:2:\"GD\";i:34;s:2:\"GP\";i:35;s:2:\"GR\";i:36;s:2:\"GT\";i:37;s:2:\"HK\";i:38;s:2:\"HN\";i:39;s:2:\"HR\";i:40;s:2:\"HT\";i:41;s:2:\"HU\";i:42;s:2:\"IE\";i:43;s:2:\"IN\";i:44;s:2:\"IT\";i:45;s:2:\"JM\";i:46;s:2:\"KN\";i:47;s:2:\"KR\";i:48;s:2:\"KW\";i:49;s:2:\"KY\";i:50;s:2:\"LC\";i:51;s:2:\"MF\";i:52;s:2:\"MK\";i:53;s:2:\"MO\";i:54;s:2:\"MQ\";i:55;s:2:\"MS\";i:56;s:2:\"MX\";i:57;s:2:\"MY\";i:58;s:2:\"NI\";i:59;s:2:\"NL\";i:60;s:2:\"NO\";i:61;s:2:\"NZ\";i:62;s:2:\"PA\";i:63;s:2:\"PE\";i:64;s:2:\"PL\";i:65;s:2:\"PR\";i:66;s:2:\"PT\";i:67;s:2:\"PY\";i:68;s:2:\"QA\";i:69;s:2:\"RO\";i:70;s:2:\"RS\";i:71;s:2:\"RU\";i:72;s:2:\"SA\";i:73;s:2:\"SG\";i:74;s:2:\"SK\";i:75;s:2:\"SV\";i:76;s:2:\"SX\";i:77;s:2:\"TC\";i:78;s:2:\"TT\";i:79;s:2:\"US\";i:80;s:2:\"UY\";i:81;s:2:\"VC\";i:82;s:2:\"VE\";i:83;s:2:\"VG\";i:84;s:2:\"VI\";i:85;s:2:\"ZA\";}','a:0:{}'),(161,'XPayments.Allowed.XPay_Module_GlobalIris','Module\\XPay\\XPaymentsCloud\\Model\\Payment\\Processor\\XPaymentsCloud','XPay_XPaymentsCloud',0,-105240,0,0,'C',1,'https://my.x-cart.com/storage/addons/XPay/XPaymentsCloud/XPayments.Allowed.XPay_Module_GlobalIris.png','a:10:{i:0;s:2:\"BE\";i:1;s:2:\"CA\";i:2;s:2:\"ES\";i:3;s:2:\"FR\";i:4;s:2:\"GB\";i:5;s:2:\"IE\";i:6;s:2:\"IT\";i:7;s:2:\"LU\";i:8;s:2:\"NL\";i:9;s:2:\"US\";}','a:0:{}'),(162,'XPayments.Allowed.XPay_Module_GoEmerchant','Module\\XPay\\XPaymentsCloud\\Model\\Payment\\Processor\\XPaymentsCloud','XPay_XPaymentsCloud',0,-105200,0,0,'C',1,'https://my.x-cart.com/storage/addons/XPay/XPaymentsCloud/XPayments.Allowed.XPay_Module_GoEmerchant.png','a:1:{i:0;s:2:\"US\";}','a:0:{}'),(163,'XPayments.Allowed.XPay_Module_HeidelPay','Module\\XPay\\XPaymentsCloud\\Model\\Payment\\Processor\\XPaymentsCloud','XPay_XPaymentsCloud',0,-105190,0,0,'C',1,'https://my.x-cart.com/storage/addons/XPay/XPaymentsCloud/XPayments.Allowed.XPay_Module_HeidelPay.png','a:33:{i:0;s:2:\"AT\";i:1;s:2:\"BE\";i:2;s:2:\"BG\";i:3;s:2:\"CH\";i:4;s:2:\"CY\";i:5;s:2:\"CZ\";i:6;s:2:\"DE\";i:7;s:2:\"DK\";i:8;s:2:\"EE\";i:9;s:2:\"ES\";i:10;s:2:\"FI\";i:11;s:2:\"FR\";i:12;s:2:\"GB\";i:13;s:2:\"GR\";i:14;s:2:\"HR\";i:15;s:2:\"HU\";i:16;s:2:\"IE\";i:17;s:2:\"IS\";i:18;s:2:\"IT\";i:19;s:2:\"LI\";i:20;s:2:\"LT\";i:21;s:2:\"LU\";i:22;s:2:\"LV\";i:23;s:2:\"MT\";i:24;s:2:\"NL\";i:25;s:2:\"NO\";i:26;s:2:\"PL\";i:27;s:2:\"PT\";i:28;s:2:\"RO\";i:29;s:2:\"SE\";i:30;s:2:\"SI\";i:31;s:2:\"SK\";i:32;s:2:\"US\";}','a:0:{}'),(164,'XPayments.Allowed.XPay_Module_InnovativeGateway','Module\\XPay\\XPaymentsCloud\\Model\\Payment\\Processor\\XPaymentsCloud','XPay_XPaymentsCloud',0,-105150,0,0,'C',1,'https://my.x-cart.com/storage/addons/XPay/XPaymentsCloud/XPayments.Allowed.XPay_Module_InnovativeGateway.png','a:1:{i:0;s:2:\"US\";}','a:0:{}'),(165,'XPayments.Allowed.XPay_Module_ItransactXML','Module\\XPay\\XPaymentsCloud\\Model\\Payment\\Processor\\XPaymentsCloud','XPay_XPaymentsCloud',0,-105110,0,0,'C',1,'https://my.x-cart.com/storage/addons/XPay/XPaymentsCloud/XPayments.Allowed.XPay_Module_ItransactXML.png','a:1:{i:0;s:2:\"US\";}','a:0:{}'),(166,'XPayments.Allowed.XPay_Module_Meritus','Module\\XPay\\XPaymentsCloud\\Model\\Payment\\Processor\\XPaymentsCloud','XPay_XPaymentsCloud',0,-104940,0,0,'C',1,'https://my.x-cart.com/storage/addons/XPay/XPaymentsCloud/XPayments.Allowed.XPay_Module_Meritus.png','a:1:{i:0;s:2:\"US\";}','a:0:{}'),(167,'XPayments.Allowed.XPay_Module_NAB','Module\\XPay\\XPaymentsCloud\\Model\\Payment\\Processor\\XPaymentsCloud','XPay_XPaymentsCloud',0,-105060,0,0,'C',1,'https://my.x-cart.com/storage/addons/XPay/XPaymentsCloud/XPayments.Allowed.XPay_Module_NAB.png','a:1:{i:0;s:2:\"AU\";}','a:0:{}'),(168,'XPayments.Allowed.XPay_Module_NMI','Module\\XPay\\XPaymentsCloud\\Model\\Payment\\Processor\\XPaymentsCloud','XPay_XPaymentsCloud',0,-105840,0,0,'C',1,'https://my.x-cart.com/storage/addons/XPay/XPaymentsCloud/XPayments.Allowed.XPay_Module_NMI.png','a:1:{i:0;s:2:\"US\";}','a:0:{}'),(169,'XPayments.Allowed.XPay_Module_Netbilling','Module\\XPay\\XPaymentsCloud\\Model\\Payment\\Processor\\XPaymentsCloud','XPay_XPaymentsCloud',0,-105820,0,0,'C',1,'https://my.x-cart.com/storage/addons/XPay/XPaymentsCloud/XPayments.Allowed.XPay_Module_Netbilling.png','a:1:{i:0;s:2:\"US\";}','a:0:{}'),(170,'XPayments.Allowed.XPay_Module_Netevia','Module\\XPay\\XPaymentsCloud\\Model\\Payment\\Processor\\XPaymentsCloud','XPay_XPaymentsCloud',0,-105050,0,0,'C',1,'https://my.x-cart.com/storage/addons/XPay/XPaymentsCloud/XPayments.Allowed.XPay_Module_Netevia.png','a:1:{i:0;s:2:\"US\";}','a:0:{}'),(171,'XPayments.Allowed.XPay_Module_Ogone','Module\\XPay\\XPaymentsCloud\\Model\\Payment\\Processor\\XPaymentsCloud','XPay_XPaymentsCloud',0,-105170,0,0,'C',1,'https://my.x-cart.com/storage/addons/XPay/XPaymentsCloud/XPayments.Allowed.XPay_Module_Ogone.png','a:24:{i:0;s:2:\"AT\";i:1;s:2:\"BE\";i:2;s:2:\"BR\";i:3;s:2:\"CA\";i:4;s:2:\"CL\";i:5;s:2:\"CN\";i:6;s:2:\"CO\";i:7;s:2:\"CZ\";i:8;s:2:\"DE\";i:9;s:2:\"ES\";i:10;s:2:\"FR\";i:11;s:2:\"GB\";i:12;s:2:\"HU\";i:13;s:2:\"IT\";i:14;s:2:\"JP\";i:15;s:2:\"MX\";i:16;s:2:\"NL\";i:17;s:2:\"PL\";i:18;s:2:\"PT\";i:19;s:2:\"RU\";i:20;s:2:\"TR\";i:21;s:2:\"UA\";i:22;s:2:\"US\";i:23;s:2:\"VN\";}','a:0:{}'),(172,'XPayments.Allowed.XPay_Module_PayGateSA','Module\\XPay\\XPaymentsCloud\\Model\\Payment\\Processor\\XPaymentsCloud','XPay_XPaymentsCloud',0,0,0,0,'C',1,'','a:1:{i:0;s:2:\"ZA\";}','a:0:{}'),(173,'XPayments.Allowed.XPay_Module_PayflowPro','Module\\XPay\\XPaymentsCloud\\Model\\Payment\\Processor\\XPaymentsCloud','XPay_XPaymentsCloud',0,-104980,0,0,'C',1,'https://my.x-cart.com/storage/addons/XPay/XPaymentsCloud/XPayments.Allowed.XPay_Module_PayflowPro.png','a:4:{i:0;s:2:\"AU\";i:1;s:2:\"CA\";i:2;s:2:\"NZ\";i:3;s:2:\"US\";}','a:0:{}'),(174,'XPayments.Allowed.XPay_Module_PaypalWPPDirectPayment','Module\\XPay\\XPaymentsCloud\\Model\\Payment\\Processor\\XPaymentsCloud','XPay_XPaymentsCloud',0,-104830,0,0,'C',1,'https://my.x-cart.com/storage/addons/XPay/XPaymentsCloud/XPayments.Allowed.XPay_Module_PaypalWPPDirectPayment.png','a:3:{i:0;s:2:\"CA\";i:1;s:2:\"GB\";i:2;s:2:\"US\";}','a:0:{}'),(175,'XPayments.Allowed.XPay_Module_PaypalWPPPEDirectPayment','Module\\XPay\\XPaymentsCloud\\Model\\Payment\\Processor\\XPaymentsCloud','XPay_XPaymentsCloud',0,-104840,0,0,'C',1,'https://my.x-cart.com/storage/addons/XPay/XPaymentsCloud/XPayments.Allowed.XPay_Module_PaypalWPPPEDirectPayment.png','a:4:{i:0;s:2:\"AU\";i:1;s:2:\"CA\";i:2;s:2:\"NZ\";i:3;s:2:\"US\";}','a:0:{}'),(176,'XPayments.Allowed.XPay_Module_PsiGateXML','Module\\XPay\\XPaymentsCloud\\Model\\Payment\\Processor\\XPaymentsCloud','XPay_XPaymentsCloud',0,-104730,0,0,'C',1,'https://my.x-cart.com/storage/addons/XPay/XPaymentsCloud/XPayments.Allowed.XPay_Module_PsiGateXML.png','a:2:{i:0;s:2:\"CA\";i:1;s:2:\"US\";}','a:0:{}'),(177,'XPayments.Allowed.XPay_Module_QuantumGatewayXML','Module\\XPay\\XPaymentsCloud\\Model\\Payment\\Processor\\XPaymentsCloud','XPay_XPaymentsCloud',0,-104710,0,0,'C',1,'https://my.x-cart.com/storage/addons/XPay/XPaymentsCloud/XPayments.Allowed.XPay_Module_QuantumGatewayXML.png','a:1:{i:0;s:2:\"US\";}','a:0:{}'),(178,'XPayments.Allowed.XPay_Module_QuickBooksPayments','Module\\XPay\\XPaymentsCloud\\Model\\Payment\\Processor\\XPaymentsCloud','XPay_XPaymentsCloud',0,-105120,0,0,'C',1,'https://my.x-cart.com/storage/addons/XPay/XPaymentsCloud/XPayments.Allowed.XPay_Module_QuickBooksPayments.png','a:217:{i:0;s:2:\"AD\";i:1;s:2:\"AE\";i:2;s:2:\"AF\";i:3;s:2:\"AG\";i:4;s:2:\"AI\";i:5;s:2:\"AL\";i:6;s:2:\"AM\";i:7;s:2:\"AO\";i:8;s:2:\"AR\";i:9;s:2:\"AS\";i:10;s:2:\"AT\";i:11;s:2:\"AU\";i:12;s:2:\"AW\";i:13;s:2:\"AZ\";i:14;s:2:\"BA\";i:15;s:2:\"BB\";i:16;s:2:\"BD\";i:17;s:2:\"BE\";i:18;s:2:\"BF\";i:19;s:2:\"BG\";i:20;s:2:\"BH\";i:21;s:2:\"BI\";i:22;s:2:\"BJ\";i:23;s:2:\"BM\";i:24;s:2:\"BN\";i:25;s:2:\"BO\";i:26;s:2:\"BQ\";i:27;s:2:\"BR\";i:28;s:2:\"BS\";i:29;s:2:\"BT\";i:30;s:2:\"BW\";i:31;s:2:\"BY\";i:32;s:2:\"BZ\";i:33;s:2:\"CA\";i:34;s:2:\"CC\";i:35;s:2:\"CF\";i:36;s:2:\"CG\";i:37;s:2:\"CH\";i:38;s:2:\"CI\";i:39;s:2:\"CK\";i:40;s:2:\"CL\";i:41;s:2:\"CM\";i:42;s:2:\"CN\";i:43;s:2:\"CO\";i:44;s:2:\"CR\";i:45;s:2:\"CV\";i:46;s:2:\"CW\";i:47;s:2:\"CY\";i:48;s:2:\"CZ\";i:49;s:2:\"DE\";i:50;s:2:\"DJ\";i:51;s:2:\"DK\";i:52;s:2:\"DM\";i:53;s:2:\"DO\";i:54;s:2:\"DZ\";i:55;s:2:\"EC\";i:56;s:2:\"EE\";i:57;s:2:\"EG\";i:58;s:2:\"ER\";i:59;s:2:\"ES\";i:60;s:2:\"ET\";i:61;s:2:\"FI\";i:62;s:2:\"FJ\";i:63;s:2:\"FK\";i:64;s:2:\"FO\";i:65;s:2:\"FR\";i:66;s:2:\"GA\";i:67;s:2:\"GB\";i:68;s:2:\"GD\";i:69;s:2:\"GE\";i:70;s:2:\"GH\";i:71;s:2:\"GL\";i:72;s:2:\"GM\";i:73;s:2:\"GN\";i:74;s:2:\"GQ\";i:75;s:2:\"GR\";i:76;s:2:\"GS\";i:77;s:2:\"GT\";i:78;s:2:\"GW\";i:79;s:2:\"GY\";i:80;s:2:\"HK\";i:81;s:2:\"HM\";i:82;s:2:\"HN\";i:83;s:2:\"HR\";i:84;s:2:\"HT\";i:85;s:2:\"HU\";i:86;s:2:\"ID\";i:87;s:2:\"IE\";i:88;s:2:\"IL\";i:89;s:2:\"IN\";i:90;s:2:\"IO\";i:91;s:2:\"IQ\";i:92;s:2:\"IS\";i:93;s:2:\"IT\";i:94;s:2:\"JM\";i:95;s:2:\"JO\";i:96;s:2:\"JP\";i:97;s:2:\"KE\";i:98;s:2:\"KG\";i:99;s:2:\"KH\";i:100;s:2:\"KI\";i:101;s:2:\"KM\";i:102;s:2:\"KN\";i:103;s:2:\"KR\";i:104;s:2:\"KW\";i:105;s:2:\"KY\";i:106;s:2:\"KZ\";i:107;s:2:\"LA\";i:108;s:2:\"LB\";i:109;s:2:\"LC\";i:110;s:2:\"LI\";i:111;s:2:\"LK\";i:112;s:2:\"LR\";i:113;s:2:\"LS\";i:114;s:2:\"LT\";i:115;s:2:\"LU\";i:116;s:2:\"LV\";i:117;s:2:\"MA\";i:118;s:2:\"MC\";i:119;s:2:\"MD\";i:120;s:2:\"ME\";i:121;s:2:\"MG\";i:122;s:2:\"MH\";i:123;s:2:\"MK\";i:124;s:2:\"ML\";i:125;s:2:\"MM\";i:126;s:2:\"MN\";i:127;s:2:\"MO\";i:128;s:2:\"MP\";i:129;s:2:\"MR\";i:130;s:2:\"MS\";i:131;s:2:\"MT\";i:132;s:2:\"MU\";i:133;s:2:\"MV\";i:134;s:2:\"MW\";i:135;s:2:\"MX\";i:136;s:2:\"MY\";i:137;s:2:\"MZ\";i:138;s:2:\"NA\";i:139;s:2:\"NE\";i:140;s:2:\"NF\";i:141;s:2:\"NG\";i:142;s:2:\"NI\";i:143;s:2:\"NL\";i:144;s:2:\"NO\";i:145;s:2:\"NP\";i:146;s:2:\"NR\";i:147;s:2:\"NU\";i:148;s:2:\"NZ\";i:149;s:2:\"OM\";i:150;s:2:\"PA\";i:151;s:2:\"PE\";i:152;s:2:\"PG\";i:153;s:2:\"PH\";i:154;s:2:\"PK\";i:155;s:2:\"PL\";i:156;s:2:\"PN\";i:157;s:2:\"PR\";i:158;s:2:\"PT\";i:159;s:2:\"PW\";i:160;s:2:\"PY\";i:161;s:2:\"QA\";i:162;s:2:\"RO\";i:163;s:2:\"RS\";i:164;s:2:\"RU\";i:165;s:2:\"RW\";i:166;s:2:\"SA\";i:167;s:2:\"SB\";i:168;s:2:\"SC\";i:169;s:2:\"SE\";i:170;s:2:\"SG\";i:171;s:2:\"SI\";i:172;s:2:\"SJ\";i:173;s:2:\"SK\";i:174;s:2:\"SL\";i:175;s:2:\"SM\";i:176;s:2:\"SN\";i:177;s:2:\"SO\";i:178;s:2:\"SR\";i:179;s:2:\"SS\";i:180;s:2:\"ST\";i:181;s:2:\"SV\";i:182;s:2:\"SX\";i:183;s:2:\"SZ\";i:184;s:2:\"TC\";i:185;s:2:\"TD\";i:186;s:2:\"TG\";i:187;s:2:\"TH\";i:188;s:2:\"TJ\";i:189;s:2:\"TK\";i:190;s:2:\"TL\";i:191;s:2:\"TM\";i:192;s:2:\"TN\";i:193;s:2:\"TO\";i:194;s:2:\"TR\";i:195;s:2:\"TT\";i:196;s:2:\"TV\";i:197;s:2:\"TW\";i:198;s:2:\"TZ\";i:199;s:2:\"UA\";i:200;s:2:\"UG\";i:201;s:2:\"US\";i:202;s:2:\"UY\";i:203;s:2:\"UZ\";i:204;s:2:\"VA\";i:205;s:2:\"VC\";i:206;s:2:\"VE\";i:207;s:2:\"VG\";i:208;s:2:\"VI\";i:209;s:2:\"VN\";i:210;s:2:\"VU\";i:211;s:2:\"WS\";i:212;s:2:\"XK\";i:213;s:2:\"YE\";i:214;s:2:\"ZA\";i:215;s:2:\"ZM\";i:216;s:2:\"ZW\";}','a:0:{}'),(179,'XPayments.Allowed.XPay_Module_QuickPay','Module\\XPay\\XPaymentsCloud\\Model\\Payment\\Processor\\XPaymentsCloud','XPay_XPaymentsCloud',0,-104700,0,0,'C',1,'https://my.x-cart.com/storage/addons/XPay/XPaymentsCloud/XPayments.Allowed.XPay_Module_QuickPay.png','a:38:{i:0;s:2:\"AD\";i:1;s:2:\"AT\";i:2;s:2:\"BE\";i:3;s:2:\"BG\";i:4;s:2:\"CH\";i:5;s:2:\"CY\";i:6;s:2:\"CZ\";i:7;s:2:\"DE\";i:8;s:2:\"DK\";i:9;s:2:\"EE\";i:10;s:2:\"ES\";i:11;s:2:\"FI\";i:12;s:2:\"FO\";i:13;s:2:\"FR\";i:14;s:2:\"GB\";i:15;s:2:\"GI\";i:16;s:2:\"GL\";i:17;s:2:\"GR\";i:18;s:2:\"HR\";i:19;s:2:\"HU\";i:20;s:2:\"IE\";i:21;s:2:\"IS\";i:22;s:2:\"IT\";i:23;s:2:\"LI\";i:24;s:2:\"LT\";i:25;s:2:\"LU\";i:26;s:2:\"LV\";i:27;s:2:\"MC\";i:28;s:2:\"MT\";i:29;s:2:\"NL\";i:30;s:2:\"NO\";i:31;s:2:\"PL\";i:32;s:2:\"PT\";i:33;s:2:\"RO\";i:34;s:2:\"SE\";i:35;s:2:\"SI\";i:36;s:2:\"SK\";i:37;s:2:\"SM\";}','a:0:{}'),(180,'XPayments.Allowed.XPay_Module_RBSGlobalGatewayDirect','Module\\XPay\\XPaymentsCloud\\Model\\Payment\\Processor\\XPaymentsCloud','XPay_XPaymentsCloud',0,-103930,0,0,'C',1,'https://my.x-cart.com/storage/addons/XPay/XPaymentsCloud/XPayments.Allowed.XPay_Module_RBSGlobalGatewayDirect.png','a:45:{i:0;s:2:\"AD\";i:1;s:2:\"AR\";i:2;s:2:\"AU\";i:3;s:2:\"BE\";i:4;s:2:\"BR\";i:5;s:2:\"CA\";i:6;s:2:\"CH\";i:7;s:2:\"CN\";i:8;s:2:\"CO\";i:9;s:2:\"CR\";i:10;s:2:\"CY\";i:11;s:2:\"CZ\";i:12;s:2:\"DE\";i:13;s:2:\"DK\";i:14;s:2:\"ES\";i:15;s:2:\"FI\";i:16;s:2:\"FR\";i:17;s:2:\"GB\";i:18;s:2:\"GI\";i:19;s:2:\"GR\";i:20;s:2:\"HK\";i:21;s:2:\"HU\";i:22;s:2:\"IE\";i:23;s:2:\"IN\";i:24;s:2:\"IT\";i:25;s:2:\"JP\";i:26;s:2:\"LI\";i:27;s:2:\"LU\";i:28;s:2:\"MC\";i:29;s:2:\"MT\";i:30;s:2:\"MX\";i:31;s:2:\"MY\";i:32;s:2:\"NL\";i:33;s:2:\"NO\";i:34;s:2:\"NZ\";i:35;s:2:\"PA\";i:36;s:2:\"PE\";i:37;s:2:\"PL\";i:38;s:2:\"PT\";i:39;s:2:\"SE\";i:40;s:2:\"SG\";i:41;s:2:\"SI\";i:42;s:2:\"SM\";i:43;s:2:\"TR\";i:44;s:2:\"VA\";}','a:0:{}'),(181,'XPayments.Allowed.XPay_Module_Realex','Module\\XPay\\XPaymentsCloud\\Model\\Payment\\Processor\\XPaymentsCloud','XPay_XPaymentsCloud',0,-105230,0,0,'C',1,'https://my.x-cart.com/storage/addons/XPay/XPaymentsCloud/XPayments.Allowed.XPay_Module_Realex.png','a:10:{i:0;s:2:\"BE\";i:1;s:2:\"CA\";i:2;s:2:\"ES\";i:3;s:2:\"FR\";i:4;s:2:\"GB\";i:5;s:2:\"IE\";i:6;s:2:\"IT\";i:7;s:2:\"LU\";i:8;s:2:\"NL\";i:9;s:2:\"US\";}','a:0:{}'),(182,'XPayments.Allowed.XPay_Module_SagePayDirect','Module\\XPay\\XPaymentsCloud\\Model\\Payment\\Processor\\XPaymentsCloud','XPay_XPaymentsCloud',0,-104670,0,0,'C',1,'https://my.x-cart.com/storage/addons/XPay/XPaymentsCloud/XPayments.Allowed.XPay_Module_SagePayDirect.png','a:2:{i:0;s:2:\"GB\";i:1;s:2:\"IE\";}','a:0:{}'),(183,'XPayments.Allowed.XPay_Module_SageUs','Module\\XPay\\XPaymentsCloud\\Model\\Payment\\Processor\\XPaymentsCloud','XPay_XPaymentsCloud',0,-105000,0,0,'C',1,'https://my.x-cart.com/storage/addons/XPay/XPaymentsCloud/XPayments.Allowed.XPay_Module_SageUs.png','a:5:{i:0;s:2:\"DE\";i:1;s:2:\"ES\";i:2;s:2:\"GB\";i:3;s:2:\"IE\";i:4;s:2:\"US\";}','a:0:{}'),(184,'XPayments.Allowed.XPay_Module_SimplifyCommerce','Module\\XPay\\XPaymentsCloud\\Model\\Payment\\Processor\\XPaymentsCloud','XPay_XPaymentsCloud',0,-104610,0,0,'C',1,'https://my.x-cart.com/storage/addons/XPay/XPaymentsCloud/XPayments.Allowed.XPay_Module_SimplifyCommerce.png','a:2:{i:0;s:2:\"IE\";i:1;s:2:\"US\";}','a:0:{}'),(185,'XPayments.Allowed.XPay_Module_SkipJack','Module\\XPay\\XPaymentsCloud\\Model\\Payment\\Processor\\XPaymentsCloud','XPay_XPaymentsCloud',0,-104590,0,0,'C',1,'','a:6:{i:0;s:2:\"BM\";i:1;s:2:\"CA\";i:2;s:2:\"GL\";i:3;s:2:\"MX\";i:4;s:2:\"PM\";i:5;s:2:\"US\";}','a:0:{}'),(186,'XPayments.Allowed.XPay_Module_Suncorp','Module\\XPay\\XPaymentsCloud\\Model\\Payment\\Processor\\XPaymentsCloud','XPay_XPaymentsCloud',0,-104030,0,0,'C',1,'https://my.x-cart.com/storage/addons/XPay/XPaymentsCloud/XPayments.Allowed.XPay_Module_Suncorp.png','a:1:{i:0;s:2:\"AU\";}','a:0:{}'),(187,'XPayments.Allowed.XPay_Module_TranSafe','Module\\XPay\\XPaymentsCloud\\Model\\Payment\\Processor\\XPaymentsCloud','XPay_XPaymentsCloud',0,0,0,0,'C',1,'https://my.x-cart.com/storage/addons/XPay/XPaymentsCloud/XPayments.Allowed.XPay_Module_TranSafe.png','a:2:{i:0;s:2:\"US\";i:1;s:2:\"CA\";}','a:0:{}'),(188,'XPayments.Allowed.XPay_Module_TwoCheckout','Module\\XPay\\XPaymentsCloud\\Model\\Payment\\Processor\\XPaymentsCloud','XPay_XPaymentsCloud',0,0,0,0,'C',1,'https://my.x-cart.com/storage/addons/XPay/XPaymentsCloud/XPayments.Allowed.XPay_Module_TwoCheckout.png','a:32:{i:0;s:2:\"AT\";i:1;s:2:\"BE\";i:2;s:2:\"BG\";i:3;s:2:\"CH\";i:4;s:2:\"CY\";i:5;s:2:\"CZ\";i:6;s:2:\"DE\";i:7;s:2:\"DK\";i:8;s:2:\"EE\";i:9;s:2:\"ES\";i:10;s:2:\"FI\";i:11;s:2:\"FR\";i:12;s:2:\"GB\";i:13;s:2:\"GR\";i:14;s:2:\"HR\";i:15;s:2:\"HU\";i:16;s:2:\"IE\";i:17;s:2:\"IS\";i:18;s:2:\"IT\";i:19;s:2:\"LI\";i:20;s:2:\"LT\";i:21;s:2:\"LU\";i:22;s:2:\"LV\";i:23;s:2:\"MT\";i:24;s:2:\"NL\";i:25;s:2:\"NO\";i:26;s:2:\"PL\";i:27;s:2:\"PT\";i:28;s:2:\"RO\";i:29;s:2:\"SE\";i:30;s:2:\"SI\";i:31;s:2:\"SK\";}','a:0:{}'),(189,'XPayments.Allowed.XPay_Module_USAePay','Module\\XPay\\XPaymentsCloud\\Model\\Payment\\Processor\\XPaymentsCloud','XPay_XPaymentsCloud',0,-103990,0,0,'C',1,'https://my.x-cart.com/storage/addons/XPay/XPaymentsCloud/XPayments.Allowed.XPay_Module_USAePay.png','a:1:{i:0;s:2:\"US\";}','a:0:{}'),(190,'XPayments.Allowed.XPay_Module_VirtualMerchantMPF','Module\\XPay\\XPaymentsCloud\\Model\\Payment\\Processor\\XPaymentsCloud','XPay_XPaymentsCloud',0,-105940,0,0,'C',1,'https://my.x-cart.com/storage/addons/XPay/XPaymentsCloud/XPayments.Allowed.XPay_Module_VirtualMerchantMPF.png','a:3:{i:0;s:2:\"CA\";i:1;s:2:\"PR\";i:2;s:2:\"US\";}','a:0:{}'),(191,'XPayments.Allowed.XPay_Module_WebXpress','Module\\XPay\\XPaymentsCloud\\Model\\Payment\\Processor\\XPaymentsCloud','XPay_XPaymentsCloud',0,-103950,0,0,'C',1,'https://my.x-cart.com/storage/addons/XPay/XPaymentsCloud/XPayments.Allowed.XPay_Module_WebXpress.png','a:1:{i:0;s:2:\"US\";}','a:0:{}'),(192,'XPayments.Allowed.XPay_Module_WorldpayTotalUS','Module\\XPay\\XPaymentsCloud\\Model\\Payment\\Processor\\XPaymentsCloud','XPay_XPaymentsCloud',0,-103920,0,0,'C',1,'https://my.x-cart.com/storage/addons/XPay/XPaymentsCloud/XPayments.Allowed.XPay_Module_WorldpayTotalUS.png','a:1:{i:0;s:2:\"US\";}','a:0:{}'),(193,'XPayments.Allowed.XPay_Module_WorldpayUs','Module\\XPay\\XPaymentsCloud\\Model\\Payment\\Processor\\XPaymentsCloud','XPay_XPaymentsCloud',0,-103910,0,0,'C',1,'https://my.x-cart.com/storage/addons/XPay/XPaymentsCloud/XPayments.Allowed.XPay_Module_WorldpayUs.png','a:1:{i:0;s:2:\"US\";}','a:0:{}'),(194,'SavedCard','Module\\XPay\\XPaymentsCloud\\Model\\Payment\\Processor\\XPaymentsCloud','XPay_XPaymentsCloud',0,-103980,0,0,'C',1,'','a:0:{}','a:0:{}'),(197,'XPaymentsSplitPayment','Module\\XPay\\XPaymentsSplitPayment\\Model\\Payment\\Processor\\SplitPayment','XPay_XPaymentsSplitPayment',0,0,0,0,'C',1,'https://my.x-cart.com/storage/addons/XPay/XPaymentsSplitPayment/method_icon.png','a:0:{}','a:0:{}'),(199,'PayPal powered by Braintree','Module\\QSL\\BraintreeVZ\\Model\\Payment\\Processor\\BraintreeVZ','QSL_BraintreeVZ',0,-104810,0,0,'A',1,'https://my.x-cart.com/storage/addons/QSL/BraintreeVZ/method_icon.png','a:5:{i:0;s:2:\"US\";i:1;s:2:\"UK\";i:2;s:2:\"FR\";i:3;s:2:\"IT\";i:4;s:2:\"ES\";}','a:0:{}');

--
-- Table structure for table `xc_payment_transaction_data`
--

CREATE TABLE `xc_payment_transaction_data` (
  `data_id` int(11) NOT NULL AUTO_INCREMENT,
  `transaction_id` int(11) DEFAULT NULL,
  `name` varchar(128) COLLATE utf8mb4_unicode_ci NOT NULL,
  `label` varchar(255) COLLATE utf8mb4_unicode_ci NOT NULL,
  `access_level` char(1) COLLATE utf8mb4_unicode_ci NOT NULL,
  `value` longtext COLLATE utf8mb4_unicode_ci NOT NULL,
  PRIMARY KEY (`data_id`),
  KEY `IDX_8356466D2FC0CB0F` (`transaction_id`),
  KEY `tn` (`transaction_id`,`name`),
  CONSTRAINT `FK_8356466D2FC0CB0F` FOREIGN KEY (`transaction_id`) REFERENCES `xc_payment_transactions` (`transaction_id`) ON DELETE CASCADE
) ENGINE=InnoDB AUTO_INCREMENT=11 DEFAULT CHARSET=utf8mb4 COLLATE=utf8mb4_unicode_ci;

--
-- Dumping data for table `xc_payment_transaction_data`
--

INSERT INTO `xc_payment_transaction_data` (`data_id`, `transaction_id`, `name`, `label`, `access_level`, `value`) VALUES (1,4,'test_mode','Test mode','A','1'),(2,4,'error_field_name_card.number','Error: field name','A','card.number'),(3,4,'error_field_code_card.number','Error: field code','A','country.bin.not.accepted'),(4,4,'error_field_message_card.number','Error: field message','A','Card bin Country rejected by acquirer'),(5,4,'cart_items','Cart items','A','a:1:{i:0;a:5:{s:4:\"name\";s:28:\"Caged Cutout Sandals in Gold\";s:3:\"sku\";s:11:\"10000000083\";s:5:\"price\";d:34.990000000000002;s:6:\"amount\";i:1;s:5:\"attrs\";a:0:{}}}'),(6,5,'test_mode','Test mode','A','1'),(7,5,'error_field_name_card.number','Error: field name','A','card.number'),(8,5,'error_field_code_card.number','Error: field code','A','card.expired'),(9,5,'error_field_message_card.number','Error: field message','A','Card has expired.'),(10,5,'cart_items','Cart items','A','a:1:{i:0;a:5:{s:4:\"name\";s:28:\"Caged Cutout Sandals in Gold\";s:3:\"sku\";s:11:\"10000000083\";s:5:\"price\";d:34.990000000000002;s:6:\"amount\";i:1;s:5:\"attrs\";a:0:{}}}');

--
-- Table structure for table `xc_payment_transactions`
--

CREATE TABLE `xc_payment_transactions` (
  `transaction_id` int(11) NOT NULL AUTO_INCREMENT,
  `order_id` int(11) DEFAULT NULL,
  `method_id` int(11) DEFAULT NULL,
  `currency_id` int(10) unsigned DEFAULT NULL,
  `date` int(11) NOT NULL,
  `publicTxnId` varchar(16) COLLATE utf8mb4_unicode_ci DEFAULT NULL,
  `method_name` varchar(128) COLLATE utf8mb4_unicode_ci NOT NULL,
  `method_local_name` varchar(255) COLLATE utf8mb4_unicode_ci NOT NULL,
  `status` char(1) COLLATE utf8mb4_unicode_ci NOT NULL,
  `value` decimal(14,4) NOT NULL,
  `note` varchar(255) COLLATE utf8mb4_unicode_ci NOT NULL,
  `type` varchar(16) COLLATE utf8mb4_unicode_ci NOT NULL,
  `public_id` varchar(255) COLLATE utf8mb4_unicode_ci NOT NULL,
  PRIMARY KEY (`transaction_id`),
  KEY `IDX_7F700E2A8D9F6D38` (`order_id`),
  KEY `IDX_7F700E2A19883967` (`method_id`),
  KEY `IDX_7F700E2A38248176` (`currency_id`),
  KEY `status` (`status`),
  KEY `o` (`order_id`,`status`),
  KEY `pm` (`method_id`,`status`),
  KEY `publicTxnId` (`publicTxnId`),
  CONSTRAINT `FK_7F700E2A19883967` FOREIGN KEY (`method_id`) REFERENCES `xc_payment_methods` (`method_id`) ON DELETE SET NULL,
  CONSTRAINT `FK_7F700E2A38248176` FOREIGN KEY (`currency_id`) REFERENCES `xc_currencies` (`currency_id`),
  CONSTRAINT `FK_7F700E2A8D9F6D38` FOREIGN KEY (`order_id`) REFERENCES `xc_orders` (`order_id`) ON DELETE CASCADE
) ENGINE=InnoDB AUTO_INCREMENT=7 DEFAULT CHARSET=utf8mb4 COLLATE=utf8mb4_unicode_ci;

--
-- Dumping data for table `xc_payment_transactions`
--

INSERT INTO `xc_payment_transactions` (`transaction_id`, `order_id`, `method_id`, `currency_id`, `date`, `publicTxnId`, `method_name`, `method_local_name`, `status`, `value`, `note`, `type`, `public_id`) VALUES (1,1,4,840,1551771900,'000001-KGSP','MoneyOrdering','Money Order','S',110.6500,'','sale','000001-KGSP'),(2,2,4,840,1553772240,'000002-FX7B','MoneyOrdering','Money Order','S',88.6700,'','sale','000002-FX7B'),(3,3,4,840,1564729080,'000002-FX7B','MoneyOrdering','Money Order','S',158.9400,'','sale','000002-FX7B'),(4,4,NULL,840,1575162780,'000012-AS2T','SimplifyCommerceHP','Simplify Commerce Hosted Payments','F',38.0100,'Simplify_BadRequestException: \"Request data is invalid\" (status: 400, error code: validation, reference: c5a0b8b8-92ac-4908-9506-88b843ecd399)\nField error: card.number\"Card bin Country rejected by acquirer\" (country.bin.not.accepted)','sale','demostore-000012-AS2T'),(5,4,NULL,840,1575162780,'000013-3I22','SimplifyCommerceHP','Simplify Commerce Hosted Payments','F',38.0100,'Simplify_BadRequestException: \"Request data is invalid\" (status: 400, error code: validation, reference: 195c1b1a-44c8-46d4-8e48-ee4e65f271af)\nField error: card.number\"Card has expired.\" (card.expired)','sale','demostore-000013-3I22'),(6,5,4,840,1575163080,'000005-KXAQ','MoneyOrdering','Money Order','S',352.8100,'','sale','000005-KXAQ');

--
-- Table structure for table `xc_permission_translations`
--

CREATE TABLE `xc_permission_translations` (
  `label_id` int(11) NOT NULL AUTO_INCREMENT,
  `id` int(10) unsigned DEFAULT NULL,
  `name` varchar(255) COLLATE utf8mb4_unicode_ci NOT NULL,
  `description` longtext COLLATE utf8mb4_unicode_ci NOT NULL,
  `code` char(2) COLLATE utf8mb4_unicode_ci NOT NULL,
  PRIMARY KEY (`label_id`),
  KEY `IDX_42D05065BF396750` (`id`),
  CONSTRAINT `FK_42D05065BF396750` FOREIGN KEY (`id`) REFERENCES `xc_permissions` (`id`) ON DELETE CASCADE
) ENGINE=InnoDB AUTO_INCREMENT=23 DEFAULT CHARSET=utf8mb4 COLLATE=utf8mb4_unicode_ci;

--
-- Dumping data for table `xc_permission_translations`
--

INSERT INTO `xc_permission_translations` (`label_id`, `id`, `name`, `description`, `code`) VALUES (1,1,'Root access','','en'),(2,2,'Manage catalog','','en'),(3,3,'Manage front page','','en'),(4,4,'Manage users','','en'),(5,5,'Manage administrators','','en'),(6,6,'Manage orders','','en'),(7,7,'Manage import','','en'),(8,8,'Manage export','','en'),(9,9,'Manage banners','','en'),(10,10,'Allow unfiltered HTML','','en'),(11,11,'Manage coupons','','en'),(12,11,'Управление купонами','','ru'),(13,12,'Manage sale discounts','','en'),(14,12,'Управление скидками','','ru'),(15,13,'Manage custom pages','','en'),(16,14,'Manage menus','','en'),(17,15,'Manage volume discounts','','en'),(18,15,'Управление скидками','','ru'),(19,16,'Manage news','','en'),(20,16,'Управление новостями','','ru'),(21,17,'Manage reviews','','en'),(22,17,'Управление отзывами','','ru');

--
-- Table structure for table `xc_permissions`
--

CREATE TABLE `xc_permissions` (
  `id` int(10) unsigned NOT NULL AUTO_INCREMENT,
  `code` char(32) COLLATE utf8mb4_unicode_ci NOT NULL,
  `section` varchar(128) COLLATE utf8mb4_unicode_ci NOT NULL,
  PRIMARY KEY (`id`)
) ENGINE=InnoDB AUTO_INCREMENT=18 DEFAULT CHARSET=utf8mb4 COLLATE=utf8mb4_unicode_ci;

--
-- Dumping data for table `xc_permissions`
--

INSERT INTO `xc_permissions` (`id`, `code`, `section`) VALUES (1,'root access','All'),(2,'manage catalog','Catalog'),(3,'manage front page','Content'),(4,'manage users','Users'),(5,'manage admins','Users'),(6,'manage orders','Sales'),(7,'manage import','Import and Export'),(8,'manage export','Import and Export'),(9,'manage banners','Content'),(10,'unfiltered html','Content'),(11,'manage coupons','Coupons'),(12,'manage sale discounts','Sale'),(13,'manage custom pages','Content'),(14,'manage menus','Content'),(15,'manage volume discounts','Volume discounts'),(16,'manage news','Content'),(17,'manage reviews','Catalog');

--
-- Table structure for table `xc_product_class_coupons`
--

CREATE TABLE `xc_product_class_coupons` (
  `coupon_id` int(10) unsigned NOT NULL,
  `class_id` int(10) unsigned NOT NULL,
  PRIMARY KEY (`coupon_id`,`class_id`),
  KEY `IDX_B3BC7FA266C5951B` (`coupon_id`),
  KEY `IDX_B3BC7FA2EA000B10` (`class_id`),
  CONSTRAINT `FK_B3BC7FA266C5951B` FOREIGN KEY (`coupon_id`) REFERENCES `xc_coupons` (`id`) ON DELETE CASCADE,
  CONSTRAINT `FK_B3BC7FA2EA000B10` FOREIGN KEY (`class_id`) REFERENCES `xc_product_classes` (`id`) ON DELETE CASCADE
) ENGINE=InnoDB DEFAULT CHARSET=utf8mb4 COLLATE=utf8mb4_unicode_ci;

--
-- Dumping data for table `xc_product_class_coupons`
--


--
-- Table structure for table `xc_product_class_sale_discounts`
--

CREATE TABLE `xc_product_class_sale_discounts` (
  `sale_id` int(10) unsigned NOT NULL,
  `class_id` int(10) unsigned NOT NULL,
  PRIMARY KEY (`sale_id`,`class_id`),
  KEY `IDX_7B4B711F4A7E4868` (`sale_id`),
  KEY `IDX_7B4B711FEA000B10` (`class_id`),
  CONSTRAINT `FK_7B4B711F4A7E4868` FOREIGN KEY (`sale_id`) REFERENCES `xc_sale_discounts` (`id`) ON DELETE CASCADE,
  CONSTRAINT `FK_7B4B711FEA000B10` FOREIGN KEY (`class_id`) REFERENCES `xc_product_classes` (`id`) ON DELETE CASCADE
) ENGINE=InnoDB DEFAULT CHARSET=utf8mb4 COLLATE=utf8mb4_unicode_ci;

--
-- Dumping data for table `xc_product_class_sale_discounts`
--


--
-- Table structure for table `xc_product_class_translations`
--

CREATE TABLE `xc_product_class_translations` (
  `label_id` int(11) NOT NULL AUTO_INCREMENT,
  `id` int(10) unsigned DEFAULT NULL,
  `name` varchar(255) COLLATE utf8mb4_unicode_ci NOT NULL,
  `code` char(2) COLLATE utf8mb4_unicode_ci NOT NULL,
  PRIMARY KEY (`label_id`),
  KEY `ci` (`code`,`id`),
  KEY `id` (`id`),
  CONSTRAINT `FK_6280C609BF396750` FOREIGN KEY (`id`) REFERENCES `xc_product_classes` (`id`) ON DELETE CASCADE
) ENGINE=InnoDB DEFAULT CHARSET=utf8mb4 COLLATE=utf8mb4_unicode_ci;

--
-- Dumping data for table `xc_product_class_translations`
--


--
-- Table structure for table `xc_product_classes`
--

CREATE TABLE `xc_product_classes` (
  `id` int(10) unsigned NOT NULL AUTO_INCREMENT,
  `position` int(11) NOT NULL,
  PRIMARY KEY (`id`)
) ENGINE=InnoDB DEFAULT CHARSET=utf8mb4 COLLATE=utf8mb4_unicode_ci;

--
-- Dumping data for table `xc_product_classes`
--


--
-- Table structure for table `xc_product_images`
--

CREATE TABLE `xc_product_images` (
  `id` int(10) unsigned NOT NULL AUTO_INCREMENT,
  `product_id` int(10) unsigned DEFAULT NULL,
  `orderby` int(11) NOT NULL,
  `alt` varchar(255) COLLATE utf8mb4_unicode_ci NOT NULL,
  `width` int(11) NOT NULL,
  `height` int(11) NOT NULL,
  `hash` char(32) COLLATE utf8mb4_unicode_ci DEFAULT NULL,
  `needProcess` tinyint(1) NOT NULL,
  `path` varchar(512) COLLATE utf8mb4_unicode_ci NOT NULL,
  `fileName` varchar(255) COLLATE utf8mb4_unicode_ci NOT NULL,
  `mime` varchar(128) COLLATE utf8mb4_unicode_ci NOT NULL,
  `storageType` varchar(1) COLLATE utf8mb4_unicode_ci NOT NULL,
  `size` int(10) unsigned NOT NULL,
  `date` int(10) unsigned NOT NULL,
  PRIMARY KEY (`id`),
  KEY `IDX_D20BE8834584665A` (`product_id`),
  CONSTRAINT `FK_D20BE8834584665A` FOREIGN KEY (`product_id`) REFERENCES `xc_products` (`product_id`) ON DELETE CASCADE
) ENGINE=InnoDB AUTO_INCREMENT=71 DEFAULT CHARSET=utf8mb4 COLLATE=utf8mb4_unicode_ci;

--
-- Dumping data for table `xc_product_images`
--

INSERT INTO `xc_product_images` (`id`, `product_id`, `orderby`, `alt`, `width`, `height`, `hash`, `needProcess`, `path`, `fileName`, `mime`, `storageType`, `size`, `date`) VALUES (1,1,10,'',366,366,NULL,1,'shoes_2.jpg','shoes_2.jpg','image/jpeg','r',122598,1663192278),(2,1,11,'',366,366,NULL,1,'shoes_3.jpg','shoes_3.jpg','image/jpeg','r',112427,1663192278),(3,2,10,'',732,732,NULL,1,'shoes_6_2.jpg','shoes_6_2.jpg','image/jpeg','r',211619,1663192278),(4,3,10,'',732,732,NULL,1,'shoes_7.jpg','shoes_7.jpg','image/jpeg','r',278209,1663192278),(5,4,10,'',732,732,NULL,1,'shoes_8.jpg','shoes_8.jpg','image/jpeg','r',319856,1663192278),(6,5,10,'',732,732,NULL,1,'shoes_12.jpg','shoes_12.jpg','image/jpeg','r',216275,1663192279),(7,6,10,'',732,732,NULL,1,'shoes_1_1.jpg','shoes_1_1.jpg','image/jpeg','r',382721,1663192279),(8,6,11,'',366,366,NULL,1,'shoes_2.jpg','shoes_2.jpg','image/jpeg','r',122598,1663192279),(9,6,12,'',366,366,NULL,1,'shoes_3.jpg','shoes_3.jpg','image/jpeg','r',112427,1663192279),(10,7,10,'',732,732,NULL,1,'clo_1.jpg','clo_1.jpg','image/jpeg','r',304708,1663192279),(11,8,10,'',732,732,NULL,1,'shoes_16.jpg','shoes_16.jpg','image/jpeg','r',316457,1663192279),(12,9,10,'',732,732,NULL,1,'shoes_17.jpg','shoes_17.jpg','image/jpeg','r',130244,1663192279),(13,10,10,'',732,732,NULL,1,'shoes_10.jpg','shoes_10.jpg','image/jpeg','r',290912,1663192279),(14,11,10,'',732,732,NULL,1,'shoes_18.jpg','shoes_18.jpg','image/jpeg','r',127631,1663192279),(15,12,10,'',732,732,NULL,1,'clo_3.jpg','clo_3.jpg','image/jpeg','r',266231,1663192279),(16,13,10,'',732,732,NULL,1,'clo_4.jpg','clo_4.jpg','image/jpeg','r',344419,1663192279),(17,14,10,'',732,732,NULL,1,'clo_5.jpg','clo_5.jpg','image/jpeg','r',349564,1663192279),(18,15,10,'',732,732,NULL,1,'clo_6.jpg','clo_6.jpg','image/jpeg','r',386365,1663192279),(19,16,10,'',732,732,NULL,1,'clo_7_1.jpg','clo_7_1.jpg','image/jpeg','r',257152,1663192279),(20,17,10,'',732,732,NULL,1,'clo_9.jpg','clo_9.jpg','image/jpeg','r',168183,1663192279),(21,17,11,'',732,732,NULL,1,'clo_10.jpg','clo_10.jpg','image/jpeg','r',150421,1663192279),(22,18,10,'',732,732,NULL,1,'clo_12.jpg','clo_12.jpg','image/jpeg','r',329242,1663192279),(23,19,10,'',732,732,NULL,1,'clo_13.jpg','clo_13.jpg','image/jpeg','r',172842,1663192279),(24,20,10,'',732,732,NULL,1,'clo_14.jpg','clo_14.jpg','image/jpeg','r',285489,1663192279),(25,21,10,'',732,732,NULL,1,'bag_1.jpg','bag_1.jpg','image/jpeg','r',422982,1663192279),(26,22,10,'',732,732,NULL,1,'bag_2.jpg','bag_2.jpg','image/jpeg','r',242971,1663192279),(27,23,10,'',732,732,NULL,1,'bag_3.jpg','bag_3.jpg','image/jpeg','r',166282,1663192279),(28,24,10,'',732,732,NULL,1,'bag_4.jpg','bag_4.jpg','image/jpeg','r',224829,1663192279),(29,25,10,'',732,732,NULL,1,'bag_5.jpg','bag_5.jpg','image/jpeg','r',243972,1663192280),(30,26,10,'',732,732,NULL,1,'bag_6.jpg','bag_6.jpg','image/jpeg','r',274653,1663192280),(31,27,10,'',732,732,NULL,1,'elec_1.jpg','elec_1.jpg','image/jpeg','r',210637,1663192280),(32,28,10,'',732,732,NULL,1,'elec_2.jpg','elec_2.jpg','image/jpeg','r',357996,1663192280),(33,29,10,'',732,732,NULL,1,'elec_4.jpg','elec_4.jpg','image/jpeg','r',377716,1663192280),(34,30,10,'',732,732,NULL,1,'elec_5.jpg','elec_5.jpg','image/jpeg','r',158092,1663192280),(35,31,10,'',732,732,NULL,1,'elec_6.jpg','elec_6.jpg','image/jpeg','r',157887,1663192280),(36,31,11,'',732,732,NULL,1,'elec_8.jpg','elec_8.jpg','image/jpeg','r',302526,1663192280),(37,31,12,'',732,732,NULL,1,'elec_7.jpg','elec_7.jpg','image/jpeg','r',348307,1663192280),(38,31,13,'',732,732,NULL,1,'elec_9.jpg','elec_9.jpg','image/jpeg','r',272149,1663192280),(39,32,10,'',732,732,NULL,1,'elec_10.jpg','elec_10.jpg','image/jpeg','r',193913,1663192280),(40,33,10,'',732,732,NULL,1,'elec_12.jpg','elec_12.jpg','image/jpeg','r',308929,1663192280),(41,34,10,'',732,732,NULL,1,'elec_13.jpg','elec_13.jpg','image/jpeg','r',125903,1663192280),(42,35,10,'',732,732,NULL,1,'elec_14.jpg','elec_14.jpg','image/jpeg','r',41521,1663192280),(43,36,10,'',732,732,NULL,1,'beauty_1.jpg','beauty_1.jpg','image/jpeg','r',152303,1663192280),(44,37,10,'',732,732,NULL,1,'beauty_2.jpg','beauty_2.jpg','image/jpeg','r',291973,1663192280),(45,38,10,'',732,732,NULL,1,'beauty_3.jpg','beauty_3.jpg','image/jpeg','r',240346,1663192280),(46,39,10,'',732,732,NULL,1,'beauty_4.jpg','beauty_4.jpg','image/jpeg','r',281895,1663192280),(47,40,10,'',732,732,NULL,1,'beauty_5.jpg','beauty_5.jpg','image/jpeg','r',168037,1663192280),(48,40,11,'',732,732,NULL,1,'beauty_6.jpg','beauty_6.jpg','image/jpeg','r',233537,1663192280),(49,41,10,'',732,732,NULL,1,'beauty_7.jpg','beauty_7.jpg','image/jpeg','r',220062,1663192280),(50,42,10,'',732,732,NULL,1,'food_1.jpg','food_1.jpg','image/jpeg','r',438152,1663192280),(51,42,11,'',732,732,NULL,1,'food_2.jpg','food_2.jpg','image/jpeg','r',313970,1663192280),(52,43,10,'',732,732,NULL,1,'food_15.jpg','food_15.jpg','image/jpeg','r',515802,1663192280),(53,43,11,'',732,732,NULL,1,'food_3.jpg','food_3.jpg','image/jpeg','r',344415,1663192280),(54,43,12,'',732,732,NULL,1,'food_4.jpg','food_4.jpg','image/jpeg','r',384982,1663192280),(55,44,10,'',732,732,NULL,1,'food_9.jpg','food_9.jpg','image/jpeg','r',488705,1663192280),(56,44,11,'',732,732,NULL,1,'food_10_2.jpg','food_10_2.jpg','image/jpeg','r',206164,1663192280),(57,45,10,'',732,732,NULL,1,'food_11.jpg','food_11.jpg','image/jpeg','r',183001,1663192280),(58,45,11,'',732,732,NULL,1,'food_12.jpg','food_12.jpg','image/jpeg','r',339607,1663192280),(59,45,12,'',732,732,NULL,1,'food_13.jpg','food_13.jpg','image/jpeg','r',295407,1663192280),(60,46,10,'',732,732,NULL,1,'food_14.jpg','food_14.jpg','image/jpeg','r',227528,1663192281),(61,47,10,'',732,732,NULL,1,'food_16.jpg','food_16.jpg','image/jpeg','r',170485,1663192281),(62,47,11,'',732,732,NULL,1,'food_19.jpg','food_19.jpg','image/jpeg','r',364744,1663192281),(63,47,12,'',732,732,NULL,1,'food_18.jpg','food_18.jpg','image/jpeg','r',261434,1663192281),(64,47,13,'',732,732,NULL,1,'food_17.jpg','food_17.jpg','image/jpeg','r',325087,1663192281),(65,48,10,'',732,732,NULL,1,'food_21.jpg','food_21.jpg','image/jpeg','r',260735,1663192281),(66,48,11,'',732,732,NULL,1,'food_20.jpg','food_20.jpg','image/jpeg','r',230787,1663192281),(67,49,10,'',732,732,NULL,1,'food_22.jpg','food_22.jpg','image/jpeg','r',401814,1663192281),(68,50,10,'',732,732,NULL,1,'food_24.jpg','food_24.jpg','image/jpeg','r',361715,1663192281),(69,50,11,'',732,732,NULL,1,'food_23.jpg','food_23.jpg','image/jpeg','r',369035,1663192281),(70,50,12,'',732,732,NULL,1,'food_25.jpg','food_25.jpg','image/jpeg','r',268903,1663192281);

--
-- Table structure for table `xc_product_membership_links`
--

CREATE TABLE `xc_product_membership_links` (
  `product_id` int(10) unsigned NOT NULL,
  `membership_id` int(10) unsigned NOT NULL,
  PRIMARY KEY (`product_id`,`membership_id`),
  KEY `IDX_D0FD10F84584665A` (`product_id`),
  KEY `IDX_D0FD10F81FB354CD` (`membership_id`),
  CONSTRAINT `FK_D0FD10F81FB354CD` FOREIGN KEY (`membership_id`) REFERENCES `xc_memberships` (`membership_id`) ON DELETE CASCADE,
  CONSTRAINT `FK_D0FD10F84584665A` FOREIGN KEY (`product_id`) REFERENCES `xc_products` (`product_id`) ON DELETE CASCADE
) ENGINE=InnoDB DEFAULT CHARSET=utf8mb4 COLLATE=utf8mb4_unicode_ci;

--
-- Dumping data for table `xc_product_membership_links`
--


--
-- Table structure for table `xc_product_stats`
--

CREATE TABLE `xc_product_stats` (
  `stat_id` int(10) unsigned NOT NULL AUTO_INCREMENT,
  `viewed_product_id` int(10) unsigned DEFAULT NULL,
  `bought_product_id` int(10) unsigned DEFAULT NULL,
  `count` int(10) unsigned NOT NULL,
  PRIMARY KEY (`stat_id`),
  KEY `IDX_9B7D6D86658EF086` (`viewed_product_id`),
  KEY `IDX_9B7D6D863BA20971` (`bought_product_id`),
  CONSTRAINT `FK_9B7D6D863BA20971` FOREIGN KEY (`bought_product_id`) REFERENCES `xc_products` (`product_id`) ON DELETE CASCADE,
  CONSTRAINT `FK_9B7D6D86658EF086` FOREIGN KEY (`viewed_product_id`) REFERENCES `xc_products` (`product_id`) ON DELETE CASCADE
) ENGINE=InnoDB DEFAULT CHARSET=utf8mb4 COLLATE=utf8mb4_unicode_ci;

--
