DROP DATABASE IF EXISTS `givi_xp_cloud`;
--
-- Host: localhost    Database: givi_xp_cloud
-- ------------------------------------------------------


--
-- Current Database: `givi_xp_cloud`
--

/*!40000 DROP DATABASE IF EXISTS `givi_xp_cloud`*/;

CREATE DATABASE /*!32312 IF NOT EXISTS*/ `givi_xp_cloud` /*!40100 DEFAULT CHARACTER SET latin1 */ /*!80016 DEFAULT ENCRYPTION='N' */;

USE `givi_xp_cloud`;

--
-- Table structure for table `xpay_antifraud_result_data`
--

CREATE TABLE `xpay_antifraud_result_data` (
  `payment_id` int NOT NULL DEFAULT '0',
  `name` char(64) NOT NULL DEFAULT '',
  `value` text NOT NULL,
  PRIMARY KEY (`payment_id`,`name`),
  CONSTRAINT `subhash` FOREIGN KEY (`payment_id`) REFERENCES `xpay_antifraud_results` (`payment_id`) ON DELETE CASCADE ON UPDATE CASCADE
) ENGINE=InnoDB DEFAULT CHARSET=utf8mb3;

--
-- Dumping data for table `xpay_antifraud_result_data`
--

INSERT INTO `xpay_antifraud_result_data` (`payment_id`, `name`, `value`) VALUES (104,'auto','R'),(104,'errors',''),(104,'geox','RU'),(104,'language','RU'),(104,'network','A'),(104,'rules','702642 Review Network Type\n702650 Distance from Device to Billing > 1000km\n702656 Billing Country not equal to BIN Country (Visa/MC)\n702662 Billing Country not equal to Device Country'),(104,'velocity','0'),(104,'vmax','0'),(104,'warnings',''),(105,'auto','R'),(105,'errors',''),(105,'geox','RU'),(105,'language','RU'),(105,'network','A'),(105,'rules','702642 Review Network Type\n702650 Distance from Device to Billing > 1000km\n702656 Billing Country not equal to BIN Country (Visa/MC)\n702662 Billing Country not equal to Device Country'),(105,'velocity','0'),(105,'vmax','0'),(105,'warnings',''),(106,'auto','R'),(106,'errors',''),(106,'geox','RU'),(106,'language','RU'),(106,'network','A'),(106,'rules','702642 Review Network Type\n702650 Distance from Device to Billing > 1000km\n702656 Billing Country not equal to BIN Country (Visa/MC)\n702662 Billing Country not equal to Device Country'),(106,'velocity','0'),(106,'vmax','0'),(106,'warnings',''),(107,'auto','R'),(107,'errors',''),(107,'geox','RU'),(107,'language','RU'),(107,'network','A'),(107,'rules','702642 Review Network Type\n702650 Distance from Device to Billing > 1000km\n702656 Billing Country not equal to BIN Country (Visa/MC)\n702662 Billing Country not equal to Device Country'),(107,'velocity','0'),(107,'vmax','0'),(107,'warnings',''),(109,'auto','R'),(109,'errors',''),(109,'geox','US'),(109,'language',''),(109,'network','A'),(109,'rules','702642 Review Network Type\n702656 Billing Country not equal to BIN Country (Visa/MC)\n702664 Device Data Collector Missing & Score > 35'),(109,'velocity','0'),(109,'vmax','0'),(109,'warnings',''),(110,'auto','R'),(110,'errors',''),(110,'geox','RU'),(110,'language','RU'),(110,'network','A'),(110,'rules','702630 Score > 50\n702642 Review Network Type\n702650 Distance from Device to Billing > 1000km\n702656 Billing Country not equal to BIN Country (Visa/MC)\n702662 Billing Country not equal to Device Country'),(110,'velocity','0'),(110,'vmax','0'),(110,'warnings',''),(111,'auto','R'),(111,'errors',''),(111,'geox','RU'),(111,'language','RU'),(111,'network','A'),(111,'rules','702630 Score > 50\n702642 Review Network Type\n702650 Distance from Device to Billing > 1000km\n702656 Billing Country not equal to BIN Country (Visa/MC)\n702662 Billing Country not equal to Device Country'),(111,'velocity','0'),(111,'vmax','0'),(111,'warnings',''),(113,'auto','R'),(113,'errors',''),(113,'geox','RU'),(113,'language','RU'),(113,'network','A'),(113,'rules','702630 Score > 50\n702642 Review Network Type\n702650 Distance from Device to Billing > 1000km\n702656 Billing Country not equal to BIN Country (Visa/MC)\n702662 Billing Country not equal to Device Country'),(113,'velocity','0'),(113,'vmax','0'),(113,'warnings',''),(114,'auto','R'),(114,'errors',''),(114,'geox','RU'),(114,'language','RU'),(114,'network','A'),(114,'rules','702630 Score > 50\n702642 Review Network Type\n702650 Distance from Device to Billing > 1000km\n702656 Billing Country not equal to BIN Country (Visa/MC)\n702662 Billing Country not equal to Device Country'),(114,'velocity','0'),(114,'vmax','0'),(114,'warnings',''),(123,'auto','R'),(123,'errors',''),(123,'geox','RU'),(123,'language','RU'),(123,'network','A'),(123,'rules','702642 Review Network Type\n702650 Distance from Device to Billing > 1000km\n702656 Billing Country not equal to BIN Country (Visa/MC)\n702662 Billing Country not equal to Device Country'),(123,'velocity','0'),(123,'vmax','0'),(123,'warnings',''),(124,'auto','R'),(124,'errors',''),(124,'geox','RU'),(124,'language','RU'),(124,'network','A'),(124,'rules','702642 Review Network Type\n702650 Distance from Device to Billing > 1000km\n702656 Billing Country not equal to BIN Country (Visa/MC)\n702662 Billing Country not equal to Device Country'),(124,'velocity','0'),(124,'vmax','0'),(124,'warnings',''),(125,'auto','R'),(125,'errors',''),(125,'geox','RU'),(125,'language','RU'),(125,'network','A'),(125,'rules','702642 Review Network Type\n702650 Distance from Device to Billing > 1000km\n702656 Billing Country not equal to BIN Country (Visa/MC)\n702662 Billing Country not equal to Device Country'),(125,'velocity','0'),(125,'vmax','0'),(125,'warnings',''),(126,'auto','R'),(126,'errors',''),(126,'geox','RU'),(126,'language','RU'),(126,'network','A'),(126,'rules','702642 Review Network Type\n702650 Distance from Device to Billing > 1000km\n702656 Billing Country not equal to BIN Country (Visa/MC)\n702662 Billing Country not equal to Device Country'),(126,'velocity','0'),(126,'vmax','0'),(126,'warnings',''),(127,'auto','R'),(127,'errors',''),(127,'geox','RU'),(127,'language','RU'),(127,'network','A'),(127,'rules','702642 Review Network Type\n702650 Distance from Device to Billing > 1000km\n702656 Billing Country not equal to BIN Country (Visa/MC)\n702662 Billing Country not equal to Device Country'),(127,'velocity','0'),(127,'vmax','0'),(127,'warnings',''),(128,'auto','R'),(128,'errors',''),(128,'geox','RU'),(128,'language','RU'),(128,'network','A'),(128,'rules','702642 Review Network Type\n702650 Distance from Device to Billing > 1000km\n702656 Billing Country not equal to BIN Country (Visa/MC)\n702662 Billing Country not equal to Device Country'),(128,'velocity','0'),(128,'vmax','0'),(128,'warnings',''),(129,'auto','R'),(129,'errors',''),(129,'geox','RU'),(129,'language','RU'),(129,'network','A'),(129,'rules','702642 Review Network Type\n702650 Distance from Device to Billing > 1000km\n702656 Billing Country not equal to BIN Country (Visa/MC)\n702662 Billing Country not equal to Device Country'),(129,'velocity','0'),(129,'vmax','0'),(129,'warnings',''),(130,'auto','R'),(130,'errors',''),(130,'geox','RU'),(130,'language','RU'),(130,'network','A'),(130,'rules','702642 Review Network Type\n702650 Distance from Device to Billing > 1000km\n702652 Bill/Ship State no match; Distance >500km and value >$150\n702656 Billing Country not equal to BIN Country (Visa/MC)\n702662 Billing Country not equal to Device Country'),(130,'velocity','0'),(130,'vmax','0'),(130,'warnings','');

--
-- Table structure for table `xpay_antifraud_results`
--

CREATE TABLE `xpay_antifraud_results` (
  `payment_id` int NOT NULL DEFAULT '0',
  `class` varchar(255) NOT NULL DEFAULT '',
  `review_id` varchar(255) NOT NULL DEFAULT '',
  `status` char(1) NOT NULL DEFAULT 'U',
  `message` varchar(255) NOT NULL DEFAULT '',
  `score` varchar(255) NOT NULL DEFAULT '',
  PRIMARY KEY (`payment_id`),
  CONSTRAINT `xpay_antifraud_result_ibfk_1` FOREIGN KEY (`payment_id`) REFERENCES `xpay_payments` (`payment_id`) ON DELETE CASCADE ON UPDATE CASCADE
) ENGINE=InnoDB DEFAULT CHARSET=utf8mb3;

--
-- Dumping data for table `xpay_antifraud_results`
--

INSERT INTO `xpay_antifraud_results` (`payment_id`, `class`, `review_id`, `status`, `message`, `score`) VALUES (104,'Kount','DDHP001LMQPD','R','','43'),(105,'Kount','DDH709RRJMD1','A','','40'),(106,'Kount','DDH706VMPW5V','D','','44'),(107,'Kount','DDH70X552284','A','','44'),(109,'Kount','DDH7096Z2GK6','A','','38'),(110,'Kount','DDH70J15110D','D','','66'),(111,'Kount','DDH70B031G2T','A','','66'),(113,'Kount','DDH70HLNZQN8','D','','66'),(114,'Kount','DDH70Q8RP7D2','A','','66'),(123,'Kount','DDZ50G5YWBJ9','A','','44'),(124,'Kount','DDZ50C7ZXS9D','R','','44'),(125,'Kount','DDZ500KY786Z','D','','44'),(126,'Kount','DDZ50500Z7PX','A','','44'),(127,'Kount','DDZ5011LV0GR','A','','44'),(128,'Kount','DDZ50WC2B3SZ','R','','44'),(129,'Kount','DDZ50H0M790Y','A','','44'),(130,'Kount','DDZ50GZSHMND','R','','43');

--
-- Table structure for table `xpay_antifraud_settings`
--

CREATE TABLE `xpay_antifraud_settings` (
  `name` char(64) NOT NULL DEFAULT '',
  `value` text NOT NULL,
  PRIMARY KEY (`name`)
) ENGINE=InnoDB DEFAULT CHARSET=utf8mb3;

--
-- Dumping data for table `xpay_antifraud_settings`
--

INSERT INTO `xpay_antifraud_settings` (`name`, `value`) VALUES ('class','NoFraud'),('customer_id','41'),('mode','test'),('nf_token','NF_prod_3f2e94de119fd6a293bdf6ac0d1b7d0b'),('status','N');

--
-- Table structure for table `xpay_apple_pay_domains`
--

CREATE TABLE `xpay_apple_pay_domains` (
  `domain_id` int NOT NULL AUTO_INCREMENT,
  `domain` varchar(255) NOT NULL DEFAULT '',
  `verified` char(1) NOT NULL DEFAULT 'N',
  PRIMARY KEY (`domain_id`),
  UNIQUE KEY `domain` (`domain`)
) ENGINE=InnoDB AUTO_INCREMENT=7 DEFAULT CHARSET=utf8mb3;

--
-- Dumping data for table `xpay_apple_pay_domains`
--

INSERT INTO `xpay_apple_pay_domains` (`domain_id`, `domain`, `verified`) VALUES (1,'giviip.myddns.me','Y'),(3,'yakoff.x-cart.biz','Y'),(4,'santa.x-cart.biz','Y'),(5,'givinext.ddns.net','Y'),(6,'next.x-cart.biz','Y');

--
-- Table structure for table `xpay_backup_codes`
--

CREATE TABLE `xpay_backup_codes` (
  `code_id` int NOT NULL AUTO_INCREMENT,
  `user_id` int NOT NULL DEFAULT '0',
  `code` text NOT NULL,
  PRIMARY KEY (`code_id`),
  KEY `xpay_backup_codes_ibfk_1` (`user_id`),
  CONSTRAINT `xpay_backup_codes_ibfk_1` FOREIGN KEY (`user_id`) REFERENCES `xpay_profiles` (`user_id`) ON DELETE CASCADE ON UPDATE CASCADE
) ENGINE=InnoDB AUTO_INCREMENT=11 DEFAULT CHARSET=utf8mb3;

--
-- Dumping data for table `xpay_backup_codes`
--

INSERT INTO `xpay_backup_codes` (`code_id`, `user_id`, `code`) VALUES (1,1,'CMX00945fffd15e1e03c713d4f9684d4bbcea332ea319694d63f01511b4e35960ca2002d29d8ab7be2cfca63dccb1f91aa2888c83ec1f7370c452e5ef2942c22acacbe00392b2f79644f75938c5ed3d601358be7665e353c1eca9fcedbcc183739d7c20c08d534297598cfcee94b5635984671c69c1137b072c07e7d8539533cbf8f8d97070a4dc4737ca52f92f6feac8d07dd69cbde2824fe8d11458a5298468167a7d2984'),(2,1,'CMX00286454709372d2ef653c37689e735b69e7c37fb566bfc6f2f2350e4cb3ddbc940afd387d1862f480b611e8e893edf6bd001a379e15191b32c19fa35274bf9509665c7e71878818182f2f683df25bd11b3346d0ec4fdd4029d10cfe42f3e10824ebfce8ca7b4e4f5b43a84a5463df7a1c72b6eff35dbddcdd43f37a055aaa16b6bb4ef316654e21b855c63430d106bbdd5b3f34c4e721508973f40b2e57c2eb120b1002'),(3,1,'CMX002864547c7ae96d336454d4b8c46bb28c54253ff72105e1cc81062f03cf7055eb64b13e84ea31e695d8a80138644c41d50167adc47c19216de5550c9de8a4234a3fbae97f015c99be417ca9d1d4aa8c44dddf8cc2d29999274631cd602ac1c31b2e7dd289e6b106b6492fdccadadcb7cb21445708483bbc6b7b4f0a87f9d17303fbaade58cd6cfbf9e09bd924b230a38c393c689e3957bc4430d6adc24630e0e38d2fea'),(4,1,'CMX00451871f322839e1e26aa8b50cca64f3192cbb0095ff10170db5de0f175389109366d6375fadfc781eea9f1001c004070b06ac079c5a8637d4eda66d46d6d79642e8dca2dd7d57b23cf2cda8a5162ebdfd71fe53c9f82dc2267170655002bd67d5416bff98a8abf2a2a20460dc8b01556370c2b5c935b1eee10d028d5ac2cc1e9d69ccc64b61ba49e1ed7b48713240b83a370e60fe86d7d5ac61bf1fd12c3693956d0df'),(5,1,'CMX005b4d23c385502b3e4a5f9b7327300776085e020657b2dc2e235343932e1f57c04e86089a9f3bc4096565683743dc4158b945e86e4a05ead180063c2a2935f6165719d2eca7e3dace2a131e8400fa33921e8d225d32a4d6059fa2176b69e676705d42c689d80818b762c38b905e6ec485a9799cec059612b43bbc86e7e9bd25c218bea2de47f25a6e31aead78187db1915dd6bfac0de9957fd1b2410ced516dfb2800cd'),(6,1,'CMX0065c4c6571cc85da480295b881577bd2b6fecc80da7917d08718025066d3fbdda0effbd6ac55125d54a920b600f6c53e7be081cdfc47a6d43534744d937aad4d83b5e0759abe24266bc1029d9c7dd3c44eca8d9240c8d7d38c24fd9cdac4ca1a691327f7fc05f86f53eae646a3f8e9a4489c8a6d2c09980f0b890633415836f7aa190d190d579746745bb033331ebc8ae621c12460cab879eb28e012dab4b72345724dd'),(7,1,'CMX00945ffff4e3c3d63e23fc1b32d25b0618effe9ab9ce1d51df6c7133c948f6fa8acad0548d8b868e025f8fb48541a4986a20eea6c093ea2236b4ebd93e4ec0bc7fe7578910841478c9a811574eba0cb65bf3c6adc43319371cd836580126f6beccb767e360ef945ccb5345a766efd19ea92898abba44c8adeda1060b9b4703a03f4e6d9709e0d530d171fe014919182d7a608aaec835ee468966b35f3a19776ab419f58d'),(8,1,'CMX00582b318478ae004bc7e3fb7db4591b92d8d44b5541837698c98baf149cf62a07a5cb915ccfd5cce7e7dc16485b98e7c0b8e5e3d75b3bca7879fc71d64aa0df8711317655045daee435d73a208599a00ff6b3acf339199d14e2039aae43fe189a4ff150726575bc1dcbd6b362c8d4e32bd9e447b82c0196878617c217beeff34e075b1c996dad48aaa267155580be5d52a963644cf8e19647ec626be7e62f6de530c8af'),(9,1,'CMX0023b4d0050b5db7f44e18834c80a26c8335c3728c4a06800b3bebae026209c28e242ee0d1dc4b451c865372b7049f5346ce7b3f0ed6109a9bb8944baf95c344de2045e9925cda138189ce0aa441d0ebab9b73b267c0dc260bffaab0adec31fe6bc75c949c450da70e35ecb8553eb0cb2c7a65615fb8312ce598e5e4e4bb9136ebfe895cf8397ad861070ef6c3d72f07d6e9b49cc7015f8c9b95451d49edb2a9053b1e7d'),(10,1,'CMX002bb11fab849a14bc94fb564cd8369cdc43ddf2fd9046812ad3af00f793683ee1cb99bc3a9e000309aa6cc9b99846cef1837681f20482f8e683b0ba651f99bd43d7a8d027e4768f237e57ee8b93f1818b8f1864bd75f40946b51394cfd1c1f7ef73121442e83e34e0ebd752c848731a42f6918270df404a5286021857763a32d0cf6b6c04488dcc963ae77541679312ffbcf4052cf17345f7f64916c1e0072be7b39484');

--
-- Table structure for table `xpay_bulk_operations`
--

CREATE TABLE `xpay_bulk_operations` (
  `batch_id` int NOT NULL AUTO_INCREMENT,
  `public_id` varchar(32) NOT NULL,
  `operation` varchar(20) NOT NULL,
  `status` varchar(20) NOT NULL,
  `total` int NOT NULL DEFAULT '0',
  PRIMARY KEY (`batch_id`)
) ENGINE=InnoDB AUTO_INCREMENT=6 DEFAULT CHARSET=utf8mb3;

--
-- Dumping data for table `xpay_bulk_operations`
--

INSERT INTO `xpay_bulk_operations` (`batch_id`, `public_id`, `operation`, `status`, `total`) VALUES (1,'ljTBSRsejg6v0HsUgrmpItETc20uIowS','capture','finished',20),(2,'hb08wNyvHiZfTdl3sp6OIm850BtChV7d','capture','finished',25),(4,'q9qr44mH1dWzWQ5t3a65KPbWXfqRhKUy','capture','finished',25),(5,'HJfiw7jOimSLD6P7ZsyY1WCttCyPU0gt','capture','finished',20);

--
-- Table structure for table `xpay_cardholder_data_keys`
--

CREATE TABLE `xpay_cardholder_data_keys` (
  `id` int NOT NULL AUTO_INCREMENT,
  `key_id` char(32) NOT NULL,
  `pubkey` text NOT NULL,
  `privkey1` text NOT NULL,
  `privkey_pass` text NOT NULL,
  `owner` char(1) NOT NULL,
  `created` int NOT NULL DEFAULT '0',
  `expire` int NOT NULL DEFAULT '0',
  PRIMARY KEY (`id`),
  UNIQUE KEY `key_id` (`key_id`)
) ENGINE=InnoDB AUTO_INCREMENT=25 DEFAULT CHARSET=utf8mb3;

--
-- Dumping data for table `xpay_cardholder_data_keys`
--

INSERT INTO `xpay_cardholder_data_keys` (`id`, `key_id`, `pubkey`, `privkey1`, `privkey_pass`, `owner`, `created`, `expire`) VALUES (24,'4700cc11348e2ddc2a878af11226170c','CMX0021d82f37fe6a5d1826ff80ce05b9a777b8f28592c8b6ccb63d8d29a3a4c33110dc3b21779b51d02e02efebc2334e06ccb81acf6cbe5e2ea27b880e0d99d857c2dd03fdae4e6c0db7c08c7e96ea97081650ac02cca86d38268dff062912cf2a0e2d08cd4d757ed5264dbffedd398647a7f74a725f8e7be3060928bb3894491cf27785b69fb76c4edc452733301943067f587f188e8661831672b01e10e22b532c595de2840786860f79b322adbc94ce282d8b0a2cc56d8eb37ecc008db0b765c78197ef0a875c28492060c4a5f2bdd008e22e49042b849831ca188a34f098f91cd57dbe88c7b5bef42ceac3e1f8d63136aa3f8d79ed263b453f175301ab5f4c8cf454afbc3fa36039d58b7f70a68d0aaac5708cdbad2692f39cca5a4899499d29adc36727c870e2b74f665a97b2b13cc299b42c020a9353733c1145f3869bcd19a47191052f7a12076182e7ab55a6290eb657140e3462bde64e6488fdb62940a7e5e5095e92f1e3f2fd6dcb9ecb14a768aa8c474272419ba052d8e7ff6c494a6adfd6c3c083caccacaa8be20318d77995f3d7505386d585368a41c5ce39d3f8017e453c786ea9ebd973dea06052672116d32a685f708f67abde79be7fc340d7f711af9bcfd3eb0cadda823028f7fd5aa7f8f26f1cc9b5b7857a84375b8df1da0ba27fd931c67cef49b315d508c2c24a44fa51c5b88699bd3e832e54b1d250063686b9cdacf57a3cebfb0181032e064ee72d4f8c2b23078914e0d1b78dd8414fab44fb9a26924bada0395225b0fdd70b1984e1c4b31462fe80a9566bc9a8817a50f80fa1faf3ddb2959b76f00e5f8c4bb02dd8dda7cd956269cc6c1e6183df5f51b4c2c22c79e2c2ed91d4a134df01ce8c74104a193037d51a15aaec048e4aaddddd264f86b146e82a87ddeb7569579419088db2c3b81988dad2a68b7b54df78231b0ce878428c50378943d73d9433b15836a8d14de687495ed3f281c1836898ea691cb9998256bdf7bb849486f6d5e8c638d328c4d7f038ee5ca64991fe5bfa80b985376ea99ae7cf8dedcc7e109e38c01c950baccd239eaef52c8762aebb6fd88a63720f051d77826063fc233e9a00c506392eeb5b95eeff3227dab32a0e000980297ff31d9aad9283328994e5c13d2a5a899fca12a42366ebaeb460c253d050930ec90b274009f6b20c20c2e3c2862d2716f80a868133d11fb83e856a62045755c7a834eb113565c4785b3d43c07f640be6405c72a2d20e996f7c398da8213bf5b8a62082ee446855d29b489969b54581d2eab97c55a86b09ea3dd2130527a1fb0462f2953f74b3d2aa7ab1fd15bb5fcdc7306aea6f06cea1eb9cd4eec74dd65dc1f355c75e899613e2c9cb01fafa5b634d496452dc94de01adad1e974d0e68bc6124c65d8c05361127bba7a59bad954d9129609ea99bff3ad2c96460fd83eeca42f25dc428f433ab10852a7ea5730e3b456191737ac829b5ec126c3e8280b74fa47ad192f0268a54a576af20ca28bb6bcbed3eb5f08f24dc71008e8ce7a77269f8b3627cb49b1d32fed4f9d837193397412052766b36b73c3403031b5994121b75f5c16b033c3f0c90aa3d78b22a910e6e05a56e0dcfaa6eb856bed5bf7c0ac1a49e8ebf6549a1d3e5c2ef1dfeedaa35ff4288483b74bfa88e87e9f02d66632187b45067ec88b9a37aa87dcc717e0366a23079da19a4de5ba2e24bce65465df90a4daff31df17a652aed0ae28589df365a5c4e4e09b2a321ae27cd20d2cc3572d23cd068459b80091d1bba8dea2dd1a6688c42d31c4d70732cfe515b95d04fdbf5c3b09b4d54b5215d09ffae26956525b52917203594532333f1008721cdc6ba0bca8d59f02eb968d6d0fcf32f35f169c7100292ba74d6fb157236e1da5eb1f36fef12e63f1b335ff6793c1cde5b66b5416e009a4340708d2573acd4b4b11f412ee17657c7ff615c86740b6105e57f94fd762efde5bb00885bfdef6d73901cdaad8bb4276bbda0d3e9f16a640ce969c3248f67c2d9963a266789a8c3b4166cdc9e98334597337756a1c2b887746e5d1bf6813eda2b4b579bd9284f831e18f7e61dcf4492c7e1ef2abd77c58148b3ba2fc0de8062b7c3c35bcb62a72d2426c4c51b8b5659c64d07959d4d0713819e5b018c5dc7f3997a9ec3bd8c1a3d1b57815fca08','CMX00669c6f9e27029a2721ac0c36230ef4df1631cd09ef544f1f5152eb77ab398767691f2ee6f47e2d06341669cd37a5ba86dafab4fe9487bd54248eeb7376b3600486f21f3922c17e61155853910d771d1e5063daa9f11e65cc1a78700ce7ca090f85b4e307229ce5501018959ae76259714675c37b2b16dde4c774207cfb7bdb0c9835850222e0cfd3786420fda896b58dd125ef5da35c6006b84b6f65c23212d4a925933a7fdaef87e6579d5b7a5304ddd668b3e4a998258b7b9e699fc5500e9764295d1560bed38fc5ef5ebcbe9d39b23d136eff3fab55ef849f7c9228a76e3bc2af6144926d611ef9ba49497fc86df2f32e6c9d34f76b873c9117c36cc4db61c3740c9e4ddcb1ef8cfc7287edb5fb36648c2f5193452fb3060c1ac42dcdc5c1482c27ebad02a526285ce1059a9b6aa2d2ed8724114b88d21f3321a709ff47a6ec70a9a7414f132068bac3304517bc33eaacb5ba57541bd2916307ba0d1111883443970168746f68509cf4c9b1036da69164206098116e758a3052027da311b89ed35a033697373f66c016696c04d803e33cb673e37f02d5fbe2c1afd281b7d3e404ae656afd59fa4ef3abc65bf291b627aacd427d0c95fa9db84443581e524edf4e5dfe39c77a4bc4991c672842a500d518a50a1ad227a2c9fbc68df32b39ea0eb6448beada91049c327f42d47dc568fbef282772d3bd84d71a7206e4b7a5f2d43ea100b5309cc42ad8ea5dce7217ae9d642c1ba1604fd4610919bb66c37abd9b74736a40d82e4c01f8db1203cbbcfd9ea0863f0c06b9cfbb32497327c2babc835f4c57cd7169d1d8fb4e34f0ff19720a8aa4ed943b3cbfa0888d620ab573377a139725addc1020b75e262a4a77906b53060cc7b4a471b05036cf7b63c804a735ce512f985cb6674631a72965164db149b8b2e614cf4f8cc50232e2050ce06f75fccc8950c44eeab2e4f3ffa3506badbb0776dc69fc7eea76192d32ecf294759046281c646599f012ae09ab95637754e28a5ff303a5b2d10178cc7727e5e298102ec960fc6cf6bb19814c8d143d09eaa57230a7bc84dc88056c1e65d33182bc8f909435e3aff1fe178313bf82e98a114e16e41519bfe82009c6dcb0829b32c15c08492666a254c2858c594826788dad6486afcb805ede63ba3449e6eb9beeb36d30b8aaead3df064387f2f6453223acf40c5b7f022849f2a9a1c1b76c26118a67eb826456f42d9643cb1e91c69c7de225433b2d97256c0a8135bf619efa80b9b9341892de7649a0af383a54f645989b03fffcd0b9c136632e6f70598412cd5c01f537a4acfa471d08bad4da0924b416b31b85b20bddc0b70328e388e3474de2378d63575e2e5f55b8ee20a4baaaee28de2ddce11ae28c0c01fc4f0385248519dea6554058ca380cd30ceefc359ce8ec765e868e127f70c21596a3a950582be376cc3a47ddefee5d9173772dd490c40b3445794fcd2bca55efd2dd15473598c92d77ecb962f61c54bec52506a56700b14623459c048c63d8b44627a032da34c0ae9f6c','CMX003bc6e5621943909445e2754d26b51401baa7d748e0b95620536599c70484b312cb786a6beb9b398ab84292d2d03dcac3618057bdf5e6422dbc1d8b48ac300f7b092f0018da10e07a191d21aa2bd162e8888b997af6bb3f0b3067639415f4cbdb61dac803f76f7696db0449d26b880a80a146fa8af0399a6d1d07533a8a62663edf84567a7c02aab93d233eaf5433625929030da5cbb0462bb0969f73c43bd9fa316d90105a712664ed1bd7891c5c5df718e13e49b9cc5c1e4010f151dead50b48dd561','A',1722258055,1724850055);

--
-- Table structure for table `xpay_cardholder_data_subkeys`
--

CREATE TABLE `xpay_cardholder_data_subkeys` (
  `key_id` char(32) NOT NULL,
  `privkey2` text NOT NULL,
  PRIMARY KEY (`key_id`),
  CONSTRAINT `subkeys` FOREIGN KEY (`key_id`) REFERENCES `xpay_cardholder_data_keys` (`key_id`) ON DELETE CASCADE ON UPDATE CASCADE
) ENGINE=InnoDB DEFAULT CHARSET=utf8mb3;

--
-- Dumping data for table `xpay_cardholder_data_subkeys`
--

INSERT INTO `xpay_cardholder_data_subkeys` (`key_id`, `privkey2`) VALUES ('4700cc11348e2ddc2a878af11226170c','CMX00194e5e6049282b6ac1a3a48109618461c0c9433eb7e55100b548399dd28bddb792755c38a8d7b32297b284e35e4f1f1cd18f9b02be8b50bcb498ce49082b20bfc20f2c6c92fd9cb50c0fcab0d36f7cf4bb17e2f56bc6e49908d66db060e733e0566cb21144e1df42c9c761248eed2785bf3060ba899b5c3299c43042b8f76957a44b375be03a8bc75b518bb98543722f71ab6523f753e543b2e2907011118476afd4cb9d624e1fd39843b17e874d3b41a435bfc93d47b2e651aff6b5647ead492d8e008b8123964a5ab15671ad2f6d49ec9710bfbbc1e6b46ef74d1cda9c9bd6525c0bc946c471d14941bc4ef91158e0340f293ef67ef1f09378d862c7394f83432b6cc5ccef13459fe58186a8c41406f8feee25bf9ecf2fe7b412a0fe3359628e772fa150a2b40ffec0d95cd61b9c633f17c42177f6ac8cf602cda6f2a21bdc780821cd6ccce2aacfee12abc6691eb01113de3a72e6c3cb8b1998f1db9a139e4d07c5c7265ca145b7cd5f1f6fa4f166b0fefc8495f242f066dc7b1ab557d929ef024d350498530cba569bde81c0997b81b51b977410f441691758f09085ebd0c4c700e4a16da8884197261ece9286922824953f0651ba612fbc076bc0e7228a3d65955e11ae73b0f029a71d625f5dd65fe917806b2cef661444d73511e42044b7d2b5e21f40a9d8b8d1347344f2ee7c1af30c38125756cda5439ac420e31c6b5fc9d53dca4260ed8bd72a16573a8859c671498ec4981460add0d3fdb7044e74cc5f836fc40d210da6d240b9eaa937be35fb3e49dde67a6ad7b6d068dd8a9e92336d59893568ded0d01b17a90da7ac8221aedd8a70733e6611d8f3a0575ba58a7dd4b938d31d98535bfa673ddbc8fa12be09f2da54704b1c1bdb6cd2d7701333dcecb6805fa46e81f525c2333ca6961d26cfd8137cf22669b975ba63f1c1e4309719571423ca40b7c8c65ff87bc3c0ece571a8b0790322089312866ea075420f61a84c54a1ea3e9efe44583d9c47218dadf8f4a455cd4890cdc5510842e4dedc183a9506fef559ce24bb06dbb071d349f667bfcf870fc9a5dcb5eaeba106261be693336766a2f747e2a8b61d4b917f1fecf2eb57268f0cc8a1dce56a3dbced1d3fe0aff55c4d5cce6771447f0499de7bccbd5b44484808302beaaf84902577e204f678697fdf0dfb539027fdf243aee7e27a71007df2fbb8afd37cdeef535b982e0197f9e1403e1a5e8ba0388676100af9db95c016139acfaff412d712ce3b9c0af86912d79f0586393eb3f0ef6180403f64f543201a73b0a494ee8ec881307026c867fe0d813cfb5d00699ebea1a0a411f06f3eb2c102e1c3c019d2d65b8f9600f708f90a614e9bd10d04c995199cf6332d5b1796b5183800712ca99d3df9e552c2836cc176c5a2fd0135311d2aeed028f32a282b3d2a826c6185999325ddb6341219cc9bc16d16dbdb3c0b3088f2d9fcdc34aa97eec9a26859d875868e69a1e953ed6ce349050d743f5bdd96e9c9cdccca1f4e4af2dc97082305b7d052f025d7b671');

--
-- Table structure for table `xpay_cardinal_settings`
--

CREATE TABLE `xpay_cardinal_settings` (
  `name` char(64) NOT NULL DEFAULT '',
  `value` text NOT NULL,
  PRIMARY KEY (`name`)
) ENGINE=InnoDB DEFAULT CHARSET=utf8mb3;

--
-- Dumping data for table `xpay_cardinal_settings`
--

INSERT INTO `xpay_cardinal_settings` (`name`, `value`) VALUES ('api_identifier','5caf35d7c11b9205586aed13'),('api_key','0fc36950-fca4-42c5-a729-47f1b9da31f3'),('merchant_id','xcart3ds2'),('mode','test'),('org_unit_id','5cad327b6fe3d10dfc3af7d0'),('password','12345678'),('processor_id','482'),('status','N'),('transaction_url','https://centineltest.cardinalcommerce.com/maps/txns.asp');

--
-- Table structure for table `xpay_codebook_active_keys`
--

CREATE TABLE `xpay_codebook_active_keys` (
  `key_id` int NOT NULL,
  `created` int NOT NULL DEFAULT '0',
  PRIMARY KEY (`key_id`)
) ENGINE=InnoDB DEFAULT CHARSET=utf8mb3;

--
-- Dumping data for table `xpay_codebook_active_keys`
--

INSERT INTO `xpay_codebook_active_keys` (`key_id`, `created`) VALUES (166598,1637124333),(187230,1637124333),(1006021,1637124333),(1372378,1637124333),(1658462,1637124333),(1709232,1637124333),(2218031,1637124333),(2340048,1637124333),(2647124,1637124333),(2863391,1637124333),(3301589,1637124333),(3917541,1637124333),(4115740,1637124333),(4262443,1637124333),(4408335,1637124333),(4528241,1637124333),(4613846,1637124333),(4668705,1637124333),(5446407,1637124333),(5554361,1637124333),(5778225,1637124333),(5983523,1637124333),(6523808,1637124333),(6669510,1637124333),(6724719,1637124333),(7980079,1637124333),(8316191,1637124333),(8656850,1637124333),(9723903,1637124333),(9966440,1637124333);

--
-- Table structure for table `xpay_config`
--

CREATE TABLE `xpay_config` (
  `name` char(64) NOT NULL,
  `value` text NOT NULL,
  PRIMARY KEY (`name`)
) ENGINE=InnoDB DEFAULT CHARSET=utf8mb3;

--
-- Dumping data for table `xpay_config`
--

INSERT INTO `xpay_config` (`name`, `value`) VALUES ('api_key','xoUs1yTcrZczDIghoPsT5DKT1h7ryKyb'),('ap_merchant_id','7dd365e55681b2ce708f2e30'),('ap_paypal_merchant_id','HSY4FM3XADWC8'),('ask_cardholder_name','N'),('callback_api_version','4.7'),('enable_fraud_prevention','N'),('first_operation','1637124433'),('installation_date','1637124332'),('keys_generated','1637124333'),('last_cron_execution','1697051217'),('notification_days','3'),('public_cache_id','447005'),('rebill_attempts','3'),('rebill_attempt_period','1'),('save_card_checked','N'),('secret_key','QWmMxzHqpPaLa0mqbSKel6K4Z8PXtYt7'),('show_nofraud_ad','Y'),('show_quick_start','Y'),('template','default'),('template_dark','default'),('timezone','-0'),('tokenization_enabled','Y'),('tokenize_card_amount','1'),('tracking_id','7dd365e55681b2ce708f2e30'),('twilio_from',''),('twilio_sid',''),('twilio_token',''),('use_cloudflare_ip','N'),('widget_key','Z0atDVEwVwZCcT2dT4V9S96j5OuOHwP8');

--
-- Table structure for table `xpay_countries`
--

CREATE TABLE `xpay_countries` (
  `code` char(2) NOT NULL DEFAULT '',
  `code_a3` char(3) NOT NULL DEFAULT '',
  `code_n3` int NOT NULL DEFAULT '0',
  `country` varchar(255) NOT NULL DEFAULT '',
  PRIMARY KEY (`code`),
  UNIQUE KEY `code_a3` (`code_a3`)
) ENGINE=InnoDB DEFAULT CHARSET=utf8mb3;

--
-- Dumping data for table `xpay_countries`
--

INSERT INTO `xpay_countries` (`code`, `code_a3`, `code_n3`, `country`) VALUES ('AD','AND',20,'Andorra'),('AE','ARE',784,'United Arab Emirates'),('AF','AFG',4,'Afghanistan'),('AG','ATG',28,'Antigua and Barbuda'),('AI','AIA',660,'Anguilla'),('AL','ALB',8,'Albania'),('AM','ARM',51,'Armenia'),('AN','ANT',530,'Netherlands Antilles'),('AO','AGO',24,'Angola'),('AQ','ATA',10,'Antarctica'),('AR','ARG',32,'Argentina'),('AS','ASM',16,'American Samoa'),('AT','AUT',40,'Austria'),('AU','AUS',36,'Australia'),('AW','ABW',533,'Aruba'),('AX','ALA',248,'Aland Islands'),('AZ','AZE',31,'Azerbaijan'),('BA','BIH',70,'Bosnia and Herzegovina'),('BB','BRB',52,'Barbados'),('BD','BGD',50,'Bangladesh'),('BE','BEL',56,'Belgium'),('BF','BFA',854,'Burkina Faso'),('BG','BGR',100,'Bulgaria'),('BH','BHR',48,'Bahrain'),('BI','BDI',108,'Burundi'),('BJ','BEN',204,'Benin'),('BL','BLM',652,'St. Barthelemy'),('BM','BMU',60,'Bermuda'),('BN','BRN',96,'Brunei Darussalam'),('BO','BOL',68,'Bolivia'),('BR','BRA',76,'Brazil'),('BS','BHS',44,'Bahamas'),('BT','BTN',64,'Bhutan'),('BV','BVT',74,'Bouvet Island'),('BW','BWA',72,'Botswana'),('BY','BLR',112,'Belarus'),('BZ','BLZ',84,'Belize'),('CA','CAN',124,'Canada'),('CC','CCK',166,'Cocos (Keeling) Islands'),('CD','COD',180,'Democratic Republic of the Congo'),('CF','CAF',140,'Central African Republic'),('CG','COG',178,'Congo'),('CH','CHE',756,'Switzerland'),('CI','CIV',384,'Cote D\'ivoire'),('CK','COK',184,'Cook Islands'),('CL','CHL',152,'Chile'),('CM','CMR',120,'Cameroon'),('CN','CHN',156,'China'),('CO','COL',170,'Colombia'),('CR','CRI',188,'Costa Rica'),('CU','CUB',192,'Cuba'),('CV','CPV',132,'Cape Verde'),('CX','CXR',162,'Christmas Island'),('CY','CYP',196,'Cyprus'),('CZ','CZE',203,'Czech Republic'),('DE','DEU',276,'Germany'),('DJ','DJI',262,'Djibouti'),('DK','DNK',208,'Denmark'),('DM','DMA',212,'Dominica'),('DO','DOM',214,'Dominican Republic'),('DZ','DZA',12,'Algeria'),('EC','ECU',218,'Ecuador'),('EE','EST',233,'Estonia'),('EG','EGY',818,'Egypt'),('EH','ESH',732,'Western Sahara'),('ER','ERI',232,'Eritrea'),('ES','ESP',724,'Spain'),('ET','ETH',231,'Ethiopia'),('FI','FIN',246,'Finland'),('FJ','FJI',242,'Fiji'),('FK','FLK',238,'Falkland Islands (Malvinas)'),('FM','FSM',583,'Micronesia'),('FO','FRO',234,'Faroe Islands'),('FR','FRA',250,'France'),('GA','GAB',266,'Gabon'),('GB','GBR',826,'United Kingdom (Great Britain)'),('GD','GRD',308,'Grenada'),('GE','GEO',268,'Georgia'),('GF','GUF',254,'French Guiana'),('GG','GGY',831,'Guernsey'),('GH','GHA',288,'Ghana'),('GI','GIB',292,'Gibraltar'),('GL','GRL',304,'Greenland'),('GM','GMB',270,'Gambia'),('GN','GIN',324,'Guinea'),('GP','GLP',312,'Guadeloupe'),('GQ','GNQ',226,'Equatorial Guinea'),('GR','GRC',300,'Greece'),('GS','SGS',239,'South Georgia and the South Sandwich Islands'),('GT','GTM',320,'Guatemala'),('GU','GUM',316,'Guam'),('GW','GNB',624,'Guinea-Bissau'),('GY','GUY',328,'Guyana'),('HK','HKG',344,'Hong Kong'),('HM','HMD',334,'Heard and McDonald Islands'),('HN','HND',340,'Honduras'),('HR','HRV',191,'Croatia'),('HT','HTI',332,'Haiti'),('HU','HUN',348,'Hungary'),('ID','IDN',360,'Indonesia'),('IE','IRL',372,'Ireland'),('IL','ISR',376,'Israel'),('IM','IMN',833,'Isle of Man'),('IN','IND',356,'India'),('IO','IOT',86,'British Indian Ocean Territory'),('IQ','IRQ',368,'Iraq'),('IR','IRN',364,'Islamic Republic of Iran'),('IS','ISL',352,'Iceland'),('IT','ITA',380,'Italy'),('JE','JEY',832,'Jersey'),('JM','JAM',388,'Jamaica'),('JO','JOR',400,'Jordan'),('JP','JPN',392,'Japan'),('KE','KEN',404,'Kenya'),('KG','KGZ',417,'Kyrgyzstan'),('KH','KHM',116,'Cambodia'),('KI','KIR',296,'Kiribati'),('KM','COM',174,'Comoros'),('KN','KNA',659,'St. Kitts and Nevis'),('KP','PRK',408,'Korea'),('KR','KOR',410,'Korea, Republic of'),('KW','KWT',414,'Kuwait'),('KY','CYM',136,'Cayman Islands'),('KZ','KAZ',398,'Kazakhstan'),('LA','LAO',418,'Laos'),('LB','LBN',422,'Lebanon'),('LC','LCA',662,'St. Lucia'),('LI','LIE',438,'Liechtenstein'),('LK','LKA',144,'Sri Lanka'),('LR','LBR',430,'Liberia'),('LS','LSO',426,'Lesotho'),('LT','LTU',440,'Lithuania'),('LU','LUX',442,'Luxembourg'),('LV','LVA',428,'Latvia'),('LY','LBY',434,'Libyan Arab Jamahiriya'),('MA','MAR',504,'Morocco'),('MC','MCO',492,'Monaco'),('MD','MDA',498,'Moldova, Republic of'),('ME','MNE',499,'Montenegro'),('MF','MAF',663,'St. Martin'),('MG','MDG',450,'Madagascar'),('MH','MHL',584,'Marshall Islands'),('MK','MKD',807,'Macedonia'),('ML','MLI',466,'Mali'),('MM','MMR',104,'Myanmar'),('MN','MNG',496,'Mongolia'),('MO','MAC',446,'Macau'),('MP','MNP',580,'Northern Mariana Islands'),('MQ','MTQ',474,'Martinique'),('MR','MRT',478,'Mauritania'),('MS','MSR',500,'Montserrat'),('MT','MLT',470,'Malta'),('MU','MUS',480,'Mauritius'),('MV','MDV',462,'Maldives'),('MW','MWI',454,'Malawi'),('MX','MEX',484,'Mexico'),('MY','MYS',458,'Malaysia'),('MZ','MOZ',508,'Mozambique'),('NA','NAM',516,'Namibia'),('NC','NCL',540,'New Caledonia'),('NE','NER',562,'Niger'),('NF','NFK',574,'Norfolk Island'),('NG','NGA',566,'Nigeria'),('NI','NIC',558,'Nicaragua'),('NL','NLD',528,'Netherlands'),('NO','NOR',578,'Norway'),('NP','NPL',524,'Nepal'),('NR','NRU',520,'Nauru'),('NU','NIU',570,'Niue'),('NZ','NZL',554,'New Zealand'),('OM','OMN',512,'Oman'),('PA','PAN',591,'Panama'),('PE','PER',604,'Peru'),('PF','PYF',258,'French Polynesia'),('PG','PNG',598,'Papua New Guinea'),('PH','PHL',608,'Philippines'),('PK','PAK',586,'Pakistan'),('PL','POL',616,'Poland'),('PM','SPM',666,'St. Pierre and Miquelon'),('PN','PCN',612,'Pitcairn'),('PR','PRI',630,'Puerto Rico'),('PS','PSE',275,'Palestinian Territory'),('PT','PRT',620,'Portugal'),('PW','PLW',585,'Palau'),('PY','PRY',600,'Paraguay'),('QA','QAT',634,'Qatar'),('RE','REU',638,'Reunion'),('RO','ROU',642,'Romania'),('RS','SRB',688,'Serbia'),('RU','RUS',643,'Russian Federation'),('RW','RWA',646,'Rwanda'),('SA','SAU',682,'Saudi Arabia'),('SB','SLB',90,'Solomon Islands'),('SC','SYC',690,'Seychelles'),('SD','SDN',736,'Sudan'),('SE','SWE',752,'Sweden'),('SG','SGP',702,'Singapore'),('SH','SHN',654,'St. Helena'),('SI','SVN',705,'Slovenia'),('SJ','SJM',744,'Svalbard and Jan Mayen Islands'),('SK','SVK',703,'Slovakia'),('SL','SLE',694,'Sierra Leone'),('SM','SMR',674,'San Marino'),('SN','SEN',686,'Senegal'),('SO','SOM',706,'Somalia'),('SR','SUR',740,'Suriname'),('ST','STP',678,'Sao Tome and Principe'),('SV','SLV',222,'El Salvador'),('SY','SYR',760,'Syrian Arab Republic'),('SZ','SWZ',748,'Swaziland'),('TC','TCA',796,'Turks and Caicos Islands'),('TD','TCD',148,'Chad'),('TF','ATF',260,'French Southern Territories'),('TG','TGO',768,'Togo'),('TH','THA',764,'Thailand'),('TJ','TJK',762,'Tajikistan'),('TK','TKL',772,'Tokelau'),('TL','TLS',626,'Timor-Leste'),('TM','TKM',795,'Turkmenistan'),('TN','TUN',788,'Tunisia'),('TO','TON',776,'Tonga'),('TR','TUR',792,'Turkey'),('TT','TTO',780,'Trinidad and Tobago'),('TV','TUV',798,'Tuvalu'),('TW','TWN',158,'Taiwan'),('TZ','TZA',834,'Tanzania, United Republic of'),('UA','UKR',804,'Ukraine'),('UG','UGA',800,'Uganda'),('UM','UMI',581,'United States Minor Outlying Islands'),('US','USA',840,'United States'),('UY','URY',858,'Uruguay'),('UZ','UZB',860,'Uzbekistan'),('VA','VAT',336,'Vatican City State'),('VC','VCT',670,'St. Vincent and the Grenadines'),('VE','VEN',862,'Venezuela'),('VG','VGB',92,'British Virgin Islands'),('VI','VIR',850,'United States Virgin Islands'),('VN','VNM',704,'Vietnam'),('VU','VUT',548,'Vanuatu'),('WF','WLF',876,'Wallis And Futuna Islands'),('WS','WSM',882,'Samoa'),('YE','YEM',887,'Yemen'),('YT','MYT',175,'Mayotte'),('ZA','ZAF',710,'South Africa'),('ZM','ZMB',894,'Zambia'),('ZW','ZWE',716,'Zimbabwe');

--
-- Table structure for table `xpay_currencies`
--

CREATE TABLE `xpay_currencies` (
  `code` char(3) NOT NULL DEFAULT '',
  `id` int NOT NULL DEFAULT '0',
  `name` varchar(128) NOT NULL DEFAULT '',
  `symbol` varchar(8) NOT NULL DEFAULT '',
  `mantissa` int NOT NULL DEFAULT '2',
  PRIMARY KEY (`code`),
  UNIQUE KEY `id` (`id`)
) ENGINE=InnoDB DEFAULT CHARSET=utf8mb3;

--
-- Dumping data for table `xpay_currencies`
--

INSERT INTO `xpay_currencies` (`code`, `id`, `name`, `symbol`, `mantissa`) VALUES ('ADP',20,'Andorran Pesseta','',2),('AED',784,'UAE Dirtham','',2),('AFA',4,'Afghani','',2),('ALL',8,'Lek','',2),('AMD',51,'Armenian Dram','',0),('ANG',532,'Netherlands Antillian Guilder','',2),('AON',24,'Kwanza','',2),('ARS',32,'Argentine Peso','',2),('ATS',40,'Austrian Shilling','',2),('AUD',36,'Australian Dollar','',2),('AWG',533,'Aruban Guilder','',2),('AZM',31,'Azerbaijanian Manat','',2),('BAM',977,'Convertible Marks','',2),('BBD',52,'Barbados Dollar','',2),('BDT',50,'Bangladesh Taka','',2),('BEF',56,'Belgium Franc','',2),('BGN',975,'Bulgarian Lev','',2),('BHD',48,'Bahraini dinar','',3),('BIF',108,'Burundi Franc','',0),('BMD',60,'Bermudian Dollar','',2),('BND',96,'Brunei Dollar','',2),('BOB',68,'Boliviano','',2),('BRL',986,'Brazilian Real','',2),('BSD',44,'Bahamian dollar','',2),('BTN',64,'Ngultrum','',2),('BWP',72,'Botswana Pula','',2),('BYR',974,'Belarussian Rouble','',0),('BZD',84,'Belize Dollar','',2),('CAD',124,'Canadian Dollar','',2),('CDF',976,'Franc Congolais','',2),('CHE',947,'WIR Euro','',2),('CHF',756,'Swiss Franc','',2),('CLP',152,'Chilean Peso','',0),('CNY',156,'Chinese Renminbi Yuan','',1),('COP',170,'Colombian Peso','',0),('CRC',188,'Cost Rican Colon','',2),('CUP',192,'Cuban Peso','',2),('CVE',132,'Cape Verde Escudo','',2),('CYP',196,'Cypprus Pound','',2),('CZK',203,'Czech Koruna','',2),('DEM',276,'Deutsche Mark','',2),('DJF',262,'Djibouti Franc','',0),('DKK',208,'Danish Krone','',2),('DOP',214,'Dominican Peso','',2),('DZD',12,'Algerian Dinar','',2),('EEK',233,'Kroon','',2),('EGP',818,'Egyptian Pound','',2),('ERN',232,'Nakfa','',2),('ETB',230,'Ethiopian Birr','',2),('EUR',978,'EURO','€',2),('FIM',246,'Finnish Markka','',2),('FJD',242,'Fiji Dollar','',2),('FKP',238,'Falkland Islands Pound','',2),('FRF',250,'French Franc','',2),('GBP',826,'Pound Sterling','£',2),('GEL',981,'Lari','',2),('GHC',288,'Ghana Cedi','',2),('GIP',292,'Gilbraltar Pound','',2),('GMD',270,'Dalasi','',2),('GNF',324,'Guinea Franc','',0),('GTQ',320,'Quetzal','',2),('GWP',624,'Guinea-Bissau Peso','',2),('GYD',328,'Guyana Dollar','',2),('HKD',344,'Hong Kong Dollar','',2),('HNL',340,'Lempira','',2),('HRK',191,'Croatian Kuna','',2),('HTG',332,'Gourde','',2),('HUF',348,'Hungary Forint','',2),('IDR',360,'Indonesian Rupiah','',0),('IEP',372,'Irish Punt','',2),('ILS',376,'New Israeli Sheqel','',2),('INR',356,'Indian Ruppe','',2),('IQD',368,'Iraqi Dinar','',0),('IRR',364,'Iranian Rial','',0),('ISK',352,'Iceland Krona','',0),('ITL',380,'Italian Lira','',2),('JMD',388,'Jamaican Dollar','',2),('JOD',400,'Jordanian Dinar','',3),('JPY',392,'Japanese Yen','¥',0),('KES',404,'Kenyan Shilling','',2),('KGS',417,'Son','',2),('KHR',116,'Cambodian riel','',2),('KMF',174,'Comoro Franc','',0),('KPW',408,'North Korean Won','',0),('KRW',410,'South Korean Won','',0),('KWD',414,'Kuwaiti Dinar','',3),('KYD',136,'Cayman Islands Dollar','',2),('KZT',398,'Tenge','',2),('LAK',418,'Kip','',0),('LBP',422,'Lebanese Pound','',0),('LKR',144,'Sri Lanka Rupee','',2),('LRD',430,'Liberian Dollar','',2),('LSL',426,'Loti','',2),('LTL',440,'Lithuanian Litus','',2),('LUF',442,'Luxembourg Franc','',2),('LVL',428,'Latvian Lats','',2),('LYD',434,'Libyan Dinar','',3),('MAD',504,'Moroccan Dirtham','',2),('MDL',498,'Moldovan Leu','',2),('MGF',450,'Malagasy Franc','',2),('MKD',807,'Denar','',2),('MMK',104,'Kyat','',0),('MNT',496,'Tugrik','',2),('MOP',446,'Pataca','',1),('MRO',478,'Ouguiya','',0),('MTL',470,'Maltese Lira','',2),('MUR',480,'Mauritius Rupee','',2),('MVR',462,'Rufiyaa','',2),('MWK',454,'Malawian kwacha','',2),('MXN',484,'Mexican Peso','',2),('MYR',458,'Malaysian Ringgit','',2),('MZM',508,'Mozambique Metical','',2),('NAD',516,'Namibia Dollar','',2),('NGN',566,'Naira','',2),('NIO',558,'Cordoba Oro','',2),('NLG',528,'Dutch Guilder','',2),('NOK',578,'Norwegian Krone','',2),('NPR',524,'Nepalese Rupee','',2),('NZD',554,'New Zealand Dollar','',2),('OMR',512,'Rial Omani','',3),('PAB',590,'Balboa','',2),('PEN',604,'Nuevo Sol','',2),('PGK',598,'Kina','',2),('PHP',608,'Philippine Peso','',2),('PKR',586,'Pakistan Rupee','',2),('PLN',985,'Polish Zloty','',2),('PTE',620,'Portuguese Escudo','',2),('PYG',600,'Guarani','',0),('QAR',634,'Qatari Rial','',2),('RON',946,'Leu','',2),('RSD',941,'Serbian Dinar','',2),('RUB',643,'Russian Ruble','',2),('RWF',646,'Rwanda Franc','',0),('SAR',682,'Saudi Riyal','',2),('SBD',90,'Solomon Islands Dollar','',2),('SCR',690,'Seychelles Rupee','',2),('SDG',938,'Sudanese Pound','',2),('SEK',752,'Swedish Krona','',2),('SGD',702,'Singapore Dollar','',2),('SHP',654,'Saint Helena Pound','',2),('SIT',705,'Tolar','',2),('SKK',703,'Slovak Koruna','',2),('SLL',694,'Leone','',0),('SOS',706,'Somali Shilling','',2),('SRG',740,'Suriname Guilder','',2),('STD',678,'Dobra','',0),('SVC',222,'El Salvador Colon','',2),('SYP',760,'Syrian Pound','',2),('SZL',748,'Lilangeni','',2),('THB',764,'Thailand Baht','',2),('TJS',972,'Somoni','',2),('TMM',795,'Manat','',2),('TND',788,'Tunisian Dinar','',3),('TOP',776,'Pa\'anga','',2),('TPE',626,'Timor Escudo','',2),('TRY',949,'Turkish Lira','',2),('TTD',780,'Trinidad and Tobago Dollar','',2),('TWD',901,'New Taiwan Dollar','',1),('TZS',834,'Tanzanian Shilling','',2),('UAH',980,'Hryvnia','',2),('UGX',800,'Uganda Shilling','',0),('USD',840,'US Dollar','$',2),('UYU',858,'Peso Uruguayo','',2),('UZS',860,'Uzbekistan som','',2),('VEF',937,'Venezuelan bolivar','',2),('VND',704,'Vietnamese Dong','',0),('VUV',548,'Vatu','',0),('WST',882,'Tala','',2),('XAF',950,'CFA Franc BEAC','',0),('XCD',951,'East Caribbean Dollar','',2),('XOF',952,'CFA Franc BCEAO','',0),('XPF',953,'CFP Franc','',0),('YER',886,'Yemeni Rial','',0),('YUM',891,'Yugoslavian Dinar','',2),('ZAR',710,'South Africa Rand','',2),('ZMK',894,'Zambian kwacha','',0),('ZWD',716,'Zimbabwe Dollar','',2);

--
-- Table structure for table `xpay_customer_cards`
--

CREATE TABLE `xpay_customer_cards` (
  `card_id` char(10) CHARACTER SET utf8mb3 COLLATE utf8mb3_bin NOT NULL,
  `customer_id` int NOT NULL DEFAULT '0',
  `payment_id` int NOT NULL DEFAULT '0',
  `is_default` char(1) NOT NULL DEFAULT 'N',
  PRIMARY KEY (`card_id`),
  UNIQUE KEY `customer_payment` (`customer_id`,`payment_id`),
  KEY `customer_id` (`customer_id`),
  CONSTRAINT `xpay_customer_cards_ibfk` FOREIGN KEY (`customer_id`) REFERENCES `xpay_customers` (`customer_id`) ON DELETE CASCADE ON UPDATE CASCADE
) ENGINE=InnoDB DEFAULT CHARSET=utf8mb3;

--
-- Dumping data for table `xpay_customer_cards`
--

INSERT INTO `xpay_customer_cards` (`card_id`, `customer_id`, `payment_id`, `is_default`) VALUES ('1YcZKip5ip',154,773,'N'),('3aFLA9hLZW',1,20,'Y'),('4KuapXfm0p',14,83,'N'),('5TL04t2SIF',220,1114,'N'),('5kgZf9bhNn',11,74,'Y'),('5zfmNBduti',220,1126,'Y'),('6PNwviPtLr',2,29,'N'),('7JbKQXb7Hm',29,114,'N'),('7XEPMrAB6e',181,986,'N'),('7cDn6DvoxI',126,708,'Y'),('7pSMUYuKha',29,112,'N'),('7yBdnFz08R',122,410,'Y'),('8PZ7fLAE04',2,39,'N'),('8o83IkxSPH',29,130,'Y'),('9R2xtT4haU',155,777,'Y'),('9wfYm0PK5I',169,864,'N'),('A3Dvq50J42',143,737,'Y'),('A9fNmGtso1',1,1,'N'),('AjzLuBsoV0',118,397,'N'),('BEZ2xILYvI',123,424,'Y'),('BddVc0BdlC',181,987,'Y'),('CUFAHUh5lG',3,44,'N'),('Ch5TgD1k1z',211,1059,'Y'),('ESxz5MJlYu',219,1098,'Y'),('I0NVSMD1dG',151,768,'N'),('JMKkynz986',216,1082,'N'),('Jh4HuzL0K2',120,403,'Y'),('JjZwjwGEbc',150,767,'N'),('LfB9Zhmr3m',214,1068,'N'),('M34twZ4KYb',1,17,'N'),('MAr9vzvY0h',14,85,'Y'),('MP4qw4YJzC',3,53,'Y'),('Mbbfq4kcfH',220,1118,'N'),('MjBEGaI57V',125,701,'N'),('NY9Ctab6Ik',216,1081,'N'),('ONEUBNnDSD',1,15,'N'),('OUSvpiUGyW',221,1130,'Y'),('PD383LGoEQ',214,1073,'Y'),('PlV4RquNw6',180,981,'Y'),('Qns8z5DNJi',150,769,'Y'),('QvLUmAqGI1',118,394,'N'),('S1vSMA74TV',226,1147,'N'),('T6sMhILxkH',2,38,'N'),('U7wwNuw3rS',2,35,'N'),('UJQlYAKq4Z',203,1030,'N'),('UmndClJkqf',146,742,'Y'),('UnKXnHkLhC',174,968,'Y'),('UuPoNoM4iI',216,1084,'N'),('V9su1vb5uF',1,11,'N'),('Vjtnr4JCxZ',2,41,'Y'),('WBfGxDldDG',216,1085,'Y'),('XafBrnFcE2',2,40,'N'),('YvcW5mgVfh',220,1122,'N'),('ZhPqf5VZ7Q',212,1077,'Y'),('a7S2dxYhaV',169,865,'N'),('bGBgLBcln5',2,36,'N'),('bHCPojqMht',121,423,'Y'),('bHp1VyahG0',202,1027,'Y'),('boZ4pMQzhS',125,702,'Y'),('dFHgoKNoqb',29,126,'N'),('ex8dwXgUPf',3,49,'N'),('fLuBJvMNoN',181,985,'N'),('gXo1469zWk',29,128,'N'),('gjblADDVfk',199,1019,'Y'),('grup5um8To',174,967,'N'),('hAMl8xQFMB',226,1157,'Y'),('hInaLPXfCG',29,127,'N'),('hq9HmV1Mwa',212,1075,'N'),('hs7QXNSEnO',172,905,'Y'),('ildHmHOCGY',29,115,'N'),('jniISyWrQ6',154,774,'Y'),('kCls7MDXSL',217,1088,'Y'),('mJZty0wMEa',118,377,'Y'),('mgPqJv2mf8',29,111,'N'),('muwASsUg9A',198,1018,'Y'),('n8nePPxnjN',8,65,'Y'),('o3dUHktUXz',203,1032,'Y'),('pHwpZ2xldo',148,763,'N'),('pM64mdRqtM',15,87,'Y'),('pu6iQe7e0q',214,1069,'N'),('qQ2kbFBfsw',2,34,'N'),('qhsJXGlecY',145,739,'Y'),('rvxHGP3FLN',1,2,'N'),('sIq6nzuC4a',142,736,'Y'),('sQAjhuoS4E',29,117,'N'),('ulxI7m0Ecz',2,28,'N'),('v4OOtcmjzs',214,1071,'N'),('wTtuPtn6dk',144,738,'Y'),('wdyGR15Som',29,116,'N'),('xUJMbr1gb6',197,1017,'Y'),('xWQX70sYV7',29,129,'N'),('xw7fN33nPd',151,770,'Y'),('zCwHC6lKV7',16,90,'Y'),('zu5CNpMWnf',147,743,'Y');

--
-- Table structure for table `xpay_customers`
--

CREATE TABLE `xpay_customers` (
  `customer_id` int NOT NULL AUTO_INCREMENT,
  `public_id` char(32) CHARACTER SET utf8mb3 COLLATE utf8mb3_bin NOT NULL DEFAULT '',
  `login` varchar(255) NOT NULL DEFAULT '',
  PRIMARY KEY (`customer_id`),
  UNIQUE KEY `public_id` (`public_id`)
) ENGINE=InnoDB AUTO_INCREMENT=243 DEFAULT CHARSET=utf8mb3;

--
-- Dumping data for table `xpay_customers`
--

INSERT INTO `xpay_customers` (`customer_id`, `public_id`, `login`) VALUES (1,'I75SyvnycPQpOs7b7p9lcO3ZnbzewCRX','admin@example.com (User ID #7)'),(2,'RVcW1V2VrCoU90j5LERXGp6I8v5ZjJe0','admin@example.com (User ID #7)'),(3,'G1ZcQeKvnhw2DkQck9ACoQg4j0rIXxBG','admin@example.com (User ID #7)'),(4,'36yqcTfF1iKDMLD0Nmt2phzciZ5eYPn3','Givi@x-cart.com (User ID #9)'),(5,'Fd1Z9nKsXilvHGpBZtFOirAeTRvPerQq','test@example.com (User ID #11)'),(6,'FPxZoRN4fp3pwZQs3ZUugj4KqFwuSjao','test@example.com (User ID #13)'),(7,'7HyhywqfpHwanpYAwuQcSGXBQtp5O128','Testst@example.com (User ID #14)'),(8,'XfEdE4vsS8ciZetYR1f3VFnKg3rRbagE','admin@example.com (User ID #7)'),(9,'I0MrUTYrzY5NF5hSmY3L7vhvri4wtsuO','admin@example.com (User ID #7)'),(10,'5GuGjXYSnmMSR2CxP5CLDwSsA5mEgug7','givi+3@x-cart.com (User ID #8)'),(11,'Feoe1gtqoKSrvaQsiTSL6O58Yo3QmUuo','admin@example.com (User ID #7)'),(12,'MlX1a5Vbr1gjiOTV49t1vfeWdct52zJb','admin@example.com (User ID #7)'),(13,'PFncIqznN7cu1R4pwsrpJKFETwcEPhsV','admin@example.com (User ID #7)'),(14,'I7gDsnJN2y6xLTNf2FEI66yqeuX6K0FX','admin@example.com (User ID #7)'),(15,'kvwBkFnbtsLlLNRKlvuQRDCcvTDleUM9','admin@example.com (User ID #7)'),(16,'7HxBomKL6xzKQukfO4RlkRrBFjIubk9i','admin@example.com (User ID #7)'),(17,'ROo7RGKn9YLhBh3YBzQu64zIfAPgfjHt','admin@example.com (User ID #7)'),(18,'oIK4GXKORfMxG79vJYEgY8e62USn1xn9','ipgivi@gmail.com (User ID #8)'),(19,'l0kuDDvY7cseyJ84MoOhEtQJDY3Dv9OQ','admin@example.com (User ID #7)'),(20,'JSalVNb03pSVeROxQdGijL6TXM7Mp3oC','test@example.com (User ID #8)'),(21,'pa6RBTRxVgNcP4qkfTOWxIKUtMcPmFx6','test@example.com (User ID #13)'),(22,'h2G2jj4SGotl5A7OnxLPuS1Ed1WG0bgp','givi@x-cart.com (User ID #15)'),(23,'SzAN7G2Z4j2lISM20SLaQYuak4hHBXM2','admin@example.com (User ID #7)'),(24,'q7dJv6bbk1Sf5ZayIjWtkKJnievsjbZd','admin@example.com (User ID #7)'),(25,'lGWXCSjCXhCl4wqtPoaGHbANw5nSxLRD','givi+1@x-cart.com (User ID #8)'),(26,'5kL8UeNEn23rIFaNSDrQ0ZBcpnVedxUs','givi+1@x-cart.com (User ID #10)'),(27,'mB6kTifL9KPCLQUblOv34AjKLfACsiJ3','givi+1@x-cart.com (User ID #11)'),(28,'QyKNXr5VI30EdeyQbTO0fPNxOrVjxf5n','admin@example.com (User ID #7)'),(29,'tFUZMbsHnDSgeYDaYk6Dw3bHhh7x0Ws7','givi+2@x-cart.com (User ID #16)'),(30,'sRjT5s3JqyGDQwsk3VxZLnnm88neEp0W','givi+1@x-cart.com (User ID #22)'),(31,'54fLWY5y7RAlezyxOvCA7MpcCW4h0Mls','givi+1@x-cart.com (User ID #23)'),(32,'hubuVLBdriSXT065juPbyvILjzMy2mRM','customer@example.com'),(33,'l70Ez4ajR2jTUZY6EKLsijLOQ0Zplepd','customer@example.com'),(34,'nSxEO8PRk9edxSd3xT2mLaZVzKSLmBpt','customer@example.com'),(35,'1F5L87QCeFrUb8E4LRBZyT02BiWJ2C2L','customer@example.com'),(36,'ESDYmbBRTrmeFByndZh2QzZaRRYvXKvi','customer@example.com'),(37,'WihAW86vg5dLBUzSIhuCRvkdwMVMFRtS','customer@example.com'),(38,'iQ7X1UKwiwyyQvbiEx7IXf7kMn4RN2Rp','customer@example.com'),(39,'7bA8fbGb5LBEgtPKkS53TzSTVITnehID','customer@example.com'),(40,'PwaJMro6YhIIUt0calKx0mlz5PXU4GLD','customer@example.com'),(41,'U7jcSz0l3jQX13cMxqJi9SDjqsU5nOlp','customer@example.com'),(42,'ylysOB4sTLqr288rdohpxq0iSWbjKeC4','customer@example.com'),(43,'wjtTTkIKXsVvo3xPkejJcMevLBfxLs5H','customer@example.com'),(44,'CG24zVelR6OV2kTXKW3u3yLI17REkVzw','customer@example.com'),(45,'sTdOpuin5A5zKwuetpJ5Y59yhy6EB8AE','customer@example.com'),(46,'BdUDk5qjWnvdLTn6MWzC6dV8chaHlGyC','customer@example.com'),(47,'eb61CJmLzluMTsF4ixxZGXVJU38SOYvq','customer@example.com'),(48,'MdQL60kuYrKkyXLzKkbPkqkJDRWX2yd2','customer@example.com'),(49,'c1PHsPe5Za7qnQb164ttvYcaztwgYYLv','customer@example.com'),(50,'FIvecxTAAYCDfHLvXFGShUqjbYczII7V','customer@example.com'),(51,'EoxnoXbuQtrlifSSO1TESVeoNUWbtVkK','customer@example.com'),(52,'qzCx7O7jRSIMAJJbvR30XPPPQi0DaDTJ','customer@example.com'),(53,'imIx2fZ1U914U0D8j7tsC9otGYV9nWdz','customer@example.com'),(54,'rOwXyh8c2Yk9ZecbufrW1LCCVTj7wkEl','customer@example.com'),(55,'2rq8RgCawrXPMsNIUitghccsGEc2NeWq','customer@example.com'),(56,'k6Z14JCQV7JRyw1qZeaCUHcAUjOXlyX3','customer@example.com'),(57,'hi8LUbMKcoVL8k7RQyI2DieuQ8vGzenx','customer@example.com'),(58,'2Wuj0MgKNwXoQRWuh87J1ZaPMO0siyuL','customer@example.com'),(59,'8dHPZDZRtcsjDPSIVOx5uyoSv24vTaJ0','customer@example.com'),(60,'whkKwz8zR8D7vmFt7yLcx3AlbDXvSaK8','customer@example.com'),(61,'cMV7xMzhxugBeo56Vk51A78fFLH3WIOL','customer@example.com'),(62,'kcrf0LVfVQEwSY7gTqTcMjnfUElygfZD','customer@example.com'),(63,'t77MqhIyD17QnAca64zyWrElpgmhFYAg','customer@example.com'),(64,'S7bpWBnT7gGIrxoWGrpisUVmRtpjgKgC','customer@example.com'),(65,'zilmhxsm6owTsFeDz1IJbbARQjllfW2a','customer@example.com'),(66,'Y6LIZD76pi61MSDVLCvsDspAMOeAagSY','customer@example.com'),(67,'rIYD1QpTtLbWCGVgbZ9vKZoj3CAuSmBk','customer@example.com'),(68,'892Mk4K0PgzmIlxPX5swiq9b2BYr3XYA','customer@example.com'),(69,'tVi2L8m4x8TyMn8ZMWxOkVy1e3rsh6pB','customer@example.com'),(70,'d8elLuPlGoV9AurlNXGVTrW8hMUIbH5c','customer@example.com'),(71,'M73NaHMb7Jevuobnn3zpEJwAOSSqCEXV','customer@example.com'),(72,'K311JAG20DWQdxa7DqbLrogQpbcG3pqB','customer@example.com'),(73,'7hzGKLK6HKDruWqG9tD1SNmab1W4vG8e','customer@example.com'),(74,'RvkGpm8xcNKDsRLaE7tJH79VQfsJ6leO','customer@example.com'),(75,'AMsLK3rsNbwenXwmCnrOWzYfBoCFR7MQ','customer@example.com'),(76,'5gzTVf04gJEk8KNVmZ9C5q9tZWmeLeJr','customer@example.com'),(77,'7GiRyZF3uFhIagdC32ZCcAUNYWgQ4Gy1','customer@example.com'),(78,'YpBEys6GsHN6YYVp1fezsioQyCWhMlRF','customer@example.com'),(79,'aCEevih27N8lz2NVY7woSoWL6fkXmmEN','customer@example.com'),(80,'yXx8OgHBytg06MXEIrgYYh6mBYu78NOr','customer@example.com'),(81,'HDf9MqHJwYlNroGj4JWk58l8M2ehDH7s','customer@example.com'),(82,'YGsUYfhIVoxv0HeIXWFrprdHR1EB15if','customer@example.com'),(83,'FGL3NG4K6kOvI3IhbeiIQ1AL2eV1yXiN','customer@example.com'),(84,'yCjHO853N6mqox7lVRekzMWfQnhy3kEZ','customer@example.com'),(85,'XUQn0GlJfk06wgnkbxUan8Qyu72djSWT','customer@example.com'),(86,'yXe4koXIBZjxXYIQT0f0ERTJ2bZF3xRB','customer@example.com'),(87,'gSj7MOxlYGcWdW8oEOS6e3vV8f7CyGpu','customer@example.com'),(88,'8nUxD61qU0KL4qfMaMdgwtPZcXuyoyVv','customer@example.com'),(89,'Sayjj1olVVjZW8XxDWECGIM7PvotFLvf','customer@example.com'),(90,'MmnjGx0FdTUqWSuRetKncuC4DRZJ01gi','customer@example.com'),(91,'jAZgnFXqwIkTyZ7qBZCTC1WWT8AAIttI','customer@example.com'),(92,'6YbXCLll14v49jLbNZCwIBH8M5LxEM6w','customer@example.com'),(93,'twwLwkLo6x8p2A8LmvR93am69GxYpgrv','admin@example.com (User ID #7)'),(94,'k3c3VPokN9cLXcnzTNhZkTrBfEqziwOa','joss@x-payments.com (User ID #12)'),(95,'ytQNP2lVlaF6wTjH38LaBwCyHw5PwICn','admin@example.com (User ID #8)'),(96,'M2mqHYYmxBLoT3UunqwfaXIqRlOXaSoa','admin@example.com (User ID #7)'),(97,'cXZYboOYv9EmfiENezLFMXIsi6KBKwfk','test@example.com (User ID #19)'),(98,'SpJzRwvq4WEhZoJBTbL2eem4PkBScjQO','admin@example.com (User ID #7)'),(99,'giE9JssR02d55W7za73fHHeBadMXfYJE','test@test.com (User ID #9)'),(100,'UA8XkmXxoyNcJwM2e7P2XnOvUDixLAUd','test@test.com (User ID #11)'),(101,'RrE4lgHcfKgZvNl3Ki8rxz1RzhHPxPoe','test@example.com (User ID #12)'),(102,'e5JcNIOJetpvX4PhlfbBwF8oN716QLX5','yakoff@x-cart.com (User ID #14)'),(103,'JleYFmVQgZ7DDBKv3dniir9joMyziVxS','test@example.com (User ID #14)'),(104,'0ObrBZwdsS2eZVZ3fRvUq6Ml9sTyvy9Z','Test@test.com (User ID #13)'),(105,'yh3DWVqj9D0w1KerqfIA4TZ0qfziuM1X','test_user@x-cart.com (User ID #15)'),(106,'7ZtRyNrE2tPNWigDHrShdpTkr6b54fq6','test@example.com (User ID #8)'),(107,'e0XHCfUzzie9TYP5UkAFvIBgeosG8uDn','Givi@x-cart.com (User ID #11)'),(108,'EqpjX8ekEf1vRBIvVYvsGCGropyz7ycW','yakoff@x-cart.com (User ID #108756)'),(109,'rZXwgG6qahuzsHgaR8ums8jplK1EjsHN','yakoff@x-cart.com (User ID #108758)'),(110,'Ktfr8XKTB1oQezj3YeAoaUmgrBN9YYQF','yakoff@x-cart.com (User ID #108759)'),(111,'zaHCoTLKrJ8Y1eWS2Tcd9Z3GuOtDbdCN','yakoff@x-cart.com (User ID #108760)'),(112,'H0uT3V4zEKEYSdFi3IIzYwT5ky4ONVJm','yakoff@x-cart.com (User ID #108761)'),(113,'GvOSnDHdUVNzheabrfMeuu2mou8EsbV8','admin@example.com (User ID #7)'),(114,'kJ4DSeeU2OjDe6esRP3h2qpqMHOxGaRC','yakoff@x-cart.com (User ID #36)'),(115,'s4i8QZtCRsccwzfWCnho0ATrbjk2djF8','Givi@x-cart.com (User ID #40)'),(116,'zzsBzrewIJv0Nxdkc8PuCOmaOEx6hVf6','yakoff@x-cart.com (User ID #108762)'),(117,'Upu89kRhO6WToKeonXH49T12vzJUZ5kD','admin@example.com (User ID #7)'),(118,'HRINKtejLzigBhRKnKZaVk3GMsZ3QmIF','admin@example.com (User ID #7)'),(119,'2egapTlznb9ESIlf25YO52VGt0pp2bZq','i.dohtur@gmail.com (User ID #9)'),(120,'bxqckuPgkwzR4Uc1P3nsoGi4EOn6kNnK','admin@example.com (User ID #7)'),(121,'Ew2mLoKMaWliF32LOUmkmMdRbZo4Q0hI','admin@example.com (User ID #7)'),(122,'ngewVQ2UBPy0U2UwriED2nT3N9wqFrsM','i.dohtur@gmail.com (User ID #14)'),(123,'X5zWydWlRDaJ0eVjBAfJwEkmS5sba7FZ','admin@example.com (User ID #7)'),(124,'1G7jjnfPRlp3yHPwJRsDDyU4ja4wS6Sc','test@example.com (User ID #8)'),(125,'XauhhC2h5b0NWQeoayRJjR54KJ1Kv9K6','admin@example.com (User ID #7)'),(126,'CDrEHOuSDbfuNk6g2OBKZ622T1RXBTqX','admin@example.com (User ID #7)'),(127,'uAQ8y7A8R9f6UcXEMiOfbJ4X8dk7wSjx','admin@example.com (User ID #7)'),(128,'lOD2zBgeWazbnVvMumjbSPOuWlTxCtrn','yakoff@x-cart.com (User ID #8)'),(129,'QQbH9FYmNcT7B19va0TejXMKJSdTsOqN','yakoff@x-cart.com (User ID #7)'),(130,'h7sLvjBD2jy2Wkgol2tOXZ6sbe38EW7N','yakoff@x-cart.com (User ID #8)'),(131,'HjND9FpJwGIlrAhsAYxTPASErbVCu5H9','yakoff@x-cart.com (User ID #8)'),(132,'eORaNClwQuLDkYfkoFaxyg4zCfZjGDYd','yakoff@x-cart.com (User ID #8)'),(133,'lTzmVkozvzN4yJ4ihZ6DiYiQzfFH9M43','yakoff@x-cart.com (User ID #8)'),(134,'j6DEJf9ywNsjXFcNLCi271PAcjiGTZ57','yakoff@x-cart.com (User ID #8)'),(135,'7x1n65osxxNUK19nG6BDU8S16TiUkmAg','yakoff@x-cart.com (User ID #8)'),(136,'a8raSbCeaV53OgupGfI4obWn5wBdb9iB','yakoff@x-cart.com (User ID #8)'),(137,'0796CoZpeN1ejeCwAKE5R9hrSehXxCe9','yakoff@x-cart.com (User ID #8)'),(138,'vvAMglt18vSq52jam68U7a2Ymjfu7NVh','yakoff@x-cart.com (User ID #8)'),(139,'Q95RQYeKcOpH9LK8gAerZvgDL56Ei1QX','yakoff@x-cart.com (User ID #8)'),(140,'e3QXm5lqQ0Pmx1SwNY8NMAsP6e4zjhpG','yakoff@x-cart.com (User ID #8)'),(141,'ZJ97v3LBjjFTWGia70rhpmKTn3wfoJnZ','yakoff@x-cart.com (User ID #8)'),(142,'YDE9KcRHAB1JuoHuqx7K9HBxfOPkYPHf','admin@example.com (User ID #7)'),(143,'neirUZneBneoKY61JeZ8wxyEyllzZUDX','admin@example.com (User ID #7)'),(144,'RP3lGIzYtp4qDO4ZclVYPjmrxPbWqcZE','admin@example.com (User ID #7)'),(145,'dQDAmAjqANUdpKUBDnaICmFVsYLe5WX3','admin@example.com (User ID #7)'),(146,'CGsJbmXQvvfL7UKIsbBSS0ZMhSPYSgyb','admin@example.com (User ID #7)'),(147,'BlxndI2UtJJ4qTFhAIpXZlRhDBO5xe3i','givi+1@x-cart.com (User ID #7)'),(148,'quUhij8bO25J5dL2NePUE12boobkIz5P','admin@example.com (User ID #7)'),(149,'Zs59WWz8nAl6mkpZ9xo2tDpzyxfVlsWX','Givi@x-cart.com (User ID #11)'),(150,'lijbJld4OvW5nfNI9IufhXOGlK2DTxKN','admin@example.com (User ID #7)'),(151,'ayVocm8zUhCy2HB4oSj9zt8X7FbgbiUp','joss@x-payments.com (User ID #12)'),(152,'yQLk295q3ZFfhuTsEc0mC4nO83cmJXFY','Givi@x-cart.com (User ID #9)'),(153,'AfovJGbu0npboYVXXwXsPzV6PKvdeAJr','test@example.com (User ID #9)'),(154,'IHRbYtq5b0DgtK8pyLPYBT6htOep7zuN','admin@example.com (User ID #7)'),(155,'urKiZvE1g2phK3lz1uSI3b3MohZqffiH','admin@example.com (User ID #7)'),(156,'T16gLwlSAZeoWqM4gj9MmQWRQ9pfCQ6a','Givi@x-cart.com (User ID #9)'),(157,'O6uRBC7TAQkN3mIQU7MIjLH9NT87LlmR','admin@example.com (User ID #7)'),(158,'O5wd6Vn21AdKvktL6cgtzHlFbPrz02xP','admin@example.com (User ID #7)'),(159,'FZHYIhGfCsIUwnmUB9YXD2Eh93hfJgCw','admin@example.com (User ID #7)'),(160,'gooKuqKDT2FiEvjA8UBgSxDUn4CPsBai','admin@example.com (User ID #7)'),(161,'LoVsandFay57QCnO1HvGWcQPpsG47EEI','admin@example.com (User ID #7)'),(162,'nA3e5KTOUVBzFjmohBsd25V0tpJQGjW9','admin@example.com (User ID #7)'),(163,'W5L8cnwMk6CwyIZ2RmhTEmGJYdmgQYOI','admin@example.com (User ID #7)'),(164,'kSaljmdAyUfW9DRKmEJMbeGXDqIyUGXh','admin@example.com (User ID #7)'),(165,'TnHuqMVm6eGqAIF2UdJlNtzC5CS2haWW','admin@example.com (User ID #7)'),(166,'9EYO97ZYThI9z2pDxILmr2FR8CN9lR0h','admin@example.com (User ID #7)'),(167,'3ja0CZAvSp8R0VjIyFB2xVZTf8s12WWm','admin@example.com (User ID #7)'),(168,'oJ4nE5Es4yzuvyEllqDytGKZrdTLY7Xb','admin@example.com (User ID #7)'),(169,'B2n99FOXk7Kbrli0cn6xicM46GbGixKQ','admin@example.com (User ID #7)'),(170,'hmTlxzJEZ28TdATSZ128yiT28weI4FUN','admin@example.com (User ID #7)'),(171,'prpCNBEokQapFdTqxRfShzhye7uoEvEA','admin@example.com (User ID #7)'),(172,'CftQI6yXZwHx0Cp2ltTJ9kVMYqKXFLre','admin@example.com (User ID #7)'),(173,'7M5drqxpUtd2El3ydGRKKnXIlZUOK3JE','admin@example.com (User ID #7)'),(174,'C1R8HUFThzLIQXYejHQfn4mZ7kBtHeOK','admin@example.com (User ID #7)'),(175,'HL1b0Yb8aiVgiLozpmySUVRhIZq3juv1','admin@example.com (User ID #7)'),(176,'bojtYbRXBjJAJkI9uDlb1CQDceb5JePv','admin@example.com (User ID #7)'),(177,'lsU1FkeX9Z0TP2Gei6ZZIAyrF6ulx4kL','test@example.com (User ID #8)'),(178,'3wc7Qye4WocUwRHg06zPdI7dATB5mEWt','test@example.com (User ID #8)'),(179,'qdVy8QcvB6o3WXpyd5xnSls6WZlBKbw6','Givi@x-cart.com (User ID #9)'),(180,'a7Z4g9BHdVFV4G1DeOlrRdMcPw3u1Zrd','admin@example.com (User ID #7)'),(181,'OCKQIlTemp2M2kJFatzEUrdSeLDhsBOe','admin@example.com (User ID #7)'),(182,'5yCd0uMfgLdwpxrcxh6wShehG9AVv8Zw','test@example.com (User ID #8)'),(183,'nscIOzo0ipyk4Qpznp8BY40DPkQAGa5h','admin@example.com (User ID #7)'),(184,'peu3F5YcAVLVQZ2woqgDIImN5nx9xDgD','test@example.com (User ID #10)'),(185,'QqRVQblQYWsxy2btq6JRXXrRsJT1FnOh','Givi@x-cart.com (User ID #18)'),(186,'d5Xu3lVLOFWZ03prZUxIPeaFUanvVH1q','test@example.com (User ID #20)'),(187,'NnAssDyIV76El0XTYjmad3xzEZGdltxF','Givi@x-cart.com (User ID #21)'),(188,'HLe5LZV52oV2Y6307UClUQSwTNP4yUBz','Givi@x-cart.com (User ID #23)'),(189,'OmqD5htBrCDKa0KEoGTuzYlGCfRmAFbf','admin@example.com (User ID #7)'),(190,'3n32OIvXYPReEXaeNoOnAL7tRWajEFB7','random@xpayments.com (User ID #9)'),(191,'HIhdaGXHZM6EoZ0BAeErVGlgZyg5a8hM','random@xpayments.com (User ID #11)'),(192,'fl06DLHvddtQyIxX41s6IoPmOOvXf5XW','Givi@x-cart.com (User ID #12)'),(193,'XVoXuMO4qdign5h2dDLbd3o0iDbwV28q','test@example.com (User ID #8)'),(194,'jp6TxKiIYJ6SkKSHg8S58M5sKBJOFEaV','admin@example.com (User ID #7)'),(195,'1jJ9WtQ57NvzsJMU3CVvPr4U5QB2krpz','admin@example.com (User ID #7)'),(196,'QBuKqKKAZNZpobD46glaFzZuE9AHTCCt','admin@example.com (User ID #7)'),(197,'jRB85D5hrEW6McDIo6HN1X2WUsr8gTtG','admin@example.com (User ID #7)'),(198,'NMOlFc0MwEqW8UIZV62vyD47nYGHKSGb','admin@example.com (User ID #7)'),(199,'rmAtu4jeetPGOocRM6edM2ZXQ6vuwIWn','admin@example.com (User ID #7)'),(200,'ylfu6jCmTCoSVPAs4XU2JqZz3iMjhXDd','givi@x-cart.com (User ID #15)'),(201,'MoGK42aEfsxgpUKuhkjj0lfswcacRIaL','joss@x-payments.com (User ID #16)'),(202,'LGNvFJD3X5stVTd9RzOfsEZwgDsMPPbv','admin@example.com (User ID #7)'),(203,'x4QseNOUcbgLBlNSB4nDYYAhZBOgryQ0','admin@example.com (User ID #7)'),(204,'raqVdiWrHEUzkB9m5ZVFT3YLKabcPiHm','admin@example.com (User ID #7)'),(205,'T4UhdXQDitmyMOOW6GISeTTdp4dgDNKh','admin@example.com (User ID #7)'),(206,'QG0MYAQYSzMwnD9HZ0mUyJUsudpwE1Zm','test@example.com (User ID #11)'),(207,'EgDBLLeCYFQnMmNcO5fPiNcmNogdWxe3','test@example.com (User ID #8)'),(208,'5nvizpD4iA9PRg56vYAExOviCPGfErlM','Givi@x-cart.com (User ID #11)'),(209,'JyPuG7ggPgMpL27jdKQnwEcoU8GeJ6h6','wasp@x-cart.com (User ID #14)'),(210,'5bM1U2VcaDZ5uJAvQZfeUmVR3JxG960a','wasp@x-cart.com (User ID #18)'),(211,'Jq9IPqWD8dpd0GyzQQoGCCAz0QLQZsxj','admin@example.com (User ID #7)'),(212,'lPAO1siDSlpHDdxcZPYhzncsFbvqpaCk','admin@example.com (User ID #7)'),(213,'qztRdBcaTacAMwGlwvoRKgS4XU9WwMDb','joss@x-payments.com (User ID #16)'),(214,'ns1KvxI8kAJVCHqwdq6UZvU7p5geSzk3','joss@x-payments.com (User ID #18)'),(215,'iIYFw8gA16VuJ46oaJzxZx6BaWHHjyjr','test@example.com (User ID #21)'),(216,'Ugm5weEw1ZnBKVuOzDY7cMKxb9Y2k4QI','admin@example.com (User ID #7)'),(217,'qBwunHIQBbu2sVqIfcG8RHsLtZZyAxbm','admin@example.com (User ID #7)'),(218,'vcEneoOG2QmIunanqwC0HIs4fWDCPXCw','test@example.com (User ID #11)'),(219,'qEInY5oCpbg7jtJ6anITYHlkK8ZnLSyV','admin@example.com (User ID #7)'),(220,'8G91yn42aPE0FxLI1PGZSqxB1O9IjuSj','admin@example.com (User ID #7)'),(221,'iVKfldFErAIoS6d4bNxBiTwLXRBjtHXI','admin@example.com (User ID #7)'),(222,'RUW9yhrzGdSa0MJPJVhCoiNTj1RiJ0RP','test@example.com (User ID #8)'),(223,'SUeEW8lOrAUybDWrCOi5YrRhxaJVvKqe','test@example.com (User ID #10)'),(224,'7s8aF52oL15cxk4PkTGcpiAdPN98Ro01','test@example.com (User ID #14)'),(225,'yoQLwqNslvbqhuSLLnLIj9xNXqceLb4h','test@example.com (User ID #15)'),(226,'yfdcrLOhCynYRr5hukATIowhS7V57J0p','admin@example.com (User ID #7)'),(227,'Fad76VE1IqLwzKg1PIFBI08u3WOiZ9e8','test@example.com (User ID #17)'),(228,'q9G0BZGZRuSkatZJlk1M6nlX13IMG4pe','test@example.com (User ID #24)'),(229,'RIojC3OIYQB6otGXzWw1tnMwQGZMem4a','admin@example.com (User ID #7)'),(230,'svNv3hvVuRUpX0fQ1wLkDKWxif9mDrG4','admin@example.com (User ID #7)'),(231,'wKYL12wJzuc7DUuAl8yPK0sYbQM8JBne','admin@example.com (User ID #7)'),(232,'COKJSd4CZ6YU4gEQBOXIUZ4pgosoIBCK','Givi@x-cart.com (User ID #9)'),(233,'PVfeOPz46gefXDiz3ev3vPCBD7E2lhN2','admin@example.com (User ID #7)'),(234,'yl71Xd5KFvQbby2hzbRino14XMP7wu8I','admin@example.com (User ID #7)'),(235,'Y4WlZK9VnuxFYRHALoZbQTKvtQfLGcF5','admin@example.com (User ID #7)'),(236,'BroyLfwFMGmCkucGvch51066KHBlKdb6','admin@example.com (User ID #7)'),(237,'zRRlUyCHjuircVfjm5C3O1cMa6Ob11LZ','givi@x-cart.com (User ID #9)'),(238,'i6ItkSGfX5TucPBAhAlEn1GhadSGyhSJ','admin@example.com (User ID #7)'),(239,'0d6OWXQWU2VMs8N2xV4W8m9nuDgmuDPs','admin@example.com (User ID #7)'),(240,'ftpUILZP1QTO2cCGdZpVAWCd75Pr8cNG','admin@example.com (User ID #7)'),(241,'LGKFCx4ZYSo1tMZ31zLToBXLCsG8KiMR','admin@example.com (User ID #7)'),(242,'go1BDXi5DNfO8wWo20BIICzkj5dTWGDw','admin@example.com (User ID #7)');

--
-- Table structure for table `xpay_danger_events`
--

CREATE TABLE `xpay_danger_events` (
  `event_id` int NOT NULL AUTO_INCREMENT,
  `user_id` int NOT NULL DEFAULT '0',
  `timestamp` int NOT NULL DEFAULT '0',
  `event_type` char(3) NOT NULL DEFAULT '',
  PRIMARY KEY (`event_id`),
  KEY `xpay_danger_events_ibfk_1` (`user_id`),
  CONSTRAINT `xpay_danger_events_ibfk_1` FOREIGN KEY (`user_id`) REFERENCES `xpay_profiles` (`user_id`) ON DELETE CASCADE ON UPDATE CASCADE
) ENGINE=InnoDB AUTO_INCREMENT=7 DEFAULT CHARSET=utf8mb3;

--
-- Dumping data for table `xpay_danger_events`
--

INSERT INTO `xpay_danger_events` (`event_id`, `user_id`, `timestamp`, `event_type`) VALUES (6,1,1724770614,'DAL');

--
-- Table structure for table `xpay_email_sent_time`
--

CREATE TABLE `xpay_email_sent_time` (
  `name` char(255) NOT NULL,
  `timestamp` int NOT NULL DEFAULT '0',
  PRIMARY KEY (`name`)
) ENGINE=InnoDB DEFAULT CHARSET=utf8mb3;

--
-- Dumping data for table `xpay_email_sent_time`
--

INSERT INTO `xpay_email_sent_time` (`name`, `timestamp`) VALUES ('HELPDESK_CRON_FAILED',1724303516),('HELPDESK_NO_ACTIVE_CHD_KEYS',1697196656),('LOGGER_DISK_WRITE_ERROR',1651038895);

--
-- Table structure for table `xpay_file_hashs`
--

CREATE TABLE `xpay_file_hashs` (
  `path` varchar(255) CHARACTER SET utf8mb3 COLLATE utf8mb3_bin NOT NULL DEFAULT '',
  `hash` char(32) NOT NULL DEFAULT '',
  PRIMARY KEY (`path`)
) ENGINE=InnoDB DEFAULT CHARSET=utf8mb3;

--
-- Dumping data for table `xpay_file_hashs`
--

INSERT INTO `xpay_file_hashs` (`path`, `hash`) VALUES ('common_js:','c79867795a8c112bdca42e384be32d24'),('css:','7e1fe33a77aee58f53195170fc30c44c'),('js:','1ca4c8b4efc303c953be0c7f70f83cd6'),('payment_common_js:','092f899e810cff186b38b22fa85204d4'),('payment_wallet_js:','8424453b9f2d51d3f44f3d47b1acc416'),('public:blue.css','cd945c10b3a496b2ab97dfe43603f5d2'),('public:blue_inversed.css','33fd63b2fe185ded4aa47b21f6a05e83'),('public:classic.css','7c482d9e6666c4d813c0a233780ecc5d'),('public:coral.css','556918fcbb7ff5a3e22eba67be960798'),('public:default.css','7c482d9e6666c4d813c0a233780ecc5d'),('public:gray.css','e11bb351e50e53cf0a1dba708df11325'),('public:green.css','869268ab2670878e96224a6bec2c4c6a'),('public:legacy.css','7c482d9e6666c4d813c0a233780ecc5d'),('public:orange.css','bccaf031c5e4841982f047e98306d2e2'),('template:blue.html','02f02993991166800aed9e9b2eb1b076'),('template:blue_inversed.html','f10d73b56091f90a814a218f4610e2e7'),('template:classic.html','15ef0fc740fce21b26313140017a45ea'),('template:coral.html','ae7da63065de40e830282ed12ee14f8c'),('template:default.error.html','fd8e91bf781b66ffe843dd9ce29a9928'),('template:default.html','eec9c8674e66903340312672a4f7b5cc'),('template:gray.html','6ec27518229ec2837680acdfba79da68'),('template:green.html','c818dc1db631f50feb0f40f898ac43fb'),('template:labels.csv','d41d8cd98f00b204e9800998ecf8427e'),('template:legacy.html','7f3587715aaadf2c7273c68cb8572699'),('template:orange.html','ffed78f497a27b736bc2cc444a330e13'),('template:outline.html','dc5d9f17fc030f3274532c5f678801e1');

--
-- Table structure for table `xpay_formuid`
--

CREATE TABLE `xpay_formuid` (
  `f_id` int NOT NULL AUTO_INCREMENT,
  `session_id` char(32) NOT NULL DEFAULT '',
  `form_uid` char(128) NOT NULL DEFAULT '',
  PRIMARY KEY (`f_id`),
  KEY `xpay_formuid_1` (`session_id`),
  CONSTRAINT `xpay_formuid_1` FOREIGN KEY (`session_id`) REFERENCES `xpay_sessions` (`session_id`) ON DELETE CASCADE ON UPDATE CASCADE
) ENGINE=InnoDB AUTO_INCREMENT=42243 DEFAULT CHARSET=utf8mb3;

--
-- Dumping data for table `xpay_formuid`
--


--
-- Table structure for table `xpay_google_auth_used_codes`
--

CREATE TABLE `xpay_google_auth_used_codes` (
  `user_id` int NOT NULL DEFAULT '0',
  `code` varchar(64) NOT NULL DEFAULT '',
  `used_time` int NOT NULL DEFAULT '0',
  PRIMARY KEY (`user_id`,`code`),
  CONSTRAINT `xpay_google_auth_used_codes_ibfk_1` FOREIGN KEY (`user_id`) REFERENCES `xpay_profiles` (`user_id`) ON DELETE CASCADE ON UPDATE CASCADE
) ENGINE=InnoDB DEFAULT CHARSET=utf8mb3;

--
-- Dumping data for table `xpay_google_auth_used_codes`
--

INSERT INTO `xpay_google_auth_used_codes` (`user_id`, `code`, `used_time`) VALUES (1,'0a67b1fcf785ac89bff2cfd7582a2044',1697199900),(1,'122c9eca4e3a593201ea4da4c95ce6e2',1697180993),(1,'168ea1a99d8e9b9932d9d2bc0e1e09bc',1722326422),(1,'1a643fab7afef5a00b65080b58f09c78',1722932107),(1,'1b7e1ffbefb0c9b821e815692ec2650d',1724156076),(1,'1bb9a08e1360dea0bd0f805a75cb5611',1718971230),(1,'1cf57e6e9f2b390b5da67d402a5adc01',1697182906),(1,'1d1fb8202d9bed3770cb765e36099c03',1697196338),(1,'1e65237ff6f4be622339418d243466c8',1724351979),(1,'22013725affadc3bfb569fc228d528ed',1719907692),(1,'2677d132d625915b2b5e006c86f4f40a',1723788782),(1,'2bd7d191e64b36d01be8f0dfd079db6d',1697142089),(1,'2f72e1df97d6f926c1445797a2ff93aa',1719341198),(1,'2f838c32689dc6b1a5ec90cf99f39859',1697528005),(1,'3539df13ea7b1e68e466536e386b9c20',1719910535),(1,'3a2ed169836daad3c7111b4bd9bba98e',1724150036),(1,'4c33af538bef24ccd7b463f36197a5e9',1697727543),(1,'5121044c88af95d985493f47546f8270',1719260058),(1,'5165bd4eb20ab3def43cf76c2c2d9eaf',1723096153),(1,'5248765360736ae8441f99d06c168ea8',1724144536),(1,'5918f8325e042ac3280f1f0d77b55e3e',1722916450),(1,'5b2cc96146276d79487ae78c6273920e',1722321179),(1,'690d424d0da24b3f194fc60c27f1eb94',1717749716),(1,'6ce27b524e665fc51fb541602aa99470',1697205700),(1,'6ea63705ad554927c532ad6aa853b9f4',1719320704),(1,'70bbfbf134168b0bb2803d50b1bdd469',1722973768),(1,'72208e31c910e15aef1dc8f8d715df87',1722258036),(1,'75fff07f6b67026e71b52769f19087c2',1719836462),(1,'76a9f67ca2981b40dd6fb2491286b9e9',1697177176),(1,'7b8ce0a081d9ccda7626927c5eec42d2',1697644070),(1,'8997660df75ee56c52418b6e26256140',1723027739),(1,'90d1f85aacc4b89d153793d571700a94',1719304769),(1,'a58f0774f7f0406ef9251c79457d1507',1709013529),(1,'a78bfc22a3a7dbe7153a36a761eaab7c',1723056328),(1,'a7d0827be16c3bc190433bab60fe0d04',1723036335),(1,'b02d2589a31a3329555c3709ebcae7aa',1697482480),(1,'b6d56f451b429b1b4f1763e8ca874c26',1719920536),(1,'baeb76be26746bd40df3e5e8b974e575',1719926257),(1,'bb1ff57234377dd62ad5241f832c6652',1698183249),(1,'bbee19f4c84c8cd6c8ba8392db7c9b36',1724303515),(1,'bc987834dde126e573952dbb79ccb070',1697126776),(1,'bfd93a6f0b04114face4bb6d089a9e8d',1722934303),(1,'c97dcb98fccb272a82a66d4cbe762f73',1724141919),(1,'cbeeaac6a27628312c191ef02ae24647',1719908865),(1,'d020ca9cd13ca95c6317914a5a7a5f0e',1719343906),(1,'d447e8d0345473fa625813546bccc592',1717704894),(1,'d56d1542bc8278e7bbaac31041f6a873',1698068111),(1,'def03a37e214c317b3ec9508e2eab0ad',1723625299),(1,'f0938e59a51374405ee8483e6d3cadda',1723011279),(1,'f1548188b016b24811963928e18f1799',1711986931),(1,'f1714df9310c1457ddf687c0525f15d4',1717615173),(1,'f19b820747b6e378c482b9a9885d6f70',1697714939),(1,'f49ac9cbf8e0fdd0eb00f145a8edebaa',1697203483),(1,'f5e9400a0f8a48c6cdf753c7253335f4',1697714838),(1,'f866196819753e4792c4d8593b397eef',1697714398),(1,'fa8e5e90b1c78bc465854f0ba89097ba',1723028632);

--
-- Table structure for table `xpay_hosted_params`
--

CREATE TABLE `xpay_hosted_params` (
  `name` char(64) NOT NULL,
  `value` text NOT NULL,
  PRIMARY KEY (`name`)
) ENGINE=InnoDB DEFAULT CHARSET=utf8mb3;

--
-- Dumping data for table `xpay_hosted_params`
--

INSERT INTO `xpay_hosted_params` (`name`, `value`) VALUES ('action_login','Y'),('action_payment_processed','Y'),('action_setup_pconf','Y'),('disk_warning','0'),('limit_notified_threshold','-1'),('limit_payments_counter','17'),('limit_period_expire','1731787200'),('plan_expired','0'),('traffic_warning','');

--
-- Table structure for table `xpay_languages`
--

CREATE TABLE `xpay_languages` (
  `code` char(2) NOT NULL DEFAULT '',
  `code3` char(3) NOT NULL DEFAULT '',
  `language` varchar(128) NOT NULL DEFAULT '',
  PRIMARY KEY (`code`),
  UNIQUE KEY `code3` (`code3`)
) ENGINE=InnoDB DEFAULT CHARSET=utf8mb3;

--
-- Dumping data for table `xpay_languages`
--

INSERT INTO `xpay_languages` (`code`, `code3`, `language`) VALUES ('aa','aar','Afar'),('ab','abk','Abkhazian'),('ae','ave','Avestan'),('af','afr','Afrikaans'),('ak','aka','Akan'),('am','amh','Amharic'),('an','arg','Aragonese'),('ar','ara','Arabic'),('as','asm','Assamese'),('av','ava','Avaric'),('ay','aym','Aymara'),('az','aze','Azerbaijani'),('ba','bak','Bashkir'),('be','bel','Belarusian'),('bg','bul','Bulgarian'),('bh','bih','Bihari'),('bi','bis','Bislama'),('bm','bam','Bambara'),('bn','ben','Bengali'),('bo','tib','Tibetan'),('br','bre','Breton'),('bs','bos','Bosnian'),('ca','cat','Catalan'),('ce','che','Chechen'),('ch','cha','Chamorro'),('co','cos','Corsican'),('cr','cre','Cree'),('cs','cze','Czech'),('cu','chu','Church Slavic'),('cv','chv','Chuvash'),('cy','wel','Welsh'),('da','dan','Danish'),('de','ger','German'),('dv','div','Divehi'),('dz','dzo','Dzongkha'),('ee','ewe','Ewe'),('el','gre','Greek'),('en','eng','English'),('eo','epo','Esperanto'),('es','spa','Spanish'),('et','est','Estonian'),('eu','baq','Basque'),('fa','per','Persian'),('ff','ful','Fulah'),('fi','fin','Finnish'),('fj','fij','Fijian'),('fo','fao','Faroese'),('fr','fre','French'),('fy','fry','Western Frisian'),('ga','gle','Irish'),('gd','gla','Gaelic'),('gl','glg','Galician'),('gn','grn','Guarani'),('gu','guj','Gujarati'),('gv','glv','Manx'),('ha','hau','Hausa'),('he','heb','Hebrew'),('hi','hin','Hindi'),('ho','hmo','Hiri Motu'),('hr','hrv','Croatian'),('ht','hat','Haitian'),('hu','hun','Hungarian'),('hy','arm','Armenian'),('hz','her','Herero'),('ia','ina','Interlingua'),('id','ind','Indonesian'),('ie','ile','Interlingue'),('ig','ibo','Igbo'),('ii','iii','Sichuan Yi'),('ik','ipk','Inupiaq'),('io','ido','Ido'),('is','ice','Icelandic'),('it','ita','Italian'),('iu','iku','Inuktitut'),('ja','jpn','Japanese'),('jv','jav','Javanese'),('ka','geo','Georgian'),('kg','kon','Kongo'),('ki','kik','Kikuyu'),('kj','kua','Kuanyama'),('kk','kaz','Kazakh'),('kl','kal','Kalaallisut'),('km','khm','Central Khmer'),('kn','kan','Kannada'),('ko','kor','Korean'),('kr','kau','Kanuri'),('ks','kas','Kashmiri'),('ku','kur','Kurdish'),('kv','kom','Komi'),('kw','cor','Cornish'),('ky','kir','Kirghiz'),('la','lat','Latin'),('lb','ltz','Luxembourgish'),('lg','lug','Ganda'),('li','lim','Limburgan'),('ln','lin','Lingala'),('lo','lao','Lao'),('lt','lit','Lithuanian'),('lu','lub','Luba-Katanga'),('lv','lav','Latvian'),('mg','mlg','Malagasy'),('mh','mah','Marshallese'),('mi','mao','Maori'),('mk','mac','Macedonian'),('ml','mal','Malayalam'),('mn','mon','Mongolian'),('mr','mar','Marathi'),('ms','may','Malay'),('mt','mlt','Maltese'),('my','bur','Burmese'),('na','nau','Nauru'),('nd','nde','Ndebele, North'),('ne','nep','Nepali'),('ng','ndo','Ndonga'),('nl','dut','Dutch'),('no','nor','Norwegian'),('nr','nbl','Ndebele, South'),('nv','nav','Navajo'),('ny','nya','Chichewa'),('oc','oci','Occitan'),('oj','oji','Ojibwa'),('om','orm','Oromo'),('or','ori','Oriya'),('os','oss','Ossetian'),('pa','pan','Panjabi'),('pi','pli','Pali'),('pl','pol','Polish'),('ps','pus','Pushto'),('pt','por','Portuguese'),('qu','que','Quechua'),('rm','roh','Romansh'),('rn','run','Rundi'),('ro','rum','Romanian'),('ru','rus','Russian'),('rw','kin','Kinyarwanda'),('sa','san','Sanskrit'),('sc','srd','Sardinian'),('sd','snd','Sindhi'),('se','sme','Northern Sami'),('sg','sag','Sango'),('si','sin','Sinhala'),('sk','slo','Slovak'),('sl','slv','Slovenian'),('sm','smo','Samoan'),('sn','sna','Shona'),('so','som','Somali'),('sq','alb','Albanian'),('sr','srp','Serbian'),('ss','ssw','Swati'),('st','sot','Sotho, Southern'),('su','sun','Sundanese'),('sv','swe','Swedish'),('sw','swa','Swahili'),('ta','tam','Tamil'),('te','tel','Telugu'),('tg','tgk','Tajik'),('th','tha','Thai'),('ti','tir','Tigrinya'),('tk','tuk','Turkmen'),('tl','tgl','Tagalog'),('tn','tsn','Tswana'),('to','ton','Tonga'),('tr','tur','Turkish'),('ts','tso','Tsonga'),('tt','tat','Tatar'),('tw','twi','Twi'),('ty','tah','Tahitian'),('ug','uig','Uighur'),('uk','ukr','Ukrainian'),('ur','urd','Urdu'),('uz','uzb','Uzbek'),('ve','ven','Venda'),('vi','vie','Vietnamese'),('vo','vol','Volap&uuml;k'),('wa','wln','Walloon'),('wo','wol','Wolof'),('xh','xho','Xhosa'),('yi','yid','Yiddish'),('yo','yor','Yoruba'),('za','zha','Zhuang'),('zh','chi','Chinese'),('zu','zul','Zulu');

--
-- Table structure for table `xpay_masked_card_data`
--

CREATE TABLE `xpay_masked_card_data` (
  `payment_id` int NOT NULL DEFAULT '0',
  `first6` char(6) NOT NULL DEFAULT '',
  `last4` char(4) NOT NULL DEFAULT '',
  `type` char(16) NOT NULL DEFAULT '',
  `expire_month` char(2) NOT NULL DEFAULT '',
  `expire_year` char(4) NOT NULL DEFAULT '',
  `cardholder_name` varchar(255) NOT NULL DEFAULT '',
  PRIMARY KEY (`payment_id`),
  KEY `payment_id` (`payment_id`),
  CONSTRAINT `xpay_payment_mkd_ibfk_1` FOREIGN KEY (`payment_id`) REFERENCES `xpay_payments` (`payment_id`) ON DELETE CASCADE ON UPDATE CASCADE
) ENGINE=InnoDB DEFAULT CHARSET=utf8mb3;

--
-- Dumping data for table `xpay_masked_card_data`
--

INSERT INTO `xpay_masked_card_data` (`payment_id`, `first6`, `last4`, `type`, `expire_month`, `expire_year`, `cardholder_name`) VALUES (1,'426397','5262','VISA','12','2022',''),(2,'422200','4235','VISA','12','2022',''),(11,'426397','5262','VISA','12','2022',''),(15,'401200','8884','VISA','12','2022',''),(16,'492900','0006','VISA','12','2022',''),(17,'492900','0006','VISA','12','2023',''),(18,'492900','0006','VISA','12','2022',''),(19,'492900','0006','VISA','12','2022',''),(20,'492900','0006','VISA','12','2022',''),(25,'492900','0006','VISA','12','2022',''),(26,'411111','1111','VISA','12','2026',''),(28,'426397','5262','VISA','12','2022',''),(29,'422200','4235','VISA','12','2022',''),(34,'401200','8884','VISA','12','2022',''),(35,'426397','5262','VISA','12','2022',''),(36,'401200','8884','VISA','12','2022',''),(37,'411111','1111','VISA','12','2022',''),(38,'411111','1111','VISA','12','2022',''),(39,'411111','1111','VISA','12','2022',''),(40,'411111','1111','VISA','12','2022',''),(41,'411111','1111','VISA','12','2022',''),(42,'426397','5262','VISA','01','2023',''),(43,'426397','5262','VISA','01','2023',''),(44,'401200','8884','VISA','01','2023',''),(45,'401200','8884','VISA','01','2023',''),(46,'411111','1111','VISA','01','2023',''),(47,'411111','1111','VISA','01','2023',''),(48,'411111','1111','VISA','12','2022',''),(49,'411111','1111','VISA','12','2022',''),(50,'411111','1111','VISA','12','2022',''),(51,'411111','1111','VISA','12','2022',''),(52,'100000','0008','VISA','01','2023',''),(53,'100000','0008','VISA','02','2023',''),(54,'411111','1111','VISA','12','2026',''),(55,'411111','1111','VISA','12','2026',''),(56,'411111','1111','VISA','12','2026',''),(57,'411111','1111','VISA','12','2026',''),(58,'411111','1111','VISA','02','2022',''),(59,'481852','9009','VISA','12','2023',''),(60,'481852','9009','VISA','12','2023',''),(61,'481852','9009','VISA','12','2023',''),(62,'481852','9009','VISA','12','2023',''),(63,'481852','9009','VISA','12','2023',''),(64,'481852','9009','VISA','12','2023',''),(65,'411111','1111','VISA','12','2022',''),(66,'411111','1111','VISA','12','2022',''),(68,'520000','0007','MC','01','2023',''),(71,'520000','0007','MC','01','2023',''),(72,'520000','0007','MC','01','2023',''),(74,'520000','0007','MC','12','2023',''),(75,'411111','1111','VISA','12','2022',''),(76,'411111','1111','VISA','12','2023',''),(77,'411111','1111','VISA','12','2023',''),(78,'411111','1111','VISA','12','2023',''),(79,'411111','1111','VISA','12','2023',''),(80,'414116','4978','VISA','01','2023',''),(81,'414116','4978','VISA','01','2023',''),(82,'411111','1111','VISA','12','2022',''),(83,'411111','1111','VISA','12','2022',''),(84,'411111','1111','VISA','12','2022',''),(85,'411111','1111','VISA','12','2022',''),(86,'411111','1111','VISA','12','2022',''),(87,'411111','1111','VISA','12','2022',''),(88,'411111','1111','VISA','12','2022',''),(89,'411111','1111','VISA','12','2022',''),(90,'411111','1111','VISA','12','2022',''),(91,'411111','1111','VISA','12','2022',''),(93,'411111','1111','VISA','12','2027',''),(94,'411111','1111','VISA','12','2027',''),(95,'411111','1111','VISA','12','2027',''),(96,'411111','1111','VISA','12','2027',''),(97,'481852','9009','VISA','12','2023',''),(98,'481852','9009','VISA','12','2023',''),(99,'481852','9009','VISA','12','2023',''),(100,'520000','0007','MC','01','2023',''),(101,'400000','0002','VISA','01','2023',''),(102,'520000','0908','MC','01','2023',''),(103,'400099','0004','VISA','01','2023',''),(104,'411111','1111','VISA','12','2022',''),(105,'411111','1111','VISA','12','2022',''),(106,'411111','1111','VISA','12','2022',''),(107,'411111','1111','VISA','12','2022',''),(108,'411111','1111','VISA','12','2027',''),(109,'411111','1111','VISA','12','2027',''),(110,'411111','1111','VISA','12','2022',''),(111,'411111','1111','VISA','12','2022',''),(112,'411111','1111','VISA','12','2022',''),(113,'411111','1111','VISA','12','2022',''),(114,'411111','1111','VISA','12','2022',''),(115,'411111','1111','VISA','12','2022',''),(116,'411111','1111','VISA','12','2022',''),(117,'411111','1111','VISA','12','2022',''),(118,'411111','1111','VISA','12','2027',''),(119,'411111','1111','VISA','12','2027',''),(120,'411111','1111','VISA','12','2027',''),(121,'411111','1111','VISA','12','2027',''),(122,'411111','1111','VISA','12','2027',''),(123,'411111','1111','VISA','12','2022',''),(124,'411111','1111','VISA','12','2022',''),(125,'411111','1111','VISA','12','2022',''),(126,'411111','1111','VISA','12','2022',''),(127,'411111','1111','VISA','12','2022',''),(128,'411111','1111','VISA','12','2022',''),(129,'411111','1111','VISA','12','2023',''),(130,'411111','1111','VISA','12','2022',''),(131,'411111','1111','VISA','01','2024',''),(132,'411111','1111','VISA','01','2024',''),(133,'411111','1111','VISA','01','2024',''),(134,'411111','1111','VISA','01','2024',''),(135,'411111','1111','VISA','01','2024',''),(136,'411111','1111','VISA','01','2024',''),(137,'411111','1111','VISA','01','2024',''),(138,'411111','1111','VISA','01','2024',''),(139,'411111','1111','VISA','01','2024',''),(140,'411111','1111','VISA','01','2024',''),(141,'411111','1111','VISA','01','2024',''),(142,'411111','1111','VISA','01','2024',''),(143,'411111','1111','VISA','01','2024',''),(144,'411111','1111','VISA','01','2024',''),(145,'411111','1111','VISA','01','2024',''),(146,'411111','1111','VISA','01','2024',''),(147,'411111','1111','VISA','01','2024',''),(148,'411111','1111','VISA','01','2024',''),(149,'411111','1111','VISA','01','2024',''),(150,'411111','1111','VISA','01','2024',''),(151,'411111','1111','VISA','01','2024',''),(152,'411111','1111','VISA','01','2024',''),(153,'411111','1111','VISA','01','2024',''),(154,'411111','1111','VISA','01','2024',''),(155,'411111','1111','VISA','01','2024',''),(156,'411111','1111','VISA','01','2024',''),(157,'411111','1111','VISA','01','2024',''),(158,'411111','1111','VISA','01','2024',''),(159,'411111','1111','VISA','01','2024',''),(160,'411111','1111','VISA','01','2024',''),(161,'411111','1111','VISA','01','2024',''),(162,'411111','1111','VISA','01','2024',''),(163,'411111','1111','VISA','01','2024',''),(164,'411111','1111','VISA','01','2024',''),(165,'411111','1111','VISA','01','2024',''),(166,'411111','1111','VISA','01','2024',''),(167,'411111','1111','VISA','01','2024',''),(168,'411111','1111','VISA','01','2024',''),(169,'411111','1111','VISA','01','2024',''),(170,'411111','1111','VISA','01','2024',''),(171,'411111','1111','VISA','01','2024',''),(172,'411111','1111','VISA','01','2024',''),(173,'411111','1111','VISA','01','2024',''),(174,'411111','1111','VISA','01','2024',''),(175,'411111','1111','VISA','01','2024',''),(176,'411111','1111','VISA','01','2024',''),(177,'411111','1111','VISA','01','2024',''),(178,'411111','1111','VISA','01','2024',''),(179,'411111','1111','VISA','01','2024',''),(180,'411111','1111','VISA','01','2024',''),(181,'411111','1111','VISA','01','2024',''),(182,'411111','1111','VISA','01','2024',''),(183,'411111','1111','VISA','01','2024',''),(184,'411111','1111','VISA','01','2024',''),(185,'411111','1111','VISA','01','2024',''),(186,'411111','1111','VISA','01','2024',''),(187,'411111','1111','VISA','01','2024',''),(188,'411111','1111','VISA','01','2024',''),(189,'411111','1111','VISA','01','2024',''),(190,'411111','1111','VISA','01','2024',''),(191,'411111','1111','VISA','01','2024',''),(192,'411111','1111','VISA','12','2022',''),(193,'469395','8411','VISA','09','2022',''),(194,'521324','4768','MC','09','2023',''),(195,'524614','2340','MC','08','2023',''),(196,'411111','1111','VISA','01','2024',''),(197,'411111','1111','VISA','01','2024',''),(198,'411111','1111','VISA','01','2024',''),(199,'411111','1111','VISA','01','2024',''),(200,'411111','1111','VISA','01','2024',''),(201,'411111','1111','VISA','01','2024',''),(202,'411111','1111','VISA','01','2024',''),(203,'411111','1111','VISA','01','2024',''),(204,'411111','1111','VISA','01','2024',''),(205,'411111','1111','VISA','01','2024',''),(206,'411111','1111','VISA','01','2024',''),(207,'411111','1111','VISA','01','2024',''),(208,'411111','1111','VISA','01','2024',''),(209,'411111','1111','VISA','01','2024',''),(210,'411111','1111','VISA','01','2024',''),(211,'411111','1111','VISA','01','2024',''),(212,'411111','1111','VISA','01','2024',''),(213,'411111','1111','VISA','01','2024',''),(214,'411111','1111','VISA','01','2024',''),(215,'411111','1111','VISA','01','2024',''),(216,'411111','1111','VISA','01','2024',''),(217,'411111','1111','VISA','01','2024',''),(218,'411111','1111','VISA','01','2024',''),(219,'411111','1111','VISA','01','2024',''),(220,'411111','1111','VISA','01','2024',''),(221,'411111','1111','VISA','01','2024',''),(222,'411111','1111','VISA','01','2024',''),(223,'411111','1111','VISA','01','2024',''),(224,'411111','1111','VISA','01','2024',''),(225,'411111','1111','VISA','01','2024',''),(226,'411111','1111','VISA','01','2024',''),(227,'411111','1111','VISA','01','2024',''),(228,'411111','1111','VISA','01','2024',''),(229,'411111','1111','VISA','01','2024',''),(230,'411111','1111','VISA','01','2024',''),(231,'411111','1111','VISA','01','2024',''),(232,'411111','1111','VISA','01','2024',''),(233,'411111','1111','VISA','01','2024',''),(234,'411111','1111','VISA','01','2024',''),(235,'411111','1111','VISA','01','2024',''),(236,'411111','1111','VISA','01','2024',''),(237,'411111','1111','VISA','01','2024',''),(238,'411111','1111','VISA','01','2024',''),(239,'411111','1111','VISA','01','2024',''),(240,'411111','1111','VISA','01','2024',''),(241,'411111','1111','VISA','01','2024',''),(242,'411111','1111','VISA','01','2024',''),(243,'411111','1111','VISA','01','2024',''),(244,'411111','1111','VISA','01','2024',''),(245,'411111','1111','VISA','01','2024',''),(246,'411111','1111','VISA','01','2024',''),(247,'411111','1111','VISA','01','2024',''),(248,'411111','1111','VISA','01','2024',''),(249,'411111','1111','VISA','01','2024',''),(250,'411111','1111','VISA','01','2024',''),(251,'411111','1111','VISA','01','2024',''),(252,'411111','1111','VISA','01','2024',''),(253,'411111','1111','VISA','01','2024',''),(254,'411111','1111','VISA','01','2024',''),(255,'411111','1111','VISA','01','2024',''),(256,'411111','1111','VISA','01','2024',''),(257,'411111','1111','VISA','01','2024',''),(258,'411111','1111','VISA','01','2024',''),(259,'411111','1111','VISA','01','2024',''),(260,'411111','1111','VISA','01','2024',''),(261,'411111','1111','VISA','01','2024',''),(262,'411111','1111','VISA','01','2024',''),(263,'411111','1111','VISA','01','2024',''),(264,'411111','1111','VISA','01','2024',''),(265,'411111','1111','VISA','01','2024',''),(266,'411111','1111','VISA','01','2024',''),(267,'411111','1111','VISA','01','2024',''),(268,'411111','1111','VISA','01','2024',''),(269,'411111','1111','VISA','01','2024',''),(270,'411111','1111','VISA','01','2024',''),(271,'411111','1111','VISA','01','2024',''),(272,'411111','1111','VISA','01','2024',''),(273,'411111','1111','VISA','01','2024',''),(274,'411111','1111','VISA','01','2024',''),(275,'411111','1111','VISA','01','2024',''),(276,'411111','1111','VISA','01','2024',''),(277,'411111','1111','VISA','01','2024',''),(278,'411111','1111','VISA','01','2024',''),(279,'411111','1111','VISA','01','2024',''),(280,'411111','1111','VISA','01','2024',''),(281,'411111','1111','VISA','01','2024',''),(282,'411111','1111','VISA','01','2024',''),(283,'411111','1111','VISA','01','2024',''),(284,'411111','1111','VISA','01','2024',''),(285,'411111','1111','VISA','01','2024',''),(286,'411111','1111','VISA','01','2024',''),(287,'411111','1111','VISA','01','2024',''),(288,'411111','1111','VISA','01','2024',''),(289,'411111','1111','VISA','01','2024',''),(290,'411111','1111','VISA','01','2024',''),(291,'411111','1111','VISA','01','2024',''),(292,'411111','1111','VISA','01','2024',''),(293,'411111','1111','VISA','01','2024',''),(294,'411111','1111','VISA','01','2024',''),(295,'411111','1111','VISA','01','2024',''),(296,'411111','1111','VISA','12','2022',''),(297,'492900','0006','VISA','12','2022','CHALLENGE'),(298,'492900','0006','VISA','12','2022','CHALLENGE'),(299,'492900','0006','VISA','12','2022','SUCCESSFUL'),(300,'492900','0006','VISA','12','2022','NOTAUTH'),(301,'492900','0006','VISA','12','2022','SUCCESSFUL'),(302,'492900','0006','VISA','12','2022','NOTAUTH'),(303,'492900','0006','VISA','12','2022','PROOFATTEMPT'),(304,'492900','0006','VISA','12','2022','NOTENROLLED'),(305,'492900','0006','VISA','12','2022','TECHDIFFICULTIES'),(306,'492900','0006','VISA','12','2022','ERROR'),(307,'481852','9009','VISA','12','2023',''),(308,'513632','3579','MC','01','2023',''),(309,'513101','6728','MC','01','2023',''),(310,'513632','1972','MC','01','2023',''),(311,'513101','9989','MC','01','2023',''),(312,'424242','4242','VISA','05','2030','test'),(313,'411111','1111','VISA','11','2022','test'),(314,'481852','9009','VISA','12','2023',''),(315,'520424','2575','MC','09','2022',''),(322,'481852','9009','VISA','12','2023',''),(323,'520424','2575','MC','09','2022',''),(324,'520424','2575','MC','09','2022',''),(325,'520424','2575','MC','09','2022',''),(326,'520424','2575','MC','09','2022',''),(327,'520424','2575','MC','09','2022',''),(328,'520424','2575','MC','09','2022',''),(329,'520424','2575','MC','09','2022',''),(330,'520424','2575','MC','09','2022',''),(331,'520424','2575','MC','09','2022',''),(332,'520424','2575','MC','09','2022',''),(333,'520424','2575','MC','09','2022',''),(334,'520424','2575','MC','09','2022',''),(335,'520424','2575','MC','09','2022',''),(336,'520424','2575','MC','09','2022',''),(337,'520424','2575','MC','09','2022',''),(338,'520424','2575','MC','09','2022',''),(339,'481852','9009','VISA','12','2023',''),(340,'481852','9009','VISA','12','2023',''),(341,'520424','2575','MC','09','2022',''),(342,'520424','2575','MC','09','2022',''),(343,'520424','2575','MC','09','2022',''),(344,'520424','2575','MC','09','2022',''),(345,'520424','2575','MC','09','2022',''),(346,'411111','1111','VISA','12','2027',''),(347,'411111','1111','VISA','12','2027',''),(348,'411111','1111','VISA','12','2027',''),(349,'411111','1111','VISA','12','2027',''),(350,'520424','7840','MC','12','2027',''),(351,'411111','1111','VISA','12','2027',''),(352,'411111','1111','VISA','12','2027',''),(353,'411111','1111','VISA','12','2027',''),(354,'411111','1111','VISA','12','2027',''),(355,'411111','1111','VISA','12','2027',''),(356,'411111','1111','VISA','12','2027',''),(357,'520424','2575','MC','09','2022',''),(358,'411111','1111','VISA','12','2022',''),(359,'400000','1000','VISA','01','2023',''),(360,'400000','1018','VISA','01','2023',''),(361,'411111','1111','VISA','01','2023',''),(362,'400000','1026','VISA','01','2023',''),(363,'400000','1034','VISA','01','2023',''),(364,'400000','1042','VISA','01','2023',''),(365,'400000','1059','VISA','01','2023',''),(366,'400000','1067','VISA','01','2023',''),(367,'400000','1075','VISA','01','2023',''),(368,'400000','1083','VISA','01','2023',''),(369,'400000','1091','VISA','01','2023',''),(370,'400000','1109','VISA','01','2023',''),(371,'400000','1117','VISA','01','2023',''),(373,'411111','1111','VISA','12','2022',''),(374,'400700','0027','VISA','03','2024','Customer Customer'),(375,'411111','1111','VISA','12','2023',''),(376,'411111','1111','VISA','12','2023',''),(377,'411111','1111','VISA','12','2023',''),(378,'511092','0424','MC','05','2023',''),(379,'511092','0424','MC','05','2023',''),(380,'400000','1000','VISA','01','2025',''),(387,'400000','1091','VISA','01','2023',''),(388,'411111','1111','VISA','12','2023',''),(389,'411111','1111','VISA','12','2023',''),(390,'411111','1111','VISA','12','2023',''),(391,'411111','1111','VISA','12','2023',''),(392,'411111','1111','VISA','12','2022',''),(393,'411111','1111','VISA','12','2022',''),(394,'411111','1111','VISA','12','2023',''),(395,'411111','1111','VISA','12','2023',''),(396,'411111','1111','VISA','12','2023',''),(397,'411111','1111','VISA','12','2023',''),(398,'411111','1111','VISA','12','2023',''),(399,'411111','1111','VISA','12','2023',''),(400,'411111','1111','VISA','12','2023',''),(402,'411111','1111','VISA','12','2022',''),(403,'411111','1111','VISA','12','2023',''),(404,'531460','9308','MC','12','2023',''),(405,'513101','5211','MC','12','2023',''),(406,'513101','5211','MC','12','2023',''),(407,'513101','4533','MC','12','2023',''),(408,'513632','1203','MC','12','2023',''),(409,'513101','1535','MC','12','2023',''),(410,'411111','1111','VISA','04','2023','Customer Customer'),(411,'513632','1989','MC','12','2023',''),(412,'513632','9974','MC','12','2023',''),(413,'513101','2777','MC','12','2023',''),(414,'513632','1652','MC','12','2023',''),(415,'531460','7380','MC','12','2023',''),(416,'513101','2900','MC','12','2023',''),(417,'513101','4325','MC','12','2023',''),(418,'513101','7913','MC','12','2023',''),(419,'531460','6962','MC','12','2023',''),(420,'513632','9974','MC','12','2023',''),(421,'411111','1111','VISA','12','2023',''),(422,'411111','1111','VISA','12','2023',''),(423,'411111','1111','VISA','12','2022',''),(424,'411111','1111','VISA','12','2023',''),(425,'411111','1111','VISA','12','2023',''),(426,'411111','1111','VISA','12','2023',''),(427,'411111','1111','VISA','12','2023',''),(428,'411111','1111','VISA','12','2023',''),(429,'411111','1111','VISA','12','2023',''),(430,'411111','1111','VISA','12','2023',''),(431,'411111','1111','VISA','12','2023',''),(432,'411111','1111','VISA','12','2023',''),(433,'411111','1111','VISA','12','2023',''),(434,'411111','1111','VISA','12','2023',''),(435,'411111','1111','VISA','12','2023',''),(436,'411111','1111','VISA','12','2023',''),(437,'411111','1111','VISA','12','2023',''),(438,'411111','1111','VISA','12','2023',''),(439,'411111','1111','VISA','12','2023',''),(440,'411111','1111','VISA','12','2023',''),(441,'411111','1111','VISA','12','2023',''),(442,'411111','1111','VISA','12','2023',''),(443,'411111','1111','VISA','12','2023',''),(444,'411111','1111','VISA','12','2023',''),(445,'411111','1111','VISA','12','2023',''),(446,'411111','1111','VISA','12','2023',''),(447,'411111','1111','VISA','12','2023',''),(448,'411111','1111','VISA','12','2023',''),(449,'411111','1111','VISA','12','2023',''),(450,'411111','1111','VISA','12','2023',''),(451,'411111','1111','VISA','12','2023',''),(452,'411111','1111','VISA','12','2023',''),(453,'411111','1111','VISA','12','2023',''),(454,'411111','1111','VISA','12','2023',''),(455,'411111','1111','VISA','12','2023',''),(456,'411111','1111','VISA','12','2023',''),(457,'411111','1111','VISA','12','2023',''),(458,'411111','1111','VISA','12','2023',''),(459,'411111','1111','VISA','12','2023',''),(460,'411111','1111','VISA','12','2023',''),(461,'411111','1111','VISA','12','2023',''),(462,'411111','1111','VISA','12','2023',''),(463,'411111','1111','VISA','12','2023',''),(464,'411111','1111','VISA','12','2023',''),(465,'411111','1111','VISA','12','2023',''),(466,'411111','1111','VISA','12','2023',''),(467,'411111','1111','VISA','12','2023',''),(468,'411111','1111','VISA','12','2023',''),(469,'411111','1111','VISA','12','2023',''),(470,'411111','1111','VISA','12','2023',''),(471,'411111','1111','VISA','12','2023',''),(472,'411111','1111','VISA','12','2023',''),(473,'411111','1111','VISA','12','2023',''),(474,'411111','1111','VISA','12','2023',''),(475,'411111','1111','VISA','12','2023',''),(476,'411111','1111','VISA','12','2023',''),(477,'411111','1111','VISA','12','2023',''),(478,'411111','1111','VISA','12','2023',''),(479,'411111','1111','VISA','12','2023',''),(480,'411111','1111','VISA','12','2023',''),(481,'411111','1111','VISA','12','2023',''),(482,'411111','1111','VISA','12','2023',''),(483,'411111','1111','VISA','12','2023',''),(484,'411111','1111','VISA','12','2023',''),(485,'411111','1111','VISA','12','2023',''),(486,'411111','1111','VISA','12','2023',''),(487,'411111','1111','VISA','12','2023',''),(488,'411111','1111','VISA','12','2023',''),(489,'411111','1111','VISA','12','2023',''),(490,'411111','1111','VISA','12','2023',''),(491,'411111','1111','VISA','12','2023',''),(492,'411111','1111','VISA','12','2023',''),(493,'411111','1111','VISA','12','2023',''),(494,'411111','1111','VISA','12','2023',''),(495,'411111','1111','VISA','12','2023',''),(496,'411111','1111','VISA','12','2023',''),(497,'411111','1111','VISA','12','2023',''),(498,'411111','1111','VISA','12','2023',''),(499,'411111','1111','VISA','12','2023',''),(500,'411111','1111','VISA','12','2023',''),(501,'411111','1111','VISA','12','2023',''),(502,'411111','1111','VISA','12','2023',''),(503,'411111','1111','VISA','12','2023',''),(504,'411111','1111','VISA','12','2023',''),(505,'411111','1111','VISA','12','2023',''),(506,'411111','1111','VISA','12','2023',''),(507,'411111','1111','VISA','12','2023',''),(508,'411111','1111','VISA','12','2023',''),(509,'411111','1111','VISA','12','2023',''),(510,'411111','1111','VISA','12','2023',''),(511,'411111','1111','VISA','12','2023',''),(512,'411111','1111','VISA','12','2023',''),(513,'411111','1111','VISA','12','2023',''),(514,'411111','1111','VISA','12','2023',''),(515,'411111','1111','VISA','12','2023',''),(516,'411111','1111','VISA','12','2023',''),(517,'411111','1111','VISA','12','2023',''),(518,'411111','1111','VISA','12','2023',''),(519,'411111','1111','VISA','12','2023',''),(520,'411111','1111','VISA','12','2023',''),(521,'411111','1111','VISA','12','2023',''),(522,'411111','1111','VISA','12','2023',''),(523,'411111','1111','VISA','12','2023',''),(524,'411111','1111','VISA','12','2023',''),(525,'411111','1111','VISA','12','2023',''),(526,'411111','1111','VISA','12','2023',''),(527,'411111','1111','VISA','12','2023',''),(528,'411111','1111','VISA','12','2023',''),(529,'411111','1111','VISA','12','2023',''),(530,'411111','1111','VISA','12','2023',''),(531,'411111','1111','VISA','12','2023',''),(532,'411111','1111','VISA','12','2023',''),(533,'411111','1111','VISA','12','2023',''),(534,'411111','1111','VISA','12','2023',''),(535,'411111','1111','VISA','12','2023',''),(536,'411111','1111','VISA','12','2023',''),(537,'411111','1111','VISA','12','2023',''),(538,'411111','1111','VISA','12','2023',''),(539,'411111','1111','VISA','12','2023',''),(540,'411111','1111','VISA','12','2023',''),(541,'411111','1111','VISA','12','2023',''),(542,'411111','1111','VISA','12','2023',''),(543,'411111','1111','VISA','12','2023',''),(544,'411111','1111','VISA','12','2023',''),(545,'411111','1111','VISA','12','2023',''),(546,'411111','1111','VISA','12','2023',''),(547,'411111','1111','VISA','12','2023',''),(548,'411111','1111','VISA','12','2023',''),(549,'411111','1111','VISA','12','2023',''),(550,'411111','1111','VISA','12','2023',''),(551,'411111','1111','VISA','12','2023',''),(552,'411111','1111','VISA','12','2023',''),(553,'411111','1111','VISA','12','2023',''),(554,'411111','1111','VISA','12','2023',''),(555,'411111','1111','VISA','12','2023',''),(556,'411111','1111','VISA','12','2023',''),(557,'411111','1111','VISA','12','2023',''),(558,'411111','1111','VISA','12','2023',''),(559,'411111','1111','VISA','12','2023',''),(560,'411111','1111','VISA','12','2023',''),(561,'411111','1111','VISA','12','2023',''),(562,'411111','1111','VISA','12','2023',''),(563,'411111','1111','VISA','12','2023',''),(564,'411111','1111','VISA','12','2023',''),(565,'411111','1111','VISA','12','2023',''),(566,'411111','1111','VISA','12','2023',''),(567,'411111','1111','VISA','12','2023',''),(568,'411111','1111','VISA','12','2023',''),(569,'411111','1111','VISA','12','2023',''),(570,'411111','1111','VISA','12','2023',''),(571,'411111','1111','VISA','12','2023',''),(572,'411111','1111','VISA','12','2023',''),(573,'411111','1111','VISA','12','2023',''),(574,'411111','1111','VISA','12','2023',''),(575,'411111','1111','VISA','12','2023',''),(576,'411111','1111','VISA','12','2023',''),(577,'411111','1111','VISA','12','2023',''),(578,'411111','1111','VISA','12','2023',''),(579,'411111','1111','VISA','12','2023',''),(580,'411111','1111','VISA','12','2023',''),(581,'411111','1111','VISA','12','2023',''),(582,'411111','1111','VISA','12','2023',''),(583,'411111','1111','VISA','12','2023',''),(584,'411111','1111','VISA','12','2023',''),(585,'411111','1111','VISA','12','2023',''),(586,'411111','1111','VISA','12','2023',''),(587,'411111','1111','VISA','12','2023',''),(588,'411111','1111','VISA','12','2023',''),(589,'411111','1111','VISA','12','2023',''),(590,'411111','1111','VISA','12','2023',''),(591,'411111','1111','VISA','12','2023',''),(592,'411111','1111','VISA','12','2023',''),(593,'411111','1111','VISA','12','2023',''),(594,'411111','1111','VISA','12','2023',''),(595,'411111','1111','VISA','12','2023',''),(596,'411111','1111','VISA','12','2023',''),(597,'411111','1111','VISA','12','2023',''),(598,'411111','1111','VISA','12','2023',''),(599,'411111','1111','VISA','12','2023',''),(600,'411111','1111','VISA','12','2023',''),(601,'411111','1111','VISA','12','2023',''),(602,'411111','1111','VISA','12','2023',''),(603,'411111','1111','VISA','12','2023',''),(604,'411111','1111','VISA','12','2023',''),(605,'411111','1111','VISA','12','2023',''),(606,'411111','1111','VISA','12','2023',''),(607,'411111','1111','VISA','12','2023',''),(608,'411111','1111','VISA','12','2023',''),(609,'411111','1111','VISA','12','2023',''),(610,'411111','1111','VISA','12','2023',''),(611,'411111','1111','VISA','12','2023',''),(612,'411111','1111','VISA','12','2023',''),(613,'411111','1111','VISA','12','2023',''),(614,'411111','1111','VISA','12','2023',''),(615,'411111','1111','VISA','12','2023',''),(616,'411111','1111','VISA','12','2023',''),(617,'411111','1111','VISA','12','2023',''),(618,'411111','1111','VISA','12','2023',''),(619,'411111','1111','VISA','12','2023',''),(620,'411111','1111','VISA','12','2023',''),(621,'411111','1111','VISA','12','2023',''),(622,'411111','1111','VISA','12','2023',''),(623,'411111','1111','VISA','12','2023',''),(624,'411111','1111','VISA','12','2023',''),(625,'411111','1111','VISA','12','2023',''),(626,'411111','1111','VISA','12','2023',''),(627,'411111','1111','VISA','12','2023',''),(628,'411111','1111','VISA','12','2023',''),(629,'411111','1111','VISA','12','2023',''),(630,'411111','1111','VISA','12','2023',''),(631,'411111','1111','VISA','12','2023',''),(632,'411111','1111','VISA','12','2023',''),(633,'411111','1111','VISA','12','2023',''),(634,'411111','1111','VISA','12','2023',''),(635,'411111','1111','VISA','12','2023',''),(636,'411111','1111','VISA','12','2023',''),(637,'411111','1111','VISA','12','2023',''),(638,'411111','1111','VISA','12','2023',''),(639,'411111','1111','VISA','12','2023',''),(640,'411111','1111','VISA','12','2023',''),(641,'411111','1111','VISA','12','2023',''),(642,'411111','1111','VISA','12','2023',''),(643,'411111','1111','VISA','12','2023',''),(644,'411111','1111','VISA','12','2023',''),(645,'411111','1111','VISA','12','2023',''),(646,'411111','1111','VISA','12','2023',''),(647,'411111','1111','VISA','12','2023',''),(648,'411111','1111','VISA','12','2023',''),(649,'411111','1111','VISA','12','2023',''),(650,'411111','1111','VISA','12','2023',''),(651,'411111','1111','VISA','12','2023',''),(652,'411111','1111','VISA','12','2023',''),(653,'411111','1111','VISA','12','2023',''),(654,'411111','1111','VISA','12','2023',''),(655,'411111','1111','VISA','12','2023',''),(656,'411111','1111','VISA','12','2023',''),(657,'411111','1111','VISA','12','2023',''),(658,'411111','1111','VISA','12','2023',''),(659,'411111','1111','VISA','12','2023',''),(660,'411111','1111','VISA','12','2023',''),(661,'411111','1111','VISA','12','2023',''),(662,'411111','1111','VISA','12','2023',''),(663,'411111','1111','VISA','12','2023',''),(664,'411111','1111','VISA','12','2023',''),(665,'411111','1111','VISA','12','2023',''),(666,'411111','1111','VISA','12','2023',''),(667,'411111','1111','VISA','12','2023',''),(668,'411111','1111','VISA','12','2023',''),(669,'411111','1111','VISA','12','2023',''),(670,'411111','1111','VISA','12','2023',''),(671,'411111','1111','VISA','12','2023',''),(672,'411111','1111','VISA','12','2023',''),(673,'411111','1111','VISA','12','2023',''),(674,'411111','1111','VISA','12','2023',''),(675,'411111','1111','VISA','12','2023',''),(676,'411111','1111','VISA','12','2023',''),(677,'411111','1111','VISA','12','2023',''),(678,'411111','1111','VISA','12','2023',''),(679,'411111','1111','VISA','12','2023',''),(680,'411111','1111','VISA','12','2023',''),(681,'411111','1111','VISA','12','2023',''),(682,'411111','1111','VISA','12','2023',''),(683,'411111','1111','VISA','12','2023',''),(684,'411111','1111','VISA','12','2023',''),(685,'411111','1111','VISA','12','2023',''),(686,'411111','1111','VISA','12','2023',''),(687,'411111','1111','VISA','12','2023',''),(688,'411111','1111','VISA','12','2023',''),(689,'411111','1111','VISA','12','2023',''),(690,'411111','1111','VISA','12','2023',''),(691,'411111','1111','VISA','12','2023',''),(692,'411111','1111','VISA','12','2023',''),(693,'411111','1111','VISA','12','2023',''),(694,'411111','1111','VISA','12','2023',''),(695,'411111','1111','VISA','12','2023',''),(696,'411111','1111','VISA','12','2023',''),(697,'411111','1111','VISA','12','2023',''),(698,'411111','1111','VISA','12','2023',''),(699,'481852','9009','VISA','12','2023',''),(701,'411111','1111','VISA','12','2023',''),(702,'411111','1111','VISA','12','2023',''),(703,'400000','1091','VISA','01','2023',''),(708,'411111','1111','VISA','12','2022',''),(709,'411111','1111','VISA','12','2027',''),(710,'411111','1111','VISA','12','2022',''),(711,'411111','1111','VISA','12','2027',''),(712,'411111','1111','VISA','12','2027',''),(713,'411111','1111','VISA','12','2027',''),(714,'411111','1111','VISA','12','2027',''),(715,'411111','1111','VISA','12','2027',''),(716,'411111','1111','VISA','12','2027',''),(717,'411111','1111','VISA','12','2027',''),(718,'411111','1111','VISA','12','2027',''),(719,'411111','1111','VISA','12','2027',''),(720,'411111','1111','VISA','12','2027',''),(721,'411111','1111','VISA','12','2027',''),(722,'411111','1111','VISA','12','2027',''),(723,'411111','1111','VISA','12','2027',''),(724,'411111','1111','VISA','12','2027',''),(725,'411111','1111','VISA','12','2027',''),(726,'411111','1111','VISA','12','2027',''),(727,'411111','1111','VISA','12','2027',''),(728,'411111','1111','VISA','12','2027',''),(729,'411111','1111','VISA','12','2027',''),(730,'411111','1111','VISA','12','2027',''),(731,'411111','1111','VISA','12','2027',''),(732,'411111','1111','VISA','12','2027',''),(733,'411111','1111','VISA','12','2027',''),(734,'411111','1111','VISA','12','2027',''),(735,'411111','1111','VISA','12','2027',''),(736,'411111','1111','VISA','12','2027',''),(737,'411111','1111','VISA','12','2027',''),(738,'411111','1111','VISA','12','2027',''),(739,'411111','1111','VISA','12','2022',''),(740,'411111','1111','VISA','12','2027',''),(741,'411111','1111','VISA','12','2027',''),(742,'411111','1111','VISA','12','2022',''),(743,'411111','1111','VISA','12','2022',''),(744,'411111','1111','VISA','12','2023',''),(745,'411111','1111','VISA','12','2027',''),(746,'411111','1111','VISA','12','2027',''),(747,'411111','1111','VISA','12','2027',''),(748,'411111','1111','VISA','12','2022',''),(749,'411111','1111','VISA','12','2022',''),(750,'411111','1111','VISA','12','2023',''),(751,'411111','1111','VISA','12','2027',''),(752,'411111','1111','VISA','12','2023',''),(753,'411111','1111','VISA','12','2023',''),(754,'411111','1111','VISA','12','2027',''),(755,'411111','1111','VISA','12','2027',''),(756,'411111','1111','VISA','12','2027',''),(757,'411111','1111','VISA','12','2022',''),(758,'411111','1111','VISA','12','2022',''),(759,'411111','1111','VISA','12','2022',''),(760,'411111','1111','VISA','12','2023',''),(761,'411111','1111','VISA','12','2023',''),(762,'411111','1111','VISA','12','2023',''),(763,'411111','1111','VISA','12','2022',''),(764,'411111','1111','VISA','12','2025',''),(765,'481852','9009','VISA','12','2023',''),(766,'481852','9009','VISA','12','2023',''),(767,'411111','1111','VISA','12','2022',''),(768,'411111','1111','VISA','11','2022',''),(769,'411111','1111','VISA','12','2022',''),(770,'411111','1111','VISA','11','2022',''),(771,'481852','9009','VISA','12','2023',''),(772,'481852','9009','VISA','12','2023',''),(773,'411111','1111','VISA','12','2022',''),(774,'411111','1111','VISA','12','2025',''),(777,'411111','1111','VISA','12','2022',''),(778,'481852','9009','VISA','12','2023',''),(779,'411111','1111','VISA','12','2022',''),(780,'411111','1111','VISA','12','2022',''),(781,'486871','7704','VISA','01','2025',''),(782,'486871','7704','VISA','01','2025',''),(783,'532987','4393','MC','01','2025',''),(784,'486871','4992','VISA','01','2025',''),(785,'486871','2421','VISA','01','2025',''),(786,'486871','5422','VISA','01','2025',''),(787,'486871','7210','VISA','01','2025',''),(788,'486871','8803','VISA','01','2025',''),(789,'486871','8803','VISA','01','2025',''),(790,'486871','6405','VISA','01','2025',''),(791,'486871','3346','VISA','01','2025',''),(792,'486871','4542','VISA','01','2025',''),(793,'486871','8815','VISA','01','2025',''),(794,'486871','3896','VISA','01','2025',''),(795,'486871','9038','VISA','01','2025',''),(796,'486871','0060','VISA','01','2025',''),(797,'486871','0723','VISA','01','2025',''),(798,'486871','2561','VISA','01','2025',''),(799,'486871','4153','VISA','01','2025',''),(800,'486871','1967','VISA','01','2025',''),(801,'486871','8267','VISA','01','2025',''),(802,'486871','3153','VISA','01','2025',''),(803,'486871','1368','VISA','01','2025',''),(804,'486871','5556','VISA','01','2025',''),(805,'486871','8580','VISA','01','2025',''),(806,'486871','1470','VISA','01','2025',''),(807,'486871','8584','VISA','01','2025',''),(808,'486871','6260','VISA','01','2025',''),(809,'486871','3647','VISA','01','2025',''),(810,'486871','5169','VISA','01','2025',''),(811,'486871','8502','VISA','01','2025',''),(812,'486871','1259','VISA','01','2025',''),(813,'486871','8543','VISA','01','2025',''),(814,'532987','0121','MC','01','2025',''),(815,'532987','3439','MC','01','2025',''),(816,'486871','5830','VISA','01','2025',''),(817,'486871','6080','VISA','01','2025',''),(818,'486871','3452','VISA','01','2025',''),(819,'532987','7362','MC','01','2025',''),(820,'532987','8494','MC','01','2025',''),(821,'411111','1111','VISA','12','2025',''),(822,'411111','1111','VISA','12','2025',''),(823,'411111','1111','VISA','12','2022',''),(824,'411111','1111','VISA','12','2025',''),(828,'400000','2701','VISA','01','2025',''),(829,'520000','2235','MC','01','2025',''),(830,'520000','2235','MC','01','2025',''),(831,'520000','2235','MC','01','2025',''),(833,'374200','0004','AMEX','10','2028',''),(834,'374200','0004','AMEX','12','2030',''),(835,'540400','0001','MC','02','2031',''),(836,'411111','1111','VISA','12','2025',''),(837,'374200','0004','AMEX','02','2028',''),(838,'555555','4444','MC','11','2030',''),(839,'345678','4564','AMEX','04','2024',''),(840,'655669','9513','DC','12','2024',''),(841,'555555','4444','MC','12','2023',''),(842,'424242','4242','VISA','03','2032',''),(843,'374200','0004','AMEX','09','2028',''),(844,'345678','4564','AMEX','11','2029',''),(845,'655669','9513','DC','08','2029',''),(846,'424242','4242','VISA','04','2032',''),(847,'374200','0004','AMEX','10','2029',''),(848,'540400','0001','MC','03','2028',''),(849,'555555','4444','MC','03','2026',''),(850,'555555','4444','MC','08','2023',''),(851,'555555','4444','MC','07','2025',''),(852,'601120','1277','DC','06','2028',''),(853,'411111','1111','VISA','12','2024',''),(854,'411111','1111','VISA','09','2027',''),(855,'555555','4444','MC','07','2032',''),(856,'374200','0004','AMEX','07','2026',''),(857,'424242','4242','VISA','05','2031',''),(858,'555555','4444','MC','11','2032',''),(859,'424242','4242','VISA','03','2029',''),(860,'411111','1111','VISA','08','2031',''),(861,'540400','0001','MC','02','2030',''),(862,'424242','4242','VISA','09','2025',''),(864,'411111','1111','VISA','12','2025',''),(865,'411111','1111','VISA','12','2025',''),(866,'411111','1111','VISA','12','2025',''),(867,'411111','1111','VISA','12','2025',''),(868,'400000','2701','VISA','01','2025',''),(869,'400000','2701','VISA','01','2025',''),(870,'400000','2925','VISA','01','2025',''),(871,'400000','2503','VISA','12','2025',''),(872,'411111','1111','VISA','12','2023',''),(873,'411111','1111','VISA','12','2027',''),(874,'411111','1111','VISA','12','2027',''),(875,'411111','1111','VISA','12','2027',''),(876,'411111','1111','VISA','12','2022',''),(877,'411111','1111','VISA','12','2022',''),(878,'411111','1111','VISA','12','2022',''),(879,'411111','1111','VISA','12','2022',''),(880,'411111','1111','VISA','12','2022',''),(881,'411111','1111','VISA','11','2022',''),(882,'411111','1111','VISA','12','2025',''),(883,'411111','1111','VISA','12','2023',''),(884,'411111','1111','VISA','12','2027',''),(885,'411111','1111','VISA','12','2027',''),(886,'411111','1111','VISA','12','2027',''),(887,'411111','1111','VISA','12','2022',''),(888,'411111','1111','VISA','12','2022',''),(889,'411111','1111','VISA','12','2022',''),(890,'411111','1111','VISA','12','2022',''),(891,'411111','1111','VISA','12','2022',''),(892,'411111','1111','VISA','11','2022',''),(893,'411111','1111','VISA','12','2025',''),(894,'411111','1111','VISA','12','2023',''),(895,'411111','1111','VISA','12','2027',''),(896,'411111','1111','VISA','12','2027',''),(897,'411111','1111','VISA','12','2027',''),(898,'411111','1111','VISA','12','2022',''),(899,'411111','1111','VISA','12','2022',''),(900,'411111','1111','VISA','12','2022',''),(901,'411111','1111','VISA','12','2022',''),(902,'411111','1111','VISA','12','2022',''),(903,'411111','1111','VISA','11','2022',''),(904,'411111','1111','VISA','12','2025',''),(905,'411111','1111','VISA','12','2025',''),(906,'411111','1111','VISA','12','2023',''),(907,'411111','1111','VISA','12','2027',''),(908,'411111','1111','VISA','12','2027',''),(909,'411111','1111','VISA','12','2027',''),(910,'411111','1111','VISA','12','2022',''),(911,'411111','1111','VISA','12','2022',''),(912,'411111','1111','VISA','12','2022',''),(913,'411111','1111','VISA','12','2022',''),(914,'411111','1111','VISA','12','2022',''),(915,'411111','1111','VISA','11','2022',''),(916,'411111','1111','VISA','12','2025',''),(917,'411111','1111','VISA','12','2023',''),(918,'411111','1111','VISA','12','2027',''),(919,'411111','1111','VISA','12','2027',''),(920,'411111','1111','VISA','12','2027',''),(921,'411111','1111','VISA','12','2022',''),(922,'411111','1111','VISA','12','2022',''),(923,'411111','1111','VISA','12','2022',''),(924,'411111','1111','VISA','12','2022',''),(925,'411111','1111','VISA','12','2022',''),(926,'411111','1111','VISA','11','2022',''),(927,'411111','1111','VISA','12','2025',''),(928,'411111','1111','VISA','12','2023',''),(929,'411111','1111','VISA','12','2027',''),(930,'411111','1111','VISA','12','2027',''),(931,'411111','1111','VISA','12','2027',''),(932,'411111','1111','VISA','12','2022',''),(933,'411111','1111','VISA','12','2022',''),(934,'411111','1111','VISA','12','2022',''),(935,'411111','1111','VISA','12','2022',''),(936,'411111','1111','VISA','12','2022',''),(937,'411111','1111','VISA','11','2022',''),(938,'411111','1111','VISA','12','2025',''),(939,'411111','1111','VISA','12','2023',''),(940,'411111','1111','VISA','12','2027',''),(941,'411111','1111','VISA','12','2027',''),(942,'411111','1111','VISA','12','2027',''),(943,'411111','1111','VISA','12','2022',''),(944,'411111','1111','VISA','12','2022',''),(945,'411111','1111','VISA','12','2022',''),(946,'411111','1111','VISA','12','2022',''),(947,'411111','1111','VISA','12','2022',''),(948,'411111','1111','VISA','11','2022',''),(949,'411111','1111','VISA','12','2025',''),(950,'411111','1111','VISA','12','2023',''),(951,'411111','1111','VISA','12','2027',''),(952,'411111','1111','VISA','12','2027',''),(953,'411111','1111','VISA','12','2027',''),(954,'411111','1111','VISA','12','2022',''),(955,'411111','1111','VISA','12','2022',''),(956,'411111','1111','VISA','12','2022',''),(957,'411111','1111','VISA','12','2022',''),(958,'411111','1111','VISA','12','2022',''),(959,'411111','1111','VISA','11','2022',''),(960,'411111','1111','VISA','12','2025',''),(962,'411111','1111','VISA','12','2025',''),(963,'411111','1111','VISA','12','2025',''),(964,'411111','1111','VISA','12','2025',''),(965,'411111','1111','VISA','12','2025',''),(966,'411111','1111','VISA','12','2025',''),(967,'411111','1111','VISA','12','2025',''),(968,'411111','1111','VISA','12','2025',''),(969,'411111','1111','VISA','12','2025',''),(970,'411111','1111','VISA','12','2025',''),(971,'411111','1111','VISA','12','2025',''),(972,'411111','1111','VISA','12','2025',''),(973,'411111','1111','VISA','12','2025',''),(974,'411111','1111','VISA','12','2025',''),(975,'411111','1111','VISA','12','2025',''),(976,'411111','1111','VISA','12','2025',''),(977,'411111','1111','VISA','12','2025',''),(978,'481852','9009','VISA','12','2023',''),(979,'481852','9009','VISA','12','2023',''),(980,'481852','9009','VISA','12','2023',''),(981,'411111','1111','VISA','12','2025',''),(982,'411111','1111','VISA','12','2025',''),(983,'411111','1111','VISA','12','2025',''),(985,'411111','1111','VISA','12','2025',''),(986,'411111','1111','VISA','12','2025',''),(987,'411111','1111','VISA','12','2027',''),(988,'481852','9009','VISA','12','2023',''),(989,'411111','1111','VISA','12','2025',''),(990,'481852','9009','VISA','12','2023',''),(991,'444433','1111','VISA','11','2023',''),(992,'411111','1111','VISA','12','2025',''),(993,'444433','1111','VISA','11','2023',''),(994,'481852','9009','VISA','12','2023',''),(995,'481852','9009','VISA','12','2023',''),(996,'411111','1111','VISA','12','2025',''),(997,'411111','1111','VISA','12','2025','Wee'),(998,'481852','9009','VISA','12','2023',''),(999,'481852','9009','VISA','12','2023',''),(1000,'411111','1111','VISA','12','2025',''),(1001,'411111','1111','VISA','12','2025',''),(1002,'411111','1111','VISA','12','2025',''),(1003,'00J811','0518','MC','12','33',''),(1004,'6RW848','3404','MC','12','33',''),(1005,'8HL822','790S','MC','12','33',''),(1006,'5UW147','392U','MC','12','33',''),(1009,'481852','9009','VISA','12','2023',''),(1010,'481852','9009','VISA','12','2023',''),(1011,'481852','9009','VISA','12','2023',''),(1012,'481852','9009','VISA','12','2023',''),(1013,'411111','1111','VISA','12','2025',''),(1016,'411111','1111','VISA','12','2025',''),(1017,'411111','1111','VISA','12','2025',''),(1018,'411111','1111','VISA','12','2025',''),(1019,'411111','1111','VISA','12','2025',''),(1020,'411111','1111','VISA','12','2025',''),(1027,'411111','1111','VISA','12','2025',''),(1038,'411111','1111','VISA','12','2025',''),(1039,'411111','1111','VISA','12','2025',''),(1040,'378282','0005','AMEX','12','2025',''),(1041,'411111','1111','VISA','12','2025',''),(1042,'411111','1111','VISA','12','2025',''),(1043,'411111','1111','VISA','12','2025',''),(1044,'411111','1111','VISA','12','2025',''),(1117,'411111','1111','VISA','12','2025',''),(1118,'411111','1111','VISA','01','2025',''),(1120,'411111','1111','VISA','01','2025',''),(1121,'411111','1111','VISA','01','2025',''),(1122,'424242','4242','VISA','02','2033',''),(1124,'424242','4242','VISA','02','2033',''),(1125,'411111','1111','VISA','01','2025',''),(1126,'411111','1111','VISA','01','2025',''),(1127,'411111','1111','VISA','01','2025',''),(1130,'411111','1111','VISA','12','2028',''),(1131,'481852','9009','VISA','12','2023',''),(1132,'481852','9009','VISA','12','2023',''),(1133,'481852','9009','VISA','12','2023',''),(1134,'481852','9009','VISA','12','2023',''),(1137,'481852','9009','VISA','12','2023',''),(1140,'481852','9009','VISA','12','2023',''),(1141,'481852','9009','VISA','12','2023',''),(1142,'481852','9009','VISA','12','2023',''),(1143,'411111','1111','VISA','12','2025',''),(1144,'411111','1111','VISA','01','2025',''),(1145,'411111','1111','VISA','12','2025',''),(1146,'411111','1111','VISA','12','2025',''),(1147,'411111','1111','VISA','12','2025',''),(1148,'481852','9009','VISA','12','2023',''),(1149,'481852','9009','VISA','12','2023',''),(1150,'481852','9009','VISA','12','2023',''),(1151,'481852','9009','VISA','12','2023',''),(1152,'411111','1111','VISA','12','2025',''),(1153,'411111','1111','VISA','12','2025',''),(1154,'411111','1111','VISA','12','2025',''),(1155,'411111','1111','VISA','12','2025',''),(1156,'411111','1111','VISA','12','2025',''),(1157,'411111','1111','VISA','12','2025',''),(1158,'411111','1111','VISA','12','2025',''),(1172,'411111','1111','VISA','01','2025',''),(1173,'411111','1111','VISA','01','2025',''),(1174,'411111','1111','VISA','01','2025',''),(1175,'411111','1111','VISA','12','2025',''),(1176,'550690','3949','MC','07','2026',''),(1179,'1000','0000','ACH','00','',''),(1181,'3123','3123','ACH','00','',''),(1182,'******','1111','VISA','12','2030','sfsdf sdfsdf'),(1183,'3123','3123','ACH','00','',''),(1184,'******','1111','VISA','12','2030','Admin Admin'),(1186,'411111','1111','VISA','01','2025',''),(1187,'******','1111','VISA','12','2030','sdfsdf sdfsdf'),(1188,'******','1111','VISA','12','2030','sdfsdf sdfsdf'),(1189,'******','1111','VISA','12','2030','sdfsdf sdfsdf'),(1190,'411111','1111','VISA','01','2025',''),(1191,'411111','1111','VISA','01','2025','');

--
-- Table structure for table `xpay_mixpanel_event_context`
--

CREATE TABLE `xpay_mixpanel_event_context` (
  `event_id` int NOT NULL DEFAULT '0',
  `name` char(64) NOT NULL DEFAULT '',
  `value` text NOT NULL,
  PRIMARY KEY (`event_id`,`name`),
  KEY `event_id` (`event_id`),
  CONSTRAINT `xpay_mixpanel_event_context_ibfk_1` FOREIGN KEY (`event_id`) REFERENCES `xpay_mixpanel_events` (`event_id`) ON DELETE CASCADE ON UPDATE CASCADE
) ENGINE=InnoDB DEFAULT CHARSET=utf8mb3;

--
-- Dumping data for table `xpay_mixpanel_event_context`
--


--
-- Table structure for table `xpay_mixpanel_event_properties`
--

CREATE TABLE `xpay_mixpanel_event_properties` (
  `event_id` int NOT NULL DEFAULT '0',
  `name` char(64) NOT NULL DEFAULT '',
  `value` text NOT NULL,
  PRIMARY KEY (`event_id`,`name`),
  KEY `event_id` (`event_id`),
  CONSTRAINT `xpay_mixpanel_event_properties_ibfk_1` FOREIGN KEY (`event_id`) REFERENCES `xpay_mixpanel_events` (`event_id`) ON DELETE CASCADE ON UPDATE CASCADE
) ENGINE=InnoDB DEFAULT CHARSET=utf8mb3;

--
-- Dumping data for table `xpay_mixpanel_event_properties`
--


--
-- Table structure for table `xpay_mixpanel_events`
--

CREATE TABLE `xpay_mixpanel_events` (
  `event_id` int NOT NULL AUTO_INCREMENT,
  `action` varchar(255) NOT NULL DEFAULT '',
  `user_id` varchar(64) NOT NULL DEFAULT '',
  `timestamp` char(64) NOT NULL DEFAULT '',
  PRIMARY KEY (`event_id`)
) ENGINE=InnoDB DEFAULT CHARSET=utf8mb3;

--
-- Dumping data for table `xpay_mixpanel_events`
--


--
-- Table structure for table `xpay_modules_registry`
--

CREATE TABLE `xpay_modules_registry` (
  `module` varchar(64) NOT NULL,
  `type` varchar(64) NOT NULL,
  PRIMARY KEY (`module`,`type`)
) ENGINE=InnoDB DEFAULT CHARSET=utf8mb3;

--
-- Dumping data for table `xpay_modules_registry`
--

INSERT INTO `xpay_modules_registry` (`module`, `type`) VALUES ('Amex','Module'),('ANZeGate','Module'),('ApplePay','ModuleWallet'),('ApplePayPaypal','ModuleWallet'),('ApplePayRainforest','ModuleWallet'),('AuthorizeNetXML','Module'),('Bambora','Module'),('Bean','Module'),('BendigoBank','Module'),('BillriantPay','Module'),('BluePay','Module'),('BlueSnap','Module'),('Braintree','Module'),('Caledon','Module'),('CardinalCommerce','Module'),('Chase','Module'),('CommWeb','Module'),('Credomatic','Module'),('CyberSourceSOAP','Module'),('DemoPay','Module'),('Dibs','Module'),('DirectOne','Module'),('Elavon','Module'),('EpdqXML','Module'),('EProcessingTDE','Module'),('ESec','Module'),('ESelect','Module'),('EwayRapid','Module'),('FifthDimensionGateway','Module'),('FirstDataE4','Module'),('GlobalIris','Module'),('GlobalPay','Module'),('GoEmerchant','Module'),('GooglePay','ModuleWallet'),('GooglePayPaypal','ModuleWallet'),('Heartland','Module'),('HeidelPay','Module'),('InnovativeGateway','Module'),('ItransactXML','Module'),('Kount','ModuleAntifraud'),('Meritus','Module'),('NAB','Module'),('NABXML','Module'),('Netbilling','Module'),('Netevia','Module'),('NMI','Module'),('NoFraud','ModuleAntifraud'),('Ogone','Module'),('PayflowPro','Module'),('PayGateSA','Module'),('PayPal','Module'),('PaypalREST','Module'),('PaypalWPPDirectPayment','Module'),('PaypalWPPPEDirectPayment','Module'),('PsiGateXML','Module'),('QuantumGatewayXML','Module'),('QuickBooksPayments','Module'),('QuickPay','Module'),('RBSGlobalGatewayDirect','Module'),('Realex','Module'),('SagePayDirect','Module'),('SageUs','Module'),('Signifyd','ModuleAntifraud'),('SimplifyCommerce','Module'),('SkipJack','Module'),('Stripe','Module'),('Suncorp','Module'),('TranSafe','Module'),('TwoCheckout','Module'),('USAePay','Module'),('VirtualMerchantMPF','Module'),('WebXpress','Module'),('WorldpayTotalUS','Module'),('WorldpayUs','Module'),('XCartPay','Module');

--
-- Table structure for table `xpay_no_fraud_conf`
--

CREATE TABLE `xpay_no_fraud_conf` (
  `conf_id` int NOT NULL DEFAULT '0',
  `nf_token` varchar(255) NOT NULL DEFAULT '',
  `status` char(1) NOT NULL DEFAULT 'N',
  `mode` varchar(4) NOT NULL DEFAULT 'test',
  PRIMARY KEY (`conf_id`),
  CONSTRAINT `xpay_no_fraud_conf_ibfk_1` FOREIGN KEY (`conf_id`) REFERENCES `xpay_payment_confs` (`conf_id`) ON DELETE CASCADE ON UPDATE CASCADE
) ENGINE=InnoDB DEFAULT CHARSET=utf8mb3;

--
-- Dumping data for table `xpay_no_fraud_conf`
--


--
-- Table structure for table `xpay_no_fraud_result`
--

CREATE TABLE `xpay_no_fraud_result` (
  `payment_id` int NOT NULL DEFAULT '0',
  `transaction_id` varchar(255) NOT NULL DEFAULT '',
  `status` varchar(255) NOT NULL DEFAULT '',
  `message` varchar(255) NOT NULL DEFAULT '',
  `errors` text NOT NULL,
  PRIMARY KEY (`payment_id`),
  CONSTRAINT `xpay_no_fraud_result_ibfk_1` FOREIGN KEY (`payment_id`) REFERENCES `xpay_payments` (`payment_id`) ON DELETE CASCADE ON UPDATE CASCADE
) ENGINE=InnoDB DEFAULT CHARSET=utf8mb3;

--
-- Dumping data for table `xpay_no_fraud_result`
--


--
-- Table structure for table `xpay_password_history`
--

CREATE TABLE `xpay_password_history` (
  `ph_id` int NOT NULL AUTO_INCREMENT,
  `user_id` int NOT NULL,
  `password` char(128) NOT NULL DEFAULT '',
  `key_id` int NOT NULL,
  `set_date` int NOT NULL,
  PRIMARY KEY (`ph_id`),
  UNIQUE KEY `user_id` (`user_id`,`password`),
  CONSTRAINT `xpay_password_history_1` FOREIGN KEY (`user_id`) REFERENCES `xpay_profiles` (`user_id`) ON DELETE CASCADE ON UPDATE CASCADE
) ENGINE=InnoDB AUTO_INCREMENT=9 DEFAULT CHARSET=utf8mb3;

--
-- Dumping data for table `xpay_password_history`
--

INSERT INTO `xpay_password_history` (`ph_id`, `user_id`, `password`, `key_id`, `set_date`) VALUES (1,1,'PFavi/RIz/DdYR+SyxBL4C1u7kWo+aOY:W55HUgYfQFbA7cAu7m0x/mN2IMWqefC2',4668705,1637124433),(2,2,'2rtmqNFmjfRfne4EDO6XsmFXJvAxnVRf:XP+uY4t9/sxT0HFXq2qBHUcl5ARQqgpu',4528241,1637170384),(3,2,'/tIPwNcFRNYzumQllFBtAwugxk9AW+m3:Zr1r8z8HQXH95dxG5evB3+XwLiDLR1ZM',5554361,1653029524),(4,2,'g6dGWSbxzcVxLY7IuO1p+g/IydRojuUS:BKPaplln8mRQ6jpenpRv15aSDqgWy3ZP',1709232,1660737607),(5,2,'nzOBqM2jFovn517rA4dNlkLTpGUR4RWe:ObxgxtzGrwYHXrJrXknUXNGK2XtIEdHk',4668705,1676883651),(6,2,'fUj1SKsZ7uMdk6yBhrth6zFmI/4SaVEz:AW+G14FxudwUzQvfSMnDm/RH8e727JR2',6669510,1676968889),(7,2,'gl0LNQ2JDFOk6tics/hBXBmSX+4lbfTm:McwPCYqkJGOn3bJzeveGJ0j3DrVzX/XW',4668705,1687826430),(8,2,'hHTUMQSHogDXTfVcKc8xNPV2OA7BiCZ6:25A6TX55aESkpcAQxWW2qwPnSRMX1q2O',6724719,1697142116);

--
-- Table structure for table `xpay_payment_card_validation_data`
--

CREATE TABLE `xpay_payment_card_validation_data` (
  `cell_id` int NOT NULL AUTO_INCREMENT,
  `payment_id` int NOT NULL DEFAULT '0',
  `cvv` int NOT NULL DEFAULT '0',
  `cvv_code` char(1) NOT NULL DEFAULT '',
  `cvv_raw` varchar(255) NOT NULL DEFAULT '',
  `avs_a` int NOT NULL DEFAULT '0',
  `avs_z` int NOT NULL DEFAULT '0',
  `avs_c` int NOT NULL DEFAULT '0',
  `avs_code` char(1) NOT NULL DEFAULT '',
  `avs_raw` varchar(255) NOT NULL DEFAULT '',
  PRIMARY KEY (`cell_id`),
  KEY `payment_id` (`payment_id`),
  CONSTRAINT `xpay_payment_card_validation_data_ibfk_1` FOREIGN KEY (`payment_id`) REFERENCES `xpay_payments` (`payment_id`) ON DELETE CASCADE ON UPDATE CASCADE
) ENGINE=InnoDB AUTO_INCREMENT=1192 DEFAULT CHARSET=utf8mb3;

--
-- Dumping data for table `xpay_payment_card_validation_data`
--

INSERT INTO `xpay_payment_card_validation_data` (`cell_id`, `payment_id`, `cvv`, `cvv_code`, `cvv_raw`, `avs_a`, `avs_z`, `avs_c`, `avs_code`, `avs_raw`) VALUES (1,1,1,'','',1,1,1,'',''),(2,2,1,'','',1,1,1,'',''),(3,3,0,'','',0,0,0,'',''),(4,4,0,'','',0,0,0,'',''),(5,5,0,'','',0,0,0,'',''),(6,6,0,'','',0,0,0,'',''),(7,7,0,'','',0,0,0,'',''),(8,8,0,'','',0,0,0,'',''),(9,9,0,'','',0,0,0,'',''),(10,10,0,'','',0,0,0,'',''),(11,11,1,'','',1,1,1,'',''),(12,12,0,'','',0,0,0,'',''),(13,13,0,'','',0,0,0,'',''),(14,14,0,'','',0,0,0,'',''),(15,15,2,'','',2,2,2,'',''),(16,16,0,'','',0,0,0,'',''),(17,17,0,'','',0,0,0,'',''),(18,18,1,'','MATCHED',2,2,0,'',''),(19,19,1,'','MATCHED',2,2,0,'',''),(20,20,1,'','MATCHED',2,2,0,'',''),(21,21,0,'','',0,0,0,'',''),(22,22,0,'','',0,0,0,'',''),(23,23,0,'','',0,0,0,'',''),(24,24,0,'','',0,0,0,'',''),(25,25,0,'','',0,0,0,'',''),(26,26,0,'P','P',1,1,1,'Y','Y'),(27,27,0,'','',0,0,0,'',''),(28,28,1,'','',1,1,1,'',''),(29,29,1,'','',1,1,1,'',''),(30,30,0,'','',0,0,0,'',''),(31,31,0,'','',0,0,0,'',''),(32,32,0,'','',0,0,0,'',''),(33,33,0,'','',0,0,0,'',''),(34,34,2,'','',2,2,2,'',''),(35,35,1,'','',1,1,1,'',''),(36,36,2,'','',2,2,2,'',''),(37,37,0,'P','P',1,1,1,'Y','Y'),(38,38,0,'P','P',1,1,1,'Y','Y'),(39,39,0,'','',0,0,0,'',''),(40,40,0,'P','P',1,1,1,'Y','Y'),(41,41,1,'','',1,1,0,'',''),(42,42,1,'','',1,1,1,'',''),(43,43,1,'','',1,1,1,'',''),(44,44,2,'','',2,2,2,'',''),(45,45,2,'','',2,2,2,'',''),(46,46,0,'','',0,0,0,'',''),(47,47,0,'','',0,0,0,'',''),(48,48,1,'','',1,1,0,'',''),(49,49,1,'','',1,1,0,'',''),(50,50,0,'','',1,1,0,'',''),(51,51,0,'','',1,1,0,'',''),(52,52,0,'','',0,0,0,'',''),(53,53,0,'','',0,0,0,'',''),(54,54,0,'P','P',1,1,1,'Y','Y'),(55,55,0,'P','P',1,1,1,'Y','Y'),(56,56,0,'P','P',1,1,1,'Y','Y'),(57,57,0,'P','P',1,1,1,'Y','Y'),(58,58,0,'P','P',1,1,1,'Y','Y'),(59,59,0,'P','P',1,1,1,'Y','Y'),(60,60,0,'P','P',1,1,1,'Y','Y'),(61,61,0,'P','P',1,1,1,'Y','Y'),(62,62,0,'P','P',1,1,1,'Y','Y'),(63,63,0,'P','P',1,1,1,'Y','Y'),(64,64,0,'P','P',1,1,1,'Y','Y'),(65,65,1,'','',1,1,0,'',''),(66,66,0,'','',1,1,0,'',''),(67,67,0,'','',0,0,0,'',''),(68,68,0,'S','S',1,1,1,'Y','Y'),(69,69,0,'','',0,0,0,'',''),(70,70,0,'','',0,0,0,'',''),(71,71,0,'','',0,0,0,'',''),(72,72,0,'','',0,0,0,'',''),(73,73,0,'','',0,0,0,'',''),(74,74,0,'S','S',1,1,1,'Y','Y'),(75,75,0,'','',0,0,0,'',''),(76,76,0,'','',0,0,0,'',''),(77,77,0,'','',0,0,0,'',''),(78,78,0,'','',0,0,0,'',''),(79,79,0,'','',0,0,0,'',''),(80,80,1,'M','M',1,2,2,'A','A'),(81,81,1,'M','M',1,2,2,'A','A'),(82,82,1,'','',1,1,0,'',''),(83,83,1,'','',1,1,0,'',''),(84,84,0,'','',1,1,0,'',''),(85,85,1,'','',1,1,0,'',''),(86,86,0,'','',1,1,0,'',''),(87,87,1,'','',1,1,0,'',''),(88,88,0,'','',1,1,0,'',''),(89,89,1,'','',1,1,0,'',''),(90,90,1,'','',1,1,0,'',''),(91,91,0,'','',1,1,0,'',''),(92,92,0,'','',0,0,0,'',''),(93,93,0,'P','P',1,1,1,'Y','Y'),(94,94,0,'P','P',1,1,1,'Y','Y'),(95,95,0,'P','P',1,1,1,'Y','Y'),(96,96,0,'P','P',1,1,1,'Y','Y'),(97,97,0,'P','P',1,1,1,'Y','Y'),(98,98,0,'P','P',1,1,1,'Y','Y'),(99,99,0,'P','P',1,1,1,'Y','Y'),(100,100,0,'','',0,0,0,'',''),(101,101,0,'','',0,0,0,'',''),(102,102,0,'','',0,0,0,'',''),(103,103,0,'','',0,0,0,'',''),(104,104,0,'P','P',1,1,1,'Y','Y'),(105,105,0,'P','P',1,1,1,'Y','Y'),(106,106,0,'P','P',1,1,1,'Y','Y'),(107,107,0,'P','P',1,1,1,'Y','Y'),(108,108,0,'','',0,0,0,'',''),(109,109,0,'P','P',1,1,1,'Y','Y'),(110,110,0,'P','P',1,1,1,'Y','Y'),(111,111,0,'','',0,0,0,'',''),(112,112,0,'','',0,0,0,'',''),(113,113,0,'P','P',1,1,1,'Y','Y'),(114,114,0,'','',0,0,0,'',''),(115,115,0,'','',0,0,0,'',''),(116,116,0,'','',0,0,0,'',''),(117,117,0,'','',0,0,0,'',''),(118,118,0,'','',0,0,0,'',''),(119,119,0,'','',0,0,0,'',''),(120,120,0,'','',0,0,0,'',''),(121,121,0,'','',0,0,0,'',''),(122,122,0,'','',0,0,0,'',''),(123,123,0,'P','P',1,1,1,'Y','Y'),(124,124,0,'P','P',1,1,1,'Y','Y'),(125,125,0,'P','P',1,1,1,'Y','Y'),(126,126,0,'P','P',1,1,1,'Y','Y'),(127,127,0,'','',0,0,0,'',''),(128,128,0,'','',0,0,0,'',''),(129,129,0,'P','P',1,1,1,'Y','Y'),(130,130,0,'','',0,0,0,'',''),(131,131,0,'P','P',1,1,1,'Y','Y'),(132,132,0,'P','P',1,1,1,'Y','Y'),(133,133,0,'P','P',1,1,1,'Y','Y'),(134,134,0,'P','P',1,1,1,'Y','Y'),(135,135,0,'P','P',1,1,1,'Y','Y'),(136,136,0,'P','P',1,1,1,'Y','Y'),(137,137,0,'P','P',1,1,1,'Y','Y'),(138,138,0,'P','P',1,1,1,'Y','Y'),(139,139,0,'P','P',1,1,1,'Y','Y'),(140,140,0,'P','P',1,1,1,'Y','Y'),(141,141,0,'','',0,0,0,'P','P'),(142,142,0,'','',0,0,0,'P','P'),(143,143,0,'','',0,0,0,'P','P'),(144,144,0,'','',0,0,0,'P','P'),(145,145,0,'','',0,0,0,'P','P'),(146,146,0,'','',0,0,0,'P','P'),(147,147,0,'','',0,0,0,'',''),(148,148,0,'','',0,0,0,'',''),(149,149,0,'','',0,0,0,'',''),(150,150,0,'','',0,0,0,'',''),(151,151,0,'','',0,0,0,'',''),(152,152,0,'','',0,0,0,'',''),(153,153,0,'','',0,0,0,'',''),(154,154,0,'','',0,0,0,'',''),(155,155,0,'','',0,0,0,'',''),(156,156,0,'','',0,0,0,'',''),(157,157,0,'','',0,0,0,'',''),(158,158,0,'','',0,0,0,'',''),(159,159,0,'','',0,0,0,'',''),(160,160,0,'','',0,0,0,'',''),(161,161,0,'','',0,0,0,'',''),(162,162,0,'','',0,0,0,'',''),(163,163,0,'','',0,0,0,'',''),(164,164,0,'','',0,0,0,'',''),(165,165,0,'','',0,0,0,'',''),(166,166,0,'','',0,0,0,'',''),(167,167,0,'','',0,0,0,'',''),(168,168,0,'','',0,0,0,'',''),(169,169,0,'','',0,0,0,'',''),(170,170,0,'','',0,0,0,'',''),(171,171,0,'','',0,0,0,'',''),(172,172,0,'','',0,0,0,'',''),(173,173,0,'','',0,0,0,'',''),(174,174,0,'','',0,0,0,'',''),(175,175,0,'','',0,0,0,'',''),(176,176,0,'','',0,0,0,'',''),(177,177,0,'','',0,0,0,'',''),(178,178,0,'','',0,0,0,'',''),(179,179,0,'','',0,0,0,'',''),(180,180,0,'','',0,0,0,'',''),(181,181,0,'','',0,0,0,'',''),(182,182,0,'','',0,0,0,'',''),(183,183,0,'','',0,0,0,'',''),(184,184,0,'','',0,0,0,'',''),(185,185,0,'','',0,0,0,'',''),(186,186,0,'','',0,0,0,'',''),(187,187,0,'','',0,0,0,'',''),(188,188,0,'','',0,0,0,'',''),(189,189,0,'','',0,0,0,'',''),(190,190,0,'','',0,0,0,'',''),(191,191,0,'','',0,0,0,'',''),(192,192,0,'P','P',0,0,0,'U','U'),(193,193,1,'M','M',0,0,0,'U','U'),(194,194,1,'M','M',0,0,0,'U','U'),(195,195,1,'M','M',0,0,0,'U','U'),(196,196,0,'','',0,0,0,'',''),(197,197,0,'','',0,0,0,'',''),(198,198,0,'','',0,0,0,'',''),(199,199,0,'','',0,0,0,'',''),(200,200,0,'','',0,0,0,'',''),(201,201,0,'','',0,0,0,'',''),(202,202,0,'','',0,0,0,'',''),(203,203,0,'','',0,0,0,'',''),(204,204,0,'','',0,0,0,'',''),(205,205,0,'','',0,0,0,'',''),(206,206,0,'','',0,0,0,'',''),(207,207,0,'','',0,0,0,'',''),(208,208,0,'','',0,0,0,'',''),(209,209,0,'','',0,0,0,'',''),(210,210,0,'','',0,0,0,'',''),(211,211,0,'','',0,0,0,'',''),(212,212,0,'','',0,0,0,'',''),(213,213,0,'','',0,0,0,'',''),(214,214,0,'','',0,0,0,'',''),(215,215,0,'','',0,0,0,'',''),(216,216,0,'','',0,0,0,'',''),(217,217,0,'','',0,0,0,'',''),(218,218,0,'','',0,0,0,'',''),(219,219,0,'','',0,0,0,'',''),(220,220,0,'','',0,0,0,'',''),(221,221,0,'','',0,0,0,'',''),(222,222,0,'','',0,0,0,'',''),(223,223,0,'','',0,0,0,'',''),(224,224,0,'','',0,0,0,'',''),(225,225,0,'','',0,0,0,'',''),(226,226,0,'','',0,0,0,'',''),(227,227,0,'','',0,0,0,'',''),(228,228,0,'','',0,0,0,'',''),(229,229,0,'','',0,0,0,'',''),(230,230,0,'','',0,0,0,'',''),(231,231,0,'','',0,0,0,'',''),(232,232,0,'','',0,0,0,'',''),(233,233,0,'','',0,0,0,'',''),(234,234,0,'','',0,0,0,'',''),(235,235,0,'','',0,0,0,'',''),(236,236,0,'','',0,0,0,'',''),(237,237,0,'','',0,0,0,'',''),(238,238,0,'','',0,0,0,'',''),(239,239,0,'','',0,0,0,'',''),(240,240,0,'','',0,0,0,'',''),(241,241,0,'','',0,0,0,'',''),(242,242,0,'','',0,0,0,'',''),(243,243,0,'','',0,0,0,'',''),(244,244,0,'','',0,0,0,'',''),(245,245,0,'','',0,0,0,'',''),(246,246,0,'','',0,0,0,'',''),(247,247,0,'','',0,0,0,'',''),(248,248,0,'','',0,0,0,'',''),(249,249,0,'','',0,0,0,'',''),(250,250,0,'','',0,0,0,'',''),(251,251,0,'','',0,0,0,'',''),(252,252,0,'','',0,0,0,'',''),(253,253,0,'','',0,0,0,'',''),(254,254,0,'','',0,0,0,'',''),(255,255,0,'','',0,0,0,'',''),(256,256,0,'','',0,0,0,'',''),(257,257,0,'','',0,0,0,'',''),(258,258,0,'','',0,0,0,'',''),(259,259,0,'','',0,0,0,'',''),(260,260,0,'','',0,0,0,'',''),(261,261,0,'','',0,0,0,'',''),(262,262,0,'','',0,0,0,'',''),(263,263,0,'','',0,0,0,'',''),(264,264,0,'','',0,0,0,'',''),(265,265,0,'','',0,0,0,'',''),(266,266,0,'','',0,0,0,'',''),(267,267,0,'','',0,0,0,'',''),(268,268,0,'','',0,0,0,'',''),(269,269,0,'','',0,0,0,'',''),(270,270,0,'','',0,0,0,'',''),(271,271,0,'','',0,0,0,'',''),(272,272,0,'','',0,0,0,'',''),(273,273,0,'','',0,0,0,'',''),(274,274,0,'','',0,0,0,'',''),(275,275,0,'','',0,0,0,'',''),(276,276,0,'','',0,0,0,'',''),(277,277,0,'','',0,0,0,'',''),(278,278,0,'','',0,0,0,'',''),(279,279,0,'','',0,0,0,'',''),(280,280,0,'','',0,0,0,'',''),(281,281,0,'','',0,0,0,'',''),(282,282,0,'','',0,0,0,'',''),(283,283,0,'','',0,0,0,'',''),(284,284,0,'','',0,0,0,'',''),(285,285,0,'','',0,0,0,'',''),(286,286,0,'','',0,0,0,'',''),(287,287,0,'','',0,0,0,'',''),(288,288,0,'','',0,0,0,'',''),(289,289,0,'','',0,0,0,'',''),(290,290,0,'','',0,0,0,'',''),(291,291,0,'','',0,0,0,'',''),(292,292,0,'','',0,0,0,'',''),(293,293,0,'','',0,0,0,'',''),(294,294,0,'','',0,0,0,'',''),(295,295,0,'','',0,0,0,'',''),(296,296,0,'','',0,0,0,'',''),(297,297,1,'','MATCHED',2,2,0,'',''),(298,298,0,'','',0,0,0,'',''),(299,299,0,'','',0,0,0,'',''),(300,300,0,'','',0,0,0,'',''),(301,301,1,'','MATCHED',2,2,0,'',''),(302,302,0,'','',0,0,0,'',''),(303,303,1,'','MATCHED',2,2,0,'',''),(304,304,1,'','MATCHED',2,2,0,'',''),(305,305,1,'','MATCHED',2,2,0,'',''),(306,306,0,'','',0,0,0,'',''),(307,307,0,'P','P',1,1,1,'Y','Y'),(308,308,0,'','',0,0,0,'',''),(309,309,1,'M','M',1,1,1,'Y','Y'),(310,310,0,'','',0,0,0,'',''),(311,311,0,'','',0,0,0,'',''),(312,312,0,'','',0,0,0,'',''),(313,313,0,'P','P',1,1,1,'Y','Y'),(314,314,0,'P','P',1,1,1,'Y','Y'),(315,315,0,'P','P',1,1,1,'Y','Y'),(316,316,0,'','',0,0,0,'',''),(317,317,0,'','',0,0,0,'',''),(318,318,0,'','',0,0,0,'',''),(319,319,0,'','',0,0,0,'',''),(320,320,0,'','',0,0,0,'',''),(321,321,0,'','',0,0,0,'',''),(322,322,0,'P','P',1,1,1,'Y','Y'),(323,323,0,'P','P',1,1,1,'Y','Y'),(324,324,0,'P','P',1,1,1,'Y','Y'),(325,325,0,'P','P',1,1,1,'Y','Y'),(326,326,0,'P','P',1,1,1,'Y','Y'),(327,327,0,'P','P',1,1,1,'Y','Y'),(328,328,0,'P','P',1,1,1,'Y','Y'),(329,329,0,'P','P',1,1,1,'Y','Y'),(330,330,0,'P','P',1,1,1,'Y','Y'),(331,331,0,'P','P',1,1,1,'Y','Y'),(332,332,0,'P','P',1,1,1,'Y','Y'),(333,333,0,'P','P',1,1,1,'Y','Y'),(334,334,0,'P','P',1,1,1,'Y','Y'),(335,335,0,'P','P',1,1,1,'Y','Y'),(336,336,0,'P','P',1,1,1,'Y','Y'),(337,337,0,'P','P',1,1,1,'Y','Y'),(338,338,0,'P','P',1,1,1,'Y','Y'),(339,339,0,'P','P',1,1,1,'Y','Y'),(340,340,0,'P','P',1,1,1,'Y','Y'),(341,341,0,'P','P',1,1,1,'Y','Y'),(342,342,0,'P','P',1,1,1,'Y','Y'),(343,343,0,'P','P',1,1,1,'Y','Y'),(344,344,0,'P','P',1,1,1,'Y','Y'),(345,345,0,'P','P',1,1,1,'Y','Y'),(346,346,0,'P','P',1,1,1,'Y','Y'),(347,347,0,'P','P',1,1,1,'Y','Y'),(348,348,0,'P','P',1,1,1,'Y','Y'),(349,349,0,'P','P',1,1,1,'Y','Y'),(350,350,0,'P','P',1,1,1,'Y','Y'),(351,351,0,'P','P',1,1,1,'Y','Y'),(352,352,0,'P','P',1,1,1,'Y','Y'),(353,353,0,'P','P',1,1,1,'Y','Y'),(354,354,0,'P','P',1,1,1,'Y','Y'),(355,355,0,'P','P',1,1,1,'Y','Y'),(356,356,0,'P','P',1,1,1,'Y','Y'),(357,357,0,'','',1,1,0,'',''),(358,358,1,'','',1,1,0,'',''),(359,359,1,'','',1,1,0,'',''),(360,360,0,'','',0,0,0,'',''),(361,361,1,'','',1,1,0,'',''),(362,362,1,'','',1,1,0,'',''),(363,363,0,'','',0,0,0,'',''),(364,364,0,'','',0,0,0,'',''),(365,365,1,'','',1,1,0,'',''),(366,366,1,'','',1,1,0,'',''),(367,367,1,'','',1,1,0,'',''),(368,368,1,'','',1,1,0,'',''),(369,369,1,'','',1,1,0,'',''),(370,370,0,'','',0,0,0,'',''),(371,371,0,'','',0,0,0,'',''),(372,372,0,'','',0,0,0,'',''),(373,373,0,'P','P',1,1,1,'Y','Y'),(374,374,0,'P','P',1,1,1,'Y','Y'),(375,375,0,'P','P',1,1,1,'Y','Y'),(376,376,0,'P','P',1,1,1,'Y','Y'),(377,377,1,'','',1,1,0,'',''),(378,378,1,'Y','Y',1,1,0,'',''),(379,379,0,'','',0,0,0,'',''),(380,380,1,'','',1,1,0,'',''),(381,381,0,'','',0,0,0,'',''),(382,382,0,'','',0,0,0,'',''),(383,383,0,'','',0,0,0,'',''),(384,384,0,'','',0,0,0,'',''),(385,385,0,'','',0,0,0,'',''),(386,386,0,'','',0,0,0,'',''),(387,387,1,'','',1,1,0,'',''),(388,388,1,'Y','Y',1,2,0,'',''),(389,389,0,'','',0,0,0,'',''),(390,390,0,'','',0,0,0,'',''),(391,391,0,'','',0,0,0,'',''),(392,392,1,'Y','Y',1,2,0,'',''),(393,393,0,'','',0,0,0,'',''),(394,394,1,'Y','Y',1,2,0,'',''),(395,395,0,'','',0,0,0,'',''),(396,396,0,'','',0,0,0,'',''),(397,397,1,'Y','Y',1,2,0,'',''),(398,398,0,'','',0,0,0,'',''),(399,399,0,'','',0,0,0,'',''),(400,400,0,'','',1,1,0,'',''),(401,401,0,'','',0,0,0,'',''),(402,402,1,'','',1,1,0,'',''),(403,403,1,'','',1,1,0,'',''),(404,404,1,'M','M',1,1,1,'Y','Y'),(405,405,1,'M','M',1,1,1,'Y','Y'),(406,406,1,'M','M',1,1,1,'Y','Y'),(407,407,1,'M','M',1,1,1,'Y','Y'),(408,408,1,'M','M',1,1,1,'Y','Y'),(409,409,1,'M','M',1,1,1,'Y','Y'),(410,410,1,'','',1,1,0,'',''),(411,411,0,'','',0,0,0,'',''),(412,412,1,'M','M',1,1,1,'Y','Y'),(413,413,0,'','',0,0,0,'',''),(414,414,0,'','',0,0,0,'',''),(415,415,0,'','',0,0,0,'',''),(416,416,0,'','',0,0,0,'',''),(417,417,0,'','',0,0,0,'',''),(418,418,0,'','',0,0,0,'',''),(419,419,1,'M','M',1,1,1,'Y','Y'),(420,420,1,'M','M',1,1,1,'Y','Y'),(421,421,0,'','',1,1,1,'X','X'),(422,422,0,'','',0,0,0,'',''),(423,423,1,'','',1,1,0,'',''),(424,424,1,'','',1,1,0,'',''),(425,425,0,'','',1,1,0,'',''),(426,426,0,'','',1,1,0,'',''),(427,427,0,'','',1,1,0,'',''),(428,428,0,'','',1,1,0,'',''),(429,429,0,'','',1,1,0,'',''),(430,430,0,'','',1,1,0,'',''),(431,431,0,'','',1,1,0,'',''),(432,432,0,'','',1,1,0,'',''),(433,433,0,'','',1,1,0,'',''),(434,434,0,'','',1,1,0,'',''),(435,435,0,'','',1,1,0,'',''),(436,436,0,'','',1,1,0,'',''),(437,437,0,'','',1,1,0,'',''),(438,438,0,'','',1,1,0,'',''),(439,439,0,'','',1,1,0,'',''),(440,440,0,'','',1,1,0,'',''),(441,441,0,'','',1,1,0,'',''),(442,442,0,'','',1,1,0,'',''),(443,443,0,'','',1,1,0,'',''),(444,444,0,'','',1,1,0,'',''),(445,445,0,'','',1,1,0,'',''),(446,446,0,'','',1,1,0,'',''),(447,447,0,'','',1,1,0,'',''),(448,448,0,'','',1,1,0,'',''),(449,449,0,'','',1,1,0,'',''),(450,450,0,'','',1,1,0,'',''),(451,451,0,'','',1,1,0,'',''),(452,452,0,'','',1,1,0,'',''),(453,453,0,'','',1,1,0,'',''),(454,454,0,'','',1,1,0,'',''),(455,455,0,'','',1,1,0,'',''),(456,456,0,'','',1,1,0,'',''),(457,457,0,'','',1,1,0,'',''),(458,458,0,'','',1,1,0,'',''),(459,459,0,'','',1,1,0,'',''),(460,460,0,'','',1,1,0,'',''),(461,461,0,'','',1,1,0,'',''),(462,462,0,'','',1,1,0,'',''),(463,463,0,'','',1,1,0,'',''),(464,464,0,'','',1,1,0,'',''),(465,465,0,'','',1,1,0,'',''),(466,466,0,'','',1,1,0,'',''),(467,467,0,'','',1,1,0,'',''),(468,468,0,'','',1,1,0,'',''),(469,469,0,'','',1,1,0,'',''),(470,470,0,'','',1,1,0,'',''),(471,471,0,'','',1,1,0,'',''),(472,472,0,'','',1,1,0,'',''),(473,473,0,'','',1,1,0,'',''),(474,474,0,'','',1,1,0,'',''),(475,475,0,'','',1,1,0,'',''),(476,476,0,'','',1,1,0,'',''),(477,477,0,'','',1,1,0,'',''),(478,478,0,'','',1,1,0,'',''),(479,479,0,'','',1,1,0,'',''),(480,480,0,'','',1,1,0,'',''),(481,481,0,'','',1,1,0,'',''),(482,482,0,'','',1,1,0,'',''),(483,483,0,'','',1,1,0,'',''),(484,484,0,'','',1,1,0,'',''),(485,485,0,'','',1,1,0,'',''),(486,486,0,'','',1,1,0,'',''),(487,487,0,'','',1,1,0,'',''),(488,488,0,'','',1,1,0,'',''),(489,489,0,'','',1,1,0,'',''),(490,490,0,'','',1,1,0,'',''),(491,491,0,'','',1,1,0,'',''),(492,492,0,'','',1,1,0,'',''),(493,493,0,'','',1,1,0,'',''),(494,494,0,'','',1,1,0,'',''),(495,495,0,'','',1,1,0,'',''),(496,496,0,'','',1,1,0,'',''),(497,497,0,'','',1,1,0,'',''),(498,498,0,'','',1,1,0,'',''),(499,499,0,'','',1,1,0,'',''),(500,500,0,'','',1,1,0,'',''),(501,501,0,'','',1,1,0,'',''),(502,502,0,'','',1,1,0,'',''),(503,503,0,'','',1,1,0,'',''),(504,504,0,'','',1,1,0,'',''),(505,505,0,'','',1,1,0,'',''),(506,506,0,'','',1,1,0,'',''),(507,507,0,'','',1,1,0,'',''),(508,508,0,'','',1,1,0,'',''),(509,509,0,'','',1,1,0,'',''),(510,510,0,'','',1,1,0,'',''),(511,511,0,'','',1,1,0,'',''),(512,512,0,'','',1,1,0,'',''),(513,513,0,'','',1,1,0,'',''),(514,514,0,'','',1,1,0,'',''),(515,515,0,'','',1,1,0,'',''),(516,516,0,'','',1,1,0,'',''),(517,517,0,'','',1,1,0,'',''),(518,518,0,'','',1,1,0,'',''),(519,519,0,'','',1,1,0,'',''),(520,520,0,'','',1,1,0,'',''),(521,521,0,'','',1,1,0,'',''),(522,522,0,'','',1,1,0,'',''),(523,523,0,'','',1,1,0,'',''),(524,524,0,'','',1,1,0,'',''),(525,525,0,'','',1,1,0,'',''),(526,526,0,'','',1,1,0,'',''),(527,527,0,'','',1,1,0,'',''),(528,528,0,'','',1,1,0,'',''),(529,529,0,'','',1,1,0,'',''),(530,530,0,'','',1,1,0,'',''),(531,531,0,'','',1,1,0,'',''),(532,532,0,'','',1,1,0,'',''),(533,533,0,'','',1,1,0,'',''),(534,534,0,'','',1,1,0,'',''),(535,535,0,'','',1,1,0,'',''),(536,536,0,'','',1,1,0,'',''),(537,537,0,'','',1,1,0,'',''),(538,538,0,'','',1,1,0,'',''),(539,539,0,'','',1,1,0,'',''),(540,540,0,'','',1,1,0,'',''),(541,541,0,'','',1,1,0,'',''),(542,542,0,'','',1,1,0,'',''),(543,543,0,'','',1,1,0,'',''),(544,544,0,'','',1,1,0,'',''),(545,545,0,'','',1,1,0,'',''),(546,546,0,'','',1,1,0,'',''),(547,547,0,'','',1,1,0,'',''),(548,548,0,'','',1,1,0,'',''),(549,549,0,'','',1,1,0,'',''),(550,550,0,'','',1,1,0,'',''),(551,551,0,'','',1,1,0,'',''),(552,552,0,'','',1,1,0,'',''),(553,553,0,'','',1,1,0,'',''),(554,554,0,'','',1,1,0,'',''),(555,555,0,'','',1,1,0,'',''),(556,556,0,'','',1,1,0,'',''),(557,557,0,'','',1,1,0,'',''),(558,558,0,'','',1,1,0,'',''),(559,559,0,'','',1,1,0,'',''),(560,560,0,'','',1,1,0,'',''),(561,561,0,'','',1,1,0,'',''),(562,562,0,'','',1,1,0,'',''),(563,563,0,'','',1,1,0,'',''),(564,564,0,'','',1,1,0,'',''),(565,565,0,'','',1,1,0,'',''),(566,566,0,'','',1,1,0,'',''),(567,567,0,'','',1,1,0,'',''),(568,568,0,'','',1,1,0,'',''),(569,569,0,'','',1,1,0,'',''),(570,570,0,'','',1,1,0,'',''),(571,571,0,'','',1,1,0,'',''),(572,572,0,'','',1,1,0,'',''),(573,573,0,'','',1,1,0,'',''),(574,574,0,'','',1,1,0,'',''),(575,575,0,'','',1,1,0,'',''),(576,576,0,'','',1,1,0,'',''),(577,577,0,'','',1,1,0,'',''),(578,578,0,'','',1,1,0,'',''),(579,579,0,'','',1,1,0,'',''),(580,580,0,'','',1,1,0,'',''),(581,581,0,'','',1,1,0,'',''),(582,582,0,'','',1,1,0,'',''),(583,583,0,'','',1,1,0,'',''),(584,584,0,'','',1,1,0,'',''),(585,585,0,'','',1,1,0,'',''),(586,586,0,'','',1,1,0,'',''),(587,587,0,'','',1,1,0,'',''),(588,588,0,'','',1,1,0,'',''),(589,589,0,'','',1,1,0,'',''),(590,590,0,'','',1,1,0,'',''),(591,591,0,'','',1,1,0,'',''),(592,592,0,'','',1,1,0,'',''),(593,593,0,'','',1,1,0,'',''),(594,594,0,'','',1,1,0,'',''),(595,595,0,'','',1,1,0,'',''),(596,596,0,'','',1,1,0,'',''),(597,597,0,'','',1,1,0,'',''),(598,598,0,'','',1,1,0,'',''),(599,599,0,'','',1,1,0,'',''),(600,600,0,'','',1,1,0,'',''),(601,601,0,'','',1,1,0,'',''),(602,602,0,'','',1,1,0,'',''),(603,603,0,'','',1,1,0,'',''),(604,604,0,'','',1,1,0,'',''),(605,605,0,'','',1,1,0,'',''),(606,606,0,'','',1,1,0,'',''),(607,607,0,'','',1,1,0,'',''),(608,608,0,'','',1,1,0,'',''),(609,609,0,'','',1,1,0,'',''),(610,610,0,'','',1,1,0,'',''),(611,611,0,'','',1,1,0,'',''),(612,612,0,'','',1,1,0,'',''),(613,613,0,'','',1,1,0,'',''),(614,614,0,'','',1,1,0,'',''),(615,615,0,'','',1,1,0,'',''),(616,616,0,'','',1,1,0,'',''),(617,617,0,'','',1,1,0,'',''),(618,618,0,'','',1,1,0,'',''),(619,619,0,'','',1,1,0,'',''),(620,620,0,'','',1,1,0,'',''),(621,621,0,'','',1,1,0,'',''),(622,622,0,'','',1,1,0,'',''),(623,623,0,'','',1,1,0,'',''),(624,624,0,'','',1,1,0,'',''),(625,625,0,'','',1,1,0,'',''),(626,626,0,'','',1,1,0,'',''),(627,627,0,'','',1,1,0,'',''),(628,628,0,'','',1,1,0,'',''),(629,629,0,'','',1,1,0,'',''),(630,630,0,'','',1,1,0,'',''),(631,631,0,'','',1,1,0,'',''),(632,632,0,'','',1,1,0,'',''),(633,633,0,'','',1,1,0,'',''),(634,634,0,'','',1,1,0,'',''),(635,635,0,'','',1,1,0,'',''),(636,636,0,'','',1,1,0,'',''),(637,637,0,'','',1,1,0,'',''),(638,638,0,'','',1,1,0,'',''),(639,639,0,'','',1,1,0,'',''),(640,640,0,'','',1,1,0,'',''),(641,641,0,'','',1,1,0,'',''),(642,642,0,'','',1,1,0,'',''),(643,643,0,'','',1,1,0,'',''),(644,644,0,'','',1,1,0,'',''),(645,645,0,'','',1,1,0,'',''),(646,646,0,'','',1,1,0,'',''),(647,647,0,'','',1,1,0,'',''),(648,648,0,'','',1,1,0,'',''),(649,649,0,'','',1,1,0,'',''),(650,650,0,'','',1,1,0,'',''),(651,651,0,'','',1,1,0,'',''),(652,652,0,'','',1,1,0,'',''),(653,653,0,'','',1,1,0,'',''),(654,654,0,'','',1,1,0,'',''),(655,655,0,'','',1,1,0,'',''),(656,656,0,'','',1,1,0,'',''),(657,657,0,'','',1,1,0,'',''),(658,658,0,'','',1,1,0,'',''),(659,659,0,'','',1,1,0,'',''),(660,660,0,'','',1,1,0,'',''),(661,661,0,'','',1,1,0,'',''),(662,662,0,'','',1,1,0,'',''),(663,663,0,'','',1,1,0,'',''),(664,664,0,'','',1,1,0,'',''),(665,665,0,'','',1,1,0,'',''),(666,666,0,'','',1,1,0,'',''),(667,667,0,'','',1,1,0,'',''),(668,668,0,'','',1,1,0,'',''),(669,669,0,'','',1,1,0,'',''),(670,670,0,'','',1,1,0,'',''),(671,671,0,'','',1,1,0,'',''),(672,672,0,'','',1,1,0,'',''),(673,673,0,'','',1,1,0,'',''),(674,674,0,'','',1,1,0,'',''),(675,675,0,'','',1,1,0,'',''),(676,676,0,'','',1,1,0,'',''),(677,677,0,'','',1,1,0,'',''),(678,678,0,'','',1,1,0,'',''),(679,679,0,'','',1,1,0,'',''),(680,680,0,'','',1,1,0,'',''),(681,681,0,'','',1,1,0,'',''),(682,682,0,'','',1,1,0,'',''),(683,683,0,'','',1,1,0,'',''),(684,684,0,'','',1,1,0,'',''),(685,685,0,'','',1,1,0,'',''),(686,686,0,'','',1,1,0,'',''),(687,687,0,'','',1,1,0,'',''),(688,688,0,'','',1,1,0,'',''),(689,689,0,'','',1,1,0,'',''),(690,690,0,'','',1,1,0,'',''),(691,691,0,'','',1,1,0,'',''),(692,692,0,'','',1,1,0,'',''),(693,693,0,'','',1,1,0,'',''),(694,694,0,'','',1,1,0,'',''),(695,695,0,'','',1,1,0,'',''),(696,696,0,'','',1,1,0,'',''),(697,697,0,'','',1,1,0,'',''),(698,698,0,'','',1,1,0,'',''),(699,699,0,'','',1,1,0,'',''),(700,700,0,'','',0,0,0,'',''),(701,701,1,'','',1,1,0,'',''),(702,702,1,'','',1,1,0,'',''),(703,703,1,'','',1,1,0,'',''),(704,704,0,'','',0,0,0,'',''),(705,705,0,'','',0,0,0,'',''),(706,706,0,'','',0,0,0,'',''),(707,707,0,'','',0,0,0,'',''),(708,708,1,'','',1,1,0,'',''),(709,709,0,'','',0,0,0,'',''),(710,710,0,'','',1,1,0,'',''),(711,711,0,'','',0,0,0,'',''),(712,712,0,'','',0,0,0,'',''),(713,713,0,'','',0,0,0,'',''),(714,714,0,'','',0,0,0,'',''),(715,715,0,'','',0,0,0,'',''),(716,716,0,'','',0,0,0,'',''),(717,717,0,'','',0,0,0,'',''),(718,718,0,'','',0,0,0,'',''),(719,719,0,'','',0,0,0,'',''),(720,720,0,'','',0,0,0,'',''),(721,721,0,'','',0,0,0,'',''),(722,722,0,'','',0,0,0,'',''),(723,723,0,'','',0,0,0,'',''),(724,724,0,'','',0,0,0,'',''),(725,725,0,'','',0,0,0,'',''),(726,726,0,'','',0,0,0,'',''),(727,727,0,'','',1,1,0,'',''),(728,728,0,'','',1,1,0,'',''),(729,729,0,'','',0,0,0,'',''),(730,730,0,'','',0,0,0,'',''),(731,731,0,'','',0,0,0,'',''),(732,732,0,'','',0,0,0,'',''),(733,733,0,'P','P',1,1,1,'Y','Y'),(734,734,0,'P','P',1,1,1,'Y','Y'),(735,735,0,'P','P',1,1,1,'Y','Y'),(736,736,0,'P','P',1,1,1,'Y','Y'),(737,737,0,'P','P',1,1,1,'Y','Y'),(738,738,0,'P','P',1,1,1,'Y','Y'),(739,739,0,'P','P',1,1,1,'Y','Y'),(740,740,0,'P','P',1,1,1,'Y','Y'),(741,741,0,'P','P',1,1,1,'Y','Y'),(742,742,0,'P','P',1,1,1,'Y','Y'),(743,743,0,'P','P',1,1,1,'Y','Y'),(744,744,0,'','',1,1,0,'',''),(745,745,0,'','',0,0,0,'',''),(746,746,0,'','',0,0,0,'',''),(747,747,0,'','',0,0,0,'',''),(748,748,0,'','',0,0,0,'',''),(749,749,0,'','',0,0,0,'',''),(750,750,0,'','',1,1,0,'',''),(751,751,0,'','',0,0,0,'',''),(752,752,0,'','',0,0,0,'',''),(753,753,0,'','',0,0,0,'',''),(754,754,0,'','',0,0,0,'',''),(755,755,0,'','',0,0,0,'',''),(756,756,0,'','',0,0,0,'',''),(757,757,0,'','',0,0,0,'',''),(758,758,0,'','',0,0,0,'',''),(759,759,0,'','',0,0,0,'',''),(760,760,0,'','',1,1,0,'',''),(761,761,0,'','',0,0,0,'',''),(762,762,0,'','',0,0,0,'',''),(763,763,0,'P','P',1,1,1,'Y','Y'),(764,764,0,'P','P',1,1,1,'Y','Y'),(765,765,0,'P','P',1,1,1,'Y','Y'),(766,766,0,'P','P',1,1,1,'Y','Y'),(767,767,0,'P','P',1,1,1,'Y','Y'),(768,768,0,'P','P',1,1,1,'Y','Y'),(769,769,0,'','',0,0,0,'',''),(770,770,0,'','',0,0,0,'',''),(771,771,0,'P','P',1,1,1,'Y','Y'),(772,772,0,'P','P',1,1,1,'Y','Y'),(773,773,0,'P','P',1,1,1,'Y','Y'),(774,774,0,'P','P',1,1,1,'Y','Y'),(775,775,0,'','',0,0,0,'',''),(776,776,0,'','',0,0,0,'',''),(777,777,0,'P','P',1,1,1,'Y','Y'),(778,778,0,'P','P',1,1,1,'Y','Y'),(779,779,0,'','',0,0,0,'',''),(780,780,1,'','',1,1,0,'',''),(781,781,0,'S','S',1,1,1,'Y','Y'),(782,782,0,'S','S',1,1,1,'Y','Y'),(783,783,1,'M','M',1,1,1,'Y','Y'),(784,784,0,'','',0,0,0,'',''),(785,785,0,'','',0,0,0,'',''),(786,786,0,'S','S',1,1,1,'Y','Y'),(787,787,0,'','',0,0,0,'',''),(788,788,0,'','',0,0,0,'',''),(789,789,0,'','',0,0,0,'',''),(790,790,0,'','',0,0,0,'',''),(791,791,0,'','',0,0,0,'',''),(792,792,0,'','',0,0,0,'',''),(793,793,0,'','',0,0,0,'',''),(794,794,0,'S','S',1,1,1,'Y','Y'),(795,795,0,'S','S',1,1,1,'Y','Y'),(796,796,0,'','',0,0,0,'',''),(797,797,0,'S','S',1,1,1,'Y','Y'),(798,798,0,'','',0,0,0,'',''),(799,799,0,'','',0,0,0,'',''),(800,800,0,'','',0,0,0,'',''),(801,801,0,'','',0,0,0,'',''),(802,802,0,'','',0,0,0,'',''),(803,803,0,'S','S',1,1,1,'Y','Y'),(804,804,0,'','',0,0,0,'',''),(805,805,0,'','',0,0,0,'',''),(806,806,0,'','',0,0,0,'',''),(807,807,0,'','',0,0,0,'',''),(808,808,0,'','',0,0,0,'',''),(809,809,0,'','',0,0,0,'',''),(810,810,0,'','',0,0,0,'',''),(811,811,0,'','',0,0,0,'',''),(812,812,0,'','',0,0,0,'',''),(813,813,0,'','',0,0,0,'',''),(814,814,0,'','',0,0,0,'',''),(815,815,0,'','',0,0,0,'',''),(816,816,0,'','',0,0,0,'',''),(817,817,0,'S','S',1,1,1,'Y','Y'),(818,818,0,'S','S',1,1,1,'Y','Y'),(819,819,1,'M','M',1,1,1,'Y','Y'),(820,820,1,'M','M',1,1,1,'Y','Y'),(821,821,0,'','',0,0,0,'',''),(822,822,0,'','',0,0,0,'',''),(823,823,0,'','',0,0,0,'',''),(824,824,0,'','',0,0,0,'',''),(825,825,0,'','',0,0,0,'',''),(826,826,0,'','',0,0,0,'',''),(827,827,0,'','',0,0,0,'',''),(828,828,0,'','',0,0,0,'',''),(829,829,0,'','',0,0,0,'',''),(830,830,0,'','',0,0,0,'',''),(831,831,0,'P','P',1,1,1,'Y','Y'),(832,832,0,'','',0,0,0,'',''),(833,833,0,'','',0,0,0,'',''),(834,834,0,'','',0,0,0,'',''),(835,835,0,'','',0,0,0,'',''),(836,836,0,'','',0,0,0,'',''),(837,837,0,'','',0,0,0,'',''),(838,838,0,'','',0,0,0,'',''),(839,839,0,'','',0,0,0,'',''),(840,840,0,'','',0,0,0,'',''),(841,841,0,'','',0,0,0,'',''),(842,842,0,'','',0,0,0,'',''),(843,843,0,'','',0,0,0,'',''),(844,844,0,'','',0,0,0,'',''),(845,845,0,'','',0,0,0,'',''),(846,846,0,'','',0,0,0,'',''),(847,847,0,'','',0,0,0,'',''),(848,848,0,'','',0,0,0,'',''),(849,849,0,'','',0,0,0,'',''),(850,850,0,'','',0,0,0,'',''),(851,851,0,'','',0,0,0,'',''),(852,852,0,'','',0,0,0,'',''),(853,853,0,'','',0,0,0,'',''),(854,854,0,'','',0,0,0,'',''),(855,855,0,'','',0,0,0,'',''),(856,856,0,'','',0,0,0,'',''),(857,857,0,'','',0,0,0,'',''),(858,858,0,'','',0,0,0,'',''),(859,859,0,'','',0,0,0,'',''),(860,860,0,'','',0,0,0,'',''),(861,861,0,'','',0,0,0,'',''),(862,862,0,'','',0,0,0,'',''),(863,863,0,'','',0,0,0,'',''),(864,864,0,'','',0,0,0,'',''),(865,865,0,'','',0,0,0,'',''),(866,866,1,'M','M',1,2,2,'A','A'),(867,867,0,'','',0,0,0,'',''),(868,868,0,'P','P',1,1,1,'Y','Y'),(869,869,0,'P','P',1,1,1,'Y','Y'),(870,870,0,'P','P',1,1,1,'Y','Y'),(871,871,0,'P','P',1,1,1,'Y','Y'),(872,872,0,'','',1,1,0,'',''),(873,873,0,'','',0,0,0,'',''),(874,874,0,'','',0,0,0,'',''),(875,875,0,'','',0,0,0,'',''),(876,876,0,'','',0,0,0,'',''),(877,877,0,'','',0,0,0,'',''),(878,878,0,'','',0,0,0,'',''),(879,879,0,'','',0,0,0,'',''),(880,880,0,'','',0,0,0,'',''),(881,881,0,'','',0,0,0,'',''),(882,882,0,'','',0,0,0,'',''),(883,883,0,'','',1,1,0,'',''),(884,884,0,'','',0,0,0,'',''),(885,885,0,'','',0,0,0,'',''),(886,886,0,'','',0,0,0,'',''),(887,887,0,'','',0,0,0,'',''),(888,888,0,'','',0,0,0,'',''),(889,889,0,'','',0,0,0,'',''),(890,890,0,'','',0,0,0,'',''),(891,891,0,'','',0,0,0,'',''),(892,892,0,'','',0,0,0,'',''),(893,893,0,'','',0,0,0,'',''),(894,894,0,'','',0,0,0,'',''),(895,895,0,'','',0,0,0,'',''),(896,896,0,'','',0,0,0,'',''),(897,897,0,'','',0,0,0,'',''),(898,898,0,'','',0,0,0,'',''),(899,899,0,'','',0,0,0,'',''),(900,900,0,'','',0,0,0,'',''),(901,901,0,'','',0,0,0,'',''),(902,902,0,'','',0,0,0,'',''),(903,903,0,'','',0,0,0,'',''),(904,904,0,'','',0,0,0,'',''),(905,905,0,'P','P',1,1,1,'Y','Y'),(906,906,0,'','',1,1,0,'',''),(907,907,0,'','',0,0,0,'',''),(908,908,0,'','',0,0,0,'',''),(909,909,0,'','',0,0,0,'',''),(910,910,0,'','',0,0,0,'',''),(911,911,0,'','',0,0,0,'',''),(912,912,0,'','',0,0,0,'',''),(913,913,0,'','',0,0,0,'',''),(914,914,0,'','',0,0,0,'',''),(915,915,0,'','',0,0,0,'',''),(916,916,0,'','',0,0,0,'',''),(917,917,0,'','',0,0,0,'',''),(918,918,0,'','',0,0,0,'',''),(919,919,0,'','',0,0,0,'',''),(920,920,0,'','',0,0,0,'',''),(921,921,0,'','',0,0,0,'',''),(922,922,0,'','',0,0,0,'',''),(923,923,0,'','',0,0,0,'',''),(924,924,0,'','',0,0,0,'',''),(925,925,0,'','',0,0,0,'',''),(926,926,0,'','',0,0,0,'',''),(927,927,0,'','',0,0,0,'',''),(928,928,0,'','',1,1,0,'',''),(929,929,0,'','',0,0,0,'',''),(930,930,0,'','',0,0,0,'',''),(931,931,0,'','',0,0,0,'',''),(932,932,0,'','',0,0,0,'',''),(933,933,0,'','',0,0,0,'',''),(934,934,0,'','',0,0,0,'',''),(935,935,0,'','',0,0,0,'',''),(936,936,0,'','',0,0,0,'',''),(937,937,0,'','',0,0,0,'',''),(938,938,0,'','',0,0,0,'',''),(939,939,0,'','',0,0,0,'',''),(940,940,0,'','',0,0,0,'',''),(941,941,0,'','',0,0,0,'',''),(942,942,0,'','',0,0,0,'',''),(943,943,0,'','',0,0,0,'',''),(944,944,0,'','',0,0,0,'',''),(945,945,0,'','',0,0,0,'',''),(946,946,0,'','',0,0,0,'',''),(947,947,0,'','',0,0,0,'',''),(948,948,0,'','',0,0,0,'',''),(949,949,0,'','',0,0,0,'',''),(950,950,0,'','',1,1,0,'',''),(951,951,0,'','',0,0,0,'',''),(952,952,0,'','',0,0,0,'',''),(953,953,0,'','',0,0,0,'',''),(954,954,0,'','',0,0,0,'',''),(955,955,0,'','',0,0,0,'',''),(956,956,0,'','',0,0,0,'',''),(957,957,0,'','',0,0,0,'',''),(958,958,0,'','',0,0,0,'',''),(959,959,0,'','',0,0,0,'',''),(960,960,0,'','',0,0,0,'',''),(961,961,0,'','',0,0,0,'',''),(962,962,0,'','',0,0,0,'',''),(963,963,0,'','',0,0,0,'',''),(964,964,0,'','',0,0,0,'',''),(965,965,0,'P','P',1,1,1,'Y','Y'),(966,966,0,'P','P',1,1,1,'Y','Y'),(967,967,0,'P','P',1,1,1,'Y','Y'),(968,968,0,'','',0,0,0,'',''),(969,969,0,'','',0,0,0,'',''),(970,970,0,'','',0,0,0,'',''),(971,971,0,'','',0,0,0,'',''),(972,972,1,'M','M',0,0,0,'',''),(973,973,1,'M','M',0,0,0,'',''),(974,974,1,'M','M',0,0,0,'',''),(975,975,1,'M','M',0,0,0,'',''),(976,976,0,'P','P',1,1,1,'Y','Y'),(977,977,0,'P','P',1,1,1,'Y','Y'),(978,978,0,'P','P',1,1,1,'Y','Y'),(979,979,0,'P','P',1,1,1,'Y','Y'),(980,980,0,'P','P',1,1,1,'Y','Y'),(981,981,1,'M','M',1,2,2,'A','A'),(982,982,0,'','',0,0,0,'',''),(983,983,0,'','',0,0,0,'',''),(984,984,0,'','',0,0,0,'',''),(985,985,0,'P','P',1,1,1,'Y','Y'),(986,986,0,'','',0,0,0,'',''),(987,987,0,'P','P',1,1,1,'Y','Y'),(988,988,0,'P','P',1,1,1,'Y','Y'),(989,989,0,'P','P',1,1,1,'Y','Y'),(990,990,0,'P','P',1,1,1,'Y','Y'),(991,991,0,'P','P',1,1,1,'Y','Y'),(992,992,0,'','',0,0,0,'',''),(993,993,0,'P','P',1,1,1,'Y','Y'),(994,994,0,'P','P',1,1,1,'Y','Y'),(995,995,0,'P','P',1,1,1,'Y','Y'),(996,996,0,'P','P',1,1,1,'Y','Y'),(997,997,0,'P','P',1,1,1,'Y','Y'),(998,998,0,'P','P',1,1,1,'Y','Y'),(999,999,0,'P','P',1,1,1,'Y','Y'),(1000,1000,0,'','',0,0,0,'',''),(1001,1001,0,'','',0,0,0,'',''),(1002,1002,1,'M','M',1,2,2,'A','A'),(1003,1003,0,'','',0,0,0,'',''),(1004,1004,0,'','',0,0,0,'',''),(1005,1005,0,'','',0,0,0,'',''),(1006,1006,0,'','',0,0,0,'',''),(1007,1007,0,'','',0,0,0,'',''),(1008,1008,0,'','',0,0,0,'',''),(1009,1009,0,'','',0,0,0,'',''),(1010,1010,0,'','',0,0,0,'',''),(1011,1011,0,'','',0,0,0,'',''),(1012,1012,0,'','',0,0,0,'',''),(1013,1013,0,'P','P',1,1,1,'Y','Y'),(1014,1014,0,'','',0,0,0,'',''),(1015,1015,0,'','',0,0,0,'',''),(1016,1016,0,'','',0,0,0,'',''),(1017,1017,0,'P','P',1,1,1,'Y','Y'),(1018,1018,0,'P','P',1,1,1,'Y','Y'),(1019,1019,0,'P','P',1,1,1,'Y','Y'),(1020,1020,0,'','',0,0,0,'',''),(1021,1021,0,'','',0,0,0,'',''),(1022,1022,0,'','',0,0,0,'',''),(1023,1023,0,'','',0,0,0,'',''),(1024,1024,0,'','',0,0,0,'',''),(1025,1025,0,'','',0,0,0,'',''),(1026,1026,0,'','',0,0,0,'',''),(1027,1027,0,'P','P',1,1,1,'Y','Y'),(1028,1028,0,'','',0,0,0,'',''),(1029,1029,0,'','',0,0,0,'',''),(1034,1034,0,'','',0,0,0,'',''),(1035,1035,0,'','',0,0,0,'',''),(1036,1036,0,'','',0,0,0,'',''),(1037,1037,0,'','',0,0,0,'',''),(1038,1038,1,'','',1,1,0,'',''),(1039,1039,0,'','',0,0,0,'',''),(1040,1040,0,'','',0,0,0,'',''),(1041,1041,1,'','',1,1,0,'',''),(1042,1042,1,'','',1,1,0,'',''),(1043,1043,0,'','',1,1,0,'',''),(1044,1044,0,'','',1,1,0,'',''),(1093,1093,0,'','',0,0,0,'',''),(1094,1094,0,'','',0,0,0,'',''),(1095,1095,0,'','',0,0,0,'',''),(1096,1096,0,'','',0,0,0,'',''),(1097,1097,0,'','',0,0,0,'',''),(1117,1117,0,'','',0,0,0,'',''),(1118,1118,1,'','',1,1,0,'',''),(1119,1119,0,'','',0,0,0,'',''),(1120,1120,0,'P','P',1,1,1,'Y','Y'),(1121,1121,0,'','',1,1,0,'',''),(1122,1122,0,'','',0,0,0,'',''),(1123,1123,0,'','',0,0,0,'',''),(1124,1124,0,'','',0,0,0,'',''),(1125,1125,0,'','',1,1,0,'',''),(1126,1126,0,'P','P',1,1,1,'Y','Y'),(1127,1127,0,'','',0,0,0,'',''),(1128,1128,0,'','',0,0,0,'',''),(1129,1129,0,'','',0,0,0,'',''),(1130,1130,0,'P','P',1,1,1,'Y','Y'),(1131,1131,0,'','',0,0,0,'',''),(1132,1132,0,'','',0,0,0,'',''),(1133,1133,0,'P','P',1,1,1,'Y','Y'),(1134,1134,0,'P','P',1,1,1,'Y','Y'),(1135,1135,0,'','',0,0,0,'',''),(1136,1136,0,'','',0,0,0,'',''),(1137,1137,0,'','',0,0,0,'',''),(1138,1138,0,'','',0,0,0,'',''),(1139,1139,0,'','',0,0,0,'',''),(1140,1140,0,'P','P',1,1,1,'Y','Y'),(1141,1141,0,'P','P',1,1,1,'Y','Y'),(1142,1142,0,'','',0,0,0,'',''),(1143,1143,0,'','',0,0,0,'',''),(1144,1144,0,'','',0,0,0,'',''),(1145,1145,0,'','',1,1,0,'',''),(1146,1146,0,'','',1,1,0,'',''),(1147,1147,0,'P','P',1,1,1,'Y','Y'),(1148,1148,0,'','',1,1,0,'',''),(1149,1149,0,'','',0,0,0,'',''),(1150,1150,0,'P','P',1,1,1,'Y','Y'),(1151,1151,0,'','',0,0,0,'',''),(1152,1152,0,'P','P',1,1,1,'Y','Y'),(1153,1153,0,'','',0,0,0,'',''),(1154,1154,0,'','',1,1,0,'',''),(1155,1155,0,'','',0,0,0,'',''),(1156,1156,0,'P','P',1,1,1,'Y','Y'),(1157,1157,1,'M','M',1,2,2,'A','A'),(1158,1158,0,'P','P',1,1,1,'Y','Y'),(1159,1159,0,'','',0,0,0,'',''),(1160,1160,0,'','',0,0,0,'',''),(1161,1161,0,'','',0,0,0,'',''),(1162,1162,0,'','',0,0,0,'',''),(1163,1163,0,'','',0,0,0,'',''),(1164,1164,0,'','',0,0,0,'',''),(1165,1165,0,'','',0,0,0,'',''),(1166,1166,0,'','',0,0,0,'',''),(1167,1167,0,'','',0,0,0,'',''),(1168,1168,0,'','',0,0,0,'',''),(1169,1169,0,'','',0,0,0,'',''),(1170,1170,0,'','',0,0,0,'',''),(1171,1171,0,'','',0,0,0,'',''),(1172,1172,1,'M','M',1,2,2,'A','A'),(1173,1173,1,'M','M',1,2,2,'A','A'),(1174,1174,1,'M','M',1,2,2,'A','A'),(1175,1175,1,'M','M',1,2,2,'A','A'),(1176,1176,0,'P','P',1,1,1,'Y','Y'),(1177,1177,0,'','',0,0,0,'',''),(1178,1178,0,'','',0,0,0,'',''),(1179,1179,0,'','',0,0,0,'',''),(1181,1181,0,'','',0,0,0,'',''),(1182,1182,0,'M','M',0,0,0,'Y','Y'),(1183,1183,0,'','',0,0,0,'',''),(1184,1184,0,'M','M',0,0,0,'Y','Y'),(1185,1185,0,'','',0,0,0,'',''),(1186,1186,1,'M','M',1,2,2,'A','A'),(1187,1187,0,'M','M',0,0,0,'Y','Y'),(1188,1188,0,'M','M',0,0,0,'Y','Y'),(1189,1189,0,'M','M',0,0,0,'Y','Y'),(1190,1190,1,'M','M',1,2,2,'A','A'),(1191,1191,1,'M','M',1,2,2,'A','A');

--
-- Table structure for table `xpay_payment_cardholder_data`
--

CREATE TABLE `xpay_payment_cardholder_data` (
  `chd_id` int NOT NULL AUTO_INCREMENT,
  `payment_id` int NOT NULL DEFAULT '0',
  `name` char(32) DEFAULT '',
  `value` text NOT NULL,
  PRIMARY KEY (`chd_id`),
  UNIQUE KEY `pn` (`payment_id`,`name`),
  KEY `payment_id` (`payment_id`),
  CONSTRAINT `xpay_payment_chd_ibfk_1` FOREIGN KEY (`payment_id`) REFERENCES `xpay_payments` (`payment_id`) ON DELETE CASCADE ON UPDATE CASCADE
) ENGINE=InnoDB AUTO_INCREMENT=1186 DEFAULT CHARSET=utf8mb3;

--
-- Dumping data for table `xpay_payment_cardholder_data`
--

INSERT INTO `xpay_payment_cardholder_data` (`chd_id`, `payment_id`, `name`, `value`) VALUES (757,1119,'card_type','CHD4700cc11348e2ddc2a878af11226170cOiw5xuDB7fC9m4av9tSHVN+WCW+M5OskkoYfTIs8oKQ/QCj5aFxSlVGzY11DCOM1m7XRDkIQl9dBC5/fg9QLA4eU/3sKDnipx075MOzrrop3A78sGPaYQ2ElxzNMw8fjlKkdMm6OM2Xzh+eUApTAourQeQuWN/umnu7i6PotdkTrHXxSqrmsfbe4NhAH5uyrrqcEtI+OlnJqwc1W9Y4tke+f33/CdsQJneS4urAw/68uv1AnMtKvv/Qi7vhqJpqN1sAJr3svvmG/nGPxJrLcKrRZ1kygxFwNgxpAiKk81vm0NU6kseyA9Vijow6ADEyexqmCCM/KTik8kxCrhmUn1g=='),(758,1119,'card_number','CHD4700cc11348e2ddc2a878af11226170cU/Ec14QOHvrE6ix8XqCvYMaTZr26tXDdc3ZdTTlLULRUfb9IELl/IjBBJ7Ba1GOX7prXenwkKE4U6DcOCVDwtef8LU7bxh+ZIA7/mCL6oVVMXOaIs3FiUFeMk6H1oaAgx+6QQfSQN5mZX9c00Jqtd5hH3MaT4IwdCipuiYlIvTWwWy01IE14r/q6RtQM5oACuwbUW9jFycwy9zJ/rDxDUGTifkJa8/4xVarjAWNXHHn5Fqs9z4RYWiICKYbJYtqbWunK1jbuVNVj/F1KEwPh3z9cv9YzMAWcG/MpdxcHGlyFuH11uNvzK+RQVF+rGJ8/uLYsTQ+ISzR3Zs5vObatpA=='),(759,1119,'card_expire_month','CHD4700cc11348e2ddc2a878af11226170cGV6W7NTmB/dd6rtpcUiQKu3h5thVujucxBfYyCC0k53XEIlRAkBkl3POBFUlH8XQdRceKou1ED17P5/Jye9lodfkLGCEZMTaRkJORbgZx7tj7EVbAcoPrLDGXkXa1/EJ4GF8sRPxlMikAMCLLbdz62yVZt7V3AeMylrvHHXj+0SVk6HdpkGL4B6wOlcfpeEQ0RCnUCd4EwQniHKs0xoBStbVOFWPHnLxtn+eRqwjtZYlYV10MxvI9BkSZGz75WrIO77R//3oEiuVwJ/hnUOrTKmuGTiWxFn9Bfay6qhgyGIXpnkJRCo5hihRsRewC2d+Fie1OYxu/w2+Ug83Iqm3cg=='),(760,1119,'card_expire_year','CHD4700cc11348e2ddc2a878af11226170cV0C1UXRVro37ysBdC/KzVN6/6jGpDTsOE66QhgBwtGImV3agps2wa7Ly3DSv6FR48qrg2XJbNtG51zAonbYYD/W36FP9sBPcYxaorvP0w/R7Aw9kk/RxW2Bk9PlpuHRQXBpVOUTTSRJN6rxpONINMo82YfIQdksGLAynE+FzH21BU/7eZyCFzQ436Gfyb/itbZS/fr4jXzoVjxwJyEGqZQkJwuAMUzR2ZoTs0PV56RitsUMlsLnAfwsvJWLRlVpU8tq2EYzQhsyEgiJhoVwWO7sg/i918oyZVRmYtHQcO827tCtfZOdHiZOnr1AyjZAQ9U0S0MM68edIkonWrjptdQ=='),(761,1119,'card_cvv2','CHD4700cc11348e2ddc2a878af11226170cPRxwS0KsmY0bbJGA+6oNMXdKYdUX0oNK46tX9hJztqrC75HqjW5tBHitBu4OOcqya0WDzYEBRsotXsHpGP22UNFTNgQZiJaBCP7q4hLuytSoHNKJcF1qXN5GITjuqMfNnw5uKA24hZYwy4AzWhTWgb9jFE62RV0E99yVfJzpsyQqVQwRMmWpy0GhUCv1meyy7IzjggwkNArZos2NXKgLCRd01GpKzcl9+zNynH/ldKIjo3c3XDB2P/lOYsEJ96NN4gkb5IdG6pM4M3+g/Y324O/APIrqcwZ8eYYm01fLFQQ/vx9lKYrs32AkB0+qmcUtVCa014gu9l7Sl+ozBXz6AQ=='),(762,1119,'card_name','CHD4700cc11348e2ddc2a878af11226170cUPbU9FJCnjxrU+g1EyrXsKXgO4Huw8JI+vyHTfK8V7JZebduXMsNjvTmH1wrLPT/29omzlMp02Sm5VeNMxlMrLVbEtdt5R90mk5DU1QbZeE9ggN5ClvikKnQVEfeZVw1HSt7PxnwWWozli4xQ8zW00EtsbgC9yILntqqsQqTxaJd+yQ/jsjHeUVgTbfdgOlgZcmLqAB+qgY5+KplATGyDfhJ3UMeLVVSRVbPWLaW/l7a0/NjmjDfD02T0UO+Qu40+624UshsoHWFaI97R/mh/DGvvFl9RAtEql5fU71Ut4ZngehkphO+K6v70AsTDBopbLj3VMqMtRAbjFrjQWJNiQ=='),(763,1119,'card_expire','CHD4700cc11348e2ddc2a878af11226170cdhVSjuE7hm0V3j7FbFRVRwuNKwUYP57oJYbywt87pN5QrjtYPLTC+CAEoca/s44mMZ8DUP4GdljNI1RKxXbeJ0dqiw9DY/4SND2O3QEojDwl7WiSu8lxfhGBFo72Uf4ZkeXEnZDWXbjujfFiMnvRILo8m9yu99tYTEXMQbSjxMShs1WCtoexYQI1FyPfA0rzAMP7XKfAw5ScQ9xV/ux6J2g09ancaIFWpoJTwc2AfJlIHdt3szY613b5plqr2iWjUjgL6yeUmcMgkCNpYzRaByOE2GYiNyqe20Ti9fcsc/yTnUt04RTmKIDjPlchYxDVcqkMBTKd4AVWZ8HaK4PxCQ=='),(778,1123,'card_type','CHD4700cc11348e2ddc2a878af11226170cm3PQtIC3gLg6MUYht6MrKk+6dAGmWBp5hx1iR2Ds+WRoJ6s3hfq29meJjN1AS/Ugzu4HAVW1DQeJtMah/CTAWFc+/tP1srg1RbrlO/MEPZIpyS5HAlyQDqw6LiM2YnINBa1QgmIOqnDIkFgo1zTpRvhuWy3r2lB6F5cs0m9VaXZv1SwlyHrNMLINyIDBhtOWSUNA0LTNSt98UZVbfFMlFdHvtxdp6BpEeWLbtjbt0Xj6dnwW3HKU3uo/kloB7aO3FceygNRiYJnCxufZnZxCmv3L5R1OLDOcY45wpf61gIOrMOBczOGrxJ9/m8rRMfk7stg2dNi/AlW9mCyagVBTwg=='),(779,1123,'card_number','CHD4700cc11348e2ddc2a878af11226170cZfSPyYpyL8KjJox2TNdU2wpy7CPzUh+ySHGecfki1R2p1vloBYEon4Rm5sPnqA79cygf3vu51zEG6zT7/+s91ARST7259rnhKDbr75LkxYa8QTIKlI8n63fPq/QcgLLcVNWMjx0zNwX/wsMph4embp2+gCqylcDw/Hc3rhtwfWMYXe2gqvdqU0YAEuKzXN0805sHOTfgvGHC0bNF6z+GT3Lypco1qldUJKF21PI65ousIMiE9wWJju5JB4D7Rdai55Bfi/CathBCFUROrcXbTwHBKTZ/0zoAa5AHrLboU5pXIs1NjRnnCsj25aW1imsg+hr3Ydp07u+AyKsGQI8OwQ=='),(780,1123,'card_expire_month','CHD4700cc11348e2ddc2a878af11226170cBuGQR/v1LdtSdwZR5T5Rhcu5WjJaidtcTwNadlJSu/TflrI72YIE3+qZqO6lbq16x5PBrjucGSb8MOzNHQVJDq1c5Iz3GhgMpSjy+lqNMZVe/F5VeHbzrNdXpGTMuImZ663TzT9FlukaS/ED2We6r7FL0+knqLMYuV+UkhoQx6ZqZQ5fr3WYXDCWNxpaa8Br1KOl9UlvPMoiksJLvoy2HWnAYty5Ft98eNV08hY5BVpeb9PSfqJ0och2IrGhF33BBPF27ahwyh6CfQ1WLRa62kxm0p4Vp1wTtc8z1B4HuKpIIM8latG/oITghsO8+D6gpuhMvHbPYN3dNQtTIFmyzg=='),(781,1123,'card_expire_year','CHD4700cc11348e2ddc2a878af11226170cCaaCUvQ7eT8vHDoVmgqjriE41DG60dWj595ZHbjw5Bnley8dXqQISGmC2u4WznVpa14VZuqQwOBTj2Zp/ox8u4hwd5a8FuRgPhhSZHwDdsDM0gxP2zBL9OuzLGsQtL8Qxn1GYUCHwY3gIozZgfcoMUTxyHMOIub6UlC2y5ZoxfPtBMW4ukobE8IALFxLMuwsii7X2g0QWKQaZi08kBeObIGFmR8kPfeRAR/7V4/w3uZ/w/KOSByPw/6DJrPx8dPCyvUu5Kib00UFI+eowB7opP8UXoVpbrKWsdcKOn+UoVpworpn8fT2lssjoL0xe4TvN3cGw+PTTBnwJQxkwGHRtA=='),(782,1123,'card_cvv2','CHD4700cc11348e2ddc2a878af11226170cmtSVXqyXtJ/ZPYmQdEjYw+xDwRSDiO6f2yNspgz7bw9fKZAQpIWISLkL/jLmkP8ZIk9AN9Aq1XjDpxiMirw/3b/MfZh8PBVzukKwaHvEoVh/0aqmc23zaF8qsHmhzulPmuUHjQVISpI2lOsuL1XwVQJuQEg8sZAq3dhFpdTmRrOGwG54GMYyWQv2FB0txt8FUzu61YAiiB+2MNPjC9REbPZBT0cG4hZXZAB31h6iGSZrDigwuPxoFybbu7iNgz6KO0sbjBCHWhdvSR7L0dQH7pF6r3VsTXM1EExmJLNvR2xIosC9eUT2VD6/tjWRuS8ECSv2j60aNhA9VPgeGGJ8ww=='),(783,1123,'card_name','CHD4700cc11348e2ddc2a878af11226170cFTP1ierBhT5a9fIIdqq+vpA4VWEc0fa+Ueh9Q9MJkRWSAAQmRYnJEtGShpaJ1jJKNS71Sn6Vl2z2GaU0ZPmtRNAFzNYwyZkN/XZ8g/NAnIh0ENCkCg89Z/9A1ydBx5S3LJrTB/cxjtAJsZ7OY9rQdlULG4L3FQBdMj3tu/5ggnmgIE2mgk+/nih6jwLf+uJZ+0VhswEqcybagH37YyNqP4QmJLWdTWEDXJ6/1rhPUvSWCvIGH4rwKi5dcO7LQodN9yShWv7aLqtT46Nv5J7ICBVPxBHPp3JUDxHcaTtkQBm0JtWW8sc5QYB+v/PTfyALKRffJEAtxgOWA81d+yHZ3g=='),(784,1123,'card_expire','CHD4700cc11348e2ddc2a878af11226170cG0MHcr9UsKf4Z2K/wbV9Uou9w54uvtUEnOp4Xx2zSUo1cgaG1s1BRCWtNEBZLZWXVJrrMc3xQKRJjeXqj3FzrmN0KiIboEyhnFm0EsO31ZbpKExJniGXM7pwi3NiKetgabU84+53P0TwtLJNziI4kQK/g0wYVOgBmBBLWZaqTYQ9tSNOMd669NrvM4J/sIHBFdeqwdLziRVXFgT5glnY5440b4Jz3md4rQo4o5phxtbf1tNM8Q88BaX3xrZEDaddnQ//b9z9fwsdcLKBEpeWNOABvMy2gkZ2ffGsLiRULwt7Uk0fE+PgS2AtAyoN8ih1LNWABh1gzsSB6ibwHErwPA=='),(792,1128,'card_type','CHD4700cc11348e2ddc2a878af11226170cHjkR/1bHLHPyBjJzmEnQoF2Lf/KpZ3j21Af7PT7bYet1b9yZMziSbbR/EDtlhOTDVq9vi8ZvjNEJFvI3QCO/sTtb0+SNIqJVI40cEUI9HwTiOpdAlNqdslYss264xPuSzzcI+Q3SdOkj0LZ6iierz/pxaaQCn0VQff7q2XLNsrgtw9TTtsuw0DyCvD4u3phWr4dimTfIA9MWYc3mPSegS6sqbItJwZFb291o4ViTEqi+tHOBT7M5kDwK4gjVYwbCWvkxL55iH4evN7j7VoJ8nI/Xl1o5uxmUZFoLsDFESw8FlB2AH3yUYtd6dCdC7N76v2ZWNGve8gXgYQfUVLMycQ=='),(793,1128,'card_number','CHD4700cc11348e2ddc2a878af11226170cKig1dRpN+oMzHUL1f0w0FXDtciJyYMjzFZCBFzITz6zD4uHNyKluEOrhCHt08062KnEEh97cu8olFyWGazk1Jsc7VdAsckw3DFOAbTOMqcl1qQA1gCc2XkPJPJEBVRYHYsdmrpVP0e7skNWqJ0NMfGwh1A7Gkff69oBTR0W6KFD6Y0Krwaug6fKJRUJw7kdXIXqYES5xW5CsvJoopKJhsXvFN63PGu9c2bi38NW1N9HVOOzDcZuT1gplBmnhsNwJVUCT+yK/lHLOi3xfcJPaefafSk9jKQN/rZNEbsYS4MgU7glSpHQPmoOFGk8eDSOCjlQh+LaiNDpFHIPVAVhkHw=='),(794,1128,'card_expire_month','CHD4700cc11348e2ddc2a878af11226170cCkUm4RFCF24tTXgt2eC2QopzpNWq8RcUbJr1UlWjuAlz5tOkJQwF5aD2LDliDWResDLvDDN3DOaS8u9L7GyaUSNR6CeEW+HFkijWmje6v54Qm8F4GfShTnYvq4oc8hQ7dV/muFoI11sDNMvqOj1fNFiXyDlBTsMHr6ZVQ7CqbiKocMtkkEsW3VNG66n0tXqQKr+9NG1YfJU4WbvrS9CKd4ifZV/pGr1DUuCTE0w+hPnV8yP42YkQfY4UZqUAVpQAmK7wxMtpry9Sj2DPK6OQkHvM/N/RiFwh5bQIJfh1KksSL2d4b24Dmt14eBwhQjPGrCR7onShpm/dgDfS49xA7A=='),(795,1128,'card_expire_year','CHD4700cc11348e2ddc2a878af11226170cUZQN0tft2CBzCS5vQ4uqhjBY5yHxcFRJ5vooRL0+uInsZC9ZAWfLmrp18CvRkSXxcvcACZhv0Rt5id/qXE+nM+WZDVvJQMGmyE24O6p9UtBXuMeHuviATt9elcHuxwFIyFwyjPK/xoEqjlEA3MtcH4E3+4C5ScksVrDSOjlNcyexzkxzVYwIrlvpQhOk/5nqnFxDpFi+d/D7UtEsUNh7/m9Rhti64HeyUfG1V0DbVwe5MflJxxP5FS6+WZ2Hdkvb3RaYSL6h2q6H+QX+hgDqEypQwT3JBITRq1ovUPYhZvtNrRN6S0aKtMQP6AnHAZivRk0XKVFiFFt3N+RQ+gJpzQ=='),(796,1128,'card_cvv2','CHD4700cc11348e2ddc2a878af11226170ccrDjYNzTMnn66Sy5ICARFXBZt82Rteswo6gpVck4i47WwaAXH7uaUe3IUv4hGevw6YL7Tg3rJaOrUsLVHljgv+tFOnQW/qJUU02S1X8Kb3IDINkUUSPu+1lFlCH56ewIUzA1zo2OhGhpR4ZFJDPf7e/bIQqAm3uoCvBlztqMDpGhJg+IHRg+oD835oUODk2o2yEJFsejs2DuMe5Llew0Cd2AwcZMWpeQySbxKmxAbmHzh2r2nYoRBltOMJvu7ELCr0AY+eZyrQIZoBAgN5RnmXfXhoTchVKylpxCn4Nk037CciDTeQEimVl+FCHkmCGmQd7h/xirlZYj8V0FPxnF4A=='),(797,1128,'card_name','CHD4700cc11348e2ddc2a878af11226170cV0cp7povaB1AqIVfprXm9+Y07rVG7NPvopCUK1jhQMMTSab0WMf2N8Qhix1nUQyuA97O1lD7AvzYOu+HqvSylSPuBf8SnSmN6d/AHQ6vIAU37jxA8jnBFxpmnSDgz47t/f/7BOfVZKn7HDvibOY0oQb/yj1qBSF49ewe5I559gieruZT8mmzuVAKQ7vkyeRXXLOJNf94bZOqSTnx0QcLphqLRlBXYfIZShw2nnzekYgIVvta+ffnKYIz3aqwusb1PsuYmYnyBbs6+iyqABrJANhzHpu29kHlqjK+2CzorDTEpgr95oo2OTBrP7PuOLa/9VhBCawZeD1ho71bNPvBEQ=='),(798,1128,'card_expire','CHD4700cc11348e2ddc2a878af11226170cP/dyCymqGFknIQV6Ipl0tD7SAM8XsRKUbWjnuSC665kV/iHMyHAYh196+IpGMeRq3M7VzKYFb/AIcG/3+cP4DuF+bU2+gWJzFwXw2E51b0DUzEi/iXqn1rpm0L4kOBO6HnN5w+tn0Vw0vM+06wD/7ZN6EDaq+Su0p6TlDghCCwWn/jJDosGCGtOEFK2lKQB01qVNbnpWFI46vNu4vNcIfSGHXhAvsikKkbUvUtsnOUR6nvLwk6KuZ3InBTGsXDmpNu+cia4BbXvCRHNnns6cQIrueS6/ltjMVTHLxy1cLrhg7RYShQrmGAvRmY4bxoPMzIweZm0YcAuA0pjlT6ljbA=='),(799,1129,'card_type','CHD4700cc11348e2ddc2a878af11226170cNl/5PE5XM6UZbvCCWky9G11L/OjNC6m1DwIMJNu8dgTkDgaQuUlkR1znOTQi6PlrIBxjV+h6pNbJuNU7lVlml+zo81F+dz+SU5i8g+ey1cNDUVdimzSnhSq1NTcWKGpOkBfXrTJ6gjkM6GPCUdNvjOljTjp6Ncfbggn69yzYW8k/wY0H+w50eKd4weOK/g+yDZnUNfjooSUlHzfoQLreUgifeMCeI5YijZn4oxU+3P3+jtq3cFIzcBs8MMVPvnURzHCOUiTJyDNe/6UHEbCcpRXe5TlrYLNoX0AoWbEDCT3uD3i59VVocQVa6PKrwzjACmrc4R1EXaNkDYHFcCj2xA=='),(800,1129,'card_number','CHD4700cc11348e2ddc2a878af11226170cPJWuDrbwxCBX4t8bxueRVb5icMJHIqqqzdQCqtS0wDO3M9QVKOAX9QFaeAwDL0aeTUJKP+3WCHz6gQjfQ2ZZyHnPLb98JRHtvmmgUhrH1baj/C8u4p5k/P48LyDvY+bgX+I5p4p7oujvuMQTpQVveCSDL6PjEDJ+liTjrFHZJfIk1TU9vDZyhSu2qCAcfAq9T/pog3VpG9+tKWlZbRmC+MqEuG+C48mVaqYGyovG9jANvsvItWfprJH5XrJX+IhlLoQEXA3dHCN/o5h7RoKWVI5vQAyaHLYS/NSka3/jnd7y2ydGkyphdiSo/aLha77U4UlxgHtPn3C6o0B5gyj9DQ=='),(801,1129,'card_expire_month','CHD4700cc11348e2ddc2a878af11226170ceHlj7IGq21WTmkozfZ0hK/smhKxyK5+t9+ho9tccfkcHJJHKFdmPj0h4osjA1ulSg38xBklxusr8o84xLRwvfpU5QbnGT6UMzWC1JJBhSfB8knUv6lqZChYVrBiwjr4WvlaSpmlv7D5bLltHoXyedTxOHZEaHG5V1WGRr9HH+b4DKXVuvbaPR75cNzThpO4GlRPdCYFNU6XLCDwAzJK/vU1dTys268wM5m53bsPsjcdb/sFkvw5rM1RN5DqXMcl7mPzFqShmIlcDp84Bg6DIGiDKlEm+RXJ1EVEPCCPj3KQIluzZvOFGbO+uPL8TxSnoL9dZiNvek9M3yAadoPBktQ=='),(802,1129,'card_expire_year','CHD4700cc11348e2ddc2a878af11226170cUXvplPEYUuY4Epe83ayIXGI2oNHtn9MCiPD/81n5c8bqfT7AF1PZarVAQtMLUFr4DCxECoGntlDWEsiv2A2dDeG8bHrqKX9dMARexDh4IEXmCdM9ZKbnnmJuKvkTy1/twuP9NjnTYVarqXrzxkTfaatVYHHWrXnzioPjY5g+92dNsOPfo1zz9wDUukzr8XmTC03YmeetwRHd1X4CH4UZpDaCc1SpJ+Cv6E7zcgrgPfrbVBg/jgU72UhGKfn/30NrjUHlpRY7bPq7oEkaRs5VjH39OoBXRQ7+nn4Tph4hDeTotfJvNAEbSR3LiBouEucZ22pB7hLNJGixDdr8CG+ZYA=='),(803,1129,'card_cvv2','CHD4700cc11348e2ddc2a878af11226170coKu56kzKs809KYeYSSpAT+KBGUO6gn7cLrycHnOOakBsOJMO28QnP+cevUNLEu6gmPMfNydTqZNdyMBzL0U1KPSX2I/UsJuyRwRiyYZ3w4PAqT5gbCcMFadlONzqMk5f+zT4TcAvZegpn25bV0URrhdhF1G/H6wV1lwZPq+ZNABqP0gcDF1isxUNXZNxRTM8lXQaqUfRfZXM7tNMGp2JKmHFGLzMNMCBLm72tCaw4eI7QQE4KgKF1od90vPfQ41F7utwiPJHEAt65efxw06aACUMtd24MIDlw6vAT7i1zmU1Hkafv/B7bvC9mg/Hu90h4fO71js8dIQRhQYU1rFk3A=='),(804,1129,'card_name','CHD4700cc11348e2ddc2a878af11226170cSOwy3VxnvCENXPp1GMKGLAwpolr9b3cbJklnU/4Vxqp/HdfJeGIjQ0kgQ04zaepQIhBOn65NSheZqgr6Iv06l2pur2T2ozmF7t8wMlqdoUYXZDKX2wCKUGntFlr8PxgBSEhf+7+Fj0A0r9zchW/4skoN4cHVSZOWM4pYZVTY47SPd2vc82rMiH/tv8ZHKrW0Ygxqt+8hHt1yqpb9KYkF6kYLkYlCfcWIULKYDLzY94MLyWoCbPhNpA40eRlmJQ4QN4zjyHYKz22irUPp2s+PhydBAS3bLRIMR8dKCJS3ktDrxSASHV7PTxhstwayxuRJcquCLYRJSp/d+jjSgCZMVg=='),(805,1129,'card_expire','CHD4700cc11348e2ddc2a878af11226170cUj4nkzFhDkhLPoOX2/AkXUYW+P2+5ijJZzROfJ4qDmrSjxq0BVcYIYHJG0citfyHmVQnrRJW4yejMkJ8okXTkOYKOB2KIMki8z08f0NGMd5ylv5RnR4Ss+pTm6/5EcJUcPuHC+ea8hGuM/88MaaUu2NNWEfCQvMbPeCm3FDJ/UBB2qCy6L9UdvxjUa/+LrTKs8L9X/54uymJudkvugjUSTTQgoJCyKExns0g9Gfn6STCLtQ/86wmKZ5m6GNzFwAyC4gjAx6TqISMajeBDlQvqhX7xIQE1JDndGIzC0GT2jhq4gfqc7IcYFLJEQeARF9GFNtYPQ4ak8vSfm8TZHgO4w=='),(813,1131,'token_pan','CHD4700cc11348e2ddc2a878af11226170cN3YEORgi8ubtTvmSUvy6rCY8crefaJSkMJTmlP5C1Ha5kH+k6SKtGadP6jf3UQ3t6EzQd+y7Uzkt+1A6OVTb80hysnfzmIgPybSpKp+xpoJm9qkslMUgh3XP1VxDl6gSXOUSEg2balAMVmuxovkoj2bweYKywFpijwx+qD9TGGdsFpz8KETngrKJmzpv9x+X0K6HFLSCZwpYHn1Q29iOp/UgLZnOlRJ78K+XyigLfsBZoSMgZ8T9GXI3s5KCueIx0fJ4ZoLr1dtaVgZBYLd3s00l4x3wBYvHRkmB+V6CQ3vRcL7cncYB9bxjELOGwjZVFg9twwzJMCbgsSJ4NZo4Jw=='),(814,1131,'token_expire','CHD4700cc11348e2ddc2a878af11226170cY/Cruo5HsDrRbbNxDVmHta5+QytmGL9IaGnDzNmhgke+AK/Xn5SCL35/kPXXHMqZumS9MAM9FaiXf6GUGR4VP746jhTapJpqeNWsmqjXeIucNE8xPeGOhjZ8P0Y6aaoBXopl3AEBRIBbacQ15RenuILQ0rCEYIAfCCcwJEmRmf9Nf/YSTdU2HnE2iVJXJqCLtQRqyx8MjagE2Ald3ckGg8JZMfNoTHv0oUz+4zfHrldiRyxun7aV+bJKPDQR3q/LEoIor7e4oNBkjNO+CZy/lXvtqXaesmyMdyxybRDGPK2QfINSsqTOBAhuIPQcnUJ53N7N3uwpKjUWVAFVggQEcA=='),(815,1131,'token_expire_year','CHD4700cc11348e2ddc2a878af11226170cMjsoTSvT7CyBiQZeW9uYdf93OApfkzUf5Tq+WcnNStSswmMcT6khrHx2x1P471XLS/MWvb8BY//Xeo2SCpuafhWqWp6xzO1cS9iK1+t5PtwJk4okISoGG2ATNH6nAUPe8gXpBL4YbSeBvwxkqitnbj2XV130rvUmej3riEZ4RFRVqtXQs1hUgRpOLzRJdQx12ZGynjTmRUsawawm3uzo48NViD9+OVnbce4kgwL4MXo7xBKBX/Fn4LmcHptvrrvL1oRRiHVfQ5GbV3kH8YT08+4s3eQ9zRpQj4WoAGUUG1J5IRzt/UCNPUaZ7B8roT+BFXZIdWMsLrie9l3gVWrfQg=='),(816,1131,'token_expire_month','CHD4700cc11348e2ddc2a878af11226170cFwgvlfVrq92PLdjzLjrPYD9hCM/QT6gFHcnaaKJllwaSvWEcoImYfgsB5ZpRS4HzIFfn2C6iE1C3KPyFGgRvpUGyaUxKyjuSqxYMdA7OYwnnYmUhbYtMhq2M+BxkbiMSSuA5MrFnQhGnpPZH7KuYjXi8BYvkdgb0/5xOaBrEknqSNNnie04Osa5i1UnmlfpuXhyY4/nxowLDqnd+rjCEuI52s+5hqbts3FM985+qXVElnbYjECv/lZbydildnb85P+bl8WlpvYcjLrRsjBtXxpX/9qKzsHLmwBUoOqweC4I6GRIHcOvEaLyUtzy8l5OhBjxjGsBGJ61pDt0nO9zkAg=='),(817,1131,'token_cryptogram','CHD4700cc11348e2ddc2a878af11226170cBxbaLva4OJVNrC5MrRPh/D9Fit0fX1h7iR+heFyc8rGJi2p2tPFXNJeWlfl5O9Z3NEywVgxwWG5ziL9/1ybqHizkiBFx7UkAfc018Z45jb3NPU2oJPCoXdPUdgD2n4dB2aXL7HGyY/V1+z0hjcUxFYIcAIBYCxgG0Q+hws2dSu9NFVGhomyYmdZltehOQYCfZEKaCca40l2TbVCWDZHJjE6nZtdZpbTI15WggmudFJz+x7kh283DYRJir5Q8XUCnIlVzztWZ34qO+tIKb9+UeDG+ipouit9xn9IFT52T7YxqfJ98UJ9oDjjvBDO3aByycsUl0ZyhmgVn235Sj5JTpQ=='),(818,1131,'token_eci','CHD4700cc11348e2ddc2a878af11226170cfTCHhut48aty6m8lBaB9wK1JXEnykpOVvrHCigQkTmpGYgQX2n5AUdJoELI+97uxa1EwROuNnM0LSUhBTB+BwKwzA7c8OieDnb1wavQkbzJOGpYFGDyo16TXQCcaOplDKRJZTfiu+g7ZT/fM6RsqyAIU8bOvyOYVon9zKlmR/U6WsEOlwOVVzP0cN+fvND4XMjPEqv44kRgIXgWql5etz43tVP3hHRSS9LZ7YttZjrKdTH1zkOc3505hmCLpOQKDU+EjgwyxgYbm7zmew5zynL8EdX72uni4Ev1UqVEPCMQVKCuaIXvgqzxPHjHaBrsEAl7vG8ODGODu5JKOciM04A=='),(819,1131,'card_type','CHD4700cc11348e2ddc2a878af11226170ch0Y6CWzaqsx4SYmaW7Tyc5KOmctBmgq6Ssmv/TWoNxUHmXq9HDLvbBMHEbs6UeVgczmSOScqAbKuiy2lPHUeU9ntb5VAFfcnhmcrR3X4x8u+/GBVJH6Lhl5V2npFBqLRKzHdDHbIMz3nStdcOQBeCUCrIMoG93/QsU97UPKTrJC+3zjakhBW2vvt7N30tobTqufo0tWt7uhwz4RXUMPzNHwajQyr0pCcEcZxqOif+dIzbmS6WWh7ftZwL9XyXRblLrQcxxmLlVUziru3a/AxsbE4ULNtuPvMpdvLZFpAGCAp0HngrVhKztkrQAW/woopi9ObVQAbpMykXQZG9PXCDA=='),(820,1132,'token_pan','CHD4700cc11348e2ddc2a878af11226170cUr/tfF8EQF60Yw0QIfVMlVl3B5wlMXLMRcqJ/Khxv2ljDxyC7NtJE1OuYouo1uhLycFdvy4cnqiRRY1ZfqOHrTf0n3P9yF1lx/4lne1Hwt2KjMxfEz7+WTPVvgkk2c/8bi0GJEhgiSGXwzWKZD9RH83SNM34iDdgCup9SOOTrGIOBeMQXsn3fPtxiIlTvAOxWCKtLNFdfmORtwfCq+KTbgfMN1oYrNYeSb/JzGKT3sH9hqoCpWbyXan04gDemI1x2dJihjV7sQCxQGw8UO7+/5YHXvU7WmeATlSMrS283KkFCnaY6V88CISkrDf5lgqJnVYopfoyUEdnngoj012hmw=='),(821,1132,'token_expire','CHD4700cc11348e2ddc2a878af11226170cK8zPgvkv8pyNiceGDbRY1jDp31i89ub63joCr1HMbACrIfOOS24rtpHsj/L5oYzkzCi1nGcaxKU7aujute3xiKcnLDiVhCqylQxeADBLWfeFyLbxKoB8VL7WiYmBDNo89ajarNPFOf9yz3f6V2tcph65ovO/7pSXiGDn4R200/429ZDbdoKUqfJUVFHiBp2PbHOEXQeqnIx8K4q26d4jBuxnQbK4lsjfj0qqPmj0OtrdKwJPgDnDuhtPJm4KK5jBwHu2eTdU8LQOz9qHuRn3SoE6mvq+JFyemDPSYzEj4cEeZDMrMYa7sGhVYXmeVLH0zVYpo78W6o/DSKVAjQLPOg=='),(822,1132,'token_expire_year','CHD4700cc11348e2ddc2a878af11226170cjUzovRqvEHh0gXbHltQsWjh+r9ERd0+iqfjD6pEIanSVQNjUbgcPBxSkbQOTKo2NsTY35z9GrCAdEipdg6Gkz5Gflr34KE+m3gLbfT4RXhYL93UU65+lIurG/aJG+2FEYbXgf1suBZlwQplCacYer1mUlTYHiTcyqbd/SMk4s1tCkUycPYLj2bFuysqA+sX3fVUmYakWhg74YcgLpOHt+tO2KEAdDFnkgoR0FQZoYhgPmZl3A6MTrqkU2eGGmPwZjUBfGaqt39qihgLPggW1zpx/8qzQtbbL4KYRJlgGuvYOzFhlKgW7ao8LvHX2A3Xb1qvfKHsIEwA1bKHfh9C4og=='),(823,1132,'token_expire_month','CHD4700cc11348e2ddc2a878af11226170cP0cIDqnkd/VFe130J4SkR6k2bzOYFyLdWlv5gpWI/M3ADXCxnSCn7pQ/N2E0Kbq7YYk3aIM9lXnsUUoWF+js4Ov68expL+YCHpMXWDOLoBGfd7uWwtdI7XTMQ6P4IbhSyHFInfvUqFnvKDN9GQTHFmWPsIBDPY4b1Xg8BWtNShlFsf0GbRIil5miQnfX/Ewlz6O7Ks9u8Njvwh9BEC61LMZ/tLtiOoQkSk6FYs6dSkR5nk6e+TBJLO4aFggx0d7Wrog0bkctpDSAnBzNYOlnQWhYJH+Owo/FxRDcwtQlX/8OSmRKdmcOeZnFMfdwBHybiumrlomO5uEoRfxTzGimhA=='),(824,1132,'token_cryptogram','CHD4700cc11348e2ddc2a878af11226170cN1uRhTmqDqfwfx//QXYtWn87EZoRe484f3SR9u3B3T0IVrl8d2F/aDeMN0N9Y7PZ4VU57ulY2WEOqTFCz0de83/WLILYzZVNiKa3Vzg6wUBbtsszkwCnFBuVERwzHyId/IWuQfPQKwCaB1pjNYM6v7pOvK2pSTts7eFRCRU/GlLguLRNA9fOspuj9NASvCMOVFJNbYxD3Xr8jg2leFQZqb3YFU1x6R9YRdMEnOc4vv8Pla30Zjiz0dPqR8mX4zSzFSWxwdH+fIQUOvrvc22b6fjaF+9qyR61KG3s4jQJm93UtPc0SLkqpkRgf4DJ7QvoYl7f+Ym4d/A4xskGqWm/pw=='),(825,1132,'token_eci','CHD4700cc11348e2ddc2a878af11226170cTybBzKS4nFYJMozQbNoskCml410NvKRVdOq+FdVN8X2BLuaovsmetxgHtaQJ5dXGfMpaaApSdGWld22npV6wjoP2IhQUF4q8qvPQKHfMyYfKXyYi2nWdzHDZmpKJJXmlWTqKfOaC1rP6AmDblnStuK+NZPwapB1FBPRAwmyh3EGIocfEhk+PzRIP2fiWpkLzU/W6S2gImKtjXIEl/xT/M9baZdk50M78SiptmihLU01y7s2A3GCC85fsRsrPHg5Q8peqV/aEPo8deN4xBZtp2XFAiZ+872hdmY/PDwS0Rpq6Qoc0viYzyAYVaZVBkkHgo04x/0w8pJUXhd7aGWc+Gg=='),(826,1132,'card_type','CHD4700cc11348e2ddc2a878af11226170cZ0HF0prtMLF8CqkQcXvDV6FQBj2nE6ZlOkdJM6ZVST9a2tuGPuLskTZjoKpwTmWJeg1/hoibEUYUNqtuGiEMd+E2IsakI8JqsDQ+NxEmoyJ6MeTBMmEtc7p6xD11+vtReWFXO4MxnZ9vSP1S1hTYDSWWQtJLpjVuJIWAqFDIqeIyK3fB4j7iMRwV5npvBxesZQndMXT7H5hK9Eg0A7+cLd6X35QEEYCuyA9r/u6U0QemT3aStZNIayzT6fxNmFjje5WP2NYa1VHRiywk3saDtsQe06OKM03EPOPPa4/qQOT1xSso0mYwZcZp/MQI6lxSTH3WWtbdWrWQUD3xACKvVA=='),(841,1135,'card_type','CHD4700cc11348e2ddc2a878af11226170cYSfbIZJyiFMmNgN5FttwjOXwiJ52/q/yYVr6vAvpG0Ms2cds5fRVl7NjzquXRBboth9Y+ewHBDJ9EurXpPcfdiT9QiJPPyOOqsmneMFDipbSwlCxFPhlU9EJfes7Ckf6C02V71MGOEWlaB3eg0Xxy+FmsgZMYIwZwsuKYvkqOK2Bqx6Qidg2phvI8fAgf96Hm7E6aUKUgkpPelGRg034HxQWNKCnImYK4uN1lNlCpDZkiYl5a9zAaUt8foL9js+xInB5gLz/tYaCLFVnbTTxQlQz3vRV8FDtEnmA3Itty5QeXZL8jD6KZG8Fzx14K8Td27Xb1FNwPINZRh/o1gRVIQ=='),(842,1135,'card_number','CHD4700cc11348e2ddc2a878af11226170cWWhU83HIIygyolGpKKN9l+jF4uIoNoL69K7CkHk1Pkx1AKnw0dSRZeheAA19N4bJx5S/P3375kt9HFBCPFh5PxmeMj7mjY+zBQQAJRLnG7JDPP6UOAdR+76QIqQBdZVqa2XQAM3KeQXJt3F6YsZRp2/HpPFM3DyhGe4fLyIlkeADPiJx62Wq7OkA2mv16LLx9lItlVr2v2buxU0KcXpOkPtwBMS1IAZZ6Ia1DD00J5rrztfq/fbbooYx+2lKx+nbfPe+IqPPOzcl3dNuRuhsbFgcyGh4ZmrqvD3RqavQUkVsK6LuxkdLWVvwrMjAc/H1mTNQ40tHt6hLVv5ImeMD9A=='),(843,1135,'card_expire_month','CHD4700cc11348e2ddc2a878af11226170cSpFMeCrQ3yIymzyErfb4MBVhmJgvqd3uNtSEO6rmpMBczdj12wmQDEX4265AF7X4d9Yd0sOYgkF9pxAuA8UFxkRL4+cZUoSVimKkgwhWCOkabTa9/siUtPt2iptExqUbS0SUdvmo+3sKFgnxaYHtynvu8gcuLIfaP177D7LSMOXGdV+vFe4Ber8ro1/bcYSULA3A9SPcB7QVpfI2LeDFvd2X6/EmegxsULDjXIJlgiVNXkY0masiLcujqVoxaq2zTcZsS+X7PKEsMabAYbd/4L7HCsrvbWII0O9c4mW5rtqNnLEpkQlEUkX3YirILJBe/BE9lBnYScKxej8VfaDY4A=='),(844,1135,'card_expire_year','CHD4700cc11348e2ddc2a878af11226170cRJZTPEnN07bleq0EDTs6y658OcgfLH++Gp+tFQQK2voBmCZn1x5M9+5fZSutATRtLFK8hOzPqVpA2cjS84zTW61stBtuS19h1dKTRlo6ZokQKtnur9nXCZxrzDGg+2zL9wiyKygCMeAeHSQesr1moQB+d5nwA1oCDkvoU5oaNh29W4ol6ACRaw8gvxTjLLybfoLhPiPEhsY7GTkQXWoSAa6/J3gjS9Yl3PjlH8yOH6XsAIQowkqImgCWFJaYzDC05WNxxjkqO0a4Wn46GOHofG2pideESFLxtfa4Y9aK5hwSTqlIPsG3h6LZETu/71VVSCUI4N1K51IytkN7xeNT+w=='),(845,1135,'card_cvv2','CHD4700cc11348e2ddc2a878af11226170cTz7cvF/nRCOzDlhdbPLldaLYFAv65pM13iJGJOwn0D0vzlXo0AjzQS4CER9NEc7a1InOJpjquSiJEehI8pCE6xe0RpmcrK9aRGZM0qFWUU/9GX/mzoiWfbyXZLrOKDVUG5BYFUYScKfi1AguGlXRHsto7ZqPMu/OvNw/0cbP6lYVSwsNwViiqchtdlJyqfaocdkXh8gGPap58hiW1HGz99gr3NMw3/hmjqmHEpShQjr+6eP3k6N8VHCyVghvpJNtXwBu1S7R0GmnlrSd0cuZNHNaGSv1SVDZw+CJGo1V5ZorCt05G/INUqKjNsleolNPX3xEHaZ/LPpc6R1Kh5iPDA=='),(846,1135,'card_name','CHD4700cc11348e2ddc2a878af11226170cS3Fg4Ae9+I9jD8k4Avp+sML6LRMnmfVRgg2mh4cyB5ClCegiuBBKbK2+LXNbH6dURAdkY8eoepDDGvi2Z7QUZge2Gk5b30IEO+mHqMqOfgL59qH3V6PKpTf/BCV5N9UKFmC5YDTy0MCTp6/Ep9gz9ncfCnxnWAv0NwoAW055DFPSb8xbC7abBvYducdHZkP6ppYZaOXkTx/C21Yw9RMlzFTfRB7MHzFl5pmlZ+IUiE7G4sI0mbox4ilfO7TE7oXm4OaH0Gywps/QJPVvbzZjI5p9HqXe4sznUUCk5/SiYpLjKzZGBOeWGtsTW/1MGrjVVL/I+lxi5IWpda6CE5eZKA=='),(847,1135,'card_expire','CHD4700cc11348e2ddc2a878af11226170cCh4nSEKyCzZ/4zpo04zFTQVZkmd5xjc2Aku6lnwXptIzgEMG3JtcuQZnw1tqbBW6f47EAssxuP6wOyIC9ClPZBdYgxuLOYD9cEEpQN+kvIJSQFKTNIeXoddDvWQAXzaJ+xHDP2rbazGCVlcmDAwJ0FeNTsHm0AwS2C4vDd9eE803H5E+VS+L6+TmHgDz4OfuI+I4IDvcb6Ud4hfpJNyUrz/EoVUGENLiWd4LvfTWd7pqQiMx1xDW/40VhdHdTtB7sZh+M9u9JA8Bqo+vzTEgXpQwsAnAqE+264ArcnZWS3EMSmDKWytS0ZAHRNE2bse/F2goGMnqk612QjxtWz3tMw=='),(848,1136,'card_type','CHD4700cc11348e2ddc2a878af11226170cJqUXJr5k1XcvunfgKkKIEDN83Y88l+U+uHnh+9rOmtw5HxSThQq2gxsFy/trE9i04hUwsZOflBN6JOb4DJpJS1IHNlNZhccrEqt/AvoaNYN83M9UmIun50JhtLFDnSgGY1uVs2qoW+tXbhhgPZhTRjDOBtEHo+B2bHtWfVJ5EKMjOmWOhwYH0utxTOSDyHHU5jYvx94cB9soWH1uP4BwfTPNdEemXxGlo90xs5zbO66BMqsWC9vrWr033nv4x3jXCehB95hsysk2iKXOcmIquhhgSuXSy1K91z+aGHn5A/oAwacE4/9Kz37IkHZd7c4HoqGolipnxVhoYWt6TlvNsA=='),(849,1136,'card_number','CHD4700cc11348e2ddc2a878af11226170cXRNJlG3YjmfEtIyyw9LbM2I70cjUv0wQz6CpzpvNF0aMX4fFMwBwG6DDSEyg5jyoOtvS2F9kc+q20hTC1eE7P8O1kfKTSl+kMDI0UiYtPYq6mUOhkEe1XnjUHjI20IRO+ZrDzhwjFSLnDqGVUEqDrO8TkHGU/CPw8RxjwrWSzNqA2YDLGFLsx6Xogwj0kEzc5LZ6HnMyYOOW/+9L5UdwByAjRU18Urgu5qJls6XqyZtGOuVeMOv62AK/P0h9HQoOqPWdK3DI7w5WzJh2fBSh3V8EDGX1Z2V9rzhQxZMVk38TrSf/+9+fnZBnuKum9VQGsVnl0Tj2RLDQx3siemcW3w=='),(850,1136,'card_expire_month','CHD4700cc11348e2ddc2a878af11226170cEWn/svqIZjiizZ8RdTnaNMOjuFlUtC1QD7DydEV7oPdELTLWz8B6fd0C9rtztyZukUCL/6AKKoji3iKdW9cW7jPvbGnboO7nKCR+5RiAqtPY5hbDNzFfdMzvI/vvhRUonahF5TmnC42jJHCxhrC9+CQgGxc8V6Jiq57hso8BPJPfaGs6ReUNi4KbTkM2+84vXvXlUAXVHLbgOlxT23OozW9lPngTZS2J/SViw8dUOYkDo4qadYCYdXWWSj6zA3gzBECrNNTJKPIH+ATSlmhnGLAZ0c/OSWx7roqK7f3PQmX63Uniy2jpSnkqicMtBJWgmAYyejzzXV3em3DXK6HGyw=='),(851,1136,'card_expire_year','CHD4700cc11348e2ddc2a878af11226170cgjTfGHA1EPrTr47Xja6xk6g5k04ZBrC4ERhvI6RXWyOAOq738pGZthcXeOeHnual5kAQgNMl7SVm4bKho68xFjRXK2tR9Y+8aVDw9kENx4ITD9lrhAhq/kDoA9m02v5nXRy15qxGiL2Kce4y3APPYgAfmP4TNJ1L1Cmz+vUlvXkhW2MmS3pEBnCgP/dT0PNnoq3hQnri1hxXMofhtT8AAOIUDSIadA2IvQRAP/jI39Yx9KjvYjyHTLkarP6QZaY+OCBdKQu7tx4J8uwV7K3UYfKdjCRpSPcoba6vfOMwmWzmjnFH4bAmQTbhkzeLY+xuX3wCORMraYCrCDA6rZcdew=='),(852,1136,'card_cvv2','CHD4700cc11348e2ddc2a878af11226170ccpImeFsIr+DtfhfAZZTQKK8kLclWJtNxPhI8lnkzUqcSInHfb+8pWnEOAhBW2OVw/tuVOMU853ueZDRUTTPN61C7nvxr/06ScfbkZS7+UtWHu+zO+17idTsX6PZJwmGfgrbCpJkbdxZYgmwYcaG5w59kBDnjLqE7bALej9Tlw0xjSOaEUYzGSdgXsOSCPjE55EuHGS6vNWm+y1rfX3Dn18F+dOOGkCBiKCqd8qinyr+23GD/bGkfxOLilXYHjvLdhWoWuEZFOzU2Za/8ucRGux8X6AFT3OJep9sb/Ce9VFfdk1DB78rabI8ywkzHqfCjEQeZqYwkPwNZtePDB84pHA=='),(853,1136,'card_name','CHD4700cc11348e2ddc2a878af11226170cPsCQSpGCSARwM+TbplC6gZS3r8IhblQqyf33cVttStTENZrX0B+mFVQVtKCvwZs4y3+vo3BLwL9drIFxTRGuGTmzPoJQt42uzWXoPpC3Ms7EsJNQQJxBh5f/0uX72RFW7C7JQ93QxHModXLJ3tLQjOcRsvAWNL8tobiAnMsxIYNDPP+LNvWf6nhRwFUtCHhmbMDf/f9M0k1u39hx0vyYGabeR0cQX/JChiyQk4jetfMGVKouF2NZF+Z4DXQzswTLAKxA6xdNUPCXrHo+RELZ6/0JBYZs4aBqwFq0XhypdEIGi97Ywp4MJHg7DACpi0M7J1nZNkhl5/7WFJ+RbsNbpA=='),(854,1136,'card_expire','CHD4700cc11348e2ddc2a878af11226170ckIPQ8Isgwa6D2cJM+iV8SHmUGlmlQLKCZQohiRLStGjD0sxNaCG5fpsV+TvZpX35g9bJUKLCK+Tyx1Mc8rFpGuRzMdWVitRza7uSTac9TsYeIq6J4uiybsAIJZIQ8I5BDL+TCSvymiaPDM/v0yrXu2rhSuRRVSnqRnAUM6nc61DjV7Cqlh62lFBfLiDMIMbsReYgNhcfOvXojbWdU0uj+4UgfMVhG+OqHdet/0RS5JSdcie+wI7Ko4ofbGc2Xy7ioQtOP53SIfxOmBXq8Jd0CyoND0egcb3pySX3d8iFZilkRHeYYmehUFmOCceF6+EjejODSNnZ/DjHfb97Ntp/+g=='),(855,1137,'token_pan','CHD4700cc11348e2ddc2a878af11226170ccaDFrbZvtGIYGgaE2yRj5EoiU2amSnnruS/+o3nTYBAPEFtz8yDSL+eyugzQLPmKARiCcwIcRLCGn0lX+C1Apcn8pH1Zo6ZrWPRZm0V7X2uGfYg8NheBLAJ8QsGaL2m3tXsPenhltL2+EsNwvmaZE6kvdigXmrk+cDipCboSqpSunBZVd9J1KDh/7wVLYzPCwkupxzQFSFoyYnW8VPW/d6uNrOOXPToUe6lddB9awuTvpj8fW1sUh/bhNZMs1DBHk4pSt2s0ibLooqkjM/0aVZQVdKoiAFK22Pw5Pf8MB1qaKesPRxDXq2qiNI3+SaxEIxXghgGWeXOB0f0GO3uq/Q=='),(856,1137,'token_expire','CHD4700cc11348e2ddc2a878af11226170cXZ4J1Pm6OjLas4bKmyy0cqAaS5qdim3+3Ot5UOHKG3+7eCXDrCglH/vqWMh/8GokAerppee8Z17NvZPY7+G/8bJtju9bYO+zxQH9/gmHAYRt8WTiQndBdcNFJP6gteZDmES/inYHp/x65KFlrrFzvF1GFOvpR6mGg7NGA0WwU/YW5xoLHE4A1XQkPvz+jHxZOm8Nou4ktzyD5PVHigQ5rQ+Am3ol+mYGihmXkNTyP1dhXka+osFzRKk45VfBP8UscIPgXNxDVimgCKHtCiVWG+u4xxvN02bXnEXavgRZVj7cBrmJE5zgXRrP3h4y/rUHyMMv9b60LtmszPLsBz3E+w=='),(857,1137,'token_expire_year','CHD4700cc11348e2ddc2a878af11226170cg4xUxMf5j1WBge8lF0LjGevdBERsej/CG7FrQeRf5WiRazq7feEBARk7PIe2fJ1c8BbR9zfihHDgRk3LjIjRunXo3FbR5zO0wgFlKO+rmBgUJ9G/OJXjMzcyV4MQBechrjA7QgQ9lWl9XoEhDog+h1mBnJIzp0/Y+E7Ab4b+TbaGyXTkAhCp2yP3ex6dDgQTEfde1iDzLoCGiKTREiarMetKk/O9awxMuHz2wDEKwUhrqT5W2DFCLVIhL0d1zbSKiUuIo8CrykeL6ZNw9n2eifbsp+ywNie29EMxOPvWr4781VzFrADZJil45+Bo1YyrTZCg+h1bbdXfLRsbdPiRDg=='),(858,1137,'token_expire_month','CHD4700cc11348e2ddc2a878af11226170clUGxuiwVqe7wNhDSpplqVGAT08dro4dXqPparfLqcJbwJfEOTitl0btaWxeGelNq0RN2oTejjnVoo4eQm5q799Cx8O36M7g8QgGeTkC0MzeJebe0XAXp1TQsOu6QLHRVwx9/GOM4eI54A2ca/ONODjeriQ2u4iL5SR+LRopj/uNK/JqdZwsOEzgcs50qO1xC5+7VK5x/wc2YOGDQP6OUWAuPRrOMdp3uvCmb2uGXGM8t6e8nwBV6vQfxti9CVod8eA59F8SvFQaooeMaCuy8ZQLEThvf6QuWSHQMx5Schl313m9PHbgZf2b4cfYYwOBYChHAacGxgdnW4nacIkhoBg=='),(859,1137,'token_cryptogram','CHD4700cc11348e2ddc2a878af11226170cm22GZ+qG7D7gEH3JcbDbYd2P+PpdTHG4N4k0AoURe14E/72diktY+GlYoedBNh2ghNieQUan4+hCkHk1TICwj4Bnq7+7O5ssp0OvSg+1qCTGDCX7HyutDvG772cMNBZEzKniMI7vnDLiF3iIGkGBSmYcq87/bJkX0x5O+H79Qo+tRQgGulBsDclaqqu73ytJFUTc0i4QEa0E1SN0IF01QVAgWvvJesCMZkPCS9QFsl7LZqQxxe9NzZz1K+Z73ikZ7p/uiQ7WHrCQqh/IawtpvdIDeD5NmLUqym1mUgJlbkqmAnBWCEWBGRIwk6LJC4BeoJ2JeC3gGwtuH7Hw719NdQ=='),(860,1137,'token_eci','CHD4700cc11348e2ddc2a878af11226170chz69udOvo9iehjq8KbRiQq/cjkyRucBVeySniCEQEWdbtwviDYN/GfHqFUk4gb5tF90mIV4Jo87u2+fNd2H4m4gbSX2JLX/7y0EV3h3nnhZsaNtg/hrpVewL//F5FSCoVTlc0EtbpgI55PuejLY2+qzEOIy2UafRzKohi24Z2PsplR4ht6X9uaxWauifLoJ3aJFo4RNAODZb/QuHNYVOk9L3z8oXEzXvDC9ArA62g3mG48OC5Iz63osk0H3Sn5ISOPbH5ImtI/A1vs8EYRbeGi6jDuVTDnWnKjiV/0mE9EAMYxmeV7HzYh1RDS1i6qGFuFGHb/+D8WY3VvTh0lZsGA=='),(861,1137,'card_type','CHD4700cc11348e2ddc2a878af11226170cWyZIvbX2DtRTR2ab7LP/IND/X5Eky7R8vbV0qaBa1hc8f1TPPXad+bsfABMWRlhYke0OnWNiYHd/JH57D2bb+zlVsi0gCw0CGyXKqvTdC3XYAuKZnOUgrufroFSmXq6zkR7/fmFwur4+x7cNbd/oKg2V7BXRP6puxgNHEgVzm+BA+bVHvwI5AuVzkmD50UCcaLCX+yRvXlm0Yr4GMEoR+c5hMztcIuLDvdl750VvUamNKOHMcf2fNeYvAw6wksu8aqojKLo4IMiIUkZB1f2cUbvqaVnDmbroaicQZLW+WUm/rmmvOjSrHyA/zqU1WJMDWNPvrnCHvgdH8NuHuLoPLg=='),(876,1142,'token_pan','CHD4700cc11348e2ddc2a878af11226170cGnk9pWrHWp6z4DL+0Bv0zli20PKFRPfhI+xnOPPq1Ce8C1TDLAgI4mDcqFJcHiUjCCwmLqy/vk//PUT5zGN1zH0KuLq/TcxgdyueUU2U2OcMVZesznuLicVFz7vwta9+Dl6TRx6npGDgyj9lrhmltTfJB8lSN8fbWef+Qs3Bo6jLmb5s4HwcC+PJDnC18qkty9YANKxYOjXWOkv08L4FPnDpfPh0yW3qp3SyOSLPtQo61sUcOhYn8sZ6Qs76EOEPmXrCov0ULYARpoh4lVRGeoLgzGq+sLixlUus8sCTpJWM25y3QrjImIvHJaLO/qACd+HHte0imjiFMaNuxSyYkg=='),(877,1142,'token_expire','CHD4700cc11348e2ddc2a878af11226170ck6Da70P2zrpLEwNJr3MybliD6dt6luA8PVGskNnpXdq7ypkX+rEmkSseFOq++TuCNQLWgDT3lDwCXorcCnj6JSra6GXXa1bKo0Z4BqPSEHtuCdBEFgyPG63uoZ+G8Tx2NZvpQ33tjx1957DqOfq0JVPLFcZMS2yCCsD8D6aCa+RXETk4jzNerNbUULbtTOkAatbqdUbE0jigjWpxY49VTGPQBGj4CTXv43XLBFQ82h9cQD3FuweuHYZ6qdtx8yrK2mCjpzO9jJ5JsEgIEpBduMrB+FOQ30nh1zkdGB5EA6oFnSeZREGexxJKKNjNWa2RySfk4lmDp+fPjyu5LBM9BA=='),(878,1142,'token_expire_year','CHD4700cc11348e2ddc2a878af11226170cez+B9s+hQrKX+lIhIGBBWJOFzTfOUbD9Vjp0ium47PG2Cmg83HI5mZFChYUG829GY/z6PH4gQXtiVyXSpRCSQfTcKm/zO5hrZ7NZblP+e0eKaxwzyA8jd3zULes1Uw77u09ZrOagjM+22vVA+6fjFp5m/szTVmE6ZzntT54JOcN3zOoAeuyaRo8DqTH9SBgYSx07g30tsi+JB8p07dDSlUyDuOglGPffKnTGBlFi7s0coTFkCPiyYioL4wsmNFj1eKt3XAXVir2ttCZmW2Lf6fnuWipl59c4b0Qa5CzegrOBfGti8EmwV35FINqD5/zxPWwHGuWlm79mK35HtvnCKw=='),(879,1142,'token_expire_month','CHD4700cc11348e2ddc2a878af11226170cB/AZZo3N2/8AADCi9AOWm2mcXaAZl7A+OHA62C/2+fDlMrd9n3oeRvhMHvGkDw9rQHu5LJt/Lj8avLQmmhdBhM+zWSdqx2j8Ys2WlpbZSHDOLxj2cdLzlcGKbQz0kLVVdTXQKpA4aSIoWD+QM3+Nr+2KN9hxWkPE2bdFZZoNsUsk6UfYNar4ohw0D1d5VElRFCHz3tbzcjs3JCD1MQmVy7PS5v1RV9+L5pVmDFlsQxpGCZt0CeAvHIB2pBz3f6FyeM264ZCCw17lFGUyQ3qBkweMOWZaj7nJzoCEu/oKf8eK4BNsVqugfwPFV1KZLW6nO7b7qSoGWZWMRzULME1fvA=='),(880,1142,'token_cryptogram','CHD4700cc11348e2ddc2a878af11226170cUlppORtv4pXeUQLW3cT7FFdbNyIkfGSE/0kIiKcFLpZEJeW7pk3YchBWxhAmTddCp0+Is4HhPxXU5gR5zS/+FQqBoDRfqzZZ2/k3lDrOUscp9/hp77XGiM3jlBnVLQ9PtSfO842meOyTDZVXqod9N0Bmi0G1sLtZBgITtrrbujRUqxgVuLXgYdrs04xbg0fG4R3co5vwplzFMioPJC27d2D74Xh8O1RUbm0Wux9kEjjNhWCsZtroljFnpFbIYxlgcXA3m3nr0N7mErOl2P0TnMk0GsgrFY92TYsWQPaxaR8sHJ4TeA4uUqAzwlGQyI4LEU2QLdZORON9hBpCpAaJZA=='),(881,1142,'token_eci','CHD4700cc11348e2ddc2a878af11226170cWTUw7vOfnIprFy15T/MVrxlNIKqU1N8JbjElSVuDpA6rBgpkg+WDlXW73jecUvJ8OHhoiLN4mygo8wzRqJS47xrhEnlHFOcefa14kNXyfzJs1bflSyWHjrW3xx+hY6H3K8ZE3WDxN2aWze+EEkM04bPOSuSyvA0e6C9z+4VlzH+D0uFYerztsqaDoAydbyB3raBo3rSdOVo+e1jNKZckfsFUxzZsRV9v44HUMI4+xB1qS/O1t+JHCQb9MY96dt4xtF7Q3W/30V0eUlKVm0MoPZ6d2wWuqJwiRdBEbctCE3VSb+/DmbUi/Kr56gwdRRx6adb0WA0LSvNwlVKokcD3XQ=='),(882,1142,'card_type','CHD4700cc11348e2ddc2a878af11226170cgo2xnvLjAgpH5AdBE+XytzK1bIaYjIrD1j9NzyE5gyQnN4ObGGMTdgXsIs6GiiG3crCKZzDxejNgHAyaHcBljDlJ/8Ji6xoBvyvB93EsRmFohDh+hGawqN2pBS9Ch99rcvZV3SRg5/oY9Q4eqNohCUIhSE1iZKmzzoB+5n2CDkF3kfWrtIg1sP+fgkM+mdX9W9hcfxY4zeStuyZP1oBqeK/nrfJ07L3U1dUqzIkCSCyg4WyPZ/WUJnivf1EicVia8Z7Fkm+BnhOiAYTjeb5CUgIuJdSQ/3kxzEHC7MXtB+iecpCt7xz6d9AkyzLC3/jj7WiNLmcloCbLPPCl3TBw1A=='),(925,1149,'token_pan','CHD4700cc11348e2ddc2a878af11226170cSCDG5rD4hhDHCt0oZGfkIK0n7H0dXsFjfgf43HfHiomHCDCxbVGBpJT+EiuubyrEQBsfVtfxIFy3aHOx6AN2xBrI4Hl2KUqlFZDJqtcjaaVx0o+VlFbYc8pkVx2kBzcAoiBQlH6wdCUdkgigQBaxcNiO6S4KlDU/r1qrxvk9bkLvi8A8Mjts2fSNz4mngghizjvuWktH5IMJotW7DCdYtGSfpiS2Ve5CeVh+QBIsezb4zXHwEK/3KL7wQ9SwKvlOvCh8z5cPybij4dE7nDL+ZlQg0jzJ3Nvq1FICmWQRZX0c/OU4YaOoXOevj6MK3RbSHUCmA3UREcGxLjV/TNyp4Q=='),(926,1149,'token_expire','CHD4700cc11348e2ddc2a878af11226170cDYFrEE+tebmGQYRDkjahlbeQd7v2dpSBeRqXUujc8jl3+XOV0YlZtKVRofGxG5fzcpBm/Iwj/o0WLvqKTE2Jcmbqzo2LNIHLMcUAYqelSl+lOaEoCVaSpST5j4HKiwqgm3O0dlEvwa2JOlruPJknvf1BxpDHapaDHVB0gVjE2XbxY8+pre+ioeJJQjwMtCi+rgsooKVWABUM31v89GUS2o31kXNxBuNWK24Ww/mdSvygu6Mkcbdu+Vw5yv9kKTXuGGou8zvKm+2z0c5Jn/jIjipg3rqeLKIaY1U0geXjOZ6J9+ubgWBT1QNTGJsModYGDGPA2iSbIxYfzQBSp/fiTg=='),(927,1149,'token_expire_year','CHD4700cc11348e2ddc2a878af11226170clObY1sLCE+TfzfVtDfTzTIpMst3o2d769EXrJ/a4imf7T5f7CCZxIhIIiyzUJtgUindfHs8B8gW2e/jG4UvUdIkKYVko9OQAa9JKnO9CP7ZOt4K29C6MrcleWn5wCrEfDQT2YLtxHjLWkH1B85Pljb5gM/xju3LuoITeMDYu3QkwYdauy1Bp+yqg/zWMprzCVfQRAiNzyTTLp5TuOyQJBl+x8hAzMVbrHTIQmf+RV+xQdBI5u/fgkOBxDPkVCBu2btghDxVrx+EMCMCt9/oBem8+84dLW3xkGWdtpw5WX38k6Tby9cmGmd5nzBlucu3txFIZx+48wgrXJDIhwRQs5Q=='),(928,1149,'token_expire_month','CHD4700cc11348e2ddc2a878af11226170cb7WaKLLfMBZWq3MK4KlvpXJrXnPpygU2+kh7fWOSi9ikATOk5WUp7QfJsx32WA/iAu52sf8I/3PLzqdPVTngQhrQqK8rMxIqesYRjA4znQonlw3sD8kp/RO5y0jK3YCvgJzt1tIxnaBv9uYzZPmR9Kt1h7uR+UpadfY4voU2sblQOM1HulcRKQ9I/9k8yiXENIihI9UT5lgopzwzImilPGGRq4Zfd6OMR/fvX388YfhlWQDN34lFxfDkpNQijfe49Is0B2Z7pvpQQ7Z3D004RYSKOWBC4cx5FaVPkFY7Zl+l6VwkiaYK/+SVXgqaZcNJvfL/xXKqBJaDhbpLS9ERpA=='),(929,1149,'token_cryptogram','CHD4700cc11348e2ddc2a878af11226170cB/gIm8EqgNg3RLI5Odp26Bf8XCJ/F9Xi0DvXW5SwQtiDts/UN1Hnv3+VOdIizkcD7W7h6jzgZqxMgSooklveV8akc5hX/6i1Doy2uYLxZVQ3kpjwExumsYyS4A7kc7tXnEwa+yLcsJfyid2cg9wLb9pX/u7czZkS1B1SRgWv01pmlG4ls6aEthinCJbzYTqFCoNQ77/D/IE9poJp8V0IGA/CFoWOOFh2ofXpJF0zGHTdQQsLnzQSG33rUY6wLmfHVuZ3kq6Ly+kC2yakQs/ap6sjBjDXL6UxvDrw28RYGEuxBpGXV9FxhaN8xm6Yv3uW2BZdP3ZDACJeGf0NC7yQCQ=='),(930,1149,'token_eci','CHD4700cc11348e2ddc2a878af11226170cWPKXdnTxTOMZTcjPJVhPeHkTWGjXkK1qiDFDjzPX9zmVGGIKoh6PfOxkMHYS/3H9Xk3W9vLrlCNeKiWip0EZELVjQyBTM9siwcDJao8h0KC2EuQIJGomThWr1uUR/uBfIdUgbrmcnc1Dq/GDWQlhzlFiRqlYrFHmrSRVr8VRGcHHIw2oWW0fiX9xzkuLkva1m9NwkqPKqZAhaMFwkxAT2+G7MSWUmr0iKG96gflFZURNM6qAJtyvPt9FshI5w8KEzdOf/ysfEk0Ug6MdnnOtQwlnuoUxpJQfugLL3qSWNTdK//C47ffIX9ekwIXHlne9RrVOHiQZDdZ6mu987QQY0A=='),(931,1149,'card_type','CHD4700cc11348e2ddc2a878af11226170ciUY/yaxx11XYTPrKOU97ckw414YLOaLJWSO67vFYQXXyoNZ6U2Vqpzd6pj9R4Julf0oipi4nLgT8tGJDS0BWWwtppCgnFjypoXX5HWegISyyOY/e8VepAiAJCtoM7/igIxo3hXSEUAdgdKBihXCXByavKInES3StxyUxwvNV5IWKnm5FQenpYJk16eWcgVByuqB9K1DufXWEw89ofcPzhBcpO/oz8r9xF6YR5sOg+FyW9/fNXy9W+GFD0m9DiVbq9PRIJgmFphQckaFY8LnqGNRX2cRO61QG/aefW9aFcvEG+enQ/JRVb2wJslgu78zehjfzDwixRc2dnK22+yxJIw=='),(939,1151,'token_pan','CHD4700cc11348e2ddc2a878af11226170cXYorf/VPHdMKecpD0GOt+Jvllmru4WdHdP3GQeSLSbNjfvE5rjqybZG/x5Ijss1YQeIokjCUc5YFCfMy5OeHtlCTC+5yYG/Yb6xLAToDOo7nQ78jDcHqVG2TrmDHj/1s8GGMoiKdNYQjT6C3xlKZydmY+Fme++LCWfUNPhYvxOP8cIQMzmsYuGQs85zdsSt1jclLQbYDuwOGNVjvd42rk/gl1hUiGTR+aylFUCcCPXY2gT5GYl9lJjGM8p0pljKkEz8Ccau+GttFR980phwFUbILpHEw2PnHUm5l6heaq/9ZjgPtUzx7LP99Bfuxxr10L83hym3VIceinJHmMwD7tw=='),(940,1151,'token_expire','CHD4700cc11348e2ddc2a878af11226170cTBgH2AYm8tsIV2Z0MrmEJVL4gZx3NSyA7nQVkl0ozOWhBXfE8uHKsxTbvPX8drTXz4fIBniUMS6+qAQ2aBcvBk7WC3bnRiROVKzJYm7kLtvvMHJd04HEv7EMPa/UpNaQL8KUhdftoVJVHNBVKD+fegra+p0XxbEo+z0QTEzhV8J6meEHrbNDfre5GE5pBMipYddJdmr5LO0qhOAY3q9vvHXYOyfwp4y5iW/LtvxzUVabr+fj7SM5XssytoUJQ5wIdHC5HbdhLkcqD2zrbW3zhxbfZkG1FsNJyscACnuQnrdqFQc7FfYjnT5rJjH7PSODSe5hlL8vsIXpMXy3dw8bQQ=='),(941,1151,'token_expire_year','CHD4700cc11348e2ddc2a878af11226170cPntV72foSdiAJBJG4lfj/D95xy/81EnfnOqyHS26gy2SWctkw4bgTWBgGr6bTV5hwWHft0k5jw00nY/MV7xIafHEaVHUImRXvuFbAqnwEsk6KdLws+LDTu98m8mn92DzBLZnlRfpwVVb5tJR+3mWlhthliPzWq4qAs1A6t14KamxtTFAE9Vay6Po01oNJTpqDAFqmCBFSFar4XkDsKVLs7iUmbMiopgrw61UGHbbP0Mp6A1XfM5YpTJ71rZnss0bYtz/24ntw/ysAUgHCtwVqYzcJ6G6AvrWUxRScR5Qk10BLYugPpUfWYrQZ2Y/ZF05MV+SYo2PtLS3hqeCSLEN8g=='),(942,1151,'token_expire_month','CHD4700cc11348e2ddc2a878af11226170cdsV3hLLTxIFfUqErl5xgE4XkzRCEzi5FhyOyejcyDKFKUXUWzegUWCAiwyqDqMxAYtSm1ByWMou7+rLmM1dbljZ7IGrfMvr8q+Hi601Ayzr+w9wVGGj1/lDeVFjGt7an5JUIWW6fWL8qgpsHPEDgMxN9CuD+haaAhJmDDRwTB5CyW62U2B96dEy3CSlVA4mK/EMJyln6MmgAzMMq4cbdZdJI630Fy1o4qDjde0oj9+hWiLjywypMYFk1uZuovy+Rm+c/G76mnImE9iT0mzDXOX3ezTJykSEg0T3cTc0YeXKOgDwRtebf6Nbm9eHcBy+IZK/EQ1bT9ETuwIKU37ChFA=='),(943,1151,'token_cryptogram','CHD4700cc11348e2ddc2a878af11226170cjoVW2f4oqU18UlRWiT3Jq94HaJcMhD1cSaya2zxl0zLmlQScJapJ/TX2zDVtjhTuJVifm42QtNisWDTPbXabZkhnSIlesEA7n3NNV1KJnihYUSIoLIzyDkBYOBEd5TMNEdYTianOhze385lxkmla1WG8Bb3Wv+28gH88n9L7hw+kcMMQEwOdcMNBs4s4S4MtEHVYhevBiTZZS8FTLv0mcIKVx12ZeWtVCill8ZB9GNaROyjIBEqWCMFZQcINwZVnv3LNE+y3UenVeyQpv8Mvw+SP2piisAJkSNw1yvqHE3Vd9EL6GT4ym4SaG7XunuZKPFGzGhedgiENvIJ5WMXwmg=='),(944,1151,'token_eci','CHD4700cc11348e2ddc2a878af11226170cGnhQHHjuIvf4JlkDCLOlFRs4z80RAQU0Ql39e1PM2j643VCMf/KXTtG2wCwLRQ5Kv53RSjOA1plyVmYFeKH+mZA/ktM/EDdXYt4ZsXBBXJkJX0FrVMzJV9eOy7dpsOL106ZP7kf1NQkNeVi010QNgy3wv0ZgVnUBmYYuUFL5WeDMFVRdJrPNEPviqBfepnGrr5gSyMc928dNjf2zW+XJUBrIVfrRth00Lzui/ykh26Gvbp3DmxWqbv4uhjEYx/8nhRTuDISNL8ZDqwxne0k/vut6D+ONTv2M108+jvM4FrcKx8+/YRgP2ERBpkV+13sXSGv7kXwtHT2d3tECrktudw=='),(945,1151,'card_type','CHD4700cc11348e2ddc2a878af11226170cdpOk/ZCTHS2U1GNnVyReIu040OITJ+T+cpkO0wK1Hqpkbn3GW96IJ46sXGoWVgJ9ZflNQTjz6PEZvTA1xSItTCnuyxEWBHmfoOE21BR+ld63v6cZ1E5CN2jmZ4X+/iiS1eDciDxrQNO8s+B0Xl5QX425eo5q7bd27bVkj/Mb8IqmDurMMrTzmG8FWM7AE2DyIlkCaKK2JweVHW9Dg423OAE/9u8QjTVEARaUp+J2vtd0rda2GRM7nm8b5Wbrb5zAo16NNtr0uCWk+9xEMIfAxuO9N3a6ZvCUEieP/iIGRI0KE8yuMrLDRxa81zaUXFMpXzsELq3nBsBaT1Ebiuo38Q=='),(953,1153,'card_type','CHD4700cc11348e2ddc2a878af11226170cEVKgecYcIAZnvxJXPXFRRIy38Li4QLUh+jmAe0EGMcHUn1ZHSg70NvDs5a9myvc3hFNQNGMvTvFQUDY5wCQeA0RpTIerjcmsifhn5bN7xX3yD4wk92Dvaoj1szJWgSMtZ8uODp4gA50wY1AghXuCKxLTGUue+BhwHyDinDl0LsMk7N0qadm92mavjHdzK1ZMcVQfu2IIHAwn+c5gi8eNc7mBEFi3hUXBnPaVy+o+nZwSerp5qyd3NK/FQfdB4WKU8dBy0+wA45Un7fKcTjrAfDYFItiZJTMrrqUBL6jDEFuxHUVjVB8KoAG8qxkEG3w5RLvRZm6MQPyWNhcNov3jpQ=='),(954,1153,'card_number','CHD4700cc11348e2ddc2a878af11226170cg2vSmGeOzKL00gPSY+KNwraFLYe26+MMfwIpBIBOHqOhTdPFcsxA70BrgP3pPM9Y3SL1tF7cMHYWz1YBkGl3fievAv+ESO/qxB3NAKsNFgwNieAfBZqQGFL0hdjtfZf+MIpR3ttpBv8fiGNbvGORM3ZLfdkGNh5cElo5Qs91Z8RcI4mgWfgaS1aeaX199FN5qaNnF/izN0tbaV72ktCrI0gQbFrbqg8ajGqbHhAY6LGArn4h/65hwFLlc7slSwVgL8kUcP1PSJ2jFB26qU5Q8LSlOyMeLEOcOmQ70UId5ajn32vAa4wer0Rd2bog2wfkrExGOt+cM2hjl6oMUwrgYA=='),(955,1153,'card_name','CHD4700cc11348e2ddc2a878af11226170cKQOVEKOz/F9TsHqtZZBh9uKuFjt+2s7EiNcTAc1uZm7tjnoYqUhzhU2bxNz7sDms4pA4n9CHMy9kPJ+YZ3nYMKkxDmjn8aJhlx9M2wc+JTz27CkexCeVuyi/ztE552KXl39AkvkPaTpxs5VS67hniexogc1UCpToX0hVXUuBVkg3qFM8san0wW2RcHS9KOdAuTvgg+kCmEB3K5vFrnKb/QWz5vZJNkCf0yf9Kf1WwDEDNAt2CP/YBmerC+x/l88qobxHSUY0zw0BSj/CSWvhtH/1YUsTnPXuItfIQekwEoBAhRNYUzHA/fB7Rzx+CvPZUOMXibCtHIEEBadjjEMGdA=='),(956,1153,'card_cvv2','CHD4700cc11348e2ddc2a878af11226170cZQbReoYaJ58OKg5jZGqNbzr4Af2KOjFMCy4gEA5rgzjt8i4HopbEe8gfXWBrbrIpVhia6YYk3zEIWbmp+sILR8swg/wX4pYdF9Sb8z9B11sP0xEPbcI1oTAhV/w4eCdPPQ36ZuX0zlkMjbIaM8V1XV7ImBvLJTMTUxuTSRF7PNrVNXleBpHke5vyAO0gp2fnGaRyEj+P2TX0OpFj3YkI9gpQ6i2iUwjlEhBwIaCER4rRaShLLqwSAxnanrjAOA9VvbmnV6Ew8ytsBet+XFYx2L45qEQ8bZLhUI7XIr1W0QVOoagjyhG53kuKPrfDnUVkJFHWH4jcDe2yhQyrwAdImw=='),(957,1153,'card_expire','CHD4700cc11348e2ddc2a878af11226170cF/KrYnohg51aO8zyTdmZe9zH6i12bOqlZHXS0C7u44MneMyn2cp7qII7lmUiTTiZw5rBmOeoNzKdDkeyvLYXIPv/2LknCU10syyNjYHPtW0yf+FH4ryvULSBj1ERx+WmQxDAP3DQIED2zXfoJ+EbcZssczbdEpxRRFWDGDKvqSE2e9r455PfW3kG5sXZFnk2GdmJCqz8F/B1gIsl54og+lgjTeOK8hoA+7K/ypenmCwHmFXAtr4wBwv56EVGyhqFnT30i7dExg2rxc4/r6ix4IXUIrOGhVmVXvC/U6MpBZSXHgaNPQEffHt16cnJw7mjyex+GPRvVO4Yzz/iXJ7riQ=='),(958,1153,'card_expire_year','CHD4700cc11348e2ddc2a878af11226170cRiF8nJv+lge00JnLaIQ7h8wrw2UPcsFjCcP3lcfv2je6OBoOYU/fYpkBezjN1oLvjRu/JR8FlRzGdmeps+6qW+0cJW5U9Fius928QRudmeKq3SYMk0tzclulKIEE74aCAvxo31yRRvhim6yZfWWuRzs+L9bwBL00pqv7STlAXJ7roOrBzRG9JzjA5EjKyAkuYOxMpWpHbPP7hDbnFJ3NKJ1ozeKTcXnsmOeOhrcA0o6ObJOFlC+BLpIHNwVuQYILNVmUocoLHIMJ6A6b9jjhfUnSzMA75ZM1ocMzLdmjUG7pTvSatkqEHna2JzImTnG+bI6ER86uB/HFmNCjbdvxHw=='),(959,1153,'card_expire_month','CHD4700cc11348e2ddc2a878af11226170cLgO4LqFtkE+JAE0Cc1hqhqmlrdSrugYN1auRa5Ku2+ZDgmytt/Oox6YR2WtSGeqKpXGtUz3sjWH8hBJE07B45F98f2rirwQEyTWSYNs7nJsgNe33+M/haA526NbUhBfWLUER/+kX2Rx1+w6hQejnmbmz+yX08d9R/mWdFXaWEe4nZAI6DRyOTuY4H8NGsRQNSVYRrE9UFGnhBBDavfYnTGqmkqH+8pFHYFOaRlruUY3xmLosKoLoX7eZYVtruYSoxMpJCgxnLpjEjWaGzTXkNwWbdofwKfX3Tc7U8pSVIRPmmgvyjwXuwpF26iCDXEvsWa/7Y0cpB1wkjAwBqhY/bw=='),(967,1155,'card_type','CHD4700cc11348e2ddc2a878af11226170cKCVS9JDsjZOWN949qabSfqNZnyiOOYMaw0PdtnxPlI8xocxfMnPZPbs+JPkiOp5vjRLZFF6lzQFWaJDOaNfpdvaaOp4FfFmHIyi3fLY5Jyg45wHYEwZdyomPdeEEGz4++xKDvSHQYpKbbUNf52+B5n2h9bqkJZ0BMfOcnftgMvve3OEHb7dIbuHqQ7jbIZ1pF7Bhd8qa4pA0lISYfqz2N5qOI/wAJ0WUSj4Aj/yAHY3kfq2UNkLHclnoRAcdn2zEY94HvCSUT3BvU+s2n0iInkYzQ+oxUdYk2Y87SoEdKdp/APGv1d0wnLzVSVIDR7bdlrNf2AmwTeZEWdvMxlKtHw=='),(968,1155,'card_number','CHD4700cc11348e2ddc2a878af11226170cFZ9EWD5cSknC60Ktjk3JE/39hPrDDIwL5SkZ9GRXzS0Ilo+VfYuDMxHzXjjE+d/ofrkvD6B4A/w24iaqDlSWQVgQ5KvyX8I27+TVzsKkmclAp7382BAavV/7MEsxgIflf5GRJ52TLQzv3Vv4Yg5jT0WPG82JiuiNbmhy4xdO2Lgk9lYoz41XPf6Lr+gEvxA/nwQJTrhLS2UXyUfkFgvCFcfXvHdNhhmC5yafT8cXqnkGYrOenFSIpm4tipEY7hOV0tW2SIbvkQukx62fu+lZA+/darg2H5I8Ku7ChTGX74JYVwoe8zwheY7T3yqgvEr5GWZQkj5Nki0xUPG1MrGWMQ=='),(969,1155,'card_name','CHD4700cc11348e2ddc2a878af11226170cg/Dd1D1n7U+e+0r/zPJDu7N/TrJjJ6S73lYBZzZu4unYTaGJhjo3IknPU5dWJweL7Ij7QP5/RVVvBo/B2/GTkmIt4cF2IgQHqE+B2jAxS4bnghlgsnyzCuRP7svkqZmSqD1K6urf2/iZH+e9lDs1Z02hvK4Y4sRhuer3RqrRk3SNhbU0/LVuIN96oVsBK/MnAfRw+fiVasS1Pn8jW7mzo+vDYgEcoe8Dx1Nx4+4cVsIsTTm9BJPLicp6hNQxP198j4/BvK8KIPtAfeejqapWZdfuIHhkKwCyPGs38i6PKI5MeCV1A3hAhRlJFzxTzIC6R+xOT4Zcy1AopW6AXuiAsg=='),(970,1155,'card_cvv2','CHD4700cc11348e2ddc2a878af11226170cYMZrY/LRjkLP6TlabotoQGzH84YkP6nAKYHxF30xzvJl2XURKMyWTDHwexsdnsPVrwmp0QT12cdYKrRiI6hwU8mEaMXi8Z5yjhOgY0kOo85FKlhWMuR7yPITL6BTF0HCnuNmXCYlbp/BM08XOb/MwvLyV7vLidmPhU8HSCqHLF5eiI2yoVztctdt96YMZLq4mS8RJxwHhsMJheVnHs0APGUY76M3+WRzvZ+knEoc7KQ1L/DX89yfvS9IVu0VLTC+bi0aAtaw4p1wlT1vrK6y089wbfqfTD7v8ElAFhX3VgVZcOJTK9k6MbwsROlIbtwl0Lz0wDAbI8Xr2CrifNtvfg=='),(971,1155,'card_expire','CHD4700cc11348e2ddc2a878af11226170cnj4xsBryAjoOsOuXKgL3HLzfvJsas9WV5nuzofI1y/+oShfzrWYAZQfVfDW3tY5sNGEcXLVH0WN/L3I0V7HZUKFSyCmCp1Fzjw/QfNgllr4QlHwK2Xu2sGXgErgF/nfgg50Tc3apAlVeXYXIiadnDOLdm+h9YjpJeMDSi7a9Hb0L0PgxdWGYZcYU9BmLM8YkN2qip41uiFbaSt3fPUPinkM9EE4iZV6QNN5HvxdICU70tsJK8BXeh0AfewR4zco7Srb0V5HIV6Fv27AMPHcERF+Q9ItAH7O8C+IJab1sBiV1SHnPKmB8Qt3AtpnuYRnkootPsqO8tUltJOtO1QmYVw=='),(972,1155,'card_expire_year','CHD4700cc11348e2ddc2a878af11226170cSR/XwxFMdtOtPf0O8jSMDlEpxsauA2AP2xjJEGo7wpngm1loAOmEZwM5Kv4Z0yLXz3tEUQQydHy5BACvmuQ1ctmxadZfCtssiH/FM4aeqG2mOKQAe5d58ZiPjNj5K4RXMw4JiAM9dTWwqxre4e9ylJHcb7LsxthksQLVOrCxZjQMncwlLgu/yVojG8FtE+BBmI9V8lwWmx30nUX2xrSme6l+D/U/04n8Hk+p8SYuJBNzHy9Nx+e6ejZdFLnxj1bi62n65zTehXRtY2zSqZ/K8ktLDnKY/EdfIQSdrEq+rA+ji92KfqHJu4pO3562s0aGgE3zZR6QAJ5ijEiEnEmVdw=='),(973,1155,'card_expire_month','CHD4700cc11348e2ddc2a878af11226170cE2vXiCJqnvLm0+T1u434UKZDhtLL6NRcecHRGPCyFrvEU5aTOTla/bdxBAkfryClZyqRxoWuxpbwlmfaqo/tbVV2XOomWvd3eq8sLP9ejDOP4D+dv3kmmZvYCHWU5M3Cbvi47598WBaLRntKPTAtlL2Vm5YcYi+e06U5XEtaXAgNuPYzDsUS8Q7jNIjlI00f6pPRutYN4l2YmQi9qaokXmJ4Xc3JzjWy6AQ1WxhU/oUbmfMXW7IY0jzoiWrAbHFB+3KgOnoXjjd9aKVuQ/RLO7yuyVvezhtofPE+BQ4Ee5ufIsLc71196XXxDBLlGc/8qSjbrFM12Oo8Paw88nnjqg=='),(995,1159,'card_type','CHD4700cc11348e2ddc2a878af11226170cNwyr7hYE7jiC5kLHP/DAe8I6ZvLGW/ImGagevoe6+i2t6gguLiZ+BPIq1nf+12kolIE0EmGVyYZRC6TQty/pLVuDS4nEmWSSr7su9lpLB3sRKJoPp+dvckietTcpRZSvliJ/64+BGO/EBziI+xId4SLRAGSfev2d+3fHI+I7i2CEW+TmOnZBneP/kBgMw2csE9YnWraEc6Q8uSjuSNPx4ejSsWW0quGCRULjvRRi7hlt+cMT1klez/hTeFTepEwkRwY26PMqZybruImVaYKmZRuWByBp/3KZ4PybOJvqulLHfwbcDy3Gqj8LAH/wZaMgTvKuzu7TzJgBchI/yG/vyQ=='),(996,1159,'card_number','CHD4700cc11348e2ddc2a878af11226170cVUawvxPXrOPt8JD4S/sWV+2gF+3ckV8sNqqNwuftpUUZBpKC2NZGA1MoCwtu1M7M6cA8WdR2w7Jkc/c8aNASNrfou6LL7aqRhL/VONhfOnpvQsTCe1w162TyClKc1T76Jbfh4zIMBIxVYfOrAPydy+egigeILfEy3ytr/2ejLzozF5vKMHhT4HG7Vmc9hvfat5Zdt7yPHUGeuvhoxko07HvZYs82rg334JmqFkxWCCiv49E5P3lC1m6wUUVW8FNqwmGXJvvAJUzW8fACeZOFuyILpexk4oIyy5OV0m1UEGEz6OPa3oHCPjpFP62jdiysOIWkn3uP8OOYACVqoT3U2Q=='),(997,1159,'card_expire_month','CHD4700cc11348e2ddc2a878af11226170ccTMm9zkjMB9cUQ5zZ8r9kCeMSWuTgoAsq3UuhZ7QQpYov9SmSBXnSjbD7PC7iDD5aUB3LOnkzGrs+Wzw0lpINalaI3ajMzjqg+Gjg5WTzKeXWLuvMMco0MPDa2rBXe8NQpFHqEAQkTXAONTjaYj5EojwnbPac2TrE+9X0UmLmaLncuSvMeervePhvCMHqm0wqn631sa7bD/TrWfv4iYVOyfL/ykgucT5EhqwwPMz4dHniqCw2r+gyBDV60+qHhRb2OF9YrK9K57zRE6dKRioRGRAMYIGcIuCAw4usQal4UeDJO0JqcXfwDvxaDceq7V88qlLdc1bDP+REahgZaxpvQ=='),(998,1159,'card_expire_year','CHD4700cc11348e2ddc2a878af11226170cLE5MIFrmijMHVsD4bcCpYZkWOJ7q1VbtZMGa2U+pmPUtQ/BL1a1A27SBYDsPEklR8mOmfSbFpds1Ruaucm+gopCw6VMGOkYpMkd5d4yImZ9RQd4tg+rSPWKVlCpIG2lrqhc0w3FmqNSl8xU3pK4S8cOF2Dqzn98ag3HAnxIbJM65/qYQ932G+vvrMg5RexpGfshqqWfBpkXjYtkOqLtTnMwYy+qt1Nu0ojDBIX6RF4KIMN1rMuQODQ3WlhTBgr473Ra/Mj6C9ufzYSPBsSDw24Q2H2uJUweYCRQw2O6PbJEjc+34+c9l9IDsa4TO9TO8dI4ZFw6ZmUpvDUr3x/6g2Q=='),(999,1159,'card_cvv2','CHD4700cc11348e2ddc2a878af11226170ck1slsSc+RNysXgxnA3aZsAvMbbt0bGAtEKQwnRYBN/TgdFL62vywOdht7RUWGXb5UW150qnLtvH3WJmMkdPQf/7FNeZXz8/Q1tJuQHsbZwqbMleuOLFJ4NrOVLSroqhXePdsDpCu8/PGaA35Ch6qjkbQSkqlS1yhSTcXfBN+lh4rU6DA5yshWnwYbuQZtZDFG/lV+Xp423yIE/C1a25xNYPQsUH3LY1h8N9O3wVK133IkZOFbtJ1agsMMZmF+sCfnexfc5Vzns+4RF7Yatqgpn/1OfMx8KM1X8bxfaq/IGmjQpTwpTYDR76jJKxQV3L/t4LT8/1hMOvA2Tk42r6qdg=='),(1000,1159,'card_name','CHD4700cc11348e2ddc2a878af11226170cXznR0mK2F31yoNxPv4JWsfHzsLvFbxEj/DMJX1rD6lhdHTtW5r9GWg1l8SQzDsDfX58K9F8dOjiYk952zJyx6BTObs3mx+6UAgmVOaFLJ0WpiE5WbK3enLaV0AxMYRT6ZHz1WfEDFMS+AHb/vzQs43kwyKiMw/0hM0pZxPPs4XJhYC4H/rmWR4ZT56b30NnHHXqc0m9b1hQkSNvrcOhWfdl+WSU2LiE0vMIDTcnSOq+IMkh8eJpBAMh8tbGb1prht4vnKN/Z8WMrB3lg1pWdUi2Dm1AMkjJ8Ap4SZNRgVG/T08krZ4EVLb28snWDatmGUI2nTau81DHqOSV1GKCxeA=='),(1001,1159,'card_expire','CHD4700cc11348e2ddc2a878af11226170cWW/dlXDORA1edcDOGUybX1axbc4aOMOzAAbgLpe8ON9k/tpznb2x2stVPlsxVib8GU21D6jTgWRG+sVU5oNkb1R4fR4DtINOn3VtmA+6ML8XMzAps4+Z3cuEC9HDCV3g2MznbalNRlA2F7OauBtjgENZAlUVBnQZb/MP/fAC6Ju0wnpnxHobdXxF5FPAj4qOmgABsee4HkdreJoSct8V9mQfdx+A4H57shXC8eMgAiv7Nepn7fxv9CB9nCZ1D4xfJebJ/cfJlMyt5ka/s9Q72iYge07jCZNTaVZbJwsdgnQK+MCLhIQjHW9AIcNXKu7hP3Qi2ScSpvC9ugQY1TiBtw=='),(1002,1160,'card_type','CHD4700cc11348e2ddc2a878af11226170cSk8axWLn3iZ0e7wiH0btlL7m5UEuxViIerxM/fj/CpjfdInBlNKPqvHYYJi3NdpvniaKrhmLd+vZMnAm9NBoNJUl4945+qp/I036f7eWWYe3ghldgJvDz7ua1XOIdguOmogrpazmyrDYdhQebzWTfsYFrWXha3IwAlaQJOhbLV/9lr16zo3DevMm+Wqy4H+SRMy1qCO4sfN+ja0L8YK0gwvbHVKi+kghblv9bgnKKdcq8PqkmOpTXEIonGtz0WFIxe3iVHDO8fYFqmY9MD/d5yT9bkTJbdZuTTq/ch+1W5OsIX9SqzpPDae/FUDoXx477c1KjYEG9BmnYTLSl1Uzlg=='),(1003,1160,'card_number','CHD4700cc11348e2ddc2a878af11226170cnUp2Fo6nAk4G351qPB/iCYcBAUBXlK36/MkBzJGNceU7AC0Fl6MzlZ0Mvxeu4GmxlmSzT6RoWtwr7QsxhOlW149C5wSYFThxUBblE+1WlBicIul3NuTMOibXxmCHRfoVx49StWe/JFqcf5O9z7lyFlO9mEJcRI8gAuZbRMGHCun5K6W9ayNY//l8sVzIE3SE0m3KklR/va3h6Yf31NhQ4GiCPaPTwYdOBPPNznWzn9pCZm6CBxZPSag1Y8xh8vmmR4U8QD21BfNtaFK36+Qbm355ssN+Y5HVutboYqRe6+0rTXtytRgpd3EcLjiJku4L2WwQPZSY2SuNJ2gY1EFK6w=='),(1004,1160,'card_expire_month','CHD4700cc11348e2ddc2a878af11226170cmkFHPw9kOxjXiASQFtyH+xua7Lqp1oJs4f2Q25BGx0nsCuPDZceLV4e2GDL6rYUVXq3naGh8PMWJFmkRB2/+xtxGi8bruEKkkVdMuAuWt5dr6DP8EQY7YuX5TbVVrNFkm+WyegZAjGqRirBUUfrsj45YfElZ1nj+ocDPwPiLHP93ARaDxLlJAknfYTczx77kWWLwtWFzK+64vDOqnw+D4dT6tzxqKUSIf/oBfzm2Gvz754/N4gWA/Qwy6UEG/zD8t0IJroktxJa98mLm2uQp5aBUBMGZkemXhx/1MdmsUgijtOYUHgOVYObBX1QTzBsHIT0ebSciImzsqnwepyhmDA=='),(1005,1160,'card_expire_year','CHD4700cc11348e2ddc2a878af11226170cPvUhkq91R2jg2Q/xROmBzGvCr7utZKKgEW/krM/VkEfcYuRdMKoFSTcG4+2nwZdzRj9+sKz44DIaKZRGUB9A+0hTJJdBsrFr4lrDcmrjH4NdGmyMVJoE6geCEYYwMk9ToPp4gwtZMGQkpFuxhml9ADbE258IYWcPbc/mX8jSqJYFxQeGp4DJFNLmsV3mMmslPtTk1hAB5pB6OQYm2U2mEtK/1kGaGyVBgMwz2TjJK5NLW89jL1CFg7kaL9MfL9Co1GIxla/9WMhVRe+BDoe2KPUrVCXpI9hhrkmEVRyEofYCZ8h+6amfM7Oat13iEmIPCSMLnY89TNy7YOriN4kzew=='),(1006,1160,'card_cvv2','CHD4700cc11348e2ddc2a878af11226170cCUqpMlaunJiqeZj07VGB5sScyVmTTF2DtC2wD07IM3WjirRMNpBu9M5q6oUFZHCp7/BJ4IFKEdG45Jtf4K0YiuZLJndmLEtmml/1/rHl6y1k3EH2HwpSaac0aebRFESnd+GtyFukdfhfgLiamlHwHiilCiAsh5P/8/Ez698T7LFqvS2f/agSmmIuCL4T6pxd4r9ENYH2A/IrE0dHKub4gFhDbBDMB6BuAFzYZdkd7kZdD0ko31TTHLbFj2QHtZzocEQuJQVu2aozZWrXF0GFx4VwONfdbPF96WHmC5JupBJcdVA3YlYdJ9kwdywQ2W3jhMPWveg2u1+1FjO98xotdQ=='),(1007,1160,'card_name','CHD4700cc11348e2ddc2a878af11226170cJdLyVvJywl7cqPOQ3frvkJMu3A9B7IjZVzvrPB3D+Nf0YheWNNhDpQAJpKHEP6fEJd6f72bsQuaPSXNxdFXN2/hwzzrP+lG7qBNCMwxdi42hrDOSu/Ov5BQtQ0nZIloUUcZwFuyoLAD2DVRRGq96THGYwl26RPCnBBFeYigtLLulzAEeMnAYaOfElh+oIfDAA72uxf6tC05/yZdlVv2QN3rn1ydV6aFRXYQPyVsDul+HkcnvwJBKoXb8iS20UQfOh02GDT+H2NYp1Bp+KUzRoL4HEg3QxI50TEx9M68KvyC70TY5tDgsblwn3zWaviD6cDd+882n8YrxlOO8jVBpGA=='),(1008,1160,'card_expire','CHD4700cc11348e2ddc2a878af11226170cMwfNsbFADBmDhUiYq8uvz7l24vJBUsn1AYF922vhdwCuitQspm12Kz2docnJ2YlF5ouiXZnfjl7IdseLABwdXYqSeX+vqGyyph2+xbto+rM+28SWEXDpozDpXhD9BrAEqd+QfpuOjWnzESX4/cFlntt41SYdBmOzWj6/NwOWNo25T7pCqEac+GhzgTu0QUhq57PDZ2711JUgJmwschgPaVD7KCd/aaY8+Ry8LIQbBYXvHYqPmy6IDBHwmyChp4NvPKT5WqTucVtRUYyYCFiIJaVDmFYIZLAd97oOPoFYtRlsooFVqOsj0t/WT57IJSXxLAvUy4iC68x0UCeTDENOjg=='),(1009,1161,'card_type','CHD4700cc11348e2ddc2a878af11226170cg1TM7AvhdrSVk887yqNZIgI1b50vB00r1EETKreqZ8TA9f+5L/3E8P3CrMwQN7tH6RQegbtNxTkTu2kDdyJ+8ZUQSWT4RjMkzTqhlS4ELuR/PKEBjo/iQXb4A6I169SQgJvrnndHEaWTsNBuw0kKmx129ZEbjceeJNn6MgqYhZlW4zEy+1eVQiY/Uc9RIskcBIfI+FBvMtaaUb7n7ElGJ/tSM5JA0K4IjqRvVzn2EniYsWO2DdofGrIwLYoaKnGd6JTsPkaAlWKnQTvrWoj4kXftMCMoGsKhZSfc2cm+GcUuoblu0zxA+slzmYYye1yh8L5T3MDkc/007lbJZXoxGw=='),(1010,1161,'card_number','CHD4700cc11348e2ddc2a878af11226170cXzNiGAhBx5+ck6xGnNi0N/NcSq3vW4kP9dypAFuYd1gCxGjhv6fjI4oMPZOAYkIYEsj0q/MDOJYxmNUQyDWf2U8kgiY3X1MdrsLc2CfEhvh3c2nZjDWM1FZ/yYtsW73jKMzy8MJx5g2WK88DUjsg+QDA51A/yPXAy2g9swDx/RXKciT41mvVcToB5AXUzQhASNrR7XfA3p+nJOfaQ3fl5KdXfruu1yqUy7Tvyy30nSEkjvQkNU8Yw6q88B5HGUI8qZ7fEQd+5UCSmAHHeO7I4ENCNXigFehrEAgFZDuhfUoIgOaX6uciD+MfdPkyo8obQXJWhyvwZK14mtaX+MDZ/A=='),(1011,1161,'card_expire_month','CHD4700cc11348e2ddc2a878af11226170cLxXy79F/SUa40e+gwZ7gDe9bzn/C54WTG6ZEJOvxLW3vO0MGduqeNPABxy/ZXt+kekZeiMu71V8GUZEhmrcsDODIP/V54VSRI1uhy8ojGDH4BOKDvCkh13D0oMY8KOqmpd6/CJp2+jKcslQSN533tcjSI5FgAExyDJaivr/k1pgg2/pcFAJNmdyNGzyowdIyrXo7mGU7+AswwMNte9hDvCLfnRxxuRhRWAQGAU50BDRZYvWFF82KUpt77S4F0L5mbWBGOsYg1hIk37shAuDaQQgWLeUffLOFmHkGPkS/BG5hsMTO5EZAwREZnhRRLDxumxO6GvYi/TF1X8Qzz27g2A=='),(1012,1161,'card_expire_year','CHD4700cc11348e2ddc2a878af11226170cJ9jc7WsGnxR4tCi4UHt7u36J8NzzSvg4YU49XQnF9Huoy8fw5lF3ingdj2ijGD8VGpDzwdhp5qPvO3ehi+RZk2/fM5jVMYLxLfr1nER8/alNmPHuos6mKMvgkNeZ4rJNZt3x+gLsocDDPc8XydbBu1E89hL1YOFctJZgSj6dZLVZdmIZ5Ng8E2o8LppsJefxJDByiXRH7VQ+h7g/POnJg3Pz8F2rbFowHqRQc/mk+y8C2omBTf2rTufuM+UPtww6oupmZDY9PR8NG4My/WFz5WjlFrvnfW2geLfLW8wUyouTFMZc/iZWCg/qLheRhw+t5MyRkidXdOSNzYDHTL/5dw=='),(1013,1161,'card_cvv2','CHD4700cc11348e2ddc2a878af11226170cVtjWVELbEtRGpkGHUtreuSLbv7yplPTf0/Ot98mc4cuEv7Nf78HgSy7BEXhGh6Q5NpQBIfuUh3XPhZggMk8qjsJrqN4ai6aEe0D72CLOzS4ELfMLTlJq4SqU2vZ6SqRUlmmnxkaD045m3ghVC1TzSAxN5i/ZtRedOZDDPiQiBZsGzZ5IuNhAhQ8RMlqAKk5BS42XU88p64u3isyvbpgEGkCTDsdPiwlh7an0KJPIvN8lfmEL75u/X9pAxGvBvkAWC8Wvob+POSOX1jT4+kSwkJQe3n/na7QuW3bm9YS5zsw/uRcU298e6empf8x8KHiyuzqwBVOfdUUte0H2PcwvRQ=='),(1014,1161,'card_name','CHD4700cc11348e2ddc2a878af11226170cV0DvX5KJMH0qQMu7OKexZ6tb1B/pYuKXmVyFww5Zp79/5YKs7o7r4+mYvZish0WCj01NPmrpkL2wxIlDIvV8RgtcK0E5osSm4X8qL6rZvVXhCD0mP8a81bZNw6I4wh/jaSKH7UDC3p+U/DaPEv6WNBP5q6QV5G2Dp7Jj4YATreuhRrot2pp3eTGdhDgoq7MYcDDOPG86K+Gj3V20eHDEu8PHzNOQs/y1ZrrpBVa5znCahEwUZKO+2F9A2KaXvVL4lzmJWOPch/Y17xcCZf5kvWNl6/R5GJEWwyGjPqdr0KnRDoGHaSBRZw4eKH0kQu8YGyKgwwHqW8z65jVfgYNPwQ=='),(1015,1161,'card_expire','CHD4700cc11348e2ddc2a878af11226170cGnDk4XyxdNK8478F6xyeXHKZBeoZSpsE62dNvn9DPlPFvsWpbJNN5jsGOTp/UU7FSHigjhDj3mxZmt6aPVvgdi6iTaw5vs4RcrSfq7E/yuYPGovsMY5gWbPVEmCErJWL4njX5XxsNx7pikWCciqEX0nVsIIXkyD+mLWgSZ88lEuC9y4DfS8FbJR1SlnA/+A5LqN64J+lg8s+P+7WawYlqjx9NsaY7yZIuzPGBYER2nEBRWJu/wBORWUZJz4CGHqUwIAOXj+J+02dCOoSNHaeK0RikLvYW+rqGKt2MTeCDMfxxVY9rBpY0dwS6voBCs868GD1/sCibCsMNap/hZIzwQ=='),(1016,1162,'card_type','CHD4700cc11348e2ddc2a878af11226170cKnrp3PdDko4CgVkLdW4KBKgCJuKfB8v4weXrpfJXVQ2VbVkoqCbRhpNI+AIIL2FX8B9/vV82spAX0tmrjpZUQ5gRs4fBC0naLFuVRfhBe5WEiTAoTmcih2NJKcO5nJpY35yNJwY8vuHF+x35AqWK31tjCXP4MSJi4A1p1kcqZDSrvbgtEsLyyXjkNA3lr9r3pgWn2rGwhUVivzcWZ4ikwfxqgS7Qi7Xq1Of2bqbej/p7sUOyDXeAy9mXEEAD3zCOnZe4IDKE7CXvCvLkJPNLYFpudllcqlRjVKiWm4pm0ijlHN71/sRWNdTwbGlRrtxRAzrGPm/6bLWf+VTQeQVvUg=='),(1017,1162,'card_number','CHD4700cc11348e2ddc2a878af11226170cXZoX/b7UAwoxIUo/FtSyHZoRNAqaaOVz1pepueuZBiMgAKspNr7eA4gAliqU/fdFT0QhAEpa7grOcDb9FcHET/hDuFYeD3tffEbb2JRhpb+HUemWoDaChZ87Oo3a6dNXCDlh2+iPxQcx7oPNeYvybwL42cdddeWES2D8+v2yb4c4WtnQZxdWVFMC1j3pUOanmCNJDfevCmrHxOwgLemIrwc6kln9MphfOpbchPBcnCXqyLh29sIgHk9ahF+KC2V7DAks/gWxfm2V7uA83MVzUAUtip965lG+6RCwYqIndtnfuPlimWG+whLwXQY7aqr2v+CY+HvvsT/5ntg4Fm2QRQ=='),(1018,1162,'card_expire_month','CHD4700cc11348e2ddc2a878af11226170cHh8CXOy7NjBrm0X99zuwUjEs/SWOGIHyA/tpIE8wiOs3mEa1fDX1HJJz1kOqkgf86QGZxXS2mlpGRW9bg8J1ZBTm/mzCPcwNREZQm6RCP9WrLjNpCb6GN4JtyvXfXbyTDnkBxJzmNAkPt79SWDhziFF5vVvJmvcU5qRCd+vN+01e7qswfCKgqO34Vtf6AvquHn/boepMO1gVH0MDhTlNEE7THY1h5emmbgZiQMfh4p95coVzLtHaLUANu1dsgQZFFxCp+Do547VKGckMv3tK789AkYTDK7ULKLTa/R+B5/9YLLp2jaoMuz6nVPFOOECFZg+Tq46o9VXIm4uRlnCKRw=='),(1019,1162,'card_expire_year','CHD4700cc11348e2ddc2a878af11226170cYw3rS0YfXUjcQ0tNaGdnrLf3nV5CPe8nSg3nqQIeNmKdmi0sTzODkeAc6R8TA/28RMf2eFjUgvsb9wu17XOhnFtxJq3mUt7IdDDRV6djkMZ2JCfaokRW/FKaIbIWl5HQSNlW7VuQcb6eg9uBpXwWoJYGFkKFYTvw4EEl6ElpwyU5CivxwlXuHB0srFBh89FjX8dkAjt+x4iFcoPqGaiehrpVic1TT9J5G9XwntqgMaDeRpwenmmTQv+wmqBSd6hmcqklqMdFyuHl0tG8tXefA0BdNdGS1kob+P95HL10XzrGD6eF6k9MpEkJl/E2u+qILlFcafq9F8XbsMlw0o8kFQ=='),(1020,1162,'card_cvv2','CHD4700cc11348e2ddc2a878af11226170cNyP1G2SbFANxUNQ54BT7zLKIBGMI/rJSzzyStjW2+raLvLMnPVfSz8bpHG/hxjFdyTcpW8d5cPLSAC2THnCay/y3DDh+Ilb5Semo4ZB30WzEs4e5CFvH7K31iK4hGPREP7kR4+XTyN+hZo0/OAKjgnQH7B4R21HPath2stbF7iHczFCFyq0kypgQYOHEypq2xRj/bB9GX34EVmBSpADaNwXfrmUj8RTRRbnu8ckMV1DsX+RJ20v9IQ6yPNnyq9f3JBgxh6v515JrUs5bdyIQM+BSxg64su6BaFqV8IMOViIVjfeIJC6evaMWRCdziPbxS0kIOayMyR/P7QgynOICkQ=='),(1021,1162,'card_name','CHD4700cc11348e2ddc2a878af11226170cVhGvmo2/PKgRnYj9Mjf8oV7z4wkMsEVKOkVzR2YA32pdhquMqt4mEhbbynnFKnakoEV5V9VdaQtJsgp/7J2wacLAzuUprQsp824IkDnfXRZp4A209f9pNBd8Io1TajgvUMvtGNWICrfvrfcDPj0b1Wpru5DZUTX3nMmtACMUZcf45zyx8vsZe9XQylmyWZfufsq6dvbNUFU2bZgzhoX8YwNtl3ffrxHlbRIQRtwiO1Z5XqhkUyl4CFpRb+2BDrcq1Nn+hDTFmQhRupe/a3L6BjXvtsX46QUG0S6dWvU1h/isIu3OFcQ8yf4d1TGLLMrYPMMb35kNEwg3i3KV8Cq49g=='),(1022,1162,'card_expire','CHD4700cc11348e2ddc2a878af11226170cRlplEY6o3K1uwv8xeHe25fbGL2WHyUjnf03z3QMAG1QSLr0FXjVEi/Dy1d4aIlg1xaowsHgIl7pU8Sk8XIZBI8H8icDYAp5ObOsQFecnlcy+hLn0lz00QbEyKCZbMDXdwVctaSVVEX53pH0pRD63mjyq5Kyq7ZKiKRqpeRnweTBfPrWbVs6IDouWtjsFjR3pIp/TKkx4kjS39iO0I78sHZEhbgD27K8Ocqck0fn79lohjfFV7t6Wgsij+1SeEbjbddJSLjk0VmpSscC0r2qF6mnb3/OKpr9pVu8SDW0Smqb0fg2Qe+IhhFqLga5zCA9DzYFbdPR5Df9PXXhhs6vFcA=='),(1023,1163,'card_type','CHD4700cc11348e2ddc2a878af11226170ccBrtoMG2e2mPu5isjUT42Aq6Izjib9GB9WkRxsfKZtnL7bZgxF5fIglSmV/lx93Y/evyCeguNUswrApNgHp4+tRsJloNjRj8bwKYwUFFlk93qWjtgB6a8uv8s360b3c8WQovm/ItD/h1qOfpsr9goV1tQ4vIyEf32fisTTGD8cc8ilLbz+CwyjcTFe9iCbY+93bgipzla5ORAk66f0rBzFC6EUMnm/Ub1uwnZLZYF2ziw2ecaDaB482Z+vzraBKXS1iQrd1IDdvf2nOegV8at5rLepYpH7gFVN0eeU0VGzJCg0ozwTrTaoOPryUkY6sigB6GGgPvT2m0j9ESI3m5Nw=='),(1024,1163,'card_number','CHD4700cc11348e2ddc2a878af11226170cSkUDRTH29efjTe0IJSGGAlQLuY5MHkqTartHEiRgnkxf9uWyuhy1bHM9w+IsKGrnBi9DiDKV9h1ByHA3oxjWsXuW/n7RC3xIuvQv1bVfj4xoWk+BO0PVVn/+jmTMGLZCoZcmeGztx0Y0GyOXL+R9lFbX6RjSiwTev0SF29shfV7cC1LhytKWGu5jzw9AUdZpjfWKN4xkQUICYWeg/tOiaLT9wpaxTQ4R+uEIDZOp/lW5inQHFYinrcNTQZZeLhGsDs3NuYcE4XYA0LJ2AzXNBCXuLzUk5axBtwtD+sOI2IR/xgv0keRGz3HoIglnkHBH448mrJvmg2OF4CsD7yQ3bg=='),(1025,1163,'card_expire_month','CHD4700cc11348e2ddc2a878af11226170cN+5ay2qFTMURfDBip19vQymGkpnw30Wuh+0NSLLw2nML6OYSHmw/yiXEKGaWWJpLfR/7XlAduxW22UMAAnt7yZ6bqjsq+t9T3Vu1Q6Ubz7ohtoFC64T4hg47zodi4X6C18S20unUvDnrG9gYmGkTzudFVetX4jpFnqFxi+sKeG/4Gs4qYKv8/2cuVUGhYi/HFci7JrSEmf8g9FrE0pDReK0ZwcYzUbqXGdMAd1oK8X4hadBboYodGZkY6kYvksDhmLwfejOsIOfxBJ94wq7c22kbx7GZ28JsNNCJvWTk2Z93bRmOl0Wp84UoKXY8glhMwm4lLprdufxpiPLIUJlO8A=='),(1026,1163,'card_expire_year','CHD4700cc11348e2ddc2a878af11226170cCWoLlJnzPTQpehgrddv/ZM9Ui3Jwu1S3WEAgjtEV3ETKUoNFyt17oDFKHuz8i3dYj9cyWY4xdPEajNzjHjL3/nKQbDhCA4mj4+aX+78ShaVylHRKfhRx12sbiiHuvG+ngnOf5XZc79xa759LvqB3sSwjKck8OdsllC+5wSg5CaN9H0k+XmOK4zRbVjF7jGh5QnjfzMZ/ZbvDaUMvwiaqUSTpWdkozHQD2f0QnZv6zep+7ciHh2PwlG6L9VE61/Tj8uEavupenLwms8PQLmFjCT5yzYKbH0EAy7fIhZ2yWfRKc8T+8kAHN9vnNMfQXgFtikCEJUTzABFuJTIT+/1U/w=='),(1027,1163,'card_cvv2','CHD4700cc11348e2ddc2a878af11226170cblJIvtf7X5ITkmICLACHvuEnjLze81UkiTeZ5CLTuL2sqX1W19UdCLp8RvrA9VvrgeT+pZoj/HA/j67hpE9mPQS6uMUMZMhiScUryxceoKvjUbKY1ZSg/kUbhRvj9blAQPQmcUfiLUa69iC+zGTCb1irub0hq9O6kmaCJpr0fVuPzqj08q1241NjwOmpHO/QejR+XhKC6iGxmprp2GPCucKXWopV886V3Gcuc5JQ9Le/g8Wbo32qyxlqfE8ehvExMPlZcyywrfgmepMlJa5Rm7E5uyTIwnl5KZnT42UMybWPnAevTdJJrl3Oz5qX1fcSsk2XWas5aIP7Phpc180B8A=='),(1028,1163,'card_name','CHD4700cc11348e2ddc2a878af11226170cmALDAq1dOnLrVqZq0gRKZNsNIY9v5k8sk5Ug5RqBbzMd4ApUHqAaMHljFfa78PyLyBLJa5JuWFLXGqVV1SHELzVl3pwZmtx+onmZArnBMtnJ94KYz/Jb76KGkX+qNSjSR9oSPzge7Z6P5wJUFod9O1IVaMxEYADeONJcIOo3vHdEml3PIG6Ub+qiYSsXxNtPoWyHPaObV6+NOM6gisZulsuCGoQruhLKLde3l8//8HFaXVklaDal9hPDZLfNIpJT4XG1pQsDtc7nzo5qWuYDlfkJGSLYFrATT3TuVU2bo9qSBSkOeABYbyJ32t3QF5QFJ3IxGiuXcTYEB9SxvjZf+A=='),(1029,1163,'card_expire','CHD4700cc11348e2ddc2a878af11226170cPZtEdhvG+VwNqI/J/6cfTiDsmki1TEM2aaXHsLGYpBww7Qsk9ml4qH4q/JZMTYz78bT8lehOQ6ipKUlLQhHDPtQpoP+UCIiWop4mFE6kYwfwfbNhA1tJwQqvZPqLC4/PgxHr9x0OEBieojCtZWAuR/aMOLdld4UOt+rTwXolf1AWNTE3Cek/CoDHgKi8NIwPLAccip/Yyjoc/+JCOoDwz8OMB59k3GC1fGsnQ3kSS8cIi0Cj/hTB2gMlvNYS3S32H2h2i+4irzaG5OUhXaQ2EobcWz6rvOBsZxpX6Hg/NoEwnYE5amcnFwFN8wT9smpFZ5zta2uLpADuPTcF/eegNg=='),(1030,1164,'card_type','CHD4700cc11348e2ddc2a878af11226170ceMqZGx31LqLRHqRJ1adNj70dN1D5BwKPpSKtkNTynjjWUEtWPv0iQh1vMVCTRacYQ/eE/0QbDAsYnzMgEvrg7YoZva0LvxzHq0YiFKRu4ZxWSs99Cw6yZILiYXzke5xPMJUIrxMpSr5ySzzfA9ZpaOXpGe4p3hJCXYZrtH1Oogbh7Wx7RzqX5iUOpl1gQeLsmIP2sMigBfjXfyV0F3RKWvU3a4Zw8HjiQjztf2C+VKXYRLSvukADd4/yBZRU0WGAQrZ+HbkNlMnmNxj3NR1nsQWpRxqUdmUGBlzOnjY/Ens/MklDXkgsZRDs56WvTRbcIR+sKNrXnl1JQ/Y1YDsgCQ=='),(1031,1164,'card_number','CHD4700cc11348e2ddc2a878af11226170cTsaDhWp/Je0v6SJ6lp8C6A0ACKx6IkkzWEm2Nwyirc1Tvrn6hWKrACTJs7J6wV2ga2dciX/e2MKshzlq5YRNqPLQrpNcTOg0296mlCaR6bHFlGT0aXE7Kmj45exnyaEHYcATMnujjrQYx9ALh3/DQXR+sTSkh0ohmaxki/ML3MxEZsOt3GFwWrpwjyc+MzlBLKgT8m4S5C54Jn0t1hna/97jEwNbKQd0NTnUign2aY8sJ2bLhY/WJvJeoOEatDySQuNP7YOwXy3J7KlN8zSfVhtZRUzGWoSvPRdHc1HJmXN2syf9e9Gz8GL201ircqo2rTrvMhGVERHvT2hbJAtH3g=='),(1032,1164,'card_expire_month','CHD4700cc11348e2ddc2a878af11226170cKGIbYyKHUxr79h2l6wCZR5G6GV7TwnOZkHg5qkMWpZ2Ye8/+xO7VsZQi1qcFQpXg1MUNF6EVth78LOBM+od0LVdr/Ht3b6hQzoMQDoRZUR54/lFk3KCZVgenjmSRUH7c0X2rHPnpLsA2JBJ2lMyH1j0Il1iHXXInErC6rmPEgJvIaDgnPydmI0/2csjeHhTE/oI1EhSHPW0qIGRjUfXRIwAbz/av5VQ1uNwXmmBoAMk+FUSXrSB7sb2Zsu4Zyd17AK1xS2dc5jDF2NYRai/710W78weA4PPTjngP1H4Evx2+mEs3ZN2rvUvDNfkzrf19vyvg3+oK+xvIrqJWTefbkQ=='),(1033,1164,'card_expire_year','CHD4700cc11348e2ddc2a878af11226170ceDrzThCjSshYbOM9BI08IdLP72Hb85IaQDAeLJHeFDon5ls1LvIkDMRNgZj/0uldrv2xbYrOydcT2MO8NK/ZBlM11W0yeFn4L7qZ51avcSy/axvYvKICVvifNDAVm8lfT9JHfi0jClrQyDkFoo+mL7fNWxPs+UijuCS983RX3ZJ/5drSNBY4kY7M3Unkcwk6dGzkqpQi83yaZAJveA56i+hXFNpNM+2H4lgCNba6cNsSwJsk4GG12DLtuS3q+jcM99yDUx5CX9EUcxk5UiXP8xO1f1gK/R2QEao3EP7bWofGrPrftjnL8Oa9eZVEgB2YAMHCiL98jAK3v3waktvqXQ=='),(1034,1164,'card_cvv2','CHD4700cc11348e2ddc2a878af11226170cZVpPuel9JY45a6t9A7Fi6qtGfdeaSsS1lm0egGx7cbhpsMxRQklieOvYwkNImZN5Bd3ukvdQTduCAtb3CTwsZ7oB4nzLM9WbK+0rIAr8uJ86ra9+rdGYk9fUHSLzsr/tvTLMdk2OjMi9pV3y2G8bEAGqnQXIE/uNgiZrsrrwnPKmMShRgXufirlvHsjx91VWdGZrEzasgxYMBgWvkJrZ2Bs7aHnWwMLe+DEMPM0vqVPfC+CPNXTO2niVWR7l+eRxvidf2UunI405v0bVRgUEXt5RKthswtVtmhZ7xkMRT8jkz1cVG63RzU8+cfrAQdw/I+zvPpX+gYsyzsbHVTe4bA=='),(1035,1164,'card_name','CHD4700cc11348e2ddc2a878af11226170cbc5W65JST/D8KlpnkZE2leMF7ABJ7b5pd39vFs00j1MZecXMudmQY2jOmhWFmu5kOyhaJgRib9ZhYQC/cNAbkXEDML5UKS+eEouab1xzawpB6qcIZhE4y5elkjC+92cIGx+lkeVBcnc9EzThsXjDtfwyECQaFilzG1OV8cfNAmYzbYQIRR+fXgRiU7iKmLTeAufp5tVo4fxp1kYf1JAdWWYBnQmhzCLHSSe60+QB75ksYGuPDGTeTU8W2LVc8my8BVcJO8fiuHAPg2s8iNf7I6JAmA7t1zKaNF5Za930RcxyiCSb5h1Sn7UZo5A4W1KY+cZmHRkobhXu9Mnpq2K9UA=='),(1036,1164,'card_expire','CHD4700cc11348e2ddc2a878af11226170cAduNl+p9ZES5QivAoo9QFmZUD528U7fCs4czOeawGLOnEolijXdUyLDQ3Fe72by8h8CYq3/d3A0Y/bZHFH6jgFeo0hOt4ve6AXod+ICu3UVXO02bmqKGpvldSzaKVuAh6I7z31LhYuWb9Yi6g6xC/t0Bz4PDDoSMHQlgVhu7VWUZ3rJ5lXyGRSIgw33iOahgH3Pb8tXtgHaKOyVzImGaYV3aZ46mQOEvrKwGkBrOiAy4XdFrVyp+NoYSLGVfj+v5C342ONzjvoCBHuBUgIdPEOKJ/RB4PijG2bbd4iZOiKeyS6PAEl9CoKGlC+7c1zLWILXyVLJta8dGtT0AnYDJ1A=='),(1037,1165,'card_type','CHD4700cc11348e2ddc2a878af11226170cJ81b7n+BTANzoohN3dMMWMpGl6EEKvrg3NTBqqBbQdfBr6kiUKUO38rvmJOvkAPkME1vyaaqtTtyqXCRbf3plgw2hDCDOGrR6J6iZBmnTz3rT5S5u7w72bV5mHgcbEmy4Tfx27j8/2sX3ER3evg1gNrLPZwPFmltgXF2M/otu0x5/3TAU33ZJO2/UC6/QIwy1itvLrQRjH411hb/bZTVOEKa3IM3i+bKTF61A289ha8TYBz82gV1RHwQYueE149xaFS3nkFF7eJktiYgqyBZ7V6RYSitOazoYQsoZGEo9+7eW1iu/PZznr3nhRy7eqKPkI8UyWGuudFu0xkMOHCHxQ=='),(1038,1165,'card_number','CHD4700cc11348e2ddc2a878af11226170cMM1xYp+djdTR2QxqKqyNpC03sSpqWcQeCHfWCm4pYH6xIr7rsfrqefgPguhVaznHZOrQW56S/HbL0wned7te1xh9ifBOJIALX+WERpCWzppsyfsdu8ZbdbyTptmuYqIBzE9csnNuMhAhjaGLm42eYYTmEeM47q7dEEBqJpLHLng/D7CEpBl+kDWiQt9EEL+2gaZYMMjWjqWp+aQ6w4HV8oZcpCo9RKqVyeIIPTnofVv+ZhuHNdbWkIitpPjklHfMc2crh8xIhNaPUkZ7SLCOzL0ub3OtfufhiVmNi5/htpGu2wANwBuYZvfSmo+fGrfyTgJtTrvZ4ZRwn7M/JXxftQ=='),(1039,1165,'card_expire_month','CHD4700cc11348e2ddc2a878af11226170cJdLywDzpaf5UhQiyROfxPYueeqOjGhI40E/p04Qp6+tzQZg+ZOjGmGv2+Kkr2A4LtXuQTVE5Py07O55iRQynHUZfYbgIqufeNvy4FsMWeP22YIQ/ZgBa12JvBefrPyjCoW4c5vjIbm4jISlb1FbviN6vnp6Xw5j2Zm7GHb+jnqdeqWftVFiatEmxCTdugraFeypZixLtMKr0Gd3GKQrJ7pPvS5txFVbAo96lmYQithCq7edp6u3bDjRu2GkAECUVIZp9SMaLgHZkVAyoyvvm9FTs4QvQ8yG0/Idx97rHsOCUaXIqsU6YZ/ep9mQBeG/0y9b3qO6SK8YKBp6sRWFb1Q=='),(1040,1165,'card_expire_year','CHD4700cc11348e2ddc2a878af11226170cRYptA82/iL/rYiJ871GqfrCNQxYqd3OlU5XpROADhgiMtyvGCZKZtsIwidGPUMDjmsPq1R973L5xxkmCLWasjUKfHJsDQRY5ibIk1AZ8IqIN9iCGIwz90Lw7/bc8cepszkfKEZP5HkqBw9HdB4uYoEGhamJd7P+9Pef6Eob914QrVS7u46lx5HcEeCHMkyFxXil64tt2VRaeuCwubXvRaGTexvfqwGkjIkNQXN5ObfdfTe2rBoX6jg14a2Zbn7Uk8OmJ7BCCxZwnAYBTfUcSk1p5wJlVS79SgrPrFSlwlHLJgKqY6ULiPvxpNHCn0y+wOYOHQ6U/Wbb0/bWMlC0yWw=='),(1041,1165,'card_cvv2','CHD4700cc11348e2ddc2a878af11226170clNMcWiMDqxiDA30y73niHTjMq4klb0X+dFnCl87dgef3YzHbxxkymjrk2XAtvYKiI7yhC7wWOgLTTDC9NYKYJmfAFw7rzUqIDNe2z5D+6e1h16iai7W4zg+YMhq0ZX3RRhtUwjjH6tdW9zt7VgPeDZy+qU6H1uJ/ZsAkRka7Ebm27Phd1kuD4qoi76bljh5aKz9gO7MWdHPiag4Fmdc5k9RlWYrxcQ6gbm20eIY+rkXSBdwnQfECcH2wF+vdE0UlAl/4B16xXvubkvdEHmnN7rrS9EmJUj3dD0Nkj7pu4+hoJbExlmruoL23TdGcxYWmj8NIyKZAH0jRnCnFJQivNg=='),(1042,1165,'card_name','CHD4700cc11348e2ddc2a878af11226170cVofY+1FkYN6W/too9sWVYeBxC4SInTmHSrPSIpWZ0t8NoRO3hPXpOgShYc/HjaJ3u6rcGjYUiQsa7rrzGYUJjFVpGDmEFNUUGH/G4Zm5n+jsXTvEYzjOATVWcFfbVJc2/ujRgJZyzsFQAzo/fggoaaby5LIquPzENIekbwf9wXWtatz6Vcb/Myc6FjGI7szZLNHOzzviQPuCCWyqOoQSo9W7S2ieLTSs4XnPozF0AsGVIOrcQT6mYPz03OsYG1tIM/Zpu/yGaHT6eLB6PQutrV+iXQppNTQv3Lnp9wxs9e27HA/EMk3aU0y6Z1wTVkMw1eD1vEgG2XXUN8lv62Mu1g=='),(1043,1165,'card_expire','CHD4700cc11348e2ddc2a878af11226170cD7SY5E15nKUyMfq9OZXHBnN97YLd7IevV8sppqN52XwXYa6v3zJ/PgyZJ6QhrOTRXeS/KRFAG38Iix50Z6hzkNUVyL9ijYIfw10F6b9tOIFP4rTt1aTomBYoRIKBRSDZR+mk9eQcU2nu/gS5uAXwWLHmFJfoiKp6W6Iou8axxx33LjJoWRtBgxcBkAsVaPrCd5dJpjFEYfFV4IeMNLVjtUxYpq5IBC/LVWYO4Bw8Zpcl+rUpWfGBeMrv6waJmDKx1b6jd/Mx/JEAawVM0kb8tuITTN6ksMBVUQauPyc0UrXL17WWBKYP3NDynpQQaMciikWPVZ3tAcu4g97AvZ0ISA=='),(1044,1166,'card_type','CHD4700cc11348e2ddc2a878af11226170cTlJn3c7j0d+OLsMX0SYbgpmWhMe9RM03FsIYJaMtEC/A2GxIm+Xpb07uM58pbm4n981RGNWtPfsuA75USniRcBO6HZ6yB38Vl5wGnoswByolPjw7EpnffGWc3Ppz0SPN7u7yrqNzGINQ+5VMGe9uPdiSqS/wJS6bleIoY364xmrH3lRxTTVUHMJE6ZCbJKSVqSFXL1gxprasHnDXMLWNDtJiopWfimc1QZL+a35Cr+CxX2jIFB3qZ2bEw6eC9Dr0K+UTooZA60T8/pGd3rvgWrrJnTNzLaq9Z7BLxBrNkEQHJfHgdi/uNid4vmQQHb5VpUxKcKZZEJQ2nSSeJOXDng=='),(1045,1166,'card_number','CHD4700cc11348e2ddc2a878af11226170coXTQWtkYT4Xm1OV00Xofsh19tHtD2BZRJ0qvoOpo0SeYpztoGJK8kTVAcwH1NsCotnZMg9/xwoR3E9Q+ZRfntYLIlCLxpu5JsiDKBwj0rfyDAPADyikx2hf87KO7JckRj0BWKxg2i2RYd0FO97oDeNcF9+fZDMupBVOFrug/fYTYhmm+EaQi48pKpsWV1GeuNV6eWaakc/0SpgeQdb8BoIk2S6HeJQdoWUzOc0D9tXHdrlmZTuazyVRAIYJUsukb2WsTMYhCyRggkFaB27s73eGiznbMiV2byUQNb5tvFyYMNNSz2O9nv7J64AlaVxv3rFm6KjpWt1t7R/QBiy2BUA=='),(1046,1166,'card_expire_month','CHD4700cc11348e2ddc2a878af11226170cQ0vNtfcjr3AEhzJPMbVO79nDYszDXwzRuAtGGzkmZhZECNW5Z7UcUiyIdD0c6f85NOUoW/J/EPvilNRAx2HTiAdSriqUckKw/cMWW7ELW11ea+fufa08f2nO4VadRfgKyIKu/dXfd4qlbB2OLoBN0JU0zHbwQTJ5h05Ie6EpFalN+TPPaYoedGn6HQ8QROvvpdJyNWnv5aDQhO6NGu4RZ2tkVkSq2zT8P1o87fU3n86Bmp3qooPoo8SvSocaYdErE2nEoldNDDn0auFEMVk4xLuCN0w6+eAHSgDZTtySeRrIRzec2yV2fTYQM1iHcYZ1fW8ClAJX+8Ubsh6CtS/H+g=='),(1047,1166,'card_expire_year','CHD4700cc11348e2ddc2a878af11226170cEChg2QENRL1Qz7jHMCJDZ7yRyGVaKUG9b6kxdmMLtkpWpjHyEI0v8XXQrfd+Zvz1o9PboMzEgXaZHmANPS4cBwwaMa39bW0dBNWLvCtvO/7h5xJHpG4B4OZkMvD4hdYWvTm7Ily0ZXhuQyp96B0XnWlO1O+dkm7KJZpuJS1BvDJE5aAOqpIooh9o48vNzZjlt/h8WT6MsxUPzXggbu8feZ4l4qxxHqLlgctXjK65VIKnzODHF4TbuTUQzqOdFY/b9RpbUE1X3gwWV4FukTgLNZDNUPgUb5JPV6YsgHjz+5fblLC+GfDbMWyPnxkhDOPsgNp6UiHiHjGQ8V9l4oNy6w=='),(1048,1166,'card_cvv2','CHD4700cc11348e2ddc2a878af11226170cHQ7nNgTSlcl2lQLgpRv5ZPok1Je+Icn7N4uw32Z2wBUA+18hzuMSE4NcFFohGpN37hMUXWGUnTk1Rmo1jvGvNvhaGRrOMyoUnZ/0fwusGrAdBvMOhJ9PixAuO16PpzX4YimBnn+JdnrNTUg0rteDmE71DPJJaGewdhrAlvGNw12+FtVToQexDxAIZukxnhZwgCIaKa+hSMBbqTQBAm5Or/bwAP+C9ov/U29dYPC+5z9qRM/K62YQ4lfVXC9g9H9vGC5o/Y9iyrYoo8KWppmryvUDOawYEYXo5KSSIXAHF4HF7YkqYYJ1+ubIE2lYZRFnP3chlOqN1P87TPyC357nJw=='),(1049,1166,'card_name','CHD4700cc11348e2ddc2a878af11226170caZ4ihp835qNfwfqM4Sx13UVBocQQsENJVKkOxaAVBI3F4+MLlYwAnjBLQGpY2/s7rX2raPj4EsljDERG8EpZ/zKjD+nsZlnQZFlUXCkwdv4a8dHS240PYc61+RpTuTL5YBMHq3vpZRabvFbNjNPlvMcFEE01gzwzFuOHZxDrK6CjRN+dwi+1PJGUPBk1NdpPWjdEEAO4EsohiPDMXB/cuvKFy4sIiYMtL7+cJhR20uuWelElCArDZe5ZRMWNry0q9xlBwFS8Xr89VHEwvnLGvknJX1E2HOIK1HJwqSESNnrp50ZgzNIzT9MTq0GDTDsglt5Ut5SWGi24FUpsHIaZhQ=='),(1050,1166,'card_expire','CHD4700cc11348e2ddc2a878af11226170ceXEn+CJoKw1LmXrYMc7ztTWEvrCXZKmTvpaYbi2yvZPyWkNy8Zhy6WghlgN2vBXNK0+5bKJI+WHb7kUSP830xUXtRZ0ldLCKzWE+daVK3Zsp0O/ZU36vRPxrjkWhzoncJ3pHSK7PfOXKoZU+E0rTwtOqhLOeTt32qAWcEFyTI1kuaCLpBsI+Ua11Ul2Xc137gVLD0dL9uZA3ansmBX9qn4RzlY+jO6CTK7zUg4NP4O4rWmMv7Ub5Fn1QLtzHv5ZJJezC9dqFmsnTWVyYH26/CIbA29fWpLvZipVxSYDi06jxeNJcZtSrCgTPbj/pODvBalkFsEqTZOfAQA8eeSUtmw=='),(1051,1167,'card_type','CHD4700cc11348e2ddc2a878af11226170cPDfXeaGw8jKQmt55riSFXAxe4fGyxB6ttX8SQ5xKvPP4Q54K5ZYXHKVcpzf+nYsbZug4TAWJKQEnh5U4y4NJfH/gz3wIUs8a4DG8P2SQeFiS8K/upeOzsq5vKlTls1f62ba1ePgev0DN3MV3bsoM4GmfoBEpOftrAhB2DTuaq7t/K2y5ya5gjxE+Izhu3yT7dn0ZMaoa9BN1EyEfmf+SHY983flxwpHJ6buVzm6vN1I21nlyb8xAxIzGo+WgQESeaor9sg67mzxzdi3Aa3ASN2F14+cSuAoKv6BBeUZs8HC00f6XEthP0aw2DyHre9+LWpzEoS8TcQb2LOdsln8PtA=='),(1052,1167,'card_number','CHD4700cc11348e2ddc2a878af11226170cVueN/aHLHiUGqxT0WA998AT/2ta+MarLxXXHOmTFfPxt6coi7SgB/rYYREO+t9lzssie+KzAbAXx46apJ8WAqIafSL+cuStdNAGsMkJFUMHebVmFxdxwaSWnu4mos6+Ck+wgnk1wMDIebGAFR/p1+7SKx4dw5Lb8/KA9XzHkueyyzZRADswihISkuOIUwwZoWoZhplIVdxytfIXUPkbHMvd8YRAGMXN/Pp45iJN5NgEuHmdX+APW2q10BfCGMZM14E/8FP+MKO6F/YbpOos+3Ynfq9YjVsBPUYgGlPiWvXSa5RB/ldoPSsuvaYjaH/07/IX0u66/BUTxEaDwdJYP8Q=='),(1053,1167,'card_expire_month','CHD4700cc11348e2ddc2a878af11226170cEezzaBJwnNLxi9zG3h1uN0V8PJqDst08PHI7BV2R9UdpJDZ7hJYjUo3SSWROT1TgJBBJWzWhdAqqBh81/Jjz3i56LnrJm2N2Zy30EbCqGSPDhW8O6tjv/RJJ5umZXZUyUKuKm8Pe1frJDSLPxohmlaAYZt13yjA03KvCRENy/h4r5zCDR5Se83QwYgwONPI/aMUKc23Suw4M2Vmw1VrN/JuFcBvABZ0shOppOqqOvKVOnaSLqOFuBsdzEr5w5t9mA48ZKnPhAjXqUPxyh9nE7cLNRnDn+aAKEKrsOyWjXS/krWBRaqV6EgsKoGT2+57ylWiCUxUM8O6kkfddcpgheQ=='),(1054,1167,'card_expire_year','CHD4700cc11348e2ddc2a878af11226170cLdIuwgk+tQuLpgS5GVZRbF6aelmxtL2Xnhl0yJkauRkb6lt3hv0uoeHm1J5mUAAAc2GvoXCq6kQKjI+3FE/zKLwL6kiSEJJ2gwUPAPfEJmBv85HziGnYyRGuz2NK17FKJJ7y69zqxvZgnr2cn5exQtC3M7o2mlxN7UmdC2tUNDEyEPWREAxBO9gdSYrglYHfIH11V/yrOqPFahHZ5a5b8lEm2ZNwCss77UeZxT5k6YYZ6qnhguGsSeBEOzq3SkFxj8YM7KEfJ70GpxQb4Nenhh/MT63azjW1aJa9DqPOm0y271YLct2fszeT/YY5nFvOmxuIHbnWPjGeFkTL5fwu7A=='),(1055,1167,'card_cvv2','CHD4700cc11348e2ddc2a878af11226170cGOE/vFIMPojlvQS1klnHxvXG2YeCM0iKwiQlNEerQu4rl7pT7pgRY2dTQi5XCpxyS5urTrYMOvrinRb4ENcUafbbrVEXXFUm6tlHIbpn5MhOtFGPZIfctjRFO4WXAJ18oq49gsP2JYyuqvJN6F0Z1mKQgyl2CrTCqxzy/nE1IHnSqP2+BcudBZxtNCegWDembUrnfS/bYVcspll87P6mutiaLsswAM/vh926qtttUfHtOKs4T8ynktrirev3xmSKq44VqjO1vvHgttm4crW8D89w4yssbrLPBbE9QeF5LT1CKVsxOwEZK8Qe+SilmuKMTg7tX/oiLK2IkBQFN6FW2g=='),(1056,1167,'card_name','CHD4700cc11348e2ddc2a878af11226170cUKcNVRRVCHAji36ydRfyoSp6zVfXS/j7xMviGY67gY885ZOi1S1mOw5iQTQOkSxNl9vTaLnRqqCnBqd9uF+mRKFKCfIdQGKBZnrAjesfVZQ/pI1OKNtD37sw7CtWfQFwgCi5s/82N3OYTev6BhOn1+XxFKoml5oI3fHYcVWYO5O8LVV/nHFvX6bdbXLOg3ls5FxpA6KWzIfkapQeSZcSP0WPC25Er2h4f/MTGFcXOEtUb1o1HvtfMihUusFANY9vJt9sNIMj9Ucta910HFUJ1SDo5yu1d9E9VxWxQPBjCuEztz1VWMpNbM5dqlxOIzok+XV1oDbPbffOeGv6wjfoGw=='),(1057,1167,'card_expire','CHD4700cc11348e2ddc2a878af11226170ck63S080RBgKBH3ap26Kr60xIlc+r/iY+VpwVGy8A2d4krgrB3V9kCTrwGtFeq/G5p+eBmI1XeKBxd0X7OJklE/Mt+yHkuI6z2Ca3MP65zFWqQs7q9dcITILbOynOtncGmH8MnlTyVsWsc8GzgUvS310YH0HtyZi3WaIOxcSAwt/7CzsXYOgpUlEBE9l6YDYgP1DR3o+80FkOBt2HSQKcZjGFO6du9SNBaFg2zo/TAT8A9ByjSEwknivxcBw7dwN/By+Tp+vHfB1nyHugFwzSuwHxEmFP14WsmxpDkO2nlNPdLR1qgPr72cFdfRaiMLfuFIuWXgGbGMwumnsA4D1oVg=='),(1058,1168,'card_type','CHD4700cc11348e2ddc2a878af11226170cSRO9yQIcmGZNms/Kh1oZUwvQD/59Yr2MXH4ezqqCdP0U07d93pSqDwk4RN/CW1vg/ofiiN43YDTleHAqt3uoonQEMgToDUUUGTJte7+C2ehYVSRwRMRigd3DkSGDVKbccVIc3erixxyYhM3bQnMX0e0Hpy+OmQIUrQIDMtZB2+ODZduCyJcR9J7O3eu+K1IEgslAj24dQi+3pUadtom+KZemCRxluv1j6bw2k1nuAo8ook/yZ9cQ6SVyfPYx8QKJZ3BASE9rucb1ScN2ilnVxVIZOgVnvdr3s2Y8twJOvp4OUqp0N41iiiUaSQudsiGzJ8Hn+GEXGl6hl4WkdhWpKw=='),(1059,1168,'card_number','CHD4700cc11348e2ddc2a878af11226170cPtdwXk3qF9AGV5uoOyE6YICUWzgEbBNrxixUTlxwrnjF2kVZCAM116JWECi2J8lL+pjkKHiQFLPj9M3JwzIbHisiKlX0E7Yez1N/uDYQl8eX98NjviXFzaM+lkpVcGIL6Xzc0c/3XWy3JWTbSHnDInjYHQLz3DYAcqVtt5N1rVTwnToL45/GZEOGsm4jaZNnpAgQj7Bf7JweMtH9rd21LeWYMG8ZA4SdNnTct5C3qFR4eKI6SMaQGueBRc++d07PIsLws+LrgE1NsL05LVSp1lj4+7KyqyQ2X0gU/9qlt8cIG3BQWqBxXAZW+JyOIUyxTVw8cmI6rWukA7Gg6VlPsw=='),(1060,1168,'card_expire_month','CHD4700cc11348e2ddc2a878af11226170cJKayOHWw3S+Klc5JQzBtxuslooTSMIie3dPJ1cDeuN/5GTHNBeIOSo7NuOsM0vjG84JEq/kxTOmZiI6spOzIyZZKKmIJs+4TBSK7KXvTmEC33ox1T7DarlAlHrX4O3eCAXEh4y3+IHj4YNC2UBY+ezDySL0KxWSY2tv0jq7xvEtu3HNkn5kQhTi19oHKCK9WfGB0cIAs0IUgGpeezoGKxI2OLi41Mu6D6ThNe10iOm22C+92BkdLomWoFAe+OqrbHPYNDfvhz9s4KIXuC1irCq8RMqtoHJoimpOrLA3KEvyzTcrDowPhD1fQ9M2+XTvZ4El+ri1I/4/KG3q+DFJm4A=='),(1061,1168,'card_expire_year','CHD4700cc11348e2ddc2a878af11226170cYbcwsU+UNwk/uPT40vh2s7w6Byvg2Fh2A7ZUmX4RwkE1kJYyUksycSEalIqZ7kbTzZectYUdwh+CXWWpAyNhABr42K9IqGGfTW5Pbsg44GDcvNFNqSuGHm3v3AS9mA4fDcCvdAclZNJ4/H453JAzzdfmOADunSYzCm8CEBPp5qKDs+1T6wvMbPbGfqKrLWP1cQsIywCz5cZJ3B5UJd2e1srCfGCt4mJorUxllKy1LgoV0EblGjdjVrsObYFvxS0anHByRWGygZT98J2hbyLoaR2unEJ5zsmytdkfUokDXOH8fY9K4fzniIlnRNGiiAcFRN9fMLomEPlPbfrs4+yF5Q=='),(1062,1168,'card_cvv2','CHD4700cc11348e2ddc2a878af11226170cIaOlQndn9PJIi3cd2skjfVofDSqd126DqHTnUH9D1WFpohyV+9lR4xCkKuh5OqxSbDXjvkiXIvBgKUzAuGTfONrJ+/+J6gISWzxoqTfrr+0DbKzVDOBVsXwfNO5y5U0ofeYzO8ojL8w8e5nct/uHsfQwOEBbrX4/bxQedbxVHK3gjAqlxgaWSN3VrvAPp/1jcZFUnuB/34tDLluB5z0y1yLn8YyAIFr9TGNsGGoKZ2doiiQgeBLui1fK+L9UblO6jfqRF548WRkfaixvRDhmChi7zyIp0NTEveedkLWGcJXjSBaYXCbHeRAgwJ7R/TdVUgZU5MvyMDldfMi+ymPSfg=='),(1063,1168,'card_name','CHD4700cc11348e2ddc2a878af11226170cI4m6ViS7beyyz35hzyNfXodbBc62RmT2GiSZiCy1jG5vIk/FP21C7ph8N8cxOvigqPQJFzndXwBKyKMwGTOtYohaqoVE5AcT7eYFoeySSFpKXcUoWe5qhaQfhiIsGTPzH223STkARKnYJmNFkCFovb+Eh3/xfAwkrZYb8JI904/o3rw73AXklka4Wa3Zscec6qiTAmmNVHgJzFcp8FZVzIvqpzWl1Ci0p/14oQAdRdCywl86c9i1fLhnTWTd3Gk+rJn/bj7+rtSjYcIeattQ/+j8r0gRCQVa3kGH6r7xcKOzpmeZgIhDDKMZzovTkmCT1rDXPxYCKl7undVoHTjePg=='),(1064,1168,'card_expire','CHD4700cc11348e2ddc2a878af11226170cK/PhlS3B8Y4X4yaOTzgj6jMogQYjG0QhBE7+VkV41xxuXB6qDIxZG/OShia9wfvBJE0jCocww9oOIOElYdlyKsJz7dwT3v1kjQ0Ns4mUmxNezQO5WELhLGCOjLQYS/a6sJU8dKrboWYnILw4P0fj1WrYq9tBNiYgvPJJ2fvL1ucrvN68DGPd+WcILa3hiKe0HFkQzTTEwlL8apqzaJ8C9+unEymAGUS6IWFexpRJf44ufAmsbaS4WHDYcvh47xrE+rqEZ70qzPfekZWBCN1DX0p6/7Tm2OWv8PDbOw4Z5BQsKNybsZuiZHCug8UvCc9SaIq/CfLO3FwHvWn9wGq+/Q=='),(1065,1169,'card_type','CHD4700cc11348e2ddc2a878af11226170cdWlX9iEuDKvG49lsBR/4HgmpA0vhfAmjYZkhX90TcyEM9Nec2KZABzxucYFU1hAOCLtW/0ec2fcxmJVwpRbShKVL133BPBlWQXYhWy0NF3vBXgQGlkQ/wEE1XpMn+DyBv0CTjLNk+tveKL3KEfIUJrXtH4S2ChH1mgfUNWqGuCs5cNxAD9fXXD2kDReYHXD3WirLvntaevCRTIZsstMIntA+eiArR6/zYjEVL/nT6+KtDUi8l5WF/xX+pq87Yh+AINoEra8vLjdAew7AdXHSHeQ3Cc0FscBgnKnvcl0p6ATePfVPbRcigf8CCiHYVrMkbTkMN/ZDU92CLNbF2ofoTA=='),(1066,1169,'card_number','CHD4700cc11348e2ddc2a878af11226170cn71w62OL0mt3fM4hLhHr2ZLZdJeB3M2gt7OYITsMgeId4iFS9ZOGCvymKGr6yQBJ4of3cmKjyI4MRTZJvqB9kHCbqPJ6fMcQUIuZDEH8xOBUEON+cla5K27ufym2MtJ5jhNkTex9vp+L+OKhhTLzrd6Ti+CWdwZKMCQL6PnWrLqpuGtBcY7ebOf1F4u2VdYfOxx7Ivgxo8DyWg0vMcyuEgBpAwNE4nPHBr1PuZ+U8GEsVbkVT/oHnfHjU7YoDlEMXw5AV0j/3iWiRiXA+danNx8oSS9JQrtGjcDYQaxJyoBfxI3xmLPM2O0io7H7kFD9KlTLmi2TXmpTYRYU5zN53g=='),(1067,1169,'card_expire_month','CHD4700cc11348e2ddc2a878af11226170cgMhF8vaw7tAj/6u4HPOp0Koison2lJ+Q5ZkpVdF7OUExgq7ojA0cFUmS5y3B3hs+qBH3EB23AsLUI62HYz1owQ3doSnj4POjfFf6ghM2ymxBGG+Qlk95XyzgqDoWd7u5ZyG06TY9WY5nklB4u9Pi+kA19t0/sIuQc5Yy5lej9KY2ci2qRS8oThVbhNlI4nWpC0V3MqAqXM3IHByy/JGGqkVQh/YaWyd8ixNfz8qzLIqfF/ROImOfsX4ZH24lz3iR0LD4wLFC8oKKX/Cw8NdWpIM0udRKbz3D8RCOSAiqfZNUXSgakweEgmt/LlRB+ncMs11nIogjSo8CIWQpqv2kOw=='),(1068,1169,'card_expire_year','CHD4700cc11348e2ddc2a878af11226170ce8EPhtyWZtEa3p3pcBS/QY0mTwn6KT1GWQIYvy5vM5YAD5SGp1D4iDfL0PX9ZFU+v8Bgjrusi0/LSBAuDCArRWCxbJF6XGRJHV29kN5IBS49xGmRCW9dQW0yiWd9HVUT7Fj3wHnB92m8dvp8HTCK8BqPrrIdbX2WprY8WXDlJ/dBR6GOMrm00JINOkLytH5LzOUGoZpzbQWjofkkEJ3MNOF3lK5Axc8eDUxEOXXa5rHRr5M4XLwZ2Y0W38f9eS7iYbFXsUwahZ1IyhaWwFOEfYJ8oyBENxXbyDNGQh6KeWMTP9h4ZhIfS56ccYd165QFM5JfjCwQA/Ig1JKWrpAjnQ=='),(1069,1169,'card_cvv2','CHD4700cc11348e2ddc2a878af11226170cSeFTn7GbgNvcFe6hByHzafE1vg7Pf1RiN7eJNeo8+hNOckkB1lMM6TMi5BNhoFDNMRHAHWEnYeLzlJl00PO3Uw6U/lcuczqklJs+7LEL5rLlAvsJl4WBu6ceBk3O6QzZtoPGWQZNiqeqIu+4Ny3zn/SpkWgLj8j9W9H7xWP+jgumz1RZNz/DzXvjfO8KmNWO47mzBRRusj/i+VL2tOypjn8xnWR0c4fzmWNpR9PHmbJgZf4o4iIPCfrQZavwetxUiPEiI7BOLAK4tl0e0UcKW6xpukE/z6PJJoXEKNxu6nTt+wjtuzykpQRh7LXPPmuMZsV1cTttZrMWT7DlaWDEmA=='),(1070,1169,'card_name','CHD4700cc11348e2ddc2a878af11226170cn09b1ojqTSfvxX3b9zCbifxfiHEQNkADxzhkChKGGn9i5BnEO4cSFtzhry0FfD8Mf9PrZ5gvf47g498OuCw5BYpqil8F99QsTHLER0mIGot/ajWI6X8P3KeL/y9gDwYsvc1sdZ6rPjgC+RzxOhRwTJ5v2HSljkMW7OwSwjKIs/Ee8E2JmVc125bRe97oZQ32mdQEuDau7kpaYDX2gyekM6/MjMDlhztiMdXM5uP63NP22Md4jSkdLVBEdQMslYi8U/rEa9GdJ9Alhho6wsN8mRROczqn1Ewtt6gwLpgUlrgoeEsxlexNx67EYnQt34ppTK6WQzoMhTIMUBUPwN6uGw=='),(1071,1169,'card_expire','CHD4700cc11348e2ddc2a878af11226170cBwCMdIyjzI2CKYaH3rc6JaY/2s5dc+hBgoFHt6g5KBL0CC3pDK2RCGFmOCeQAoJm3T27WTg4I78t59x3Usqd3jasnIyL6aSswqA/uOCesfiAXFw1eZ5nuZ0Cow+5Afz2n6R/16YWGrAzsQa9RtfFp1zv1DS05WAH3rdx5DDUVeAJIXth2Ao6lA7SfrsWsiFSx5liZvdZNVQBS8F7VzDg9lH4tWMooxCgVfxHeam/D47+5fxRuuO5iTybzcOQ1/R6FHHOrUwU0iuWmcJfLJxSFePvYtwyCRrogRtBmOQ3UM6pivxh7J7GAHVG88eMwbRbfYlvdqgffJsg4ttJzpnQQA=='),(1072,1170,'card_type','CHD4700cc11348e2ddc2a878af11226170cOzdOLVLCHsxwkoiCyFS4DNp/T4CHV2059GQ8854FFAfWxK6iMQXhfT3zGtNni+F4ImcxQlS+N7LePd27WInqPeKJuvVgg1F5lyZ+uAtAgUTMtfth9dHb16XqQjbc86pTFORV8Q5zSvYEVIVyNyaTnWuidbeW5mzGZgoDd1pTdwgQVKcTVhks3sIVFHEpGljtSBD2XkrvTcCutW1HoY7MJcow7zyhjNkLiKXhHaBGcP3w54WVa9YmE0i/T43bt1gtXobeGMnFOk96CgnU6Of+dB87UokNN2Zb0796748y5y52JuKDZ9xeAU7n1wYE4V4VQ52urqFsHLCQEjXOd3zuBg=='),(1073,1170,'card_number','CHD4700cc11348e2ddc2a878af11226170cMmXxflACEd2FF88JoDMzXMQisfId5xW0ZqB72PY2FIsUpYyCEy9ELy0dVg89Tbxbvkz9nu7FcaPme1dslHYCMTW6gPbtoT1DgKPbg3pXhRI9gQUjCFrm7jGEqwMAE1Euqs/KGD5yHGXJ9u+eDl+/p3pimY2miHLezutKgnF/IyQst2y9cbyar9Wdbb2K+15VHC/rOgmRVBOMlQ0BJhveB+TI4h5MClmoHv+HLdO2Xc4AsYlHS/6IsYNEb/ikiHy7soFduS8Eiht3tBayM0hs78Dg1Z2igA3yxwNxLMSx/ZTR+g4P80t3Tdvbl7vjiN2FjIfA6DViU878qZeh6DYZxQ=='),(1074,1170,'card_expire_month','CHD4700cc11348e2ddc2a878af11226170ckpO8Kp4ggd7MQ4SawnuGX11kJ99QBWYYCEsEFIH3tNIXnCMBGsEoGf8kwVYmjP4xqmUWM/ezgvcla/ADxF+eaG5g5VNqM9K4NaNpyabpBnU75gGiHrlz/jKnVp1V1L32a2617WpcMAJYKA7ZpF6q12mGyyE6eb2LVE+/tqeWQ7u0fihiDTM4U2B414vcpM8RWHw/Wkyy/xLTZtj5tvEpmnFTgIuUADNf6URRlaqqB/8TjKgSnGiOQSD3Uc4oGgzYCkShQGR3lotCBB3qJodsPuwWf0sH1jut7790BvzSXrmqUAJc4sIG3OXj276a6N7nWDqIFq39pSMkcVq4j7xJEA=='),(1075,1170,'card_expire_year','CHD4700cc11348e2ddc2a878af11226170cKX8oUnZ2C8k+vWAKuGZgBEKs8oJ1MHzrE0Sl9olrd7crEJwPnUP7AUFXpbyZtgW7dYhFslF275V3a8MNRhQXx1o8rW/DbPLrLmzXnQQZCCstc819L9lHwIkUUvzSJ4GcG6lHE7zeYgNMOW/A+sFOY1qGO3i4MrLQa5oM17OmnR9g/v5U5MeyIYNEFBnqqhp/ICBuE4vwz8GAwWivUHAuII3dgWwEoq7SEaombFuk3KbVWODPDEP5cjUwIriJWcCPtC6DiJZ2lyorkj2tloXERP4gLUvjc/5Qdd2yJvQVFqauXtrR6KLF05aEud4ycyo1iFkvsg3JPlVp5SfWYkdNxQ=='),(1076,1170,'card_cvv2','CHD4700cc11348e2ddc2a878af11226170cSGNuMJSyvKFxHKEDD34cxBKs5GH8YDym9nicVDRYQSoSJMyI3W4yxd/eHsbU7UkeTEth7uilROlNna1JCUu978dkXO08rAcqSixUaLQhDtHMqLPlgaRO2PzHSoSCvQQwE1OzhfOAKKequP/hlmYblyYMxCwqmUr9vinunI2vzgExrW+RxUjVieRD6yPCzh1s4Q5A51ICHn5LB8uvBnz/AXC+XKj4dtXrWqE8uMMLIoze1PEj8clHPLkNuBuSJVsQdVRhdcfVM1FEdb37RDOdjFmUzRp1BJm1dfVHrJ/QLWmraEZfwqO4dCrrDa2daFx2mM+Xdpm0ntTRvZmPHJseww=='),(1077,1170,'card_name','CHD4700cc11348e2ddc2a878af11226170cbPDNOojMkjOpzP18q0uoZNm/hqP3A7uMEiUaK/npylhN+g6E+YudTpzb6MSq+VB3M9vmN8cBNvbnw71Z6I6K0PECmUkToOjXFWKecPtwmYGWhICFVSdbl1K/NsV6I/dsCCKyRgr2pAa6OjsAm/RfVdwazqv1/e7MI9n5ZE4lSrHesexw0r1SGWSsdXLcFPptbsqoecvszb1ipEB2lQDqSPh8mbGcan+hES8NKUDeq1v2Pi7xjTGPFVeT/Bi5QiRIub9+9BOnLIdvKFMz9zrD33X8OOieePGjH43unZCV32+9NKm/idn8ebJXPAR1dQ59Cn4e7Aud6Vi5KegYqSKxgQ=='),(1078,1170,'card_expire','CHD4700cc11348e2ddc2a878af11226170ccXSWw2J1yTRCGtJ2t4sdhwZuE+t8OZ0vlmtR/mYnKX4jn/O5VhhBsJBAhM5JAM+e9CQvAUYVKKGkZtx4EPXVVtsV6euWy0MzZWH1Orzs+cXcAlkpC7e5rSoVEBtlqIKEoNognV8wO6fl51AJpP/Yb7c4YN1mUwMXbNoPBx8pQSqP32dXP+9+hhTqLKDBLWwjsh6YB3wHhr1UNHEvTEBLXkQ0aTNnHKf1sx0StaR6l0djlRJq8kAvWEO9CY1JSACmJlrM0ucTEHG11GJFkCaU1RbmK8iHxn88Iay2Mv698phCPief5my5PaTExp1TOQEZbk4igyZ1wfIwMQWVTxFQoA=='),(1079,1171,'card_type','CHD4700cc11348e2ddc2a878af11226170cKYCE8wVH6qlEgm07SAJtWVhA02Dafw16gQb7ZQJpcTK/cHJYrtko9JfPpPqRaOAn9v4Dd8O9EnpMIEG73ytwn37xBeN6b0oNFa7MxMe0Gk7haP5t6V81zTYrFY85H5J2kGSk59bqDRWFDNUa2FnpL+yNK2gg/W7ORVqPayIyPFwtpLS0ZNQ53x2oI/uXOsGPupxD4S0QwPNDzpVB++hlHpSN6OWC6z2D+1JwM2wSlUj2ZIis+M0eCdzyB8Ayr3slxE7Tdw+2KECpDY25bRtjFhoBT77Vj4H2m30xCRQQGWZLDASFTvkpN0hPasUz9Ls4RqUWGPIUy0zj+6lPT6ea/A=='),(1080,1171,'card_number','CHD4700cc11348e2ddc2a878af11226170cd0H2mMznsJty1CrnuAwltiK52B6TKfZar9haZMfe/D0mAiyDFeAqxXotEgke6U47DNVySkXsiWyY7qQIp3UTuXLEYscJBPlaRm1lpRPhEAU2TjGCe+RwOOLlAcBC63qdVADu8/dMzRUL6PcOqMorjHNv+4lsikEzGrgrbpl82lcG5xJuZs1lBh21zbkYl9+8oDDBG7WwVHH7bL9eNB+TrfbGPDDjxdoPLUVaiwK6XijMNtodEIeblO+bX80dk2gQkqtPFwxmi1ZHQWHkoA3uvKNYyVyPBF/5TNgtSs813X4odB15oQN60qqekFkfO+1xYF5isLQ4CJMlt7YtdLAb+A=='),(1081,1171,'card_expire_month','CHD4700cc11348e2ddc2a878af11226170cA2ArLKOH0XzjiXWTaO16RfdQlzYnggAPBFnWeN4uqQ14eYojGSWa6VuglunM8LgNwK0RFtu85V8bTq0810t+J6hDjD/DD7USRwkgR3HV2VGQY2WPi5kVBCG52Jwq6xZZ9MfWmpNQI2/e2psTgxZxcDsG11z9cqS8yLBrs4Y9fnAEbUanQVy+1Zkz6UmsUGlPUmrrBa1YkiAQbWi4YCT3LEt+SnhJJ/aAVT2T90jmF0YyFT5Xfg9ILXDc946kWL2mHkx7pE36I806EUl5TQvHuOsRWr+APcZaEbZrEhOltVSZ5R62laJy+JGXKIyTmQOKrEdbfdQW1G6V1RSDS05DoA=='),(1082,1171,'card_expire_year','CHD4700cc11348e2ddc2a878af11226170cneXRFJ1nUuJmX9dg3CvsGdxE8YwLKvrUwm35813JGmNk7PZS8IdgQ3VnpRSnvz6xj74X4WxljPK/ZKy2xiWHMoa50gzdO25aK5A8jT025t7tRStGFMePrdiTWZZcpA7HocOa50v3VE8YmJJlWiKS7hRbsTvmHVoupkMbsLcnGlpy1GI1Ld6tJcZIwqBEbx3iDUUH8B9IV317jVJgxz83omNT/+abX4JW3n5y9CE2BYGI5OWAeFU2Qk1mH6NwwFoL6a5ujQ/ytNKvfnsAJBp5z/RMf2RhlqSzcU5+xlXV2015qoTJOZkAg7666HXdxgzQtvOnWlei9MW3cBvVKQmgvA=='),(1083,1171,'card_cvv2','CHD4700cc11348e2ddc2a878af11226170cegT4BVLotqZUbxKEuVPek5QO9jajloVnLSU+uDKhpCOpr58bIQnWhVUcGnpF0Nz6jGbSuSc6haAaxLn9XBG/4Hv4zy3DItcBZsQhjAevrwhnQmW/Bs8wXBGp/otYCvNt20JLjSu6zi/LrKSvrQiDdRAgSWiznjSF80SKthgAnLX38WUomrF3mVzG5tsJaXfUwM4kGOdUFaoCkhvOaBAG/vTg/vNr0miVeF1jePKVHBCY3pmMJyJy6AAdivPj11oBd0UasPiTRlzqUTaqRarACPuuic9z6Sb10V8AnFqll1EXemHr0GVjML9SzhJA4Ly9xjZOWSkjdPpV6iRunOQeTw=='),(1084,1171,'card_name','CHD4700cc11348e2ddc2a878af11226170cW1PLDAxYoGXqyUQnCerb/iClzdmkP17YcAjS2f41cFck+bBzYfqjg4ryXSeKKDTT33NN5ZL9N9JEUQt6/NdTGecS1exhMcOD1lZ+pUXO+jB0OdmWIWqnyKOI/cxHCllM9/QQlORrX+L/UiNxAPnTWWIGQh5wINMkNV0EysWltgyVRuZKFznFFxADkR+hy4IFQSLSNsKR+o+gYHad/sdVC0nuoYBYCsi3mLB72yFhMYuxkZ6gkOYeGUgt0luSkxukNZ+uoLqYDfstRz5UMQw+HFLztbLWdld7UrhakltSgxxCBguoM1t0KfJBhM9x8FjBCKB9PAAnwbwLhCVLj4I5xQ=='),(1085,1171,'card_expire','CHD4700cc11348e2ddc2a878af11226170cQQDfyRtBWyGpdzyBJ/HRaz9nPlq5cC7htej0xo2C6hJLV8/d7mvbs1C37Lv9cuhd9Um2VJJjJnACrz3pKMYAaeAU/xkeaXPwG/L0D09nLvnxLRTj/JpBzjv9hAsiwVIfLdjGFoXiggfA1zOpNjIcufbNRB9Im3dDsPQfn4fdBCZAtvVtETdVKmU30yqBazHdky9B5pNyYoZOMmZwePICP0bXjnMVmOPYZ0kDVgRlBPDnPXZLQ1nfEjSveMuOS8L7bT05tDAymz5IJY/HTyx1xgz+kD3+F4logEPdzrANyN3CvKrO93j1C5aGmo9cWp8zzR+Weo3McaR4V9+mf2jRKw=='),(1143,1185,'card_type','CHD4700cc11348e2ddc2a878af11226170cNzygmfr6yVKdkJdaP9KBH63KgioH285Gg73Pe5+dqlp0c2JrogYNmC7xtiVKcDEF/di7NCzEnof+2bRIObeM+OXlH3PIiibNk+I6wwEvQRchLIAU2Zu1gfj5xNnJLNjORzNIk4yqW9ktZasTVdZDkvxQbZx83eGjWxevDcE8a+nJjVTfR9pQlExYwLkjT+Kx5bbgwJAwEVGabQ24RR+fnND6zsEyBNV1TxSO3ExUDlDOHR7z1ZbY6zrDPKjv0yU0mWKn/jBZjIkz5JSbwK0kCVBGUwxdYr6aPL/zu2xNZyqNAzfm/aF12Z87oKuEToisI2pJevVFY+MnX9qQWHH53g=='),(1144,1185,'card_number','CHD4700cc11348e2ddc2a878af11226170cMHXH6frNx2Hq4FrpuBujngde/zesHNMZ+8SKW0xQ9yqsIkztv+at9ktkfpXfLGjxGtZRbPUNJen6Qe6BWzQ0RphWJxybmm1dshwuFYG0fiTVkGThvNa81XkN+sac3GI26509HtHM/GgRCzRW9USxnpuXEy9EjBIo08Bif6e7CoboeoMdqJgMXfCfzCZtWJzJrlu3imVybACcWfVb6D9bs0h7bXt2QMX7hXfLhn9MPT6IGqJK1KhIuM2USdj4uiastnAKWB95g2l9yZgAkc+/Cg5nNUlcuH+OQRY/xOcpo2pBCSFVbh+agtl+83pAe5L9a4dFKfvVnotFguf9PSOZcQ=='),(1145,1185,'card_expire_month','CHD4700cc11348e2ddc2a878af11226170caYoLhnRtvAdQHtj9oCXPu4O5LbOLzYmjo7HBSAFfCBOgxg+ZSsYKvJFgbuvmdumfQQdWFcdDLq3n9l+8MOKTCfjRNdEIah3vO/CaE0fPWLfbe5GFCvvTVxn8xQZP6acf7+CctcTAtVgZRV1sxN3oSS+T8TVMswj9enL5T+ajsdBmzWj71w5+cmQ6GfB2QCHxPA4rrCqx+b8cX7OGOkSh+0V5FR2nCuvFq+J/u72Xz+SYp3oI57j9c8ggFWqiPjlmAVCIThIEPV140Bx7KEmWRgRGFE3c3XIaMYRYiBPv92Y3xTrOYVnFcFoFBGADFz+KwSR9XDKLfjjeJi6+rNvXag=='),(1146,1185,'card_expire_year','CHD4700cc11348e2ddc2a878af11226170cTnMHE7kZ833WS6uxNJifXfa7fc/LCOmUBSd9U0iCoi1am/vIApdbraV/83FcRWHB3TcT9xc+a3pxnDeZ3THCvRr4Xt8iC00hT7k+RgMt6EDsGunA+krGMO+LXAdAgMRGOy3Pi050jgSMBfN19aJQEBUO/EDIvjxzvrdcSCEmNqqzu8zrgq+FHiHnhuxOdz41AUD/cno1JeSFWDPd4lsmciv20KritIQ1hD7Pw17JMMU76nlET+f2RKy554ddnZVDWJg6OzkwRJDvfiNa9XxyVs6QXEKByENn0KoTjMe456TKu9/N57bsBLEs2qEF8fFMx/DUD0hKQGIH6V20QCHJig=='),(1147,1185,'card_cvv2','CHD4700cc11348e2ddc2a878af11226170ckWOmwY0Q0si4U/VTHMNu2TqewtV3aaAKV0oPj9dldDiLOUQ6blheUiiET9Xr2VVaEn5lNrILpb8ONc+pzYjqWXQFxXDrokTLMTJ1N3WHWR9EbAP1U79Qk1Kq7QjUrQCNMsYMKVYld/6ciQ751XMJyQ0vAKNBe/jdLYywFKrGaAj4CFhb2MVkKBaY3QmVcdlxBYnBx+SBcRMpfFzGf+1ClZLMHvucoShgQZuN5Vmd0CZyjdy20urr2neksLJs2g0GApSqyv0CXuuNxmsuOhlGKe7beGVJW1e4dY1tAGoduK4qVAsFZpmjIhYP28nRcwjll/zMBPnbaFK/Ku2C1Cmu+A=='),(1148,1185,'card_name','CHD4700cc11348e2ddc2a878af11226170cUi7JISeSpBXTuKAFMd0ZBsIhAps26oLWYB0fEu7HTDI09EP5J1E4YgK4jQwn9hQCZz95XHYVQtHhM6arw+COuxpcCLhUBV8TKYXBbUbHO8gMq8YK8KrA7vPucuiJ6wHCsJ3ywaxtItuunEMaHqNWpvQSVlmKiVMeWZ+TuaIjEFNCenmP/7WN96P764FYSLixkI/jfwvb18Hsqe3y/DG3RIB2C/eM/pOd+lPV1runO+wW3739Cl1s0lOVp9RdQJhOgx9y6bEMq658SN4rrYeZuH6eBUs0p0iLEFcM3RoPjnhrM6GGBs5M7p2DIY9RBsbBB9TWPPPz+XWll0uibxTXww=='),(1149,1185,'card_expire','CHD4700cc11348e2ddc2a878af11226170cjLNRKfpg7NUFTYHa+kd8RI1RFH9zkQHMWPART0vzmwqVJpoWWnR6CZQm5qVUg+6pJf0HbdLp6Wci+p9O/K/E7r38FaF2tKPeQRyenQPZBXp1ncDlMW3KwUq7Hx1OHz8NAaneeUhQoeTD/3CfTfQO8ygFzDZPFdHbWELjkcWUsMxj7y57XpdRiU4ipy6TVh7E8hjBHP38AXAT1IyLz38L+YzU1dlVW9IydWQ0p2tDwYN/AGAWYoj5XabADqAUCN9RgQpHu4sMwH0RvxSyZ/BFko6bjJ/8Lr9MdhWIzu31PzKUAHiRvzUSOoIzvs3EvAvbhrTv0rxqTulJhgYVKMvlbA==');

--
-- Table structure for table `xpay_payment_cc_token_data`
--

CREATE TABLE `xpay_payment_cc_token_data` (
  `token_id` int NOT NULL DEFAULT '0',
  `name` char(64) NOT NULL DEFAULT '',
  `value` text NOT NULL,
  PRIMARY KEY (`token_id`,`name`),
  KEY `token_id` (`token_id`),
  CONSTRAINT `xpay_payment_cc_token_data_ibfk_1` FOREIGN KEY (`token_id`) REFERENCES `xpay_payment_cc_tokens` (`token_id`) ON DELETE CASCADE ON UPDATE CASCADE
) ENGINE=InnoDB DEFAULT CHARSET=utf8mb3;

--
-- Dumping data for table `xpay_payment_cc_token_data`
--

INSERT INTO `xpay_payment_cc_token_data` (`token_id`, `name`, `value`) VALUES (1,'authCode','12345'),(1,'avsAddressResponse','M'),(1,'avsResponseCode','M'),(1,'cvnResponseCode','M'),(1,'orderId','NmYwYjQ5MGUtN2U3MTI1Yw'),(1,'responseCode','00'),(1,'responseMessage','[ test system ] AUTHORISED'),(1,'schemeId','kuzUOYgh7ujjh04W'),(1,'transactionId','16371705419247783'),(2,'authCode','12345'),(2,'avsAddressResponse','M'),(2,'avsResponseCode','M'),(2,'cvnResponseCode','M'),(2,'orderId','ZmJlOWE0MTEtNzkwNDU2Zg'),(2,'responseCode','00'),(2,'responseMessage','[ test system ] AUTHORISED'),(2,'schemeId','gtamn6231xXjLBG9'),(2,'transactionId','16371705937532881'),(3,'authCode','12345'),(3,'avsAddressResponse','M'),(3,'avsResponseCode','M'),(3,'cvnResponseCode','M'),(3,'orderId','OWI5YWUwMzgtMzE4ZDYyYg'),(3,'responseCode','00'),(3,'responseMessage','[ test system ] AUTHORISED'),(3,'schemeId','x4396ejx7o3wNmBN'),(3,'transactionId','16372560530573426'),(4,'authCode','12345'),(4,'avsAddressResponse','U'),(4,'avsResponseCode','U'),(4,'cvnResponseCode','U'),(4,'orderId','YzZjYWYyNmYtMmIzNDhhZg'),(4,'responseCode','00'),(4,'responseMessage','[ test system ] Authorised'),(4,'schemeId','mtNfGmcWJ9gSX9kn'),(4,'transactionId','16372561867939207'),(5,'RelatedSecurityKey',''),(5,'RelatedTxAuthNo','0'),(5,'RelatedVendorTxCode','1637305618CardSetup'),(5,'RelatedVPSTxId',''),(5,'Token',''),(6,'RelatedSecurityKey','VNUHTFJAOE'),(6,'RelatedTxAuthNo','11952889'),(6,'RelatedVendorTxCode','1637305658CardSetup'),(6,'RelatedVPSTxId','{70243C0F-1458-35A1-3B07-806FCC8F23F7}'),(6,'Token','{11C9F56D-A04E-5B93-EFF6-02832735D776}'),(7,'RelatedSecurityKey','FYDJOXU19H'),(7,'RelatedTxAuthNo','11952914'),(7,'RelatedVendorTxCode','1637305784CardSetup'),(7,'RelatedVPSTxId','{D1ABE9DB-D57A-AF8D-1B30-678A45112674}'),(7,'Token','{B262943F-7607-A76F-8904-755407B0869C}'),(9,'authCode','12345'),(9,'avsAddressResponse','M'),(9,'avsResponseCode','M'),(9,'cvnResponseCode','M'),(9,'orderId','Yjk0OWU0MDctMzNiNDk2ZA'),(9,'responseCode','00'),(9,'responseMessage','[ test system ] AUTHORISED'),(9,'schemeId','1Gz0ZJ4tK4GXMxnd'),(9,'transactionId','16376713422303541'),(10,'authCode','12345'),(10,'avsAddressResponse','M'),(10,'avsResponseCode','M'),(10,'cvnResponseCode','M'),(10,'orderId','ZDQ3ZGQ1NmEtYWUwMDYzNQ'),(10,'responseCode','00'),(10,'responseMessage','[ test system ] AUTHORISED'),(10,'schemeId','AB4kWIqB9H31ARf9'),(10,'transactionId','16376713908289522'),(11,'authCode','12345'),(11,'avsAddressResponse','U'),(11,'avsResponseCode','U'),(11,'cvnResponseCode','U'),(11,'orderId','MzZjZDNjYTMtMzU3MzllZA'),(11,'responseCode','00'),(11,'responseMessage','[ test system ] Authorised'),(11,'schemeId','ttg5lKz3EiPEQA40'),(11,'transactionId','16376715326477554'),(12,'authCode','12345'),(12,'avsAddressResponse','M'),(12,'avsResponseCode','M'),(12,'cvnResponseCode','M'),(12,'orderId','OGQ1YzljYTgtMzM1OTI0NQ'),(12,'responseCode','00'),(12,'responseMessage','[ test system ] AUTHORISED'),(12,'schemeId','uIUzUttpTog1Ml5n'),(12,'transactionId','16376715809132753'),(13,'authCode','12345'),(13,'avsAddressResponse','U'),(13,'avsResponseCode','U'),(13,'cvnResponseCode','U'),(13,'orderId','ZTMzOWMwNzYtMjJhMWE5Ng'),(13,'responseCode','00'),(13,'responseMessage','[ test system ] Authorised'),(13,'schemeId','54kknffSXnq6QEsZ'),(13,'transactionId','16376717501163845'),(14,'paymentId','902458655'),(14,'profileId','902659156'),(14,'shippingId','904793448'),(15,'paymentId','902476275'),(15,'profileId','902677859'),(15,'shippingId','904810358'),(17,'paymentId','902476303'),(17,'profileId','902677884'),(17,'shippingId','904810375'),(18,'ccToken','j8rz336'),(18,'id','554585632'),(19,'customer_key','e2e3edb0-3ff1-4a6e-ab6a-4c4196faf7a3'),(19,'payment_method_id','d18aa0a8-92e8-4659-8ae1-41f05be05b11'),(21,'customer_key','6d4bddd0-8ffc-4a05-9d6f-89c1d1547023'),(21,'payment_method_id','74aee902-f11b-4676-9f2e-fceaa6855317'),(23,'ccToken','mwcshb2'),(23,'id','219982407'),(26,'ccToken','23251741'),(27,'ccToken','g4ypds6'),(27,'id','564782285'),(29,'ccToken','8C409846T47920336'),(30,'ccToken','gzsktxr'),(30,'id','239444740'),(32,'ccToken','bfm8kc6'),(32,'id','594465638'),(34,'ccToken','dxjh4vg'),(34,'id','612946007'),(36,'ccToken','bj3zb8b'),(36,'id','885437142'),(38,'paymentId','903588976'),(38,'profileId','903853828'),(38,'shippingId','905689888'),(41,'paymentId','903589000'),(41,'profileId','903853854'),(41,'shippingId','905689913'),(46,'paymentId','903634408'),(46,'profileId','903892581'),(46,'shippingId','905724312'),(47,'paymentId','903634416'),(47,'profileId','903892590'),(47,'shippingId','905724327'),(50,'paymentId','903634544'),(50,'profileId','903892685'),(50,'shippingId','905724473'),(52,'RelatedSecurityKey','HSRH2NZXZ7'),(52,'RelatedTxAuthNo','13259168'),(52,'RelatedVendorTxCode','1647245031000007-UFO1'),(52,'RelatedVPSTxId','{B6E8FFFD-5A83-5647-DE23-4B8F307F3586}'),(52,'Token','{492D3A36-CDE3-8B5F-4706-3E127B666912}'),(54,'ccToken','gqtw5m2'),(54,'id','503257227'),(58,'ccToken','cfsz6h6'),(58,'id','168735598'),(59,'ccToken','B11PB1F8292A'),(61,'ccToken','B70PB06EC5B9'),(65,'ccToken','B90P0EA5A77B'),(67,'ccToken','B10PB1FE4F66'),(70,'ccToken','B70PB07003F6'),(74,'ccToken','mdsb5m2'),(74,'id','557017560'),(75,'ccToken','hyzw4xr'),(75,'id','237672357'),(76,'ccToken','brzhcw2'),(76,'id','148801918'),(77,'ccToken','fdrw3yb'),(77,'id','852530638'),(352,'ccToken','ccgtsdb'),(352,'id','875268590'),(353,'ccToken','mh25fc6'),(353,'id','548017657'),(354,'ccToken','bdpcbxg'),(354,'id','571042298'),(356,'paymentId','906130275'),(356,'profileId','906414335'),(356,'shippingId','907785053'),(357,'paymentId','906239484'),(357,'profileId','906496945'),(357,'shippingId','907852766'),(358,'paymentId','906239495'),(358,'profileId','906496953'),(358,'shippingId','907852773'),(359,'paymentId','906239512'),(359,'profileId','906496968'),(359,'shippingId','907852783'),(360,'paymentId','906249291'),(360,'profileId','906505772'),(360,'shippingId','907863371'),(361,'paymentId','906359078'),(361,'profileId','906582537'),(361,'shippingId','907924184'),(381,'paymentId','906382397'),(381,'profileId','906605206'),(381,'shippingId','907947115'),(382,'paymentId','906382659'),(382,'profileId','906605445'),(382,'shippingId','907947378'),(383,'paymentId','906410791'),(383,'profileId','906641511'),(383,'shippingId','907975765'),(384,'paymentId','906411116'),(384,'profileId','906641821'),(384,'shippingId','907975979'),(387,'paymentId','906454947'),(387,'profileId','906675663'),(387,'shippingId','908005986'),(388,'paymentId','906454954'),(388,'profileId','906675671'),(388,'shippingId','908005996'),(389,'paymentId','906627960'),(389,'profileId','906863710'),(389,'shippingId','908144220'),(390,'ccToken','82qgks2g'),(390,'id','515909477'),(391,'ccToken','76P648597L982803P'),(393,'ccToken',''),(394,'ccToken',''),(395,'ccToken','80J8990416954614S'),(429,'paymentId','909494970'),(429,'profileId','910042870'),(429,'shippingId','910389390'),(485,'paymentId','909494970'),(485,'profileId','910042870'),(485,'shippingId','910389390'),(486,'paymentId','909609667'),(486,'profileId','910179752'),(486,'shippingId','910488477'),(488,'ccToken','3H1799707U903573V'),(489,'paymentId','910809168'),(489,'profileId','911456222'),(489,'shippingId','911524712'),(491,'paymentId','910809200'),(491,'profileId','911456249'),(491,'shippingId','911524746'),(492,'paymentId','911813324'),(492,'profileId','912479668'),(492,'shippingId','912481384'),(493,'paymentId','911815930'),(493,'profileId','912482301'),(493,'shippingId','912484021'),(494,'paymentId','911820670'),(494,'profileId','912488512'),(494,'shippingId','912489155'),(496,'paymentId','911820670'),(496,'profileId','912488512'),(496,'shippingId','912489155'),(497,'paymentId','911897461'),(497,'profileId','912604777'),(497,'shippingId','912576419'),(541,'ccToken','ezhzhz01'),(541,'id','57607747919'),(543,'ccToken','TestToken'),(546,'paymentId','914797477'),(546,'profileId','915424649'),(546,'shippingId','915363399'),(548,'paymentId','914883329'),(548,'profileId','915500427'),(548,'shippingId','915436701'),(549,'paymentId','914924580'),(549,'profileId','915542555'),(549,'shippingId','915479021'),(550,'vault_id','05b84579cm7874121');

--
