DROP DATABASE IF EXISTS `givi_xp_cloud`;
--
-- Host: localhost    Database: givi_xp_cloud
-- ------------------------------------------------------


--
-- Current Database: `givi_xp_cloud`
--

/*!40000 DROP DATABASE IF EXISTS `givi_xp_cloud`*/;

CREATE DATABASE /*!32312 IF NOT EXISTS*/ `givi_xp_cloud` /*!40100 DEFAULT CHARACTER SET latin1 */ /*!80016 DEFAULT ENCRYPTION='N' */;

USE `givi_xp_cloud`;

--
-- Table structure for table `xpay_antifraud_result_data`
--

CREATE TABLE `xpay_antifraud_result_data` (
  `payment_id` int NOT NULL DEFAULT '0',
  `name` char(64) NOT NULL DEFAULT '',
  `value` text NOT NULL,
  PRIMARY KEY (`payment_id`,`name`),
  CONSTRAINT `subhash` FOREIGN KEY (`payment_id`) REFERENCES `xpay_antifraud_results` (`payment_id`) ON DELETE CASCADE ON UPDATE CASCADE
) ENGINE=InnoDB DEFAULT CHARSET=utf8mb3;

--
-- Dumping data for table `xpay_antifraud_result_data`
--

INSERT INTO `xpay_antifraud_result_data` (`payment_id`, `name`, `value`) VALUES (104,'auto','R'),(104,'errors',''),(104,'geox','RU'),(104,'language','RU'),(104,'network','A'),(104,'rules','702642 Review Network Type\n702650 Distance from Device to Billing > 1000km\n702656 Billing Country not equal to BIN Country (Visa/MC)\n702662 Billing Country not equal to Device Country'),(104,'velocity','0'),(104,'vmax','0'),(104,'warnings',''),(105,'auto','R'),(105,'errors',''),(105,'geox','RU'),(105,'language','RU'),(105,'network','A'),(105,'rules','702642 Review Network Type\n702650 Distance from Device to Billing > 1000km\n702656 Billing Country not equal to BIN Country (Visa/MC)\n702662 Billing Country not equal to Device Country'),(105,'velocity','0'),(105,'vmax','0'),(105,'warnings',''),(106,'auto','R'),(106,'errors',''),(106,'geox','RU'),(106,'language','RU'),(106,'network','A'),(106,'rules','702642 Review Network Type\n702650 Distance from Device to Billing > 1000km\n702656 Billing Country not equal to BIN Country (Visa/MC)\n702662 Billing Country not equal to Device Country'),(106,'velocity','0'),(106,'vmax','0'),(106,'warnings',''),(107,'auto','R'),(107,'errors',''),(107,'geox','RU'),(107,'language','RU'),(107,'network','A'),(107,'rules','702642 Review Network Type\n702650 Distance from Device to Billing > 1000km\n702656 Billing Country not equal to BIN Country (Visa/MC)\n702662 Billing Country not equal to Device Country'),(107,'velocity','0'),(107,'vmax','0'),(107,'warnings',''),(109,'auto','R'),(109,'errors',''),(109,'geox','US'),(109,'language',''),(109,'network','A'),(109,'rules','702642 Review Network Type\n702656 Billing Country not equal to BIN Country (Visa/MC)\n702664 Device Data Collector Missing & Score > 35'),(109,'velocity','0'),(109,'vmax','0'),(109,'warnings',''),(110,'auto','R'),(110,'errors',''),(110,'geox','RU'),(110,'language','RU'),(110,'network','A'),(110,'rules','702630 Score > 50\n702642 Review Network Type\n702650 Distance from Device to Billing > 1000km\n702656 Billing Country not equal to BIN Country (Visa/MC)\n702662 Billing Country not equal to Device Country'),(110,'velocity','0'),(110,'vmax','0'),(110,'warnings',''),(111,'auto','R'),(111,'errors',''),(111,'geox','RU'),(111,'language','RU'),(111,'network','A'),(111,'rules','702630 Score > 50\n702642 Review Network Type\n702650 Distance from Device to Billing > 1000km\n702656 Billing Country not equal to BIN Country (Visa/MC)\n702662 Billing Country not equal to Device Country'),(111,'velocity','0'),(111,'vmax','0'),(111,'warnings',''),(113,'auto','R'),(113,'errors',''),(113,'geox','RU'),(113,'language','RU'),(113,'network','A'),(113,'rules','702630 Score > 50\n702642 Review Network Type\n702650 Distance from Device to Billing > 1000km\n702656 Billing Country not equal to BIN Country (Visa/MC)\n702662 Billing Country not equal to Device Country'),(113,'velocity','0'),(113,'vmax','0'),(113,'warnings',''),(114,'auto','R'),(114,'errors',''),(114,'geox','RU'),(114,'language','RU'),(114,'network','A'),(114,'rules','702630 Score > 50\n702642 Review Network Type\n702650 Distance from Device to Billing > 1000km\n702656 Billing Country not equal to BIN Country (Visa/MC)\n702662 Billing Country not equal to Device Country'),(114,'velocity','0'),(114,'vmax','0'),(114,'warnings',''),(123,'auto','R'),(123,'errors',''),(123,'geox','RU'),(123,'language','RU'),(123,'network','A'),(123,'rules','702642 Review Network Type\n702650 Distance from Device to Billing > 1000km\n702656 Billing Country not equal to BIN Country (Visa/MC)\n702662 Billing Country not equal to Device Country'),(123,'velocity','0'),(123,'vmax','0'),(123,'warnings',''),(124,'auto','R'),(124,'errors',''),(124,'geox','RU'),(124,'language','RU'),(124,'network','A'),(124,'rules','702642 Review Network Type\n702650 Distance from Device to Billing > 1000km\n702656 Billing Country not equal to BIN Country (Visa/MC)\n702662 Billing Country not equal to Device Country'),(124,'velocity','0'),(124,'vmax','0'),(124,'warnings',''),(125,'auto','R'),(125,'errors',''),(125,'geox','RU'),(125,'language','RU'),(125,'network','A'),(125,'rules','702642 Review Network Type\n702650 Distance from Device to Billing > 1000km\n702656 Billing Country not equal to BIN Country (Visa/MC)\n702662 Billing Country not equal to Device Country'),(125,'velocity','0'),(125,'vmax','0'),(125,'warnings',''),(126,'auto','R'),(126,'errors',''),(126,'geox','RU'),(126,'language','RU'),(126,'network','A'),(126,'rules','702642 Review Network Type\n702650 Distance from Device to Billing > 1000km\n702656 Billing Country not equal to BIN Country (Visa/MC)\n702662 Billing Country not equal to Device Country'),(126,'velocity','0'),(126,'vmax','0'),(126,'warnings',''),(127,'auto','R'),(127,'errors',''),(127,'geox','RU'),(127,'language','RU'),(127,'network','A'),(127,'rules','702642 Review Network Type\n702650 Distance from Device to Billing > 1000km\n702656 Billing Country not equal to BIN Country (Visa/MC)\n702662 Billing Country not equal to Device Country'),(127,'velocity','0'),(127,'vmax','0'),(127,'warnings',''),(128,'auto','R'),(128,'errors',''),(128,'geox','RU'),(128,'language','RU'),(128,'network','A'),(128,'rules','702642 Review Network Type\n702650 Distance from Device to Billing > 1000km\n702656 Billing Country not equal to BIN Country (Visa/MC)\n702662 Billing Country not equal to Device Country'),(128,'velocity','0'),(128,'vmax','0'),(128,'warnings',''),(129,'auto','R'),(129,'errors',''),(129,'geox','RU'),(129,'language','RU'),(129,'network','A'),(129,'rules','702642 Review Network Type\n702650 Distance from Device to Billing > 1000km\n702656 Billing Country not equal to BIN Country (Visa/MC)\n702662 Billing Country not equal to Device Country'),(129,'velocity','0'),(129,'vmax','0'),(129,'warnings',''),(130,'auto','R'),(130,'errors',''),(130,'geox','RU'),(130,'language','RU'),(130,'network','A'),(130,'rules','702642 Review Network Type\n702650 Distance from Device to Billing > 1000km\n702652 Bill/Ship State no match; Distance >500km and value >$150\n702656 Billing Country not equal to BIN Country (Visa/MC)\n702662 Billing Country not equal to Device Country'),(130,'velocity','0'),(130,'vmax','0'),(130,'warnings','');

--
-- Table structure for table `xpay_antifraud_results`
--

CREATE TABLE `xpay_antifraud_results` (
  `payment_id` int NOT NULL DEFAULT '0',
  `class` varchar(255) NOT NULL DEFAULT '',
  `review_id` varchar(255) NOT NULL DEFAULT '',
  `status` char(1) NOT NULL DEFAULT 'U',
  `message` varchar(255) NOT NULL DEFAULT '',
  `score` varchar(255) NOT NULL DEFAULT '',
  PRIMARY KEY (`payment_id`),
  CONSTRAINT `xpay_antifraud_result_ibfk_1` FOREIGN KEY (`payment_id`) REFERENCES `xpay_payments` (`payment_id`) ON DELETE CASCADE ON UPDATE CASCADE
) ENGINE=InnoDB DEFAULT CHARSET=utf8mb3;

--
-- Dumping data for table `xpay_antifraud_results`
--

INSERT INTO `xpay_antifraud_results` (`payment_id`, `class`, `review_id`, `status`, `message`, `score`) VALUES (104,'Kount','DDHP001LMQPD','R','','43'),(105,'Kount','DDH709RRJMD1','A','','40'),(106,'Kount','DDH706VMPW5V','D','','44'),(107,'Kount','DDH70X552284','A','','44'),(109,'Kount','DDH7096Z2GK6','A','','38'),(110,'Kount','DDH70J15110D','D','','66'),(111,'Kount','DDH70B031G2T','A','','66'),(113,'Kount','DDH70HLNZQN8','D','','66'),(114,'Kount','DDH70Q8RP7D2','A','','66'),(123,'Kount','DDZ50G5YWBJ9','A','','44'),(124,'Kount','DDZ50C7ZXS9D','R','','44'),(125,'Kount','DDZ500KY786Z','D','','44'),(126,'Kount','DDZ50500Z7PX','A','','44'),(127,'Kount','DDZ5011LV0GR','A','','44'),(128,'Kount','DDZ50WC2B3SZ','R','','44'),(129,'Kount','DDZ50H0M790Y','A','','44'),(130,'Kount','DDZ50GZSHMND','R','','43');

--
-- Table structure for table `xpay_antifraud_settings`
--

CREATE TABLE `xpay_antifraud_settings` (
  `name` char(64) NOT NULL DEFAULT '',
  `value` text NOT NULL,
  PRIMARY KEY (`name`)
) ENGINE=InnoDB DEFAULT CHARSET=utf8mb3;

--
-- Dumping data for table `xpay_antifraud_settings`
--

INSERT INTO `xpay_antifraud_settings` (`name`, `value`) VALUES ('class','NoFraud'),('customer_id','41'),('mode','test'),('nf_token','NF_prod_3f2e94de119fd6a293bdf6ac0d1b7d0b'),('status','N');

--
-- Table structure for table `xpay_apple_pay_domains`
--

CREATE TABLE `xpay_apple_pay_domains` (
  `domain_id` int NOT NULL AUTO_INCREMENT,
  `domain` varchar(255) NOT NULL DEFAULT '',
  `verified` char(1) NOT NULL DEFAULT 'N',
  PRIMARY KEY (`domain_id`),
  UNIQUE KEY `domain` (`domain`)
) ENGINE=InnoDB AUTO_INCREMENT=7 DEFAULT CHARSET=utf8mb3;

--
-- Dumping data for table `xpay_apple_pay_domains`
--

INSERT INTO `xpay_apple_pay_domains` (`domain_id`, `domain`, `verified`) VALUES (1,'giviip.myddns.me','Y'),(3,'yakoff.x-cart.biz','Y'),(4,'santa.x-cart.biz','Y'),(5,'givinext.ddns.net','Y'),(6,'next.x-cart.biz','Y');

--
-- Table structure for table `xpay_backup_codes`
--

CREATE TABLE `xpay_backup_codes` (
  `code_id` int NOT NULL AUTO_INCREMENT,
  `user_id` int NOT NULL DEFAULT '0',
  `code` text NOT NULL,
  PRIMARY KEY (`code_id`),
  KEY `xpay_backup_codes_ibfk_1` (`user_id`),
  CONSTRAINT `xpay_backup_codes_ibfk_1` FOREIGN KEY (`user_id`) REFERENCES `xpay_profiles` (`user_id`) ON DELETE CASCADE ON UPDATE CASCADE
) ENGINE=InnoDB AUTO_INCREMENT=11 DEFAULT CHARSET=utf8mb3;

--
-- Dumping data for table `xpay_backup_codes`
--

INSERT INTO `xpay_backup_codes` (`code_id`, `user_id`, `code`) VALUES (1,1,'CMX00945fffd15e1e03c713d4f9684d4bbcea332ea319694d63f01511b4e35960ca2002d29d8ab7be2cfca63dccb1f91aa2888c83ec1f7370c452e5ef2942c22acacbe00392b2f79644f75938c5ed3d601358be7665e353c1eca9fcedbcc183739d7c20c08d534297598cfcee94b5635984671c69c1137b072c07e7d8539533cbf8f8d97070a4dc4737ca52f92f6feac8d07dd69cbde2824fe8d11458a5298468167a7d2984'),(2,1,'CMX00286454709372d2ef653c37689e735b69e7c37fb566bfc6f2f2350e4cb3ddbc940afd387d1862f480b611e8e893edf6bd001a379e15191b32c19fa35274bf9509665c7e71878818182f2f683df25bd11b3346d0ec4fdd4029d10cfe42f3e10824ebfce8ca7b4e4f5b43a84a5463df7a1c72b6eff35dbddcdd43f37a055aaa16b6bb4ef316654e21b855c63430d106bbdd5b3f34c4e721508973f40b2e57c2eb120b1002'),(3,1,'CMX002864547c7ae96d336454d4b8c46bb28c54253ff72105e1cc81062f03cf7055eb64b13e84ea31e695d8a80138644c41d50167adc47c19216de5550c9de8a4234a3fbae97f015c99be417ca9d1d4aa8c44dddf8cc2d29999274631cd602ac1c31b2e7dd289e6b106b6492fdccadadcb7cb21445708483bbc6b7b4f0a87f9d17303fbaade58cd6cfbf9e09bd924b230a38c393c689e3957bc4430d6adc24630e0e38d2fea'),(4,1,'CMX00451871f322839e1e26aa8b50cca64f3192cbb0095ff10170db5de0f175389109366d6375fadfc781eea9f1001c004070b06ac079c5a8637d4eda66d46d6d79642e8dca2dd7d57b23cf2cda8a5162ebdfd71fe53c9f82dc2267170655002bd67d5416bff98a8abf2a2a20460dc8b01556370c2b5c935b1eee10d028d5ac2cc1e9d69ccc64b61ba49e1ed7b48713240b83a370e60fe86d7d5ac61bf1fd12c3693956d0df'),(5,1,'CMX005b4d23c385502b3e4a5f9b7327300776085e020657b2dc2e235343932e1f57c04e86089a9f3bc4096565683743dc4158b945e86e4a05ead180063c2a2935f6165719d2eca7e3dace2a131e8400fa33921e8d225d32a4d6059fa2176b69e676705d42c689d80818b762c38b905e6ec485a9799cec059612b43bbc86e7e9bd25c218bea2de47f25a6e31aead78187db1915dd6bfac0de9957fd1b2410ced516dfb2800cd'),(6,1,'CMX0065c4c6571cc85da480295b881577bd2b6fecc80da7917d08718025066d3fbdda0effbd6ac55125d54a920b600f6c53e7be081cdfc47a6d43534744d937aad4d83b5e0759abe24266bc1029d9c7dd3c44eca8d9240c8d7d38c24fd9cdac4ca1a691327f7fc05f86f53eae646a3f8e9a4489c8a6d2c09980f0b890633415836f7aa190d190d579746745bb033331ebc8ae621c12460cab879eb28e012dab4b72345724dd'),(7,1,'CMX00945ffff4e3c3d63e23fc1b32d25b0618effe9ab9ce1d51df6c7133c948f6fa8acad0548d8b868e025f8fb48541a4986a20eea6c093ea2236b4ebd93e4ec0bc7fe7578910841478c9a811574eba0cb65bf3c6adc43319371cd836580126f6beccb767e360ef945ccb5345a766efd19ea92898abba44c8adeda1060b9b4703a03f4e6d9709e0d530d171fe014919182d7a608aaec835ee468966b35f3a19776ab419f58d'),(8,1,'CMX00582b318478ae004bc7e3fb7db4591b92d8d44b5541837698c98baf149cf62a07a5cb915ccfd5cce7e7dc16485b98e7c0b8e5e3d75b3bca7879fc71d64aa0df8711317655045daee435d73a208599a00ff6b3acf339199d14e2039aae43fe189a4ff150726575bc1dcbd6b362c8d4e32bd9e447b82c0196878617c217beeff34e075b1c996dad48aaa267155580be5d52a963644cf8e19647ec626be7e62f6de530c8af'),(9,1,'CMX0023b4d0050b5db7f44e18834c80a26c8335c3728c4a06800b3bebae026209c28e242ee0d1dc4b451c865372b7049f5346ce7b3f0ed6109a9bb8944baf95c344de2045e9925cda138189ce0aa441d0ebab9b73b267c0dc260bffaab0adec31fe6bc75c949c450da70e35ecb8553eb0cb2c7a65615fb8312ce598e5e4e4bb9136ebfe895cf8397ad861070ef6c3d72f07d6e9b49cc7015f8c9b95451d49edb2a9053b1e7d'),(10,1,'CMX002bb11fab849a14bc94fb564cd8369cdc43ddf2fd9046812ad3af00f793683ee1cb99bc3a9e000309aa6cc9b99846cef1837681f20482f8e683b0ba651f99bd43d7a8d027e4768f237e57ee8b93f1818b8f1864bd75f40946b51394cfd1c1f7ef73121442e83e34e0ebd752c848731a42f6918270df404a5286021857763a32d0cf6b6c04488dcc963ae77541679312ffbcf4052cf17345f7f64916c1e0072be7b39484');

--
-- Table structure for table `xpay_bulk_operations`
--

CREATE TABLE `xpay_bulk_operations` (
  `batch_id` int NOT NULL AUTO_INCREMENT,
  `public_id` varchar(32) NOT NULL,
  `operation` varchar(20) NOT NULL,
  `status` varchar(20) NOT NULL,
  `total` int NOT NULL DEFAULT '0',
  PRIMARY KEY (`batch_id`)
) ENGINE=InnoDB AUTO_INCREMENT=6 DEFAULT CHARSET=utf8mb3;

--
-- Dumping data for table `xpay_bulk_operations`
--

INSERT INTO `xpay_bulk_operations` (`batch_id`, `public_id`, `operation`, `status`, `total`) VALUES (1,'ljTBSRsejg6v0HsUgrmpItETc20uIowS','capture','finished',20),(2,'hb08wNyvHiZfTdl3sp6OIm850BtChV7d','capture','finished',25),(4,'q9qr44mH1dWzWQ5t3a65KPbWXfqRhKUy','capture','finished',25),(5,'HJfiw7jOimSLD6P7ZsyY1WCttCyPU0gt','capture','finished',20);

--
-- Table structure for table `xpay_cardholder_data_keys`
--

CREATE TABLE `xpay_cardholder_data_keys` (
  `id` int NOT NULL AUTO_INCREMENT,
  `key_id` char(32) NOT NULL,
  `pubkey` text NOT NULL,
  `privkey1` text NOT NULL,
  `privkey_pass` text NOT NULL,
  `owner` char(1) NOT NULL,
  `created` int NOT NULL DEFAULT '0',
  `expire` int NOT NULL DEFAULT '0',
  PRIMARY KEY (`id`),
  UNIQUE KEY `key_id` (`key_id`)
) ENGINE=InnoDB AUTO_INCREMENT=25 DEFAULT CHARSET=utf8mb3;

--
-- Dumping data for table `xpay_cardholder_data_keys`
--

INSERT INTO `xpay_cardholder_data_keys` (`id`, `key_id`, `pubkey`, `privkey1`, `privkey_pass`, `owner`, `created`, `expire`) VALUES (24,'1d08cf002a5179364b067f50e2a34d10','CMX0002db5e23d8edac50d46a170a993f6400627657a1d7d0719f3c923d4fde0a1be0b93a3fee2749d5d9cc420aed95b43dc635c3c3901386a750385d6fc258484c6e02e311ebc818fd4b4df47eaf4996c03548f3785f9b78c8179c6a9d12e1f59e72bfe28dc2d681132676c5b33d6ebf2ed846f4ef4c9cf2b1b453eee2fca9057d6f86c523c19947402ff4c5a5769b96be02c9522cb302567737f7280585aa7b06bdf4cd36218b7615a7899318dba96f803fedd756da8de0933bd64df5c8f6dee47d7017bd522ef90ae93e7ead7cdb7b265cf7e5c65289322e656e584cb1e358326fa9ad038e6fb7b36ed658d2df679008a9ac37d03b58ade41444981b8d311f92d0544caa0cfc9cf0691c211365cf4c9e4805e56eb5f069a0f3f02987b39678c54154e4139ef21a5a356075af49a1e0046e138204904313c9edbdf7b2bb7d6b8a81489a675923d33e06909deaa4b1b11e44e18f864d2c96ad5a027b3185caa93c3a3f80d8d3f7af0503e2ffb417465463e22291ef637593e5f6a3a35ca44d2f4343c8006372b61a6dd86cced33d7e5deab273b5dcc944e2cdc39917f56832005d3950da11fb6a771ec3bd62c87b6e71ccbc59ccf3d11abb337bd15e2c587a92dbfebfabb5fd6cdd2d258990965a7b73cc1282e2188508781a6c295d633acd3960ee1fc7ac7781f47d2b6545cacc01f9f98f579c796575819a1782a0725279927a80d9b1b53a8987ad19f7ec5e7e044824d7452e13cc85b5e7322b9675f91e1582a0666ebbcbbe773a847581bc56721baa30dd5227535cc041371533f0381171fbd473c73c0b8d0043218d3b8851acebdd19b2efc7db109e7f64326e0f8d76d9eb54d18c68d6951a07e8b019253462ab9c5388d8e11a02341d307f0bdbde1d9091c85967047c1c4580e87f67531139c4b9d7f4f9efe32269ccd70fb1f0cf93eff5bf1f4f2eca54f6e51c420327b0796d4112ba00bab7baea5af85c3ca76304a18cb2367be5946c04c431ddf40c3d981d0ab7b548d766c0fc53e0aedc9c5c6b1663a78b16e508204c45c270da910da11cbeb675140694a21ce4c6ec63d06fa7f583ce4f298ed529dbad84fc30bed35a3721154b9b829bf5a0987b1aa873e661f2e0160f87405c5e4b99cfe274b2486d800f2b7c069693810dbed8060ec08da52010c47da64d4e5756cd93b176f68cde9c7dc44c9e8abbc03524c80c062062852895a9dbced188baebfe78b74d0e3f211ad26ce894a9db755a576194f3590d2c5a3bb53dc00289b169bd7ef5edb1912b380a20dfd1c51290a1e36e210e50000f15cbe1c79c5fb0e490d9373eb3873b1a31d9ac1ac77a78c60927a627b103d7abb9213c4f0cdb94b93f60a8205609bb4d108cd91afa110d2509fc8741820970381c8f022d9ee8c929ab660a44ed58bf1a2ff4e03600246de076b627f0707508709de92f8abd82e86f22c4f1bf62f8d274b2250272a32d58e03b049dfb130e0635f02181d5c8fb0c771044e272984bc8d7cb6d503c2477f7fdba3035bb33725903fbf7d471b09153be6af1717bd0656f479617365db1495038f2f874f21971629438e36f22fcd40f725a042a3918b33c9e2e8589b387e26dc10d9747b3efcf167787587905ad58facc0d8995cfebf3d3b0aa041cdf56681a1281e488435b6e52c0e41fd0849eb8fa982030e3702d647eeb8677c56d04923fd6b0d191a7b3a7dd3c2ff3afdaf0505be60196d80162713c82eae4e7c5e7f0e884445667ec3d5cb574848aa419b9acc39e9dc32a4870e633ac2a2cc299a82d3e448ebe1c73b37d18b357a2047c0001fd4f658f6c3cfac10d200038660c937585fff7e010a05dff54191ba16ebc6239e21559f23a196849334567bc394facd57f98514b28cef8af148839c7ffb0e660f2ce4756a4932a734ccf07ab3812e03e6eafa97eebcf54ed0a2f0b5a5aa4cc72b4c00a1858486e735df44d4deb879ba7647bdad1d9d833a78bad3a30d7ea59ffa48f2d0f7e64ea76f0d42f25f62a2bdfdaaeac679a30c231a11e077ff977cbdbcccbdaf6ccf372cd8ce5aee095d35e20f901197193a28fb52f2035e719acdc355e15a866e8a6e3d39a78be4ac1391ac2c7e1138978f6489de88825d87c4b780ede611710f607f30ab1680d514e06dedf0ceac0e336acb64e2707a29c69442b66','CMX0098136853d6687bbf4406a55a13ee54b7c1f0696b7a0a74669f70a06c96125701a0bbf3be61e1dc52dd5f2c2d478a7b5c18b7bacd59006da62d011c3da631aa082ab59d20bed5179d4ac1c1e91a48a0c857fc5296fe13cdb2ceb343a6b23ce43820e1059fe70529bfcdc5521990e9ac70e0851f40994148f3f225d70ab0b036caa7392d589048e36359b8d6129d05b12a530649f41fc17575ddb969f5958fcdb1d3d6aaf7e74e2c7bee09e57ecb4ee233492658b5d25640e3effb133cc92e50930a0b6242448ecd8f234d8dfd28fdfa578b40edd82c1b72848fb714c4856914f5ae8189f8e8e0207276d595d224e1f759c63a48bf32641c5e5d78466a9eb2214c9f871d4ef8bcf0db29a010c783bcf2b8b7b104d508b47381def7bbad47bb390ef9ffe727b52017f9de72c31eaa70e9bb4c6263c9903b20f9e168a754c66fb19b4a69ecea4cffbd466d19d6abf247b56368b08bec7666dc736284ef32e4478a2592f62f53ef89937e3d0a5888da74953ccdf5a6904cd9acaba6198e2abf7e14d66b206d0ee2d50279b221c2917bfb8ff026066400cc09c72234440eb506efb0b439bb43ede4571645d40d6255fcac32c779c75259a51c70e485fef7bbda571292a1a117cfef1a7cf210bf127a0248b58612a126bbfd94a9ea8910868bfda111ea8f201c5d82fc40142cd19d807b4e537537cbb9c148e5781f11a47704408b6ed07bf41a06d4cb3b21fc882226c63c76325b4071852eee9f507dc0424a056cd94c4835af19e8060c49a3b5b05a30f5c7264604daaac5db8d7f8a4e28a7ced4746039a39c186889984715a1ee954fa76e998760ba8380d36cca80e97706c5f226226a0b7218cf8ab5771dd39ceb0a4737c5db268bcb751cea5163b83f7ce33e56c13e2d216f4b015856c8cc85bfad4f0f113d1b776824b8e96a324c41c138d900569dea28a0272f534f4892c9e0dd3c9c10d909edf26b7806cd9019e986e2aa945816ef338a245f814250b9c007c9e0aacff9d1c2d850a33b45aa2eb74931e2636f8888c122e11c5ccc370396b896338fcc532a276bdfdb51f4d387a3999711645081fc559b7ef2b8e2018bc9bc5b38bf60bf856508b12d578499ddf8c2cb216ec452093081b1bfac33c239523b9dca5dcbd51800c65e59de0281face8cef87b048b9f6f28975451702382f750e785f537b5da88938ca428aa94a10c3921219ff7177c3d5d1b66aef0ec41d4265449df05efcd260f5606e141d7e9e42c9da41d90f5a11ac05a7f736d18982f9ac72ad6be16d64369db6b88ee421d44372f108dda19ff9b44d606db324ee83f44f31b778fa38aecee1f1263f702eb99fe2dfa8babc6dab39f398e14f8fe3615f00889eefcb665e879823f6d1656937a7c96721f135a77e3f2fb55804de95e737c9c0ffdee7c2f58c6c315f29e99fb0b9057e04f36da27744ecb84f11d8298d14aca2fd9745b1d7ea8ef73b22420cc41a72aab336e98d6c7b6ae679ca3818c9ec7b2c5dad5994bcdffb9a650e354c16d4a0cbcf097e41044b','CMX003ecd1ca78ee2e7da134a8cd667549df02c48d9fdc05d0922df947ad6edcbe50af83325646ab017fc5c1554064838aaefd58d7c556755461edb9a26d6d5d897ac8159ae21d4df58bfb1ab9da37dcce75a01bc681a51602b052b222fff891aaebb39cff5cbbec5658538bc7181ba12758001691ed6c9f2e3805b64121f5c3dbaa7e4235e647809c63eac3db1caf24262999c353f86bfe5006a02a59b3e166ad96f2e0ed2394b16c11158fb5a0fe2caf552c72328f84b5eedfe5ba4a049f8dbda9fa11a70','A',1721394105,1723986105);

--
-- Table structure for table `xpay_cardholder_data_subkeys`
--

CREATE TABLE `xpay_cardholder_data_subkeys` (
  `key_id` char(32) NOT NULL,
  `privkey2` text NOT NULL,
  PRIMARY KEY (`key_id`),
  CONSTRAINT `subkeys` FOREIGN KEY (`key_id`) REFERENCES `xpay_cardholder_data_keys` (`key_id`) ON DELETE CASCADE ON UPDATE CASCADE
) ENGINE=InnoDB DEFAULT CHARSET=utf8mb3;

--
-- Dumping data for table `xpay_cardholder_data_subkeys`
--

INSERT INTO `xpay_cardholder_data_subkeys` (`key_id`, `privkey2`) VALUES ('1d08cf002a5179364b067f50e2a34d10','CMX00473d216d7f3de84cb8cd74e3bd93bb8b8dcc90af271364aee14f1d683c4c607f72be185dfbfd3c5933660b0323432c8ed5dcfab0ea250930292420b9c196c6bfd5460f70440720075003555d339dedd6999749e8615a5dbf58a388d8de7faad530b3dbd385a53f1c43c82f00113b23f21249fe814820a2faf56cd279fe2b465fb694a7dea407e96bf7adc4c8518d363de665c2a7d6d010f6b6412916de503e48f08ee9c8546ccbd6bdd5902f844a8cbf84372340aaa2cc583c1b3d6fcf92c7b495c0ad50e527ec005630672f774470cffdee489b86b3d7bb604886f02958b2fd4e936febd56acbda351d9efe2178cab53552238d72011ca8f9691946d93c6d8fad7575a6ab10e94daf8acdbf7c05a9d45d83758d44080bb310f2b187d6ee8bd84ce3db7b76ce17219d7b123cbd937267ae1c16e64fd8561f02fcf8fa44255270fe7c14ca16f6b29c599d27b19881e137c9d98db6fadad6f07ea517d099a1e6d8db32c6a68a18fe19e00fa19266ac4099d904a7152fbf7a78a48c17eafc03f0c32716a15d17ef7f8c8fed0c156b60ea6dcc37c5a62871687a35184aa0b5898b48578aa3b732e7915a581ca8183ac02b21cfea44c690beaef25de30bb059dd6214090b015691c8c74b35c62a17eeeb7252a584b41055ffeaf8cc88cc8fb2030afc9ff630db903dc7ed79b5e6a9f46039ec66683437a9adccce76094dd2e398164688464e1af554ac547e71e8af0db5a303d626e401d163dd3a5fba12022ffb177d917ba76034502d9c3be50e6e3336243a06072a8b9cb678b2d3a20d5979e237a5037cb80541795a43ffba56c810865e2bc9133b6638bd47e30d181d333109ad0bf48e62ef183971d858b85060bbbc0d7b16763b65912d6b9ceb48dd8b90d0779dc395ec7cf273dc69aa42c89b8cae7203a3683be7909b32dc2f785623544d2bc52fb397d3bbe04b8de545e6cf5f72d1342e72d12581b0c42bdab90fcbd01d3fd1665170fc4ef72cf770917dc1eaa68618ae0401ad4b7383670ad547a3bc1fe933048027d53345469a538f0fb9b986e8cc72d9276ed294fb0f3614b5dc899080dcf0e5c7f3eeca976245339af09a57d17f3a5406b72bc6f7c7713bb69e28d294c46a207e155b1622d53e18375dfc46896f051153365b7116e4b6d1ed09d56a6b69d5dd3ab5a6c3c6a61ecb6a2692baa077f4a19d9a6b1072e8b28eb5c43990888993283d2c97d3fd8e5865cee386a5869c69bce45aa79c44f7ebf454f7b1e1166519fadb31d887a253302e1d7cd2bd9d2add1be36da0c6ca47028c87173e5bfe73bfd04781ee38f174ed67e5cb3999cff76c3e384088cc65b710a1e3ca5384cf20ad53ef4db61a564003e5341f92269b74144d224491545db841b9decf12bddd66381b40510b49af10321020e323323302cf6b90c9bad27b8658e4787d7659c44ba57609779fd41509b4b8e05cab682fdf6dc475515e9dc569261937c96936df5c1400fec0ca1cd4bf48da8c60bd6b2b7ada01585410cee07848ffa419ecdeafc8255ae5');

--
-- Table structure for table `xpay_cardinal_settings`
--

CREATE TABLE `xpay_cardinal_settings` (
  `name` char(64) NOT NULL DEFAULT '',
  `value` text NOT NULL,
  PRIMARY KEY (`name`)
) ENGINE=InnoDB DEFAULT CHARSET=utf8mb3;

--
-- Dumping data for table `xpay_cardinal_settings`
--

INSERT INTO `xpay_cardinal_settings` (`name`, `value`) VALUES ('api_identifier','5caf35d7c11b9205586aed13'),('api_key','0fc36950-fca4-42c5-a729-47f1b9da31f3'),('merchant_id','xcart3ds2'),('mode','test'),('org_unit_id','5cad327b6fe3d10dfc3af7d0'),('password','12345678'),('processor_id','482'),('status','N'),('transaction_url','https://centineltest.cardinalcommerce.com/maps/txns.asp');

--
-- Table structure for table `xpay_codebook_active_keys`
--

CREATE TABLE `xpay_codebook_active_keys` (
  `key_id` int NOT NULL,
  `created` int NOT NULL DEFAULT '0',
  PRIMARY KEY (`key_id`)
) ENGINE=InnoDB DEFAULT CHARSET=utf8mb3;

--
-- Dumping data for table `xpay_codebook_active_keys`
--

INSERT INTO `xpay_codebook_active_keys` (`key_id`, `created`) VALUES (166598,1637124333),(187230,1637124333),(1006021,1637124333),(1372378,1637124333),(1658462,1637124333),(1709232,1637124333),(2218031,1637124333),(2340048,1637124333),(2647124,1637124333),(2863391,1637124333),(3301589,1637124333),(3917541,1637124333),(4115740,1637124333),(4262443,1637124333),(4408335,1637124333),(4528241,1637124333),(4613846,1637124333),(4668705,1637124333),(5446407,1637124333),(5554361,1637124333),(5778225,1637124333),(5983523,1637124333),(6523808,1637124333),(6669510,1637124333),(6724719,1637124333),(7980079,1637124333),(8316191,1637124333),(8656850,1637124333),(9723903,1637124333),(9966440,1637124333);

--
-- Table structure for table `xpay_config`
--

CREATE TABLE `xpay_config` (
  `name` char(64) NOT NULL,
  `value` text NOT NULL,
  PRIMARY KEY (`name`)
) ENGINE=InnoDB DEFAULT CHARSET=utf8mb3;

--
-- Dumping data for table `xpay_config`
--

INSERT INTO `xpay_config` (`name`, `value`) VALUES ('api_key','xoUs1yTcrZczDIghoPsT5DKT1h7ryKyb'),('ap_merchant_id','7dd365e55681b2ce708f2e30'),('ap_paypal_merchant_id','HSY4FM3XADWC8'),('ask_cardholder_name','N'),('callback_api_version','4.7'),('enable_fraud_prevention','N'),('first_operation','1637124433'),('installation_date','1637124332'),('keys_generated','1637124333'),('last_cron_execution','1697051217'),('notification_days','3'),('public_cache_id','447005'),('rebill_attempts','3'),('rebill_attempt_period','1'),('save_card_checked','N'),('secret_key','QWmMxzHqpPaLa0mqbSKel6K4Z8PXtYt7'),('show_nofraud_ad','Y'),('show_quick_start','Y'),('template','default'),('template_dark','default'),('timezone','-0'),('tokenization_enabled','Y'),('tokenize_card_amount','1'),('tracking_id','7dd365e55681b2ce708f2e30'),('twilio_from',''),('twilio_sid',''),('twilio_token',''),('use_cloudflare_ip','N'),('widget_key','Z0atDVEwVwZCcT2dT4V9S96j5OuOHwP8');

--
-- Table structure for table `xpay_countries`
--

CREATE TABLE `xpay_countries` (
  `code` char(2) NOT NULL DEFAULT '',
  `code_a3` char(3) NOT NULL DEFAULT '',
  `code_n3` int NOT NULL DEFAULT '0',
  `country` varchar(255) NOT NULL DEFAULT '',
  PRIMARY KEY (`code`),
  UNIQUE KEY `code_a3` (`code_a3`)
) ENGINE=InnoDB DEFAULT CHARSET=utf8mb3;

--
-- Dumping data for table `xpay_countries`
--

INSERT INTO `xpay_countries` (`code`, `code_a3`, `code_n3`, `country`) VALUES ('AD','AND',20,'Andorra'),('AE','ARE',784,'United Arab Emirates'),('AF','AFG',4,'Afghanistan'),('AG','ATG',28,'Antigua and Barbuda'),('AI','AIA',660,'Anguilla'),('AL','ALB',8,'Albania'),('AM','ARM',51,'Armenia'),('AN','ANT',530,'Netherlands Antilles'),('AO','AGO',24,'Angola'),('AQ','ATA',10,'Antarctica'),('AR','ARG',32,'Argentina'),('AS','ASM',16,'American Samoa'),('AT','AUT',40,'Austria'),('AU','AUS',36,'Australia'),('AW','ABW',533,'Aruba'),('AX','ALA',248,'Aland Islands'),('AZ','AZE',31,'Azerbaijan'),('BA','BIH',70,'Bosnia and Herzegovina'),('BB','BRB',52,'Barbados'),('BD','BGD',50,'Bangladesh'),('BE','BEL',56,'Belgium'),('BF','BFA',854,'Burkina Faso'),('BG','BGR',100,'Bulgaria'),('BH','BHR',48,'Bahrain'),('BI','BDI',108,'Burundi'),('BJ','BEN',204,'Benin'),('BL','BLM',652,'St. Barthelemy'),('BM','BMU',60,'Bermuda'),('BN','BRN',96,'Brunei Darussalam'),('BO','BOL',68,'Bolivia'),('BR','BRA',76,'Brazil'),('BS','BHS',44,'Bahamas'),('BT','BTN',64,'Bhutan'),('BV','BVT',74,'Bouvet Island'),('BW','BWA',72,'Botswana'),('BY','BLR',112,'Belarus'),('BZ','BLZ',84,'Belize'),('CA','CAN',124,'Canada'),('CC','CCK',166,'Cocos (Keeling) Islands'),('CD','COD',180,'Democratic Republic of the Congo'),('CF','CAF',140,'Central African Republic'),('CG','COG',178,'Congo'),('CH','CHE',756,'Switzerland'),('CI','CIV',384,'Cote D\'ivoire'),('CK','COK',184,'Cook Islands'),('CL','CHL',152,'Chile'),('CM','CMR',120,'Cameroon'),('CN','CHN',156,'China'),('CO','COL',170,'Colombia'),('CR','CRI',188,'Costa Rica'),('CU','CUB',192,'Cuba'),('CV','CPV',132,'Cape Verde'),('CX','CXR',162,'Christmas Island'),('CY','CYP',196,'Cyprus'),('CZ','CZE',203,'Czech Republic'),('DE','DEU',276,'Germany'),('DJ','DJI',262,'Djibouti'),('DK','DNK',208,'Denmark'),('DM','DMA',212,'Dominica'),('DO','DOM',214,'Dominican Republic'),('DZ','DZA',12,'Algeria'),('EC','ECU',218,'Ecuador'),('EE','EST',233,'Estonia'),('EG','EGY',818,'Egypt'),('EH','ESH',732,'Western Sahara'),('ER','ERI',232,'Eritrea'),('ES','ESP',724,'Spain'),('ET','ETH',231,'Ethiopia'),('FI','FIN',246,'Finland'),('FJ','FJI',242,'Fiji'),('FK','FLK',238,'Falkland Islands (Malvinas)'),('FM','FSM',583,'Micronesia'),('FO','FRO',234,'Faroe Islands'),('FR','FRA',250,'France'),('GA','GAB',266,'Gabon'),('GB','GBR',826,'United Kingdom (Great Britain)'),('GD','GRD',308,'Grenada'),('GE','GEO',268,'Georgia'),('GF','GUF',254,'French Guiana'),('GG','GGY',831,'Guernsey'),('GH','GHA',288,'Ghana'),('GI','GIB',292,'Gibraltar'),('GL','GRL',304,'Greenland'),('GM','GMB',270,'Gambia'),('GN','GIN',324,'Guinea'),('GP','GLP',312,'Guadeloupe'),('GQ','GNQ',226,'Equatorial Guinea'),('GR','GRC',300,'Greece'),('GS','SGS',239,'South Georgia and the South Sandwich Islands'),('GT','GTM',320,'Guatemala'),('GU','GUM',316,'Guam'),('GW','GNB',624,'Guinea-Bissau'),('GY','GUY',328,'Guyana'),('HK','HKG',344,'Hong Kong'),('HM','HMD',334,'Heard and McDonald Islands'),('HN','HND',340,'Honduras'),('HR','HRV',191,'Croatia'),('HT','HTI',332,'Haiti'),('HU','HUN',348,'Hungary'),('ID','IDN',360,'Indonesia'),('IE','IRL',372,'Ireland'),('IL','ISR',376,'Israel'),('IM','IMN',833,'Isle of Man'),('IN','IND',356,'India'),('IO','IOT',86,'British Indian Ocean Territory'),('IQ','IRQ',368,'Iraq'),('IR','IRN',364,'Islamic Republic of Iran'),('IS','ISL',352,'Iceland'),('IT','ITA',380,'Italy'),('JE','JEY',832,'Jersey'),('JM','JAM',388,'Jamaica'),('JO','JOR',400,'Jordan'),('JP','JPN',392,'Japan'),('KE','KEN',404,'Kenya'),('KG','KGZ',417,'Kyrgyzstan'),('KH','KHM',116,'Cambodia'),('KI','KIR',296,'Kiribati'),('KM','COM',174,'Comoros'),('KN','KNA',659,'St. Kitts and Nevis'),('KP','PRK',408,'Korea'),('KR','KOR',410,'Korea, Republic of'),('KW','KWT',414,'Kuwait'),('KY','CYM',136,'Cayman Islands'),('KZ','KAZ',398,'Kazakhstan'),('LA','LAO',418,'Laos'),('LB','LBN',422,'Lebanon'),('LC','LCA',662,'St. Lucia'),('LI','LIE',438,'Liechtenstein'),('LK','LKA',144,'Sri Lanka'),('LR','LBR',430,'Liberia'),('LS','LSO',426,'Lesotho'),('LT','LTU',440,'Lithuania'),('LU','LUX',442,'Luxembourg'),('LV','LVA',428,'Latvia'),('LY','LBY',434,'Libyan Arab Jamahiriya'),('MA','MAR',504,'Morocco'),('MC','MCO',492,'Monaco'),('MD','MDA',498,'Moldova, Republic of'),('ME','MNE',499,'Montenegro'),('MF','MAF',663,'St. Martin'),('MG','MDG',450,'Madagascar'),('MH','MHL',584,'Marshall Islands'),('MK','MKD',807,'Macedonia'),('ML','MLI',466,'Mali'),('MM','MMR',104,'Myanmar'),('MN','MNG',496,'Mongolia'),('MO','MAC',446,'Macau'),('MP','MNP',580,'Northern Mariana Islands'),('MQ','MTQ',474,'Martinique'),('MR','MRT',478,'Mauritania'),('MS','MSR',500,'Montserrat'),('MT','MLT',470,'Malta'),('MU','MUS',480,'Mauritius'),('MV','MDV',462,'Maldives'),('MW','MWI',454,'Malawi'),('MX','MEX',484,'Mexico'),('MY','MYS',458,'Malaysia'),('MZ','MOZ',508,'Mozambique'),('NA','NAM',516,'Namibia'),('NC','NCL',540,'New Caledonia'),('NE','NER',562,'Niger'),('NF','NFK',574,'Norfolk Island'),('NG','NGA',566,'Nigeria'),('NI','NIC',558,'Nicaragua'),('NL','NLD',528,'Netherlands'),('NO','NOR',578,'Norway'),('NP','NPL',524,'Nepal'),('NR','NRU',520,'Nauru'),('NU','NIU',570,'Niue'),('NZ','NZL',554,'New Zealand'),('OM','OMN',512,'Oman'),('PA','PAN',591,'Panama'),('PE','PER',604,'Peru'),('PF','PYF',258,'French Polynesia'),('PG','PNG',598,'Papua New Guinea'),('PH','PHL',608,'Philippines'),('PK','PAK',586,'Pakistan'),('PL','POL',616,'Poland'),('PM','SPM',666,'St. Pierre and Miquelon'),('PN','PCN',612,'Pitcairn'),('PR','PRI',630,'Puerto Rico'),('PS','PSE',275,'Palestinian Territory'),('PT','PRT',620,'Portugal'),('PW','PLW',585,'Palau'),('PY','PRY',600,'Paraguay'),('QA','QAT',634,'Qatar'),('RE','REU',638,'Reunion'),('RO','ROU',642,'Romania'),('RS','SRB',688,'Serbia'),('RU','RUS',643,'Russian Federation'),('RW','RWA',646,'Rwanda'),('SA','SAU',682,'Saudi Arabia'),('SB','SLB',90,'Solomon Islands'),('SC','SYC',690,'Seychelles'),('SD','SDN',736,'Sudan'),('SE','SWE',752,'Sweden'),('SG','SGP',702,'Singapore'),('SH','SHN',654,'St. Helena'),('SI','SVN',705,'Slovenia'),('SJ','SJM',744,'Svalbard and Jan Mayen Islands'),('SK','SVK',703,'Slovakia'),('SL','SLE',694,'Sierra Leone'),('SM','SMR',674,'San Marino'),('SN','SEN',686,'Senegal'),('SO','SOM',706,'Somalia'),('SR','SUR',740,'Suriname'),('ST','STP',678,'Sao Tome and Principe'),('SV','SLV',222,'El Salvador'),('SY','SYR',760,'Syrian Arab Republic'),('SZ','SWZ',748,'Swaziland'),('TC','TCA',796,'Turks and Caicos Islands'),('TD','TCD',148,'Chad'),('TF','ATF',260,'French Southern Territories'),('TG','TGO',768,'Togo'),('TH','THA',764,'Thailand'),('TJ','TJK',762,'Tajikistan'),('TK','TKL',772,'Tokelau'),('TL','TLS',626,'Timor-Leste'),('TM','TKM',795,'Turkmenistan'),('TN','TUN',788,'Tunisia'),('TO','TON',776,'Tonga'),('TR','TUR',792,'Turkey'),('TT','TTO',780,'Trinidad and Tobago'),('TV','TUV',798,'Tuvalu'),('TW','TWN',158,'Taiwan'),('TZ','TZA',834,'Tanzania, United Republic of'),('UA','UKR',804,'Ukraine'),('UG','UGA',800,'Uganda'),('UM','UMI',581,'United States Minor Outlying Islands'),('US','USA',840,'United States'),('UY','URY',858,'Uruguay'),('UZ','UZB',860,'Uzbekistan'),('VA','VAT',336,'Vatican City State'),('VC','VCT',670,'St. Vincent and the Grenadines'),('VE','VEN',862,'Venezuela'),('VG','VGB',92,'British Virgin Islands'),('VI','VIR',850,'United States Virgin Islands'),('VN','VNM',704,'Vietnam'),('VU','VUT',548,'Vanuatu'),('WF','WLF',876,'Wallis And Futuna Islands'),('WS','WSM',882,'Samoa'),('YE','YEM',887,'Yemen'),('YT','MYT',175,'Mayotte'),('ZA','ZAF',710,'South Africa'),('ZM','ZMB',894,'Zambia'),('ZW','ZWE',716,'Zimbabwe');

--
-- Table structure for table `xpay_currencies`
--

CREATE TABLE `xpay_currencies` (
  `code` char(3) NOT NULL DEFAULT '',
  `id` int NOT NULL DEFAULT '0',
  `name` varchar(128) NOT NULL DEFAULT '',
  `symbol` varchar(8) NOT NULL DEFAULT '',
  `mantissa` int NOT NULL DEFAULT '2',
  PRIMARY KEY (`code`),
  UNIQUE KEY `id` (`id`)
) ENGINE=InnoDB DEFAULT CHARSET=utf8mb3;

--
-- Dumping data for table `xpay_currencies`
--

INSERT INTO `xpay_currencies` (`code`, `id`, `name`, `symbol`, `mantissa`) VALUES ('ADP',20,'Andorran Pesseta','',2),('AED',784,'UAE Dirtham','',2),('AFA',4,'Afghani','',2),('ALL',8,'Lek','',2),('AMD',51,'Armenian Dram','',0),('ANG',532,'Netherlands Antillian Guilder','',2),('AON',24,'Kwanza','',2),('ARS',32,'Argentine Peso','',2),('ATS',40,'Austrian Shilling','',2),('AUD',36,'Australian Dollar','',2),('AWG',533,'Aruban Guilder','',2),('AZM',31,'Azerbaijanian Manat','',2),('BAM',977,'Convertible Marks','',2),('BBD',52,'Barbados Dollar','',2),('BDT',50,'Bangladesh Taka','',2),('BEF',56,'Belgium Franc','',2),('BGN',975,'Bulgarian Lev','',2),('BHD',48,'Bahraini dinar','',3),('BIF',108,'Burundi Franc','',0),('BMD',60,'Bermudian Dollar','',2),('BND',96,'Brunei Dollar','',2),('BOB',68,'Boliviano','',2),('BRL',986,'Brazilian Real','',2),('BSD',44,'Bahamian dollar','',2),('BTN',64,'Ngultrum','',2),('BWP',72,'Botswana Pula','',2),('BYR',974,'Belarussian Rouble','',0),('BZD',84,'Belize Dollar','',2),('CAD',124,'Canadian Dollar','',2),('CDF',976,'Franc Congolais','',2),('CHE',947,'WIR Euro','',2),('CHF',756,'Swiss Franc','',2),('CLP',152,'Chilean Peso','',0),('CNY',156,'Chinese Renminbi Yuan','',1),('COP',170,'Colombian Peso','',0),('CRC',188,'Cost Rican Colon','',2),('CUP',192,'Cuban Peso','',2),('CVE',132,'Cape Verde Escudo','',2),('CYP',196,'Cypprus Pound','',2),('CZK',203,'Czech Koruna','',2),('DEM',276,'Deutsche Mark','',2),('DJF',262,'Djibouti Franc','',0),('DKK',208,'Danish Krone','',2),('DOP',214,'Dominican Peso','',2),('DZD',12,'Algerian Dinar','',2),('EEK',233,'Kroon','',2),('EGP',818,'Egyptian Pound','',2),('ERN',232,'Nakfa','',2),('ETB',230,'Ethiopian Birr','',2),('EUR',978,'EURO','€',2),('FIM',246,'Finnish Markka','',2),('FJD',242,'Fiji Dollar','',2),('FKP',238,'Falkland Islands Pound','',2),('FRF',250,'French Franc','',2),('GBP',826,'Pound Sterling','£',2),('GEL',981,'Lari','',2),('GHC',288,'Ghana Cedi','',2),('GIP',292,'Gilbraltar Pound','',2),('GMD',270,'Dalasi','',2),('GNF',324,'Guinea Franc','',0),('GTQ',320,'Quetzal','',2),('GWP',624,'Guinea-Bissau Peso','',2),('GYD',328,'Guyana Dollar','',2),('HKD',344,'Hong Kong Dollar','',2),('HNL',340,'Lempira','',2),('HRK',191,'Croatian Kuna','',2),('HTG',332,'Gourde','',2),('HUF',348,'Hungary Forint','',2),('IDR',360,'Indonesian Rupiah','',0),('IEP',372,'Irish Punt','',2),('ILS',376,'New Israeli Sheqel','',2),('INR',356,'Indian Ruppe','',2),('IQD',368,'Iraqi Dinar','',0),('IRR',364,'Iranian Rial','',0),('ISK',352,'Iceland Krona','',0),('ITL',380,'Italian Lira','',2),('JMD',388,'Jamaican Dollar','',2),('JOD',400,'Jordanian Dinar','',3),('JPY',392,'Japanese Yen','¥',0),('KES',404,'Kenyan Shilling','',2),('KGS',417,'Son','',2),('KHR',116,'Cambodian riel','',2),('KMF',174,'Comoro Franc','',0),('KPW',408,'North Korean Won','',0),('KRW',410,'South Korean Won','',0),('KWD',414,'Kuwaiti Dinar','',3),('KYD',136,'Cayman Islands Dollar','',2),('KZT',398,'Tenge','',2),('LAK',418,'Kip','',0),('LBP',422,'Lebanese Pound','',0),('LKR',144,'Sri Lanka Rupee','',2),('LRD',430,'Liberian Dollar','',2),('LSL',426,'Loti','',2),('LTL',440,'Lithuanian Litus','',2),('LUF',442,'Luxembourg Franc','',2),('LVL',428,'Latvian Lats','',2),('LYD',434,'Libyan Dinar','',3),('MAD',504,'Moroccan Dirtham','',2),('MDL',498,'Moldovan Leu','',2),('MGF',450,'Malagasy Franc','',2),('MKD',807,'Denar','',2),('MMK',104,'Kyat','',0),('MNT',496,'Tugrik','',2),('MOP',446,'Pataca','',1),('MRO',478,'Ouguiya','',0),('MTL',470,'Maltese Lira','',2),('MUR',480,'Mauritius Rupee','',2),('MVR',462,'Rufiyaa','',2),('MWK',454,'Malawian kwacha','',2),('MXN',484,'Mexican Peso','',2),('MYR',458,'Malaysian Ringgit','',2),('MZM',508,'Mozambique Metical','',2),('NAD',516,'Namibia Dollar','',2),('NGN',566,'Naira','',2),('NIO',558,'Cordoba Oro','',2),('NLG',528,'Dutch Guilder','',2),('NOK',578,'Norwegian Krone','',2),('NPR',524,'Nepalese Rupee','',2),('NZD',554,'New Zealand Dollar','',2),('OMR',512,'Rial Omani','',3),('PAB',590,'Balboa','',2),('PEN',604,'Nuevo Sol','',2),('PGK',598,'Kina','',2),('PHP',608,'Philippine Peso','',2),('PKR',586,'Pakistan Rupee','',2),('PLN',985,'Polish Zloty','',2),('PTE',620,'Portuguese Escudo','',2),('PYG',600,'Guarani','',0),('QAR',634,'Qatari Rial','',2),('RON',946,'Leu','',2),('RSD',941,'Serbian Dinar','',2),('RUB',643,'Russian Ruble','',2),('RWF',646,'Rwanda Franc','',0),('SAR',682,'Saudi Riyal','',2),('SBD',90,'Solomon Islands Dollar','',2),('SCR',690,'Seychelles Rupee','',2),('SDG',938,'Sudanese Pound','',2),('SEK',752,'Swedish Krona','',2),('SGD',702,'Singapore Dollar','',2),('SHP',654,'Saint Helena Pound','',2),('SIT',705,'Tolar','',2),('SKK',703,'Slovak Koruna','',2),('SLL',694,'Leone','',0),('SOS',706,'Somali Shilling','',2),('SRG',740,'Suriname Guilder','',2),('STD',678,'Dobra','',0),('SVC',222,'El Salvador Colon','',2),('SYP',760,'Syrian Pound','',2),('SZL',748,'Lilangeni','',2),('THB',764,'Thailand Baht','',2),('TJS',972,'Somoni','',2),('TMM',795,'Manat','',2),('TND',788,'Tunisian Dinar','',3),('TOP',776,'Pa\'anga','',2),('TPE',626,'Timor Escudo','',2),('TRY',949,'Turkish Lira','',2),('TTD',780,'Trinidad and Tobago Dollar','',2),('TWD',901,'New Taiwan Dollar','',1),('TZS',834,'Tanzanian Shilling','',2),('UAH',980,'Hryvnia','',2),('UGX',800,'Uganda Shilling','',0),('USD',840,'US Dollar','$',2),('UYU',858,'Peso Uruguayo','',2),('UZS',860,'Uzbekistan som','',2),('VEF',937,'Venezuelan bolivar','',2),('VND',704,'Vietnamese Dong','',0),('VUV',548,'Vatu','',0),('WST',882,'Tala','',2),('XAF',950,'CFA Franc BEAC','',0),('XCD',951,'East Caribbean Dollar','',2),('XOF',952,'CFA Franc BCEAO','',0),('XPF',953,'CFP Franc','',0),('YER',886,'Yemeni Rial','',0),('YUM',891,'Yugoslavian Dinar','',2),('ZAR',710,'South Africa Rand','',2),('ZMK',894,'Zambian kwacha','',0),('ZWD',716,'Zimbabwe Dollar','',2);

--
-- Table structure for table `xpay_customer_cards`
--

CREATE TABLE `xpay_customer_cards` (
  `card_id` char(10) CHARACTER SET utf8mb3 COLLATE utf8mb3_bin NOT NULL,
  `customer_id` int NOT NULL DEFAULT '0',
  `payment_id` int NOT NULL DEFAULT '0',
  `is_default` char(1) NOT NULL DEFAULT 'N',
  PRIMARY KEY (`card_id`),
  UNIQUE KEY `customer_payment` (`customer_id`,`payment_id`),
  KEY `customer_id` (`customer_id`),
  CONSTRAINT `xpay_customer_cards_ibfk` FOREIGN KEY (`customer_id`) REFERENCES `xpay_customers` (`customer_id`) ON DELETE CASCADE ON UPDATE CASCADE
) ENGINE=InnoDB DEFAULT CHARSET=utf8mb3;

--
-- Dumping data for table `xpay_customer_cards`
--

INSERT INTO `xpay_customer_cards` (`card_id`, `customer_id`, `payment_id`, `is_default`) VALUES ('1YcZKip5ip',154,773,'N'),('3aFLA9hLZW',1,20,'Y'),('4KuapXfm0p',14,83,'N'),('5TL04t2SIF',220,1114,'N'),('5kgZf9bhNn',11,74,'Y'),('5zfmNBduti',220,1126,'Y'),('6PNwviPtLr',2,29,'N'),('7JbKQXb7Hm',29,114,'N'),('7XEPMrAB6e',181,986,'N'),('7cDn6DvoxI',126,708,'Y'),('7pSMUYuKha',29,112,'N'),('7yBdnFz08R',122,410,'Y'),('8PZ7fLAE04',2,39,'N'),('8o83IkxSPH',29,130,'Y'),('9R2xtT4haU',155,777,'Y'),('9wfYm0PK5I',169,864,'N'),('A3Dvq50J42',143,737,'Y'),('A9fNmGtso1',1,1,'N'),('AjzLuBsoV0',118,397,'N'),('BEZ2xILYvI',123,424,'Y'),('BddVc0BdlC',181,987,'Y'),('CUFAHUh5lG',3,44,'N'),('Ch5TgD1k1z',211,1059,'Y'),('ESxz5MJlYu',219,1098,'Y'),('I0NVSMD1dG',151,768,'N'),('JMKkynz986',216,1082,'N'),('Jh4HuzL0K2',120,403,'Y'),('JjZwjwGEbc',150,767,'N'),('LfB9Zhmr3m',214,1068,'N'),('M34twZ4KYb',1,17,'N'),('MAr9vzvY0h',14,85,'Y'),('MP4qw4YJzC',3,53,'Y'),('Mbbfq4kcfH',220,1118,'N'),('MjBEGaI57V',125,701,'N'),('NY9Ctab6Ik',216,1081,'N'),('ONEUBNnDSD',1,15,'N'),('OUSvpiUGyW',221,1130,'Y'),('PD383LGoEQ',214,1073,'Y'),('PlV4RquNw6',180,981,'Y'),('Qns8z5DNJi',150,769,'Y'),('QvLUmAqGI1',118,394,'N'),('S1vSMA74TV',226,1147,'N'),('T6sMhILxkH',2,38,'N'),('U7wwNuw3rS',2,35,'N'),('UJQlYAKq4Z',203,1030,'N'),('UmndClJkqf',146,742,'Y'),('UnKXnHkLhC',174,968,'Y'),('UuPoNoM4iI',216,1084,'N'),('V9su1vb5uF',1,11,'N'),('Vjtnr4JCxZ',2,41,'Y'),('WBfGxDldDG',216,1085,'Y'),('XafBrnFcE2',2,40,'N'),('YvcW5mgVfh',220,1122,'N'),('ZhPqf5VZ7Q',212,1077,'Y'),('a7S2dxYhaV',169,865,'N'),('bGBgLBcln5',2,36,'N'),('bHCPojqMht',121,423,'Y'),('bHp1VyahG0',202,1027,'Y'),('boZ4pMQzhS',125,702,'Y'),('dFHgoKNoqb',29,126,'N'),('ex8dwXgUPf',3,49,'N'),('fLuBJvMNoN',181,985,'N'),('gXo1469zWk',29,128,'N'),('gjblADDVfk',199,1019,'Y'),('grup5um8To',174,967,'N'),('hAMl8xQFMB',226,1157,'Y'),('hInaLPXfCG',29,127,'N'),('hq9HmV1Mwa',212,1075,'N'),('hs7QXNSEnO',172,905,'Y'),('ildHmHOCGY',29,115,'N'),('jniISyWrQ6',154,774,'Y'),('kCls7MDXSL',217,1088,'Y'),('mJZty0wMEa',118,377,'Y'),('mgPqJv2mf8',29,111,'N'),('muwASsUg9A',198,1018,'Y'),('n8nePPxnjN',8,65,'Y'),('o3dUHktUXz',203,1032,'Y'),('pHwpZ2xldo',148,763,'N'),('pM64mdRqtM',15,87,'Y'),('pu6iQe7e0q',214,1069,'N'),('qQ2kbFBfsw',2,34,'N'),('qhsJXGlecY',145,739,'Y'),('rvxHGP3FLN',1,2,'N'),('sIq6nzuC4a',142,736,'Y'),('sQAjhuoS4E',29,117,'N'),('ulxI7m0Ecz',2,28,'N'),('v4OOtcmjzs',214,1071,'N'),('wTtuPtn6dk',144,738,'Y'),('wdyGR15Som',29,116,'N'),('xUJMbr1gb6',197,1017,'Y'),('xWQX70sYV7',29,129,'N'),('xw7fN33nPd',151,770,'Y'),('zCwHC6lKV7',16,90,'Y'),('zu5CNpMWnf',147,743,'Y');

--
-- Table structure for table `xpay_customers`
--

CREATE TABLE `xpay_customers` (
  `customer_id` int NOT NULL AUTO_INCREMENT,
  `public_id` char(32) CHARACTER SET utf8mb3 COLLATE utf8mb3_bin NOT NULL DEFAULT '',
  `login` varchar(255) NOT NULL DEFAULT '',
  PRIMARY KEY (`customer_id`),
  UNIQUE KEY `public_id` (`public_id`)
) ENGINE=InnoDB AUTO_INCREMENT=238 DEFAULT CHARSET=utf8mb3;

--
-- Dumping data for table `xpay_customers`
--

INSERT INTO `xpay_customers` (`customer_id`, `public_id`, `login`) VALUES (1,'I75SyvnycPQpOs7b7p9lcO3ZnbzewCRX','admin@example.com (User ID #7)'),(2,'RVcW1V2VrCoU90j5LERXGp6I8v5ZjJe0','admin@example.com (User ID #7)'),(3,'G1ZcQeKvnhw2DkQck9ACoQg4j0rIXxBG','admin@example.com (User ID #7)'),(4,'36yqcTfF1iKDMLD0Nmt2phzciZ5eYPn3','Givi@x-cart.com (User ID #9)'),(5,'Fd1Z9nKsXilvHGpBZtFOirAeTRvPerQq','test@example.com (User ID #11)'),(6,'FPxZoRN4fp3pwZQs3ZUugj4KqFwuSjao','test@example.com (User ID #13)'),(7,'7HyhywqfpHwanpYAwuQcSGXBQtp5O128','Testst@example.com (User ID #14)'),(8,'XfEdE4vsS8ciZetYR1f3VFnKg3rRbagE','admin@example.com (User ID #7)'),(9,'I0MrUTYrzY5NF5hSmY3L7vhvri4wtsuO','admin@example.com (User ID #7)'),(10,'5GuGjXYSnmMSR2CxP5CLDwSsA5mEgug7','givi+3@x-cart.com (User ID #8)'),(11,'Feoe1gtqoKSrvaQsiTSL6O58Yo3QmUuo','admin@example.com (User ID #7)'),(12,'MlX1a5Vbr1gjiOTV49t1vfeWdct52zJb','admin@example.com (User ID #7)'),(13,'PFncIqznN7cu1R4pwsrpJKFETwcEPhsV','admin@example.com (User ID #7)'),(14,'I7gDsnJN2y6xLTNf2FEI66yqeuX6K0FX','admin@example.com (User ID #7)'),(15,'kvwBkFnbtsLlLNRKlvuQRDCcvTDleUM9','admin@example.com (User ID #7)'),(16,'7HxBomKL6xzKQukfO4RlkRrBFjIubk9i','admin@example.com (User ID #7)'),(17,'ROo7RGKn9YLhBh3YBzQu64zIfAPgfjHt','admin@example.com (User ID #7)'),(18,'oIK4GXKORfMxG79vJYEgY8e62USn1xn9','ipgivi@gmail.com (User ID #8)'),(19,'l0kuDDvY7cseyJ84MoOhEtQJDY3Dv9OQ','admin@example.com (User ID #7)'),(20,'JSalVNb03pSVeROxQdGijL6TXM7Mp3oC','test@example.com (User ID #8)'),(21,'pa6RBTRxVgNcP4qkfTOWxIKUtMcPmFx6','test@example.com (User ID #13)'),(22,'h2G2jj4SGotl5A7OnxLPuS1Ed1WG0bgp','givi@x-cart.com (User ID #15)'),(23,'SzAN7G2Z4j2lISM20SLaQYuak4hHBXM2','admin@example.com (User ID #7)'),(24,'q7dJv6bbk1Sf5ZayIjWtkKJnievsjbZd','admin@example.com (User ID #7)'),(25,'lGWXCSjCXhCl4wqtPoaGHbANw5nSxLRD','givi+1@x-cart.com (User ID #8)'),(26,'5kL8UeNEn23rIFaNSDrQ0ZBcpnVedxUs','givi+1@x-cart.com (User ID #10)'),(27,'mB6kTifL9KPCLQUblOv34AjKLfACsiJ3','givi+1@x-cart.com (User ID #11)'),(28,'QyKNXr5VI30EdeyQbTO0fPNxOrVjxf5n','admin@example.com (User ID #7)'),(29,'tFUZMbsHnDSgeYDaYk6Dw3bHhh7x0Ws7','givi+2@x-cart.com (User ID #16)'),(30,'sRjT5s3JqyGDQwsk3VxZLnnm88neEp0W','givi+1@x-cart.com (User ID #22)'),(31,'54fLWY5y7RAlezyxOvCA7MpcCW4h0Mls','givi+1@x-cart.com (User ID #23)'),(32,'hubuVLBdriSXT065juPbyvILjzMy2mRM','customer@example.com'),(33,'l70Ez4ajR2jTUZY6EKLsijLOQ0Zplepd','customer@example.com'),(34,'nSxEO8PRk9edxSd3xT2mLaZVzKSLmBpt','customer@example.com'),(35,'1F5L87QCeFrUb8E4LRBZyT02BiWJ2C2L','customer@example.com'),(36,'ESDYmbBRTrmeFByndZh2QzZaRRYvXKvi','customer@example.com'),(37,'WihAW86vg5dLBUzSIhuCRvkdwMVMFRtS','customer@example.com'),(38,'iQ7X1UKwiwyyQvbiEx7IXf7kMn4RN2Rp','customer@example.com'),(39,'7bA8fbGb5LBEgtPKkS53TzSTVITnehID','customer@example.com'),(40,'PwaJMro6YhIIUt0calKx0mlz5PXU4GLD','customer@example.com'),(41,'U7jcSz0l3jQX13cMxqJi9SDjqsU5nOlp','customer@example.com'),(42,'ylysOB4sTLqr288rdohpxq0iSWbjKeC4','customer@example.com'),(43,'wjtTTkIKXsVvo3xPkejJcMevLBfxLs5H','customer@example.com'),(44,'CG24zVelR6OV2kTXKW3u3yLI17REkVzw','customer@example.com'),(45,'sTdOpuin5A5zKwuetpJ5Y59yhy6EB8AE','customer@example.com'),(46,'BdUDk5qjWnvdLTn6MWzC6dV8chaHlGyC','customer@example.com'),(47,'eb61CJmLzluMTsF4ixxZGXVJU38SOYvq','customer@example.com'),(48,'MdQL60kuYrKkyXLzKkbPkqkJDRWX2yd2','customer@example.com'),(49,'c1PHsPe5Za7qnQb164ttvYcaztwgYYLv','customer@example.com'),(50,'FIvecxTAAYCDfHLvXFGShUqjbYczII7V','customer@example.com'),(51,'EoxnoXbuQtrlifSSO1TESVeoNUWbtVkK','customer@example.com'),(52,'qzCx7O7jRSIMAJJbvR30XPPPQi0DaDTJ','customer@example.com'),(53,'imIx2fZ1U914U0D8j7tsC9otGYV9nWdz','customer@example.com'),(54,'rOwXyh8c2Yk9ZecbufrW1LCCVTj7wkEl','customer@example.com'),(55,'2rq8RgCawrXPMsNIUitghccsGEc2NeWq','customer@example.com'),(56,'k6Z14JCQV7JRyw1qZeaCUHcAUjOXlyX3','customer@example.com'),(57,'hi8LUbMKcoVL8k7RQyI2DieuQ8vGzenx','customer@example.com'),(58,'2Wuj0MgKNwXoQRWuh87J1ZaPMO0siyuL','customer@example.com'),(59,'8dHPZDZRtcsjDPSIVOx5uyoSv24vTaJ0','customer@example.com'),(60,'whkKwz8zR8D7vmFt7yLcx3AlbDXvSaK8','customer@example.com'),(61,'cMV7xMzhxugBeo56Vk51A78fFLH3WIOL','customer@example.com'),(62,'kcrf0LVfVQEwSY7gTqTcMjnfUElygfZD','customer@example.com'),(63,'t77MqhIyD17QnAca64zyWrElpgmhFYAg','customer@example.com'),(64,'S7bpWBnT7gGIrxoWGrpisUVmRtpjgKgC','customer@example.com'),(65,'zilmhxsm6owTsFeDz1IJbbARQjllfW2a','customer@example.com'),(66,'Y6LIZD76pi61MSDVLCvsDspAMOeAagSY','customer@example.com'),(67,'rIYD1QpTtLbWCGVgbZ9vKZoj3CAuSmBk','customer@example.com'),(68,'892Mk4K0PgzmIlxPX5swiq9b2BYr3XYA','customer@example.com'),(69,'tVi2L8m4x8TyMn8ZMWxOkVy1e3rsh6pB','customer@example.com'),(70,'d8elLuPlGoV9AurlNXGVTrW8hMUIbH5c','customer@example.com'),(71,'M73NaHMb7Jevuobnn3zpEJwAOSSqCEXV','customer@example.com'),(72,'K311JAG20DWQdxa7DqbLrogQpbcG3pqB','customer@example.com'),(73,'7hzGKLK6HKDruWqG9tD1SNmab1W4vG8e','customer@example.com'),(74,'RvkGpm8xcNKDsRLaE7tJH79VQfsJ6leO','customer@example.com'),(75,'AMsLK3rsNbwenXwmCnrOWzYfBoCFR7MQ','customer@example.com'),(76,'5gzTVf04gJEk8KNVmZ9C5q9tZWmeLeJr','customer@example.com'),(77,'7GiRyZF3uFhIagdC32ZCcAUNYWgQ4Gy1','customer@example.com'),(78,'YpBEys6GsHN6YYVp1fezsioQyCWhMlRF','customer@example.com'),(79,'aCEevih27N8lz2NVY7woSoWL6fkXmmEN','customer@example.com'),(80,'yXx8OgHBytg06MXEIrgYYh6mBYu78NOr','customer@example.com'),(81,'HDf9MqHJwYlNroGj4JWk58l8M2ehDH7s','customer@example.com'),(82,'YGsUYfhIVoxv0HeIXWFrprdHR1EB15if','customer@example.com'),(83,'FGL3NG4K6kOvI3IhbeiIQ1AL2eV1yXiN','customer@example.com'),(84,'yCjHO853N6mqox7lVRekzMWfQnhy3kEZ','customer@example.com'),(85,'XUQn0GlJfk06wgnkbxUan8Qyu72djSWT','customer@example.com'),(86,'yXe4koXIBZjxXYIQT0f0ERTJ2bZF3xRB','customer@example.com'),(87,'gSj7MOxlYGcWdW8oEOS6e3vV8f7CyGpu','customer@example.com'),(88,'8nUxD61qU0KL4qfMaMdgwtPZcXuyoyVv','customer@example.com'),(89,'Sayjj1olVVjZW8XxDWECGIM7PvotFLvf','customer@example.com'),(90,'MmnjGx0FdTUqWSuRetKncuC4DRZJ01gi','customer@example.com'),(91,'jAZgnFXqwIkTyZ7qBZCTC1WWT8AAIttI','customer@example.com'),(92,'6YbXCLll14v49jLbNZCwIBH8M5LxEM6w','customer@example.com'),(93,'twwLwkLo6x8p2A8LmvR93am69GxYpgrv','admin@example.com (User ID #7)'),(94,'k3c3VPokN9cLXcnzTNhZkTrBfEqziwOa','joss@x-payments.com (User ID #12)'),(95,'ytQNP2lVlaF6wTjH38LaBwCyHw5PwICn','admin@example.com (User ID #8)'),(96,'M2mqHYYmxBLoT3UunqwfaXIqRlOXaSoa','admin@example.com (User ID #7)'),(97,'cXZYboOYv9EmfiENezLFMXIsi6KBKwfk','test@example.com (User ID #19)'),(98,'SpJzRwvq4WEhZoJBTbL2eem4PkBScjQO','admin@example.com (User ID #7)'),(99,'giE9JssR02d55W7za73fHHeBadMXfYJE','test@test.com (User ID #9)'),(100,'UA8XkmXxoyNcJwM2e7P2XnOvUDixLAUd','test@test.com (User ID #11)'),(101,'RrE4lgHcfKgZvNl3Ki8rxz1RzhHPxPoe','test@example.com (User ID #12)'),(102,'e5JcNIOJetpvX4PhlfbBwF8oN716QLX5','yakoff@x-cart.com (User ID #14)'),(103,'JleYFmVQgZ7DDBKv3dniir9joMyziVxS','test@example.com (User ID #14)'),(104,'0ObrBZwdsS2eZVZ3fRvUq6Ml9sTyvy9Z','Test@test.com (User ID #13)'),(105,'yh3DWVqj9D0w1KerqfIA4TZ0qfziuM1X','test_user@x-cart.com (User ID #15)'),(106,'7ZtRyNrE2tPNWigDHrShdpTkr6b54fq6','test@example.com (User ID #8)'),(107,'e0XHCfUzzie9TYP5UkAFvIBgeosG8uDn','Givi@x-cart.com (User ID #11)'),(108,'EqpjX8ekEf1vRBIvVYvsGCGropyz7ycW','yakoff@x-cart.com (User ID #108756)'),(109,'rZXwgG6qahuzsHgaR8ums8jplK1EjsHN','yakoff@x-cart.com (User ID #108758)'),(110,'Ktfr8XKTB1oQezj3YeAoaUmgrBN9YYQF','yakoff@x-cart.com (User ID #108759)'),(111,'zaHCoTLKrJ8Y1eWS2Tcd9Z3GuOtDbdCN','yakoff@x-cart.com (User ID #108760)'),(112,'H0uT3V4zEKEYSdFi3IIzYwT5ky4ONVJm','yakoff@x-cart.com (User ID #108761)'),(113,'GvOSnDHdUVNzheabrfMeuu2mou8EsbV8','admin@example.com (User ID #7)'),(114,'kJ4DSeeU2OjDe6esRP3h2qpqMHOxGaRC','yakoff@x-cart.com (User ID #36)'),(115,'s4i8QZtCRsccwzfWCnho0ATrbjk2djF8','Givi@x-cart.com (User ID #40)'),(116,'zzsBzrewIJv0Nxdkc8PuCOmaOEx6hVf6','yakoff@x-cart.com (User ID #108762)'),(117,'Upu89kRhO6WToKeonXH49T12vzJUZ5kD','admin@example.com (User ID #7)'),(118,'HRINKtejLzigBhRKnKZaVk3GMsZ3QmIF','admin@example.com (User ID #7)'),(119,'2egapTlznb9ESIlf25YO52VGt0pp2bZq','i.dohtur@gmail.com (User ID #9)'),(120,'bxqckuPgkwzR4Uc1P3nsoGi4EOn6kNnK','admin@example.com (User ID #7)'),(121,'Ew2mLoKMaWliF32LOUmkmMdRbZo4Q0hI','admin@example.com (User ID #7)'),(122,'ngewVQ2UBPy0U2UwriED2nT3N9wqFrsM','i.dohtur@gmail.com (User ID #14)'),(123,'X5zWydWlRDaJ0eVjBAfJwEkmS5sba7FZ','admin@example.com (User ID #7)'),(124,'1G7jjnfPRlp3yHPwJRsDDyU4ja4wS6Sc','test@example.com (User ID #8)'),(125,'XauhhC2h5b0NWQeoayRJjR54KJ1Kv9K6','admin@example.com (User ID #7)'),(126,'CDrEHOuSDbfuNk6g2OBKZ622T1RXBTqX','admin@example.com (User ID #7)'),(127,'uAQ8y7A8R9f6UcXEMiOfbJ4X8dk7wSjx','admin@example.com (User ID #7)'),(128,'lOD2zBgeWazbnVvMumjbSPOuWlTxCtrn','yakoff@x-cart.com (User ID #8)'),(129,'QQbH9FYmNcT7B19va0TejXMKJSdTsOqN','yakoff@x-cart.com (User ID #7)'),(130,'h7sLvjBD2jy2Wkgol2tOXZ6sbe38EW7N','yakoff@x-cart.com (User ID #8)'),(131,'HjND9FpJwGIlrAhsAYxTPASErbVCu5H9','yakoff@x-cart.com (User ID #8)'),(132,'eORaNClwQuLDkYfkoFaxyg4zCfZjGDYd','yakoff@x-cart.com (User ID #8)'),(133,'lTzmVkozvzN4yJ4ihZ6DiYiQzfFH9M43','yakoff@x-cart.com (User ID #8)'),(134,'j6DEJf9ywNsjXFcNLCi271PAcjiGTZ57','yakoff@x-cart.com (User ID #8)'),(135,'7x1n65osxxNUK19nG6BDU8S16TiUkmAg','yakoff@x-cart.com (User ID #8)'),(136,'a8raSbCeaV53OgupGfI4obWn5wBdb9iB','yakoff@x-cart.com (User ID #8)'),(137,'0796CoZpeN1ejeCwAKE5R9hrSehXxCe9','yakoff@x-cart.com (User ID #8)'),(138,'vvAMglt18vSq52jam68U7a2Ymjfu7NVh','yakoff@x-cart.com (User ID #8)'),(139,'Q95RQYeKcOpH9LK8gAerZvgDL56Ei1QX','yakoff@x-cart.com (User ID #8)'),(140,'e3QXm5lqQ0Pmx1SwNY8NMAsP6e4zjhpG','yakoff@x-cart.com (User ID #8)'),(141,'ZJ97v3LBjjFTWGia70rhpmKTn3wfoJnZ','yakoff@x-cart.com (User ID #8)'),(142,'YDE9KcRHAB1JuoHuqx7K9HBxfOPkYPHf','admin@example.com (User ID #7)'),(143,'neirUZneBneoKY61JeZ8wxyEyllzZUDX','admin@example.com (User ID #7)'),(144,'RP3lGIzYtp4qDO4ZclVYPjmrxPbWqcZE','admin@example.com (User ID #7)'),(145,'dQDAmAjqANUdpKUBDnaICmFVsYLe5WX3','admin@example.com (User ID #7)'),(146,'CGsJbmXQvvfL7UKIsbBSS0ZMhSPYSgyb','admin@example.com (User ID #7)'),(147,'BlxndI2UtJJ4qTFhAIpXZlRhDBO5xe3i','givi+1@x-cart.com (User ID #7)'),(148,'quUhij8bO25J5dL2NePUE12boobkIz5P','admin@example.com (User ID #7)'),(149,'Zs59WWz8nAl6mkpZ9xo2tDpzyxfVlsWX','Givi@x-cart.com (User ID #11)'),(150,'lijbJld4OvW5nfNI9IufhXOGlK2DTxKN','admin@example.com (User ID #7)'),(151,'ayVocm8zUhCy2HB4oSj9zt8X7FbgbiUp','joss@x-payments.com (User ID #12)'),(152,'yQLk295q3ZFfhuTsEc0mC4nO83cmJXFY','Givi@x-cart.com (User ID #9)'),(153,'AfovJGbu0npboYVXXwXsPzV6PKvdeAJr','test@example.com (User ID #9)'),(154,'IHRbYtq5b0DgtK8pyLPYBT6htOep7zuN','admin@example.com (User ID #7)'),(155,'urKiZvE1g2phK3lz1uSI3b3MohZqffiH','admin@example.com (User ID #7)'),(156,'T16gLwlSAZeoWqM4gj9MmQWRQ9pfCQ6a','Givi@x-cart.com (User ID #9)'),(157,'O6uRBC7TAQkN3mIQU7MIjLH9NT87LlmR','admin@example.com (User ID #7)'),(158,'O5wd6Vn21AdKvktL6cgtzHlFbPrz02xP','admin@example.com (User ID #7)'),(159,'FZHYIhGfCsIUwnmUB9YXD2Eh93hfJgCw','admin@example.com (User ID #7)'),(160,'gooKuqKDT2FiEvjA8UBgSxDUn4CPsBai','admin@example.com (User ID #7)'),(161,'LoVsandFay57QCnO1HvGWcQPpsG47EEI','admin@example.com (User ID #7)'),(162,'nA3e5KTOUVBzFjmohBsd25V0tpJQGjW9','admin@example.com (User ID #7)'),(163,'W5L8cnwMk6CwyIZ2RmhTEmGJYdmgQYOI','admin@example.com (User ID #7)'),(164,'kSaljmdAyUfW9DRKmEJMbeGXDqIyUGXh','admin@example.com (User ID #7)'),(165,'TnHuqMVm6eGqAIF2UdJlNtzC5CS2haWW','admin@example.com (User ID #7)'),(166,'9EYO97ZYThI9z2pDxILmr2FR8CN9lR0h','admin@example.com (User ID #7)'),(167,'3ja0CZAvSp8R0VjIyFB2xVZTf8s12WWm','admin@example.com (User ID #7)'),(168,'oJ4nE5Es4yzuvyEllqDytGKZrdTLY7Xb','admin@example.com (User ID #7)'),(169,'B2n99FOXk7Kbrli0cn6xicM46GbGixKQ','admin@example.com (User ID #7)'),(170,'hmTlxzJEZ28TdATSZ128yiT28weI4FUN','admin@example.com (User ID #7)'),(171,'prpCNBEokQapFdTqxRfShzhye7uoEvEA','admin@example.com (User ID #7)'),(172,'CftQI6yXZwHx0Cp2ltTJ9kVMYqKXFLre','admin@example.com (User ID #7)'),(173,'7M5drqxpUtd2El3ydGRKKnXIlZUOK3JE','admin@example.com (User ID #7)'),(174,'C1R8HUFThzLIQXYejHQfn4mZ7kBtHeOK','admin@example.com (User ID #7)'),(175,'HL1b0Yb8aiVgiLozpmySUVRhIZq3juv1','admin@example.com (User ID #7)'),(176,'bojtYbRXBjJAJkI9uDlb1CQDceb5JePv','admin@example.com (User ID #7)'),(177,'lsU1FkeX9Z0TP2Gei6ZZIAyrF6ulx4kL','test@example.com (User ID #8)'),(178,'3wc7Qye4WocUwRHg06zPdI7dATB5mEWt','test@example.com (User ID #8)'),(179,'qdVy8QcvB6o3WXpyd5xnSls6WZlBKbw6','Givi@x-cart.com (User ID #9)'),(180,'a7Z4g9BHdVFV4G1DeOlrRdMcPw3u1Zrd','admin@example.com (User ID #7)'),(181,'OCKQIlTemp2M2kJFatzEUrdSeLDhsBOe','admin@example.com (User ID #7)'),(182,'5yCd0uMfgLdwpxrcxh6wShehG9AVv8Zw','test@example.com (User ID #8)'),(183,'nscIOzo0ipyk4Qpznp8BY40DPkQAGa5h','admin@example.com (User ID #7)'),(184,'peu3F5YcAVLVQZ2woqgDIImN5nx9xDgD','test@example.com (User ID #10)'),(185,'QqRVQblQYWsxy2btq6JRXXrRsJT1FnOh','Givi@x-cart.com (User ID #18)'),(186,'d5Xu3lVLOFWZ03prZUxIPeaFUanvVH1q','test@example.com (User ID #20)'),(187,'NnAssDyIV76El0XTYjmad3xzEZGdltxF','Givi@x-cart.com (User ID #21)'),(188,'HLe5LZV52oV2Y6307UClUQSwTNP4yUBz','Givi@x-cart.com (User ID #23)'),(189,'OmqD5htBrCDKa0KEoGTuzYlGCfRmAFbf','admin@example.com (User ID #7)'),(190,'3n32OIvXYPReEXaeNoOnAL7tRWajEFB7','random@xpayments.com (User ID #9)'),(191,'HIhdaGXHZM6EoZ0BAeErVGlgZyg5a8hM','random@xpayments.com (User ID #11)'),(192,'fl06DLHvddtQyIxX41s6IoPmOOvXf5XW','Givi@x-cart.com (User ID #12)'),(193,'XVoXuMO4qdign5h2dDLbd3o0iDbwV28q','test@example.com (User ID #8)'),(194,'jp6TxKiIYJ6SkKSHg8S58M5sKBJOFEaV','admin@example.com (User ID #7)'),(195,'1jJ9WtQ57NvzsJMU3CVvPr4U5QB2krpz','admin@example.com (User ID #7)'),(196,'QBuKqKKAZNZpobD46glaFzZuE9AHTCCt','admin@example.com (User ID #7)'),(197,'jRB85D5hrEW6McDIo6HN1X2WUsr8gTtG','admin@example.com (User ID #7)'),(198,'NMOlFc0MwEqW8UIZV62vyD47nYGHKSGb','admin@example.com (User ID #7)'),(199,'rmAtu4jeetPGOocRM6edM2ZXQ6vuwIWn','admin@example.com (User ID #7)'),(200,'ylfu6jCmTCoSVPAs4XU2JqZz3iMjhXDd','givi@x-cart.com (User ID #15)'),(201,'MoGK42aEfsxgpUKuhkjj0lfswcacRIaL','joss@x-payments.com (User ID #16)'),(202,'LGNvFJD3X5stVTd9RzOfsEZwgDsMPPbv','admin@example.com (User ID #7)'),(203,'x4QseNOUcbgLBlNSB4nDYYAhZBOgryQ0','admin@example.com (User ID #7)'),(204,'raqVdiWrHEUzkB9m5ZVFT3YLKabcPiHm','admin@example.com (User ID #7)'),(205,'T4UhdXQDitmyMOOW6GISeTTdp4dgDNKh','admin@example.com (User ID #7)'),(206,'QG0MYAQYSzMwnD9HZ0mUyJUsudpwE1Zm','test@example.com (User ID #11)'),(207,'EgDBLLeCYFQnMmNcO5fPiNcmNogdWxe3','test@example.com (User ID #8)'),(208,'5nvizpD4iA9PRg56vYAExOviCPGfErlM','Givi@x-cart.com (User ID #11)'),(209,'JyPuG7ggPgMpL27jdKQnwEcoU8GeJ6h6','wasp@x-cart.com (User ID #14)'),(210,'5bM1U2VcaDZ5uJAvQZfeUmVR3JxG960a','wasp@x-cart.com (User ID #18)'),(211,'Jq9IPqWD8dpd0GyzQQoGCCAz0QLQZsxj','admin@example.com (User ID #7)'),(212,'lPAO1siDSlpHDdxcZPYhzncsFbvqpaCk','admin@example.com (User ID #7)'),(213,'qztRdBcaTacAMwGlwvoRKgS4XU9WwMDb','joss@x-payments.com (User ID #16)'),(214,'ns1KvxI8kAJVCHqwdq6UZvU7p5geSzk3','joss@x-payments.com (User ID #18)'),(215,'iIYFw8gA16VuJ46oaJzxZx6BaWHHjyjr','test@example.com (User ID #21)'),(216,'Ugm5weEw1ZnBKVuOzDY7cMKxb9Y2k4QI','admin@example.com (User ID #7)'),(217,'qBwunHIQBbu2sVqIfcG8RHsLtZZyAxbm','admin@example.com (User ID #7)'),(218,'vcEneoOG2QmIunanqwC0HIs4fWDCPXCw','test@example.com (User ID #11)'),(219,'qEInY5oCpbg7jtJ6anITYHlkK8ZnLSyV','admin@example.com (User ID #7)'),(220,'8G91yn42aPE0FxLI1PGZSqxB1O9IjuSj','admin@example.com (User ID #7)'),(221,'iVKfldFErAIoS6d4bNxBiTwLXRBjtHXI','admin@example.com (User ID #7)'),(222,'RUW9yhrzGdSa0MJPJVhCoiNTj1RiJ0RP','test@example.com (User ID #8)'),(223,'SUeEW8lOrAUybDWrCOi5YrRhxaJVvKqe','test@example.com (User ID #10)'),(224,'7s8aF52oL15cxk4PkTGcpiAdPN98Ro01','test@example.com (User ID #14)'),(225,'yoQLwqNslvbqhuSLLnLIj9xNXqceLb4h','test@example.com (User ID #15)'),(226,'yfdcrLOhCynYRr5hukATIowhS7V57J0p','admin@example.com (User ID #7)'),(227,'Fad76VE1IqLwzKg1PIFBI08u3WOiZ9e8','test@example.com (User ID #17)'),(228,'q9G0BZGZRuSkatZJlk1M6nlX13IMG4pe','test@example.com (User ID #24)'),(229,'RIojC3OIYQB6otGXzWw1tnMwQGZMem4a','admin@example.com (User ID #7)'),(230,'svNv3hvVuRUpX0fQ1wLkDKWxif9mDrG4','admin@example.com (User ID #7)'),(231,'wKYL12wJzuc7DUuAl8yPK0sYbQM8JBne','admin@example.com (User ID #7)'),(232,'COKJSd4CZ6YU4gEQBOXIUZ4pgosoIBCK','Givi@x-cart.com (User ID #9)'),(233,'PVfeOPz46gefXDiz3ev3vPCBD7E2lhN2','admin@example.com (User ID #7)'),(234,'c0oizzLdcUBGG4q7fScymymGNPh0B8CV','admin@example.com (User ID #7)'),(235,'PwxmAmoZS3rhFzvxnyWyEIjx0NjKPBJt','ipgivi@gmail.com (User ID #10)'),(236,'Y8qbmknLzjqATEie5O3BSF73FzpVP9qh','admin@example.com (User ID #7)'),(237,'S8Paxj9euHFS1HCdBzVdM92I701bauqf','admin@example.com (User ID #7)');

--
-- Table structure for table `xpay_danger_events`
--

CREATE TABLE `xpay_danger_events` (
  `event_id` int NOT NULL AUTO_INCREMENT,
  `user_id` int NOT NULL DEFAULT '0',
  `timestamp` int NOT NULL DEFAULT '0',
  `event_type` char(3) NOT NULL DEFAULT '',
  PRIMARY KEY (`event_id`),
  KEY `xpay_danger_events_ibfk_1` (`user_id`),
  CONSTRAINT `xpay_danger_events_ibfk_1` FOREIGN KEY (`user_id`) REFERENCES `xpay_profiles` (`user_id`) ON DELETE CASCADE ON UPDATE CASCADE
) ENGINE=InnoDB DEFAULT CHARSET=utf8mb3;

--
-- Dumping data for table `xpay_danger_events`
--


--
-- Table structure for table `xpay_email_sent_time`
--

CREATE TABLE `xpay_email_sent_time` (
  `name` char(255) NOT NULL,
  `timestamp` int NOT NULL DEFAULT '0',
  PRIMARY KEY (`name`)
) ENGINE=InnoDB DEFAULT CHARSET=utf8mb3;

--
-- Dumping data for table `xpay_email_sent_time`
--

INSERT INTO `xpay_email_sent_time` (`name`, `timestamp`) VALUES ('HELPDESK_CRON_FAILED',1719907708),('HELPDESK_NO_ACTIVE_CHD_KEYS',1697196656),('LOGGER_DISK_WRITE_ERROR',1651038895);

--
-- Table structure for table `xpay_file_hashs`
--

CREATE TABLE `xpay_file_hashs` (
  `path` varchar(255) CHARACTER SET utf8mb3 COLLATE utf8mb3_bin NOT NULL DEFAULT '',
  `hash` char(32) NOT NULL DEFAULT '',
  PRIMARY KEY (`path`)
) ENGINE=InnoDB DEFAULT CHARSET=utf8mb3;

--
-- Dumping data for table `xpay_file_hashs`
--

INSERT INTO `xpay_file_hashs` (`path`, `hash`) VALUES ('common_js:','c79867795a8c112bdca42e384be32d24'),('css:','7e1fe33a77aee58f53195170fc30c44c'),('js:','1ca4c8b4efc303c953be0c7f70f83cd6'),('payment_common_js:','092f899e810cff186b38b22fa85204d4'),('payment_wallet_js:','8424453b9f2d51d3f44f3d47b1acc416'),('public:blue.css','cd945c10b3a496b2ab97dfe43603f5d2'),('public:blue_inversed.css','33fd63b2fe185ded4aa47b21f6a05e83'),('public:classic.css','7c482d9e6666c4d813c0a233780ecc5d'),('public:coral.css','556918fcbb7ff5a3e22eba67be960798'),('public:default.css','7c482d9e6666c4d813c0a233780ecc5d'),('public:gray.css','e11bb351e50e53cf0a1dba708df11325'),('public:green.css','869268ab2670878e96224a6bec2c4c6a'),('public:legacy.css','7c482d9e6666c4d813c0a233780ecc5d'),('public:orange.css','bccaf031c5e4841982f047e98306d2e2'),('template:blue.html','02f02993991166800aed9e9b2eb1b076'),('template:blue_inversed.html','f10d73b56091f90a814a218f4610e2e7'),('template:classic.html','15ef0fc740fce21b26313140017a45ea'),('template:coral.html','ae7da63065de40e830282ed12ee14f8c'),('template:default.error.html','fd8e91bf781b66ffe843dd9ce29a9928'),('template:default.html','eec9c8674e66903340312672a4f7b5cc'),('template:gray.html','6ec27518229ec2837680acdfba79da68'),('template:green.html','c818dc1db631f50feb0f40f898ac43fb'),('template:labels.csv','d41d8cd98f00b204e9800998ecf8427e'),('template:legacy.html','7f3587715aaadf2c7273c68cb8572699'),('template:orange.html','ffed78f497a27b736bc2cc444a330e13'),('template:outline.html','dc5d9f17fc030f3274532c5f678801e1');

--
-- Table structure for table `xpay_formuid`
--

CREATE TABLE `xpay_formuid` (
  `f_id` int NOT NULL AUTO_INCREMENT,
  `session_id` char(32) NOT NULL DEFAULT '',
  `form_uid` char(128) NOT NULL DEFAULT '',
  PRIMARY KEY (`f_id`),
  KEY `xpay_formuid_1` (`session_id`),
  CONSTRAINT `xpay_formuid_1` FOREIGN KEY (`session_id`) REFERENCES `xpay_sessions` (`session_id`) ON DELETE CASCADE ON UPDATE CASCADE
) ENGINE=InnoDB AUTO_INCREMENT=36240 DEFAULT CHARSET=utf8mb3;

--
-- Dumping data for table `xpay_formuid`
--


--
-- Table structure for table `xpay_google_auth_used_codes`
--

CREATE TABLE `xpay_google_auth_used_codes` (
  `user_id` int NOT NULL DEFAULT '0',
  `code` varchar(64) NOT NULL DEFAULT '',
  `used_time` int NOT NULL DEFAULT '0',
  PRIMARY KEY (`user_id`,`code`),
  CONSTRAINT `xpay_google_auth_used_codes_ibfk_1` FOREIGN KEY (`user_id`) REFERENCES `xpay_profiles` (`user_id`) ON DELETE CASCADE ON UPDATE CASCADE
) ENGINE=InnoDB DEFAULT CHARSET=utf8mb3;

--
-- Dumping data for table `xpay_google_auth_used_codes`
--

INSERT INTO `xpay_google_auth_used_codes` (`user_id`, `code`, `used_time`) VALUES (1,'03f3e1920b498e0734cf6319196a9031',1721829026),(1,'08ca2b95325a73245935d2c8247cb365',1720476393),(1,'0a67b1fcf785ac89bff2cfd7582a2044',1697199900),(1,'122c9eca4e3a593201ea4da4c95ce6e2',1697180993),(1,'1bb9a08e1360dea0bd0f805a75cb5611',1718971230),(1,'1cf57e6e9f2b390b5da67d402a5adc01',1697182906),(1,'1d1fb8202d9bed3770cb765e36099c03',1697196338),(1,'22013725affadc3bfb569fc228d528ed',1719907692),(1,'2bd7d191e64b36d01be8f0dfd079db6d',1697142089),(1,'2f72e1df97d6f926c1445797a2ff93aa',1719341198),(1,'2f838c32689dc6b1a5ec90cf99f39859',1697528005),(1,'3539df13ea7b1e68e466536e386b9c20',1719910535),(1,'4c33af538bef24ccd7b463f36197a5e9',1697727543),(1,'5121044c88af95d985493f47546f8270',1719260058),(1,'690d424d0da24b3f194fc60c27f1eb94',1717749716),(1,'6ce27b524e665fc51fb541602aa99470',1697205700),(1,'6ea63705ad554927c532ad6aa853b9f4',1719320704),(1,'75fff07f6b67026e71b52769f19087c2',1719836462),(1,'76a9f67ca2981b40dd6fb2491286b9e9',1697177176),(1,'77333f40fd73ea7cc8f34536523cbb5b',1721394091),(1,'7b8ce0a081d9ccda7626927c5eec42d2',1697644070),(1,'90d1f85aacc4b89d153793d571700a94',1719304769),(1,'99dd427157547080d5b00c47daf91364',1721894325),(1,'a58f0774f7f0406ef9251c79457d1507',1709013529),(1,'b02d2589a31a3329555c3709ebcae7aa',1697482480),(1,'b5538f03e3a142b1ab69e119e4a1bd34',1721809971),(1,'b6d56f451b429b1b4f1763e8ca874c26',1719920536),(1,'baeb76be26746bd40df3e5e8b974e575',1719926257),(1,'bb1ff57234377dd62ad5241f832c6652',1698183249),(1,'bc987834dde126e573952dbb79ccb070',1697126776),(1,'cbeeaac6a27628312c191ef02ae24647',1719908865),(1,'d020ca9cd13ca95c6317914a5a7a5f0e',1719343906),(1,'d447e8d0345473fa625813546bccc592',1717704894),(1,'d56d1542bc8278e7bbaac31041f6a873',1698068111),(1,'f1548188b016b24811963928e18f1799',1711986931),(1,'f1714df9310c1457ddf687c0525f15d4',1717615173),(1,'f19b820747b6e378c482b9a9885d6f70',1697714939),(1,'f49ac9cbf8e0fdd0eb00f145a8edebaa',1697203483),(1,'f5e9400a0f8a48c6cdf753c7253335f4',1697714838),(1,'f866196819753e4792c4d8593b397eef',1697714398);

--
-- Table structure for table `xpay_hosted_params`
--

CREATE TABLE `xpay_hosted_params` (
  `name` char(64) NOT NULL,
  `value` text NOT NULL,
  PRIMARY KEY (`name`)
) ENGINE=InnoDB DEFAULT CHARSET=utf8mb3;

--
-- Dumping data for table `xpay_hosted_params`
--

INSERT INTO `xpay_hosted_params` (`name`, `value`) VALUES ('action_login','Y'),('action_payment_processed','Y'),('action_setup_pconf','Y'),('disk_warning','0'),('limit_notified_threshold','-1'),('limit_payments_counter','11'),('limit_period_expire','1731787200'),('plan_expired','0'),('traffic_warning','');

--
-- Table structure for table `xpay_languages`
--

CREATE TABLE `xpay_languages` (
  `code` char(2) NOT NULL DEFAULT '',
  `code3` char(3) NOT NULL DEFAULT '',
  `language` varchar(128) NOT NULL DEFAULT '',
  PRIMARY KEY (`code`),
  UNIQUE KEY `code3` (`code3`)
) ENGINE=InnoDB DEFAULT CHARSET=utf8mb3;

--
-- Dumping data for table `xpay_languages`
--

INSERT INTO `xpay_languages` (`code`, `code3`, `language`) VALUES ('aa','aar','Afar'),('ab','abk','Abkhazian'),('ae','ave','Avestan'),('af','afr','Afrikaans'),('ak','aka','Akan'),('am','amh','Amharic'),('an','arg','Aragonese'),('ar','ara','Arabic'),('as','asm','Assamese'),('av','ava','Avaric'),('ay','aym','Aymara'),('az','aze','Azerbaijani'),('ba','bak','Bashkir'),('be','bel','Belarusian'),('bg','bul','Bulgarian'),('bh','bih','Bihari'),('bi','bis','Bislama'),('bm','bam','Bambara'),('bn','ben','Bengali'),('bo','tib','Tibetan'),('br','bre','Breton'),('bs','bos','Bosnian'),('ca','cat','Catalan'),('ce','che','Chechen'),('ch','cha','Chamorro'),('co','cos','Corsican'),('cr','cre','Cree'),('cs','cze','Czech'),('cu','chu','Church Slavic'),('cv','chv','Chuvash'),('cy','wel','Welsh'),('da','dan','Danish'),('de','ger','German'),('dv','div','Divehi'),('dz','dzo','Dzongkha'),('ee','ewe','Ewe'),('el','gre','Greek'),('en','eng','English'),('eo','epo','Esperanto'),('es','spa','Spanish'),('et','est','Estonian'),('eu','baq','Basque'),('fa','per','Persian'),('ff','ful','Fulah'),('fi','fin','Finnish'),('fj','fij','Fijian'),('fo','fao','Faroese'),('fr','fre','French'),('fy','fry','Western Frisian'),('ga','gle','Irish'),('gd','gla','Gaelic'),('gl','glg','Galician'),('gn','grn','Guarani'),('gu','guj','Gujarati'),('gv','glv','Manx'),('ha','hau','Hausa'),('he','heb','Hebrew'),('hi','hin','Hindi'),('ho','hmo','Hiri Motu'),('hr','hrv','Croatian'),('ht','hat','Haitian'),('hu','hun','Hungarian'),('hy','arm','Armenian'),('hz','her','Herero'),('ia','ina','Interlingua'),('id','ind','Indonesian'),('ie','ile','Interlingue'),('ig','ibo','Igbo'),('ii','iii','Sichuan Yi'),('ik','ipk','Inupiaq'),('io','ido','Ido'),('is','ice','Icelandic'),('it','ita','Italian'),('iu','iku','Inuktitut'),('ja','jpn','Japanese'),('jv','jav','Javanese'),('ka','geo','Georgian'),('kg','kon','Kongo'),('ki','kik','Kikuyu'),('kj','kua','Kuanyama'),('kk','kaz','Kazakh'),('kl','kal','Kalaallisut'),('km','khm','Central Khmer'),('kn','kan','Kannada'),('ko','kor','Korean'),('kr','kau','Kanuri'),('ks','kas','Kashmiri'),('ku','kur','Kurdish'),('kv','kom','Komi'),('kw','cor','Cornish'),('ky','kir','Kirghiz'),('la','lat','Latin'),('lb','ltz','Luxembourgish'),('lg','lug','Ganda'),('li','lim','Limburgan'),('ln','lin','Lingala'),('lo','lao','Lao'),('lt','lit','Lithuanian'),('lu','lub','Luba-Katanga'),('lv','lav','Latvian'),('mg','mlg','Malagasy'),('mh','mah','Marshallese'),('mi','mao','Maori'),('mk','mac','Macedonian'),('ml','mal','Malayalam'),('mn','mon','Mongolian'),('mr','mar','Marathi'),('ms','may','Malay'),('mt','mlt','Maltese'),('my','bur','Burmese'),('na','nau','Nauru'),('nd','nde','Ndebele, North'),('ne','nep','Nepali'),('ng','ndo','Ndonga'),('nl','dut','Dutch'),('no','nor','Norwegian'),('nr','nbl','Ndebele, South'),('nv','nav','Navajo'),('ny','nya','Chichewa'),('oc','oci','Occitan'),('oj','oji','Ojibwa'),('om','orm','Oromo'),('or','ori','Oriya'),('os','oss','Ossetian'),('pa','pan','Panjabi'),('pi','pli','Pali'),('pl','pol','Polish'),('ps','pus','Pushto'),('pt','por','Portuguese'),('qu','que','Quechua'),('rm','roh','Romansh'),('rn','run','Rundi'),('ro','rum','Romanian'),('ru','rus','Russian'),('rw','kin','Kinyarwanda'),('sa','san','Sanskrit'),('sc','srd','Sardinian'),('sd','snd','Sindhi'),('se','sme','Northern Sami'),('sg','sag','Sango'),('si','sin','Sinhala'),('sk','slo','Slovak'),('sl','slv','Slovenian'),('sm','smo','Samoan'),('sn','sna','Shona'),('so','som','Somali'),('sq','alb','Albanian'),('sr','srp','Serbian'),('ss','ssw','Swati'),('st','sot','Sotho, Southern'),('su','sun','Sundanese'),('sv','swe','Swedish'),('sw','swa','Swahili'),('ta','tam','Tamil'),('te','tel','Telugu'),('tg','tgk','Tajik'),('th','tha','Thai'),('ti','tir','Tigrinya'),('tk','tuk','Turkmen'),('tl','tgl','Tagalog'),('tn','tsn','Tswana'),('to','ton','Tonga'),('tr','tur','Turkish'),('ts','tso','Tsonga'),('tt','tat','Tatar'),('tw','twi','Twi'),('ty','tah','Tahitian'),('ug','uig','Uighur'),('uk','ukr','Ukrainian'),('ur','urd','Urdu'),('uz','uzb','Uzbek'),('ve','ven','Venda'),('vi','vie','Vietnamese'),('vo','vol','Volap&uuml;k'),('wa','wln','Walloon'),('wo','wol','Wolof'),('xh','xho','Xhosa'),('yi','yid','Yiddish'),('yo','yor','Yoruba'),('za','zha','Zhuang'),('zh','chi','Chinese'),('zu','zul','Zulu');

--
-- Table structure for table `xpay_masked_card_data`
--

CREATE TABLE `xpay_masked_card_data` (
  `payment_id` int NOT NULL DEFAULT '0',
  `first6` char(6) NOT NULL DEFAULT '',
  `last4` char(4) NOT NULL DEFAULT '',
  `type` char(16) NOT NULL DEFAULT '',
  `expire_month` char(2) NOT NULL DEFAULT '',
  `expire_year` char(4) NOT NULL DEFAULT '',
  `cardholder_name` varchar(255) NOT NULL DEFAULT '',
  PRIMARY KEY (`payment_id`),
  KEY `payment_id` (`payment_id`),
  CONSTRAINT `xpay_payment_mkd_ibfk_1` FOREIGN KEY (`payment_id`) REFERENCES `xpay_payments` (`payment_id`) ON DELETE CASCADE ON UPDATE CASCADE
) ENGINE=InnoDB DEFAULT CHARSET=utf8mb3;

--
-- Dumping data for table `xpay_masked_card_data`
--

INSERT INTO `xpay_masked_card_data` (`payment_id`, `first6`, `last4`, `type`, `expire_month`, `expire_year`, `cardholder_name`) VALUES (1,'426397','5262','VISA','12','2022',''),(2,'422200','4235','VISA','12','2022',''),(11,'426397','5262','VISA','12','2022',''),(15,'401200','8884','VISA','12','2022',''),(16,'492900','0006','VISA','12','2022',''),(17,'492900','0006','VISA','12','2023',''),(18,'492900','0006','VISA','12','2022',''),(19,'492900','0006','VISA','12','2022',''),(20,'492900','0006','VISA','12','2022',''),(25,'492900','0006','VISA','12','2022',''),(26,'411111','1111','VISA','12','2026',''),(28,'426397','5262','VISA','12','2022',''),(29,'422200','4235','VISA','12','2022',''),(34,'401200','8884','VISA','12','2022',''),(35,'426397','5262','VISA','12','2022',''),(36,'401200','8884','VISA','12','2022',''),(37,'411111','1111','VISA','12','2022',''),(38,'411111','1111','VISA','12','2022',''),(39,'411111','1111','VISA','12','2022',''),(40,'411111','1111','VISA','12','2022',''),(41,'411111','1111','VISA','12','2022',''),(42,'426397','5262','VISA','01','2023',''),(43,'426397','5262','VISA','01','2023',''),(44,'401200','8884','VISA','01','2023',''),(45,'401200','8884','VISA','01','2023',''),(46,'411111','1111','VISA','01','2023',''),(47,'411111','1111','VISA','01','2023',''),(48,'411111','1111','VISA','12','2022',''),(49,'411111','1111','VISA','12','2022',''),(50,'411111','1111','VISA','12','2022',''),(51,'411111','1111','VISA','12','2022',''),(52,'100000','0008','VISA','01','2023',''),(53,'100000','0008','VISA','02','2023',''),(54,'411111','1111','VISA','12','2026',''),(55,'411111','1111','VISA','12','2026',''),(56,'411111','1111','VISA','12','2026',''),(57,'411111','1111','VISA','12','2026',''),(58,'411111','1111','VISA','02','2022',''),(59,'481852','9009','VISA','12','2023',''),(60,'481852','9009','VISA','12','2023',''),(61,'481852','9009','VISA','12','2023',''),(62,'481852','9009','VISA','12','2023',''),(63,'481852','9009','VISA','12','2023',''),(64,'481852','9009','VISA','12','2023',''),(65,'411111','1111','VISA','12','2022',''),(66,'411111','1111','VISA','12','2022',''),(68,'520000','0007','MC','01','2023',''),(71,'520000','0007','MC','01','2023',''),(72,'520000','0007','MC','01','2023',''),(74,'520000','0007','MC','12','2023',''),(75,'411111','1111','VISA','12','2022',''),(76,'411111','1111','VISA','12','2023',''),(77,'411111','1111','VISA','12','2023',''),(78,'411111','1111','VISA','12','2023',''),(79,'411111','1111','VISA','12','2023',''),(80,'414116','4978','VISA','01','2023',''),(81,'414116','4978','VISA','01','2023',''),(82,'411111','1111','VISA','12','2022',''),(83,'411111','1111','VISA','12','2022',''),(84,'411111','1111','VISA','12','2022',''),(85,'411111','1111','VISA','12','2022',''),(86,'411111','1111','VISA','12','2022',''),(87,'411111','1111','VISA','12','2022',''),(88,'411111','1111','VISA','12','2022',''),(89,'411111','1111','VISA','12','2022',''),(90,'411111','1111','VISA','12','2022',''),(91,'411111','1111','VISA','12','2022',''),(93,'411111','1111','VISA','12','2027',''),(94,'411111','1111','VISA','12','2027',''),(95,'411111','1111','VISA','12','2027',''),(96,'411111','1111','VISA','12','2027',''),(97,'481852','9009','VISA','12','2023',''),(98,'481852','9009','VISA','12','2023',''),(99,'481852','9009','VISA','12','2023',''),(100,'520000','0007','MC','01','2023',''),(101,'400000','0002','VISA','01','2023',''),(102,'520000','0908','MC','01','2023',''),(103,'400099','0004','VISA','01','2023',''),(104,'411111','1111','VISA','12','2022',''),(105,'411111','1111','VISA','12','2022',''),(106,'411111','1111','VISA','12','2022',''),(107,'411111','1111','VISA','12','2022',''),(108,'411111','1111','VISA','12','2027',''),(109,'411111','1111','VISA','12','2027',''),(110,'411111','1111','VISA','12','2022',''),(111,'411111','1111','VISA','12','2022',''),(112,'411111','1111','VISA','12','2022',''),(113,'411111','1111','VISA','12','2022',''),(114,'411111','1111','VISA','12','2022',''),(115,'411111','1111','VISA','12','2022',''),(116,'411111','1111','VISA','12','2022',''),(117,'411111','1111','VISA','12','2022',''),(118,'411111','1111','VISA','12','2027',''),(119,'411111','1111','VISA','12','2027',''),(120,'411111','1111','VISA','12','2027',''),(121,'411111','1111','VISA','12','2027',''),(122,'411111','1111','VISA','12','2027',''),(123,'411111','1111','VISA','12','2022',''),(124,'411111','1111','VISA','12','2022',''),(125,'411111','1111','VISA','12','2022',''),(126,'411111','1111','VISA','12','2022',''),(127,'411111','1111','VISA','12','2022',''),(128,'411111','1111','VISA','12','2022',''),(129,'411111','1111','VISA','12','2023',''),(130,'411111','1111','VISA','12','2022',''),(131,'411111','1111','VISA','01','2024',''),(132,'411111','1111','VISA','01','2024',''),(133,'411111','1111','VISA','01','2024',''),(134,'411111','1111','VISA','01','2024',''),(135,'411111','1111','VISA','01','2024',''),(136,'411111','1111','VISA','01','2024',''),(137,'411111','1111','VISA','01','2024',''),(138,'411111','1111','VISA','01','2024',''),(139,'411111','1111','VISA','01','2024',''),(140,'411111','1111','VISA','01','2024',''),(141,'411111','1111','VISA','01','2024',''),(142,'411111','1111','VISA','01','2024',''),(143,'411111','1111','VISA','01','2024',''),(144,'411111','1111','VISA','01','2024',''),(145,'411111','1111','VISA','01','2024',''),(146,'411111','1111','VISA','01','2024',''),(147,'411111','1111','VISA','01','2024',''),(148,'411111','1111','VISA','01','2024',''),(149,'411111','1111','VISA','01','2024',''),(150,'411111','1111','VISA','01','2024',''),(151,'411111','1111','VISA','01','2024',''),(152,'411111','1111','VISA','01','2024',''),(153,'411111','1111','VISA','01','2024',''),(154,'411111','1111','VISA','01','2024',''),(155,'411111','1111','VISA','01','2024',''),(156,'411111','1111','VISA','01','2024',''),(157,'411111','1111','VISA','01','2024',''),(158,'411111','1111','VISA','01','2024',''),(159,'411111','1111','VISA','01','2024',''),(160,'411111','1111','VISA','01','2024',''),(161,'411111','1111','VISA','01','2024',''),(162,'411111','1111','VISA','01','2024',''),(163,'411111','1111','VISA','01','2024',''),(164,'411111','1111','VISA','01','2024',''),(165,'411111','1111','VISA','01','2024',''),(166,'411111','1111','VISA','01','2024',''),(167,'411111','1111','VISA','01','2024',''),(168,'411111','1111','VISA','01','2024',''),(169,'411111','1111','VISA','01','2024',''),(170,'411111','1111','VISA','01','2024',''),(171,'411111','1111','VISA','01','2024',''),(172,'411111','1111','VISA','01','2024',''),(173,'411111','1111','VISA','01','2024',''),(174,'411111','1111','VISA','01','2024',''),(175,'411111','1111','VISA','01','2024',''),(176,'411111','1111','VISA','01','2024',''),(177,'411111','1111','VISA','01','2024',''),(178,'411111','1111','VISA','01','2024',''),(179,'411111','1111','VISA','01','2024',''),(180,'411111','1111','VISA','01','2024',''),(181,'411111','1111','VISA','01','2024',''),(182,'411111','1111','VISA','01','2024',''),(183,'411111','1111','VISA','01','2024',''),(184,'411111','1111','VISA','01','2024',''),(185,'411111','1111','VISA','01','2024',''),(186,'411111','1111','VISA','01','2024',''),(187,'411111','1111','VISA','01','2024',''),(188,'411111','1111','VISA','01','2024',''),(189,'411111','1111','VISA','01','2024',''),(190,'411111','1111','VISA','01','2024',''),(191,'411111','1111','VISA','01','2024',''),(192,'411111','1111','VISA','12','2022',''),(193,'469395','8411','VISA','09','2022',''),(194,'521324','4768','MC','09','2023',''),(195,'524614','2340','MC','08','2023',''),(196,'411111','1111','VISA','01','2024',''),(197,'411111','1111','VISA','01','2024',''),(198,'411111','1111','VISA','01','2024',''),(199,'411111','1111','VISA','01','2024',''),(200,'411111','1111','VISA','01','2024',''),(201,'411111','1111','VISA','01','2024',''),(202,'411111','1111','VISA','01','2024',''),(203,'411111','1111','VISA','01','2024',''),(204,'411111','1111','VISA','01','2024',''),(205,'411111','1111','VISA','01','2024',''),(206,'411111','1111','VISA','01','2024',''),(207,'411111','1111','VISA','01','2024',''),(208,'411111','1111','VISA','01','2024',''),(209,'411111','1111','VISA','01','2024',''),(210,'411111','1111','VISA','01','2024',''),(211,'411111','1111','VISA','01','2024',''),(212,'411111','1111','VISA','01','2024',''),(213,'411111','1111','VISA','01','2024',''),(214,'411111','1111','VISA','01','2024',''),(215,'411111','1111','VISA','01','2024',''),(216,'411111','1111','VISA','01','2024',''),(217,'411111','1111','VISA','01','2024',''),(218,'411111','1111','VISA','01','2024',''),(219,'411111','1111','VISA','01','2024',''),(220,'411111','1111','VISA','01','2024',''),(221,'411111','1111','VISA','01','2024',''),(222,'411111','1111','VISA','01','2024',''),(223,'411111','1111','VISA','01','2024',''),(224,'411111','1111','VISA','01','2024',''),(225,'411111','1111','VISA','01','2024',''),(226,'411111','1111','VISA','01','2024',''),(227,'411111','1111','VISA','01','2024',''),(228,'411111','1111','VISA','01','2024',''),(229,'411111','1111','VISA','01','2024',''),(230,'411111','1111','VISA','01','2024',''),(231,'411111','1111','VISA','01','2024',''),(232,'411111','1111','VISA','01','2024',''),(233,'411111','1111','VISA','01','2024',''),(234,'411111','1111','VISA','01','2024',''),(235,'411111','1111','VISA','01','2024',''),(236,'411111','1111','VISA','01','2024',''),(237,'411111','1111','VISA','01','2024',''),(238,'411111','1111','VISA','01','2024',''),(239,'411111','1111','VISA','01','2024',''),(240,'411111','1111','VISA','01','2024',''),(241,'411111','1111','VISA','01','2024',''),(242,'411111','1111','VISA','01','2024',''),(243,'411111','1111','VISA','01','2024',''),(244,'411111','1111','VISA','01','2024',''),(245,'411111','1111','VISA','01','2024',''),(246,'411111','1111','VISA','01','2024',''),(247,'411111','1111','VISA','01','2024',''),(248,'411111','1111','VISA','01','2024',''),(249,'411111','1111','VISA','01','2024',''),(250,'411111','1111','VISA','01','2024',''),(251,'411111','1111','VISA','01','2024',''),(252,'411111','1111','VISA','01','2024',''),(253,'411111','1111','VISA','01','2024',''),(254,'411111','1111','VISA','01','2024',''),(255,'411111','1111','VISA','01','2024',''),(256,'411111','1111','VISA','01','2024',''),(257,'411111','1111','VISA','01','2024',''),(258,'411111','1111','VISA','01','2024',''),(259,'411111','1111','VISA','01','2024',''),(260,'411111','1111','VISA','01','2024',''),(261,'411111','1111','VISA','01','2024',''),(262,'411111','1111','VISA','01','2024',''),(263,'411111','1111','VISA','01','2024',''),(264,'411111','1111','VISA','01','2024',''),(265,'411111','1111','VISA','01','2024',''),(266,'411111','1111','VISA','01','2024',''),(267,'411111','1111','VISA','01','2024',''),(268,'411111','1111','VISA','01','2024',''),(269,'411111','1111','VISA','01','2024',''),(270,'411111','1111','VISA','01','2024',''),(271,'411111','1111','VISA','01','2024',''),(272,'411111','1111','VISA','01','2024',''),(273,'411111','1111','VISA','01','2024',''),(274,'411111','1111','VISA','01','2024',''),(275,'411111','1111','VISA','01','2024',''),(276,'411111','1111','VISA','01','2024',''),(277,'411111','1111','VISA','01','2024',''),(278,'411111','1111','VISA','01','2024',''),(279,'411111','1111','VISA','01','2024',''),(280,'411111','1111','VISA','01','2024',''),(281,'411111','1111','VISA','01','2024',''),(282,'411111','1111','VISA','01','2024',''),(283,'411111','1111','VISA','01','2024',''),(284,'411111','1111','VISA','01','2024',''),(285,'411111','1111','VISA','01','2024',''),(286,'411111','1111','VISA','01','2024',''),(287,'411111','1111','VISA','01','2024',''),(288,'411111','1111','VISA','01','2024',''),(289,'411111','1111','VISA','01','2024',''),(290,'411111','1111','VISA','01','2024',''),(291,'411111','1111','VISA','01','2024',''),(292,'411111','1111','VISA','01','2024',''),(293,'411111','1111','VISA','01','2024',''),(294,'411111','1111','VISA','01','2024',''),(295,'411111','1111','VISA','01','2024',''),(296,'411111','1111','VISA','12','2022',''),(297,'492900','0006','VISA','12','2022','CHALLENGE'),(298,'492900','0006','VISA','12','2022','CHALLENGE'),(299,'492900','0006','VISA','12','2022','SUCCESSFUL'),(300,'492900','0006','VISA','12','2022','NOTAUTH'),(301,'492900','0006','VISA','12','2022','SUCCESSFUL'),(302,'492900','0006','VISA','12','2022','NOTAUTH'),(303,'492900','0006','VISA','12','2022','PROOFATTEMPT'),(304,'492900','0006','VISA','12','2022','NOTENROLLED'),(305,'492900','0006','VISA','12','2022','TECHDIFFICULTIES'),(306,'492900','0006','VISA','12','2022','ERROR'),(307,'481852','9009','VISA','12','2023',''),(308,'513632','3579','MC','01','2023',''),(309,'513101','6728','MC','01','2023',''),(310,'513632','1972','MC','01','2023',''),(311,'513101','9989','MC','01','2023',''),(312,'424242','4242','VISA','05','2030','test'),(313,'411111','1111','VISA','11','2022','test'),(314,'481852','9009','VISA','12','2023',''),(315,'520424','2575','MC','09','2022',''),(322,'481852','9009','VISA','12','2023',''),(323,'520424','2575','MC','09','2022',''),(324,'520424','2575','MC','09','2022',''),(325,'520424','2575','MC','09','2022',''),(326,'520424','2575','MC','09','2022',''),(327,'520424','2575','MC','09','2022',''),(328,'520424','2575','MC','09','2022',''),(329,'520424','2575','MC','09','2022',''),(330,'520424','2575','MC','09','2022',''),(331,'520424','2575','MC','09','2022',''),(332,'520424','2575','MC','09','2022',''),(333,'520424','2575','MC','09','2022',''),(334,'520424','2575','MC','09','2022',''),(335,'520424','2575','MC','09','2022',''),(336,'520424','2575','MC','09','2022',''),(337,'520424','2575','MC','09','2022',''),(338,'520424','2575','MC','09','2022',''),(339,'481852','9009','VISA','12','2023',''),(340,'481852','9009','VISA','12','2023',''),(341,'520424','2575','MC','09','2022',''),(342,'520424','2575','MC','09','2022',''),(343,'520424','2575','MC','09','2022',''),(344,'520424','2575','MC','09','2022',''),(345,'520424','2575','MC','09','2022',''),(346,'411111','1111','VISA','12','2027',''),(347,'411111','1111','VISA','12','2027',''),(348,'411111','1111','VISA','12','2027',''),(349,'411111','1111','VISA','12','2027',''),(350,'520424','7840','MC','12','2027',''),(351,'411111','1111','VISA','12','2027',''),(352,'411111','1111','VISA','12','2027',''),(353,'411111','1111','VISA','12','2027',''),(354,'411111','1111','VISA','12','2027',''),(355,'411111','1111','VISA','12','2027',''),(356,'411111','1111','VISA','12','2027',''),(357,'520424','2575','MC','09','2022',''),(358,'411111','1111','VISA','12','2022',''),(359,'400000','1000','VISA','01','2023',''),(360,'400000','1018','VISA','01','2023',''),(361,'411111','1111','VISA','01','2023',''),(362,'400000','1026','VISA','01','2023',''),(363,'400000','1034','VISA','01','2023',''),(364,'400000','1042','VISA','01','2023',''),(365,'400000','1059','VISA','01','2023',''),(366,'400000','1067','VISA','01','2023',''),(367,'400000','1075','VISA','01','2023',''),(368,'400000','1083','VISA','01','2023',''),(369,'400000','1091','VISA','01','2023',''),(370,'400000','1109','VISA','01','2023',''),(371,'400000','1117','VISA','01','2023',''),(373,'411111','1111','VISA','12','2022',''),(374,'400700','0027','VISA','03','2024','Customer Customer'),(375,'411111','1111','VISA','12','2023',''),(376,'411111','1111','VISA','12','2023',''),(377,'411111','1111','VISA','12','2023',''),(378,'511092','0424','MC','05','2023',''),(379,'511092','0424','MC','05','2023',''),(380,'400000','1000','VISA','01','2025',''),(387,'400000','1091','VISA','01','2023',''),(388,'411111','1111','VISA','12','2023',''),(389,'411111','1111','VISA','12','2023',''),(390,'411111','1111','VISA','12','2023',''),(391,'411111','1111','VISA','12','2023',''),(392,'411111','1111','VISA','12','2022',''),(393,'411111','1111','VISA','12','2022',''),(394,'411111','1111','VISA','12','2023',''),(395,'411111','1111','VISA','12','2023',''),(396,'411111','1111','VISA','12','2023',''),(397,'411111','1111','VISA','12','2023',''),(398,'411111','1111','VISA','12','2023',''),(399,'411111','1111','VISA','12','2023',''),(400,'411111','1111','VISA','12','2023',''),(402,'411111','1111','VISA','12','2022',''),(403,'411111','1111','VISA','12','2023',''),(404,'531460','9308','MC','12','2023',''),(405,'513101','5211','MC','12','2023',''),(406,'513101','5211','MC','12','2023',''),(407,'513101','4533','MC','12','2023',''),(408,'513632','1203','MC','12','2023',''),(409,'513101','1535','MC','12','2023',''),(410,'411111','1111','VISA','04','2023','Customer Customer'),(411,'513632','1989','MC','12','2023',''),(412,'513632','9974','MC','12','2023',''),(413,'513101','2777','MC','12','2023',''),(414,'513632','1652','MC','12','2023',''),(415,'531460','7380','MC','12','2023',''),(416,'513101','2900','MC','12','2023',''),(417,'513101','4325','MC','12','2023',''),(418,'513101','7913','MC','12','2023',''),(419,'531460','6962','MC','12','2023',''),(420,'513632','9974','MC','12','2023',''),(421,'411111','1111','VISA','12','2023',''),(422,'411111','1111','VISA','12','2023',''),(423,'411111','1111','VISA','12','2022',''),(424,'411111','1111','VISA','12','2023',''),(425,'411111','1111','VISA','12','2023',''),(426,'411111','1111','VISA','12','2023',''),(427,'411111','1111','VISA','12','2023',''),(428,'411111','1111','VISA','12','2023',''),(429,'411111','1111','VISA','12','2023',''),(430,'411111','1111','VISA','12','2023',''),(431,'411111','1111','VISA','12','2023',''),(432,'411111','1111','VISA','12','2023',''),(433,'411111','1111','VISA','12','2023',''),(434,'411111','1111','VISA','12','2023',''),(435,'411111','1111','VISA','12','2023',''),(436,'411111','1111','VISA','12','2023',''),(437,'411111','1111','VISA','12','2023',''),(438,'411111','1111','VISA','12','2023',''),(439,'411111','1111','VISA','12','2023',''),(440,'411111','1111','VISA','12','2023',''),(441,'411111','1111','VISA','12','2023',''),(442,'411111','1111','VISA','12','2023',''),(443,'411111','1111','VISA','12','2023',''),(444,'411111','1111','VISA','12','2023',''),(445,'411111','1111','VISA','12','2023',''),(446,'411111','1111','VISA','12','2023',''),(447,'411111','1111','VISA','12','2023',''),(448,'411111','1111','VISA','12','2023',''),(449,'411111','1111','VISA','12','2023',''),(450,'411111','1111','VISA','12','2023',''),(451,'411111','1111','VISA','12','2023',''),(452,'411111','1111','VISA','12','2023',''),(453,'411111','1111','VISA','12','2023',''),(454,'411111','1111','VISA','12','2023',''),(455,'411111','1111','VISA','12','2023',''),(456,'411111','1111','VISA','12','2023',''),(457,'411111','1111','VISA','12','2023',''),(458,'411111','1111','VISA','12','2023',''),(459,'411111','1111','VISA','12','2023',''),(460,'411111','1111','VISA','12','2023',''),(461,'411111','1111','VISA','12','2023',''),(462,'411111','1111','VISA','12','2023',''),(463,'411111','1111','VISA','12','2023',''),(464,'411111','1111','VISA','12','2023',''),(465,'411111','1111','VISA','12','2023',''),(466,'411111','1111','VISA','12','2023',''),(467,'411111','1111','VISA','12','2023',''),(468,'411111','1111','VISA','12','2023',''),(469,'411111','1111','VISA','12','2023',''),(470,'411111','1111','VISA','12','2023',''),(471,'411111','1111','VISA','12','2023',''),(472,'411111','1111','VISA','12','2023',''),(473,'411111','1111','VISA','12','2023',''),(474,'411111','1111','VISA','12','2023',''),(475,'411111','1111','VISA','12','2023',''),(476,'411111','1111','VISA','12','2023',''),(477,'411111','1111','VISA','12','2023',''),(478,'411111','1111','VISA','12','2023',''),(479,'411111','1111','VISA','12','2023',''),(480,'411111','1111','VISA','12','2023',''),(481,'411111','1111','VISA','12','2023',''),(482,'411111','1111','VISA','12','2023',''),(483,'411111','1111','VISA','12','2023',''),(484,'411111','1111','VISA','12','2023',''),(485,'411111','1111','VISA','12','2023',''),(486,'411111','1111','VISA','12','2023',''),(487,'411111','1111','VISA','12','2023',''),(488,'411111','1111','VISA','12','2023',''),(489,'411111','1111','VISA','12','2023',''),(490,'411111','1111','VISA','12','2023',''),(491,'411111','1111','VISA','12','2023',''),(492,'411111','1111','VISA','12','2023',''),(493,'411111','1111','VISA','12','2023',''),(494,'411111','1111','VISA','12','2023',''),(495,'411111','1111','VISA','12','2023',''),(496,'411111','1111','VISA','12','2023',''),(497,'411111','1111','VISA','12','2023',''),(498,'411111','1111','VISA','12','2023',''),(499,'411111','1111','VISA','12','2023',''),(500,'411111','1111','VISA','12','2023',''),(501,'411111','1111','VISA','12','2023',''),(502,'411111','1111','VISA','12','2023',''),(503,'411111','1111','VISA','12','2023',''),(504,'411111','1111','VISA','12','2023',''),(505,'411111','1111','VISA','12','2023',''),(506,'411111','1111','VISA','12','2023',''),(507,'411111','1111','VISA','12','2023',''),(508,'411111','1111','VISA','12','2023',''),(509,'411111','1111','VISA','12','2023',''),(510,'411111','1111','VISA','12','2023',''),(511,'411111','1111','VISA','12','2023',''),(512,'411111','1111','VISA','12','2023',''),(513,'411111','1111','VISA','12','2023',''),(514,'411111','1111','VISA','12','2023',''),(515,'411111','1111','VISA','12','2023',''),(516,'411111','1111','VISA','12','2023',''),(517,'411111','1111','VISA','12','2023',''),(518,'411111','1111','VISA','12','2023',''),(519,'411111','1111','VISA','12','2023',''),(520,'411111','1111','VISA','12','2023',''),(521,'411111','1111','VISA','12','2023',''),(522,'411111','1111','VISA','12','2023',''),(523,'411111','1111','VISA','12','2023',''),(524,'411111','1111','VISA','12','2023',''),(525,'411111','1111','VISA','12','2023',''),(526,'411111','1111','VISA','12','2023',''),(527,'411111','1111','VISA','12','2023',''),(528,'411111','1111','VISA','12','2023',''),(529,'411111','1111','VISA','12','2023',''),(530,'411111','1111','VISA','12','2023',''),(531,'411111','1111','VISA','12','2023',''),(532,'411111','1111','VISA','12','2023',''),(533,'411111','1111','VISA','12','2023',''),(534,'411111','1111','VISA','12','2023',''),(535,'411111','1111','VISA','12','2023',''),(536,'411111','1111','VISA','12','2023',''),(537,'411111','1111','VISA','12','2023',''),(538,'411111','1111','VISA','12','2023',''),(539,'411111','1111','VISA','12','2023',''),(540,'411111','1111','VISA','12','2023',''),(541,'411111','1111','VISA','12','2023',''),(542,'411111','1111','VISA','12','2023',''),(543,'411111','1111','VISA','12','2023',''),(544,'411111','1111','VISA','12','2023',''),(545,'411111','1111','VISA','12','2023',''),(546,'411111','1111','VISA','12','2023',''),(547,'411111','1111','VISA','12','2023',''),(548,'411111','1111','VISA','12','2023',''),(549,'411111','1111','VISA','12','2023',''),(550,'411111','1111','VISA','12','2023',''),(551,'411111','1111','VISA','12','2023',''),(552,'411111','1111','VISA','12','2023',''),(553,'411111','1111','VISA','12','2023',''),(554,'411111','1111','VISA','12','2023',''),(555,'411111','1111','VISA','12','2023',''),(556,'411111','1111','VISA','12','2023',''),(557,'411111','1111','VISA','12','2023',''),(558,'411111','1111','VISA','12','2023',''),(559,'411111','1111','VISA','12','2023',''),(560,'411111','1111','VISA','12','2023',''),(561,'411111','1111','VISA','12','2023',''),(562,'411111','1111','VISA','12','2023',''),(563,'411111','1111','VISA','12','2023',''),(564,'411111','1111','VISA','12','2023',''),(565,'411111','1111','VISA','12','2023',''),(566,'411111','1111','VISA','12','2023',''),(567,'411111','1111','VISA','12','2023',''),(568,'411111','1111','VISA','12','2023',''),(569,'411111','1111','VISA','12','2023',''),(570,'411111','1111','VISA','12','2023',''),(571,'411111','1111','VISA','12','2023',''),(572,'411111','1111','VISA','12','2023',''),(573,'411111','1111','VISA','12','2023',''),(574,'411111','1111','VISA','12','2023',''),(575,'411111','1111','VISA','12','2023',''),(576,'411111','1111','VISA','12','2023',''),(577,'411111','1111','VISA','12','2023',''),(578,'411111','1111','VISA','12','2023',''),(579,'411111','1111','VISA','12','2023',''),(580,'411111','1111','VISA','12','2023',''),(581,'411111','1111','VISA','12','2023',''),(582,'411111','1111','VISA','12','2023',''),(583,'411111','1111','VISA','12','2023',''),(584,'411111','1111','VISA','12','2023',''),(585,'411111','1111','VISA','12','2023',''),(586,'411111','1111','VISA','12','2023',''),(587,'411111','1111','VISA','12','2023',''),(588,'411111','1111','VISA','12','2023',''),(589,'411111','1111','VISA','12','2023',''),(590,'411111','1111','VISA','12','2023',''),(591,'411111','1111','VISA','12','2023',''),(592,'411111','1111','VISA','12','2023',''),(593,'411111','1111','VISA','12','2023',''),(594,'411111','1111','VISA','12','2023',''),(595,'411111','1111','VISA','12','2023',''),(596,'411111','1111','VISA','12','2023',''),(597,'411111','1111','VISA','12','2023',''),(598,'411111','1111','VISA','12','2023',''),(599,'411111','1111','VISA','12','2023',''),(600,'411111','1111','VISA','12','2023',''),(601,'411111','1111','VISA','12','2023',''),(602,'411111','1111','VISA','12','2023',''),(603,'411111','1111','VISA','12','2023',''),(604,'411111','1111','VISA','12','2023',''),(605,'411111','1111','VISA','12','2023',''),(606,'411111','1111','VISA','12','2023',''),(607,'411111','1111','VISA','12','2023',''),(608,'411111','1111','VISA','12','2023',''),(609,'411111','1111','VISA','12','2023',''),(610,'411111','1111','VISA','12','2023',''),(611,'411111','1111','VISA','12','2023',''),(612,'411111','1111','VISA','12','2023',''),(613,'411111','1111','VISA','12','2023',''),(614,'411111','1111','VISA','12','2023',''),(615,'411111','1111','VISA','12','2023',''),(616,'411111','1111','VISA','12','2023',''),(617,'411111','1111','VISA','12','2023',''),(618,'411111','1111','VISA','12','2023',''),(619,'411111','1111','VISA','12','2023',''),(620,'411111','1111','VISA','12','2023',''),(621,'411111','1111','VISA','12','2023',''),(622,'411111','1111','VISA','12','2023',''),(623,'411111','1111','VISA','12','2023',''),(624,'411111','1111','VISA','12','2023',''),(625,'411111','1111','VISA','12','2023',''),(626,'411111','1111','VISA','12','2023',''),(627,'411111','1111','VISA','12','2023',''),(628,'411111','1111','VISA','12','2023',''),(629,'411111','1111','VISA','12','2023',''),(630,'411111','1111','VISA','12','2023',''),(631,'411111','1111','VISA','12','2023',''),(632,'411111','1111','VISA','12','2023',''),(633,'411111','1111','VISA','12','2023',''),(634,'411111','1111','VISA','12','2023',''),(635,'411111','1111','VISA','12','2023',''),(636,'411111','1111','VISA','12','2023',''),(637,'411111','1111','VISA','12','2023',''),(638,'411111','1111','VISA','12','2023',''),(639,'411111','1111','VISA','12','2023',''),(640,'411111','1111','VISA','12','2023',''),(641,'411111','1111','VISA','12','2023',''),(642,'411111','1111','VISA','12','2023',''),(643,'411111','1111','VISA','12','2023',''),(644,'411111','1111','VISA','12','2023',''),(645,'411111','1111','VISA','12','2023',''),(646,'411111','1111','VISA','12','2023',''),(647,'411111','1111','VISA','12','2023',''),(648,'411111','1111','VISA','12','2023',''),(649,'411111','1111','VISA','12','2023',''),(650,'411111','1111','VISA','12','2023',''),(651,'411111','1111','VISA','12','2023',''),(652,'411111','1111','VISA','12','2023',''),(653,'411111','1111','VISA','12','2023',''),(654,'411111','1111','VISA','12','2023',''),(655,'411111','1111','VISA','12','2023',''),(656,'411111','1111','VISA','12','2023',''),(657,'411111','1111','VISA','12','2023',''),(658,'411111','1111','VISA','12','2023',''),(659,'411111','1111','VISA','12','2023',''),(660,'411111','1111','VISA','12','2023',''),(661,'411111','1111','VISA','12','2023',''),(662,'411111','1111','VISA','12','2023',''),(663,'411111','1111','VISA','12','2023',''),(664,'411111','1111','VISA','12','2023',''),(665,'411111','1111','VISA','12','2023',''),(666,'411111','1111','VISA','12','2023',''),(667,'411111','1111','VISA','12','2023',''),(668,'411111','1111','VISA','12','2023',''),(669,'411111','1111','VISA','12','2023',''),(670,'411111','1111','VISA','12','2023',''),(671,'411111','1111','VISA','12','2023',''),(672,'411111','1111','VISA','12','2023',''),(673,'411111','1111','VISA','12','2023',''),(674,'411111','1111','VISA','12','2023',''),(675,'411111','1111','VISA','12','2023',''),(676,'411111','1111','VISA','12','2023',''),(677,'411111','1111','VISA','12','2023',''),(678,'411111','1111','VISA','12','2023',''),(679,'411111','1111','VISA','12','2023',''),(680,'411111','1111','VISA','12','2023',''),(681,'411111','1111','VISA','12','2023',''),(682,'411111','1111','VISA','12','2023',''),(683,'411111','1111','VISA','12','2023',''),(684,'411111','1111','VISA','12','2023',''),(685,'411111','1111','VISA','12','2023',''),(686,'411111','1111','VISA','12','2023',''),(687,'411111','1111','VISA','12','2023',''),(688,'411111','1111','VISA','12','2023',''),(689,'411111','1111','VISA','12','2023',''),(690,'411111','1111','VISA','12','2023',''),(691,'411111','1111','VISA','12','2023',''),(692,'411111','1111','VISA','12','2023',''),(693,'411111','1111','VISA','12','2023',''),(694,'411111','1111','VISA','12','2023',''),(695,'411111','1111','VISA','12','2023',''),(696,'411111','1111','VISA','12','2023',''),(697,'411111','1111','VISA','12','2023',''),(698,'411111','1111','VISA','12','2023',''),(699,'481852','9009','VISA','12','2023',''),(701,'411111','1111','VISA','12','2023',''),(702,'411111','1111','VISA','12','2023',''),(703,'400000','1091','VISA','01','2023',''),(708,'411111','1111','VISA','12','2022',''),(709,'411111','1111','VISA','12','2027',''),(710,'411111','1111','VISA','12','2022',''),(711,'411111','1111','VISA','12','2027',''),(712,'411111','1111','VISA','12','2027',''),(713,'411111','1111','VISA','12','2027',''),(714,'411111','1111','VISA','12','2027',''),(715,'411111','1111','VISA','12','2027',''),(716,'411111','1111','VISA','12','2027',''),(717,'411111','1111','VISA','12','2027',''),(718,'411111','1111','VISA','12','2027',''),(719,'411111','1111','VISA','12','2027',''),(720,'411111','1111','VISA','12','2027',''),(721,'411111','1111','VISA','12','2027',''),(722,'411111','1111','VISA','12','2027',''),(723,'411111','1111','VISA','12','2027',''),(724,'411111','1111','VISA','12','2027',''),(725,'411111','1111','VISA','12','2027',''),(726,'411111','1111','VISA','12','2027',''),(727,'411111','1111','VISA','12','2027',''),(728,'411111','1111','VISA','12','2027',''),(729,'411111','1111','VISA','12','2027',''),(730,'411111','1111','VISA','12','2027',''),(731,'411111','1111','VISA','12','2027',''),(732,'411111','1111','VISA','12','2027',''),(733,'411111','1111','VISA','12','2027',''),(734,'411111','1111','VISA','12','2027',''),(735,'411111','1111','VISA','12','2027',''),(736,'411111','1111','VISA','12','2027',''),(737,'411111','1111','VISA','12','2027',''),(738,'411111','1111','VISA','12','2027',''),(739,'411111','1111','VISA','12','2022',''),(740,'411111','1111','VISA','12','2027',''),(741,'411111','1111','VISA','12','2027',''),(742,'411111','1111','VISA','12','2022',''),(743,'411111','1111','VISA','12','2022',''),(744,'411111','1111','VISA','12','2023',''),(745,'411111','1111','VISA','12','2027',''),(746,'411111','1111','VISA','12','2027',''),(747,'411111','1111','VISA','12','2027',''),(748,'411111','1111','VISA','12','2022',''),(749,'411111','1111','VISA','12','2022',''),(750,'411111','1111','VISA','12','2023',''),(751,'411111','1111','VISA','12','2027',''),(752,'411111','1111','VISA','12','2023',''),(753,'411111','1111','VISA','12','2023',''),(754,'411111','1111','VISA','12','2027',''),(755,'411111','1111','VISA','12','2027',''),(756,'411111','1111','VISA','12','2027',''),(757,'411111','1111','VISA','12','2022',''),(758,'411111','1111','VISA','12','2022',''),(759,'411111','1111','VISA','12','2022',''),(760,'411111','1111','VISA','12','2023',''),(761,'411111','1111','VISA','12','2023',''),(762,'411111','1111','VISA','12','2023',''),(763,'411111','1111','VISA','12','2022',''),(764,'411111','1111','VISA','12','2025',''),(765,'481852','9009','VISA','12','2023',''),(766,'481852','9009','VISA','12','2023',''),(767,'411111','1111','VISA','12','2022',''),(768,'411111','1111','VISA','11','2022',''),(769,'411111','1111','VISA','12','2022',''),(770,'411111','1111','VISA','11','2022',''),(771,'481852','9009','VISA','12','2023',''),(772,'481852','9009','VISA','12','2023',''),(773,'411111','1111','VISA','12','2022',''),(774,'411111','1111','VISA','12','2025',''),(777,'411111','1111','VISA','12','2022',''),(778,'481852','9009','VISA','12','2023',''),(779,'411111','1111','VISA','12','2022',''),(780,'411111','1111','VISA','12','2022',''),(781,'486871','7704','VISA','01','2025',''),(782,'486871','7704','VISA','01','2025',''),(783,'532987','4393','MC','01','2025',''),(784,'486871','4992','VISA','01','2025',''),(785,'486871','2421','VISA','01','2025',''),(786,'486871','5422','VISA','01','2025',''),(787,'486871','7210','VISA','01','2025',''),(788,'486871','8803','VISA','01','2025',''),(789,'486871','8803','VISA','01','2025',''),(790,'486871','6405','VISA','01','2025',''),(791,'486871','3346','VISA','01','2025',''),(792,'486871','4542','VISA','01','2025',''),(793,'486871','8815','VISA','01','2025',''),(794,'486871','3896','VISA','01','2025',''),(795,'486871','9038','VISA','01','2025',''),(796,'486871','0060','VISA','01','2025',''),(797,'486871','0723','VISA','01','2025',''),(798,'486871','2561','VISA','01','2025',''),(799,'486871','4153','VISA','01','2025',''),(800,'486871','1967','VISA','01','2025',''),(801,'486871','8267','VISA','01','2025',''),(802,'486871','3153','VISA','01','2025',''),(803,'486871','1368','VISA','01','2025',''),(804,'486871','5556','VISA','01','2025',''),(805,'486871','8580','VISA','01','2025',''),(806,'486871','1470','VISA','01','2025',''),(807,'486871','8584','VISA','01','2025',''),(808,'486871','6260','VISA','01','2025',''),(809,'486871','3647','VISA','01','2025',''),(810,'486871','5169','VISA','01','2025',''),(811,'486871','8502','VISA','01','2025',''),(812,'486871','1259','VISA','01','2025',''),(813,'486871','8543','VISA','01','2025',''),(814,'532987','0121','MC','01','2025',''),(815,'532987','3439','MC','01','2025',''),(816,'486871','5830','VISA','01','2025',''),(817,'486871','6080','VISA','01','2025',''),(818,'486871','3452','VISA','01','2025',''),(819,'532987','7362','MC','01','2025',''),(820,'532987','8494','MC','01','2025',''),(821,'411111','1111','VISA','12','2025',''),(822,'411111','1111','VISA','12','2025',''),(823,'411111','1111','VISA','12','2022',''),(824,'411111','1111','VISA','12','2025',''),(828,'400000','2701','VISA','01','2025',''),(829,'520000','2235','MC','01','2025',''),(830,'520000','2235','MC','01','2025',''),(831,'520000','2235','MC','01','2025',''),(833,'374200','0004','AMEX','10','2028',''),(834,'374200','0004','AMEX','12','2030',''),(835,'540400','0001','MC','02','2031',''),(836,'411111','1111','VISA','12','2025',''),(837,'374200','0004','AMEX','02','2028',''),(838,'555555','4444','MC','11','2030',''),(839,'345678','4564','AMEX','04','2024',''),(840,'655669','9513','DC','12','2024',''),(841,'555555','4444','MC','12','2023',''),(842,'424242','4242','VISA','03','2032',''),(843,'374200','0004','AMEX','09','2028',''),(844,'345678','4564','AMEX','11','2029',''),(845,'655669','9513','DC','08','2029',''),(846,'424242','4242','VISA','04','2032',''),(847,'374200','0004','AMEX','10','2029',''),(848,'540400','0001','MC','03','2028',''),(849,'555555','4444','MC','03','2026',''),(850,'555555','4444','MC','08','2023',''),(851,'555555','4444','MC','07','2025',''),(852,'601120','1277','DC','06','2028',''),(853,'411111','1111','VISA','12','2024',''),(854,'411111','1111','VISA','09','2027',''),(855,'555555','4444','MC','07','2032',''),(856,'374200','0004','AMEX','07','2026',''),(857,'424242','4242','VISA','05','2031',''),(858,'555555','4444','MC','11','2032',''),(859,'424242','4242','VISA','03','2029',''),(860,'411111','1111','VISA','08','2031',''),(861,'540400','0001','MC','02','2030',''),(862,'424242','4242','VISA','09','2025',''),(864,'411111','1111','VISA','12','2025',''),(865,'411111','1111','VISA','12','2025',''),(866,'411111','1111','VISA','12','2025',''),(867,'411111','1111','VISA','12','2025',''),(868,'400000','2701','VISA','01','2025',''),(869,'400000','2701','VISA','01','2025',''),(870,'400000','2925','VISA','01','2025',''),(871,'400000','2503','VISA','12','2025',''),(872,'411111','1111','VISA','12','2023',''),(873,'411111','1111','VISA','12','2027',''),(874,'411111','1111','VISA','12','2027',''),(875,'411111','1111','VISA','12','2027',''),(876,'411111','1111','VISA','12','2022',''),(877,'411111','1111','VISA','12','2022',''),(878,'411111','1111','VISA','12','2022',''),(879,'411111','1111','VISA','12','2022',''),(880,'411111','1111','VISA','12','2022',''),(881,'411111','1111','VISA','11','2022',''),(882,'411111','1111','VISA','12','2025',''),(883,'411111','1111','VISA','12','2023',''),(884,'411111','1111','VISA','12','2027',''),(885,'411111','1111','VISA','12','2027',''),(886,'411111','1111','VISA','12','2027',''),(887,'411111','1111','VISA','12','2022',''),(888,'411111','1111','VISA','12','2022',''),(889,'411111','1111','VISA','12','2022',''),(890,'411111','1111','VISA','12','2022',''),(891,'411111','1111','VISA','12','2022',''),(892,'411111','1111','VISA','11','2022',''),(893,'411111','1111','VISA','12','2025',''),(894,'411111','1111','VISA','12','2023',''),(895,'411111','1111','VISA','12','2027',''),(896,'411111','1111','VISA','12','2027',''),(897,'411111','1111','VISA','12','2027',''),(898,'411111','1111','VISA','12','2022',''),(899,'411111','1111','VISA','12','2022',''),(900,'411111','1111','VISA','12','2022',''),(901,'411111','1111','VISA','12','2022',''),(902,'411111','1111','VISA','12','2022',''),(903,'411111','1111','VISA','11','2022',''),(904,'411111','1111','VISA','12','2025',''),(905,'411111','1111','VISA','12','2025',''),(906,'411111','1111','VISA','12','2023',''),(907,'411111','1111','VISA','12','2027',''),(908,'411111','1111','VISA','12','2027',''),(909,'411111','1111','VISA','12','2027',''),(910,'411111','1111','VISA','12','2022',''),(911,'411111','1111','VISA','12','2022',''),(912,'411111','1111','VISA','12','2022',''),(913,'411111','1111','VISA','12','2022',''),(914,'411111','1111','VISA','12','2022',''),(915,'411111','1111','VISA','11','2022',''),(916,'411111','1111','VISA','12','2025',''),(917,'411111','1111','VISA','12','2023',''),(918,'411111','1111','VISA','12','2027',''),(919,'411111','1111','VISA','12','2027',''),(920,'411111','1111','VISA','12','2027',''),(921,'411111','1111','VISA','12','2022',''),(922,'411111','1111','VISA','12','2022',''),(923,'411111','1111','VISA','12','2022',''),(924,'411111','1111','VISA','12','2022',''),(925,'411111','1111','VISA','12','2022',''),(926,'411111','1111','VISA','11','2022',''),(927,'411111','1111','VISA','12','2025',''),(928,'411111','1111','VISA','12','2023',''),(929,'411111','1111','VISA','12','2027',''),(930,'411111','1111','VISA','12','2027',''),(931,'411111','1111','VISA','12','2027',''),(932,'411111','1111','VISA','12','2022',''),(933,'411111','1111','VISA','12','2022',''),(934,'411111','1111','VISA','12','2022',''),(935,'411111','1111','VISA','12','2022',''),(936,'411111','1111','VISA','12','2022',''),(937,'411111','1111','VISA','11','2022',''),(938,'411111','1111','VISA','12','2025',''),(939,'411111','1111','VISA','12','2023',''),(940,'411111','1111','VISA','12','2027',''),(941,'411111','1111','VISA','12','2027',''),(942,'411111','1111','VISA','12','2027',''),(943,'411111','1111','VISA','12','2022',''),(944,'411111','1111','VISA','12','2022',''),(945,'411111','1111','VISA','12','2022',''),(946,'411111','1111','VISA','12','2022',''),(947,'411111','1111','VISA','12','2022',''),(948,'411111','1111','VISA','11','2022',''),(949,'411111','1111','VISA','12','2025',''),(950,'411111','1111','VISA','12','2023',''),(951,'411111','1111','VISA','12','2027',''),(952,'411111','1111','VISA','12','2027',''),(953,'411111','1111','VISA','12','2027',''),(954,'411111','1111','VISA','12','2022',''),(955,'411111','1111','VISA','12','2022',''),(956,'411111','1111','VISA','12','2022',''),(957,'411111','1111','VISA','12','2022',''),(958,'411111','1111','VISA','12','2022',''),(959,'411111','1111','VISA','11','2022',''),(960,'411111','1111','VISA','12','2025',''),(962,'411111','1111','VISA','12','2025',''),(963,'411111','1111','VISA','12','2025',''),(964,'411111','1111','VISA','12','2025',''),(965,'411111','1111','VISA','12','2025',''),(966,'411111','1111','VISA','12','2025',''),(967,'411111','1111','VISA','12','2025',''),(968,'411111','1111','VISA','12','2025',''),(969,'411111','1111','VISA','12','2025',''),(970,'411111','1111','VISA','12','2025',''),(971,'411111','1111','VISA','12','2025',''),(972,'411111','1111','VISA','12','2025',''),(973,'411111','1111','VISA','12','2025',''),(974,'411111','1111','VISA','12','2025',''),(975,'411111','1111','VISA','12','2025',''),(976,'411111','1111','VISA','12','2025',''),(977,'411111','1111','VISA','12','2025',''),(978,'481852','9009','VISA','12','2023',''),(979,'481852','9009','VISA','12','2023',''),(980,'481852','9009','VISA','12','2023',''),(981,'411111','1111','VISA','12','2025',''),(982,'411111','1111','VISA','12','2025',''),(983,'411111','1111','VISA','12','2025',''),(985,'411111','1111','VISA','12','2025',''),(986,'411111','1111','VISA','12','2025',''),(987,'411111','1111','VISA','12','2027',''),(988,'481852','9009','VISA','12','2023',''),(989,'411111','1111','VISA','12','2025',''),(990,'481852','9009','VISA','12','2023',''),(991,'444433','1111','VISA','11','2023',''),(992,'411111','1111','VISA','12','2025',''),(993,'444433','1111','VISA','11','2023',''),(994,'481852','9009','VISA','12','2023',''),(995,'481852','9009','VISA','12','2023',''),(996,'411111','1111','VISA','12','2025',''),(997,'411111','1111','VISA','12','2025','Wee'),(998,'481852','9009','VISA','12','2023',''),(999,'481852','9009','VISA','12','2023',''),(1000,'411111','1111','VISA','12','2025',''),(1001,'411111','1111','VISA','12','2025',''),(1002,'411111','1111','VISA','12','2025',''),(1003,'00J811','0518','MC','12','33',''),(1004,'6RW848','3404','MC','12','33',''),(1005,'8HL822','790S','MC','12','33',''),(1006,'5UW147','392U','MC','12','33',''),(1009,'481852','9009','VISA','12','2023',''),(1010,'481852','9009','VISA','12','2023',''),(1011,'481852','9009','VISA','12','2023',''),(1012,'481852','9009','VISA','12','2023',''),(1013,'411111','1111','VISA','12','2025',''),(1016,'411111','1111','VISA','12','2025',''),(1017,'411111','1111','VISA','12','2025',''),(1018,'411111','1111','VISA','12','2025',''),(1019,'411111','1111','VISA','12','2025',''),(1020,'411111','1111','VISA','12','2025',''),(1027,'411111','1111','VISA','12','2025',''),(1038,'411111','1111','VISA','12','2025',''),(1039,'411111','1111','VISA','12','2025',''),(1040,'378282','0005','AMEX','12','2025',''),(1041,'411111','1111','VISA','12','2025',''),(1042,'411111','1111','VISA','12','2025',''),(1043,'411111','1111','VISA','12','2025',''),(1044,'411111','1111','VISA','12','2025',''),(1117,'411111','1111','VISA','12','2025',''),(1118,'411111','1111','VISA','01','2025',''),(1120,'411111','1111','VISA','01','2025',''),(1121,'411111','1111','VISA','01','2025',''),(1122,'424242','4242','VISA','02','2033',''),(1124,'424242','4242','VISA','02','2033',''),(1125,'411111','1111','VISA','01','2025',''),(1126,'411111','1111','VISA','01','2025',''),(1127,'411111','1111','VISA','01','2025',''),(1130,'411111','1111','VISA','12','2028',''),(1131,'481852','9009','VISA','12','2023',''),(1132,'481852','9009','VISA','12','2023',''),(1133,'481852','9009','VISA','12','2023',''),(1134,'481852','9009','VISA','12','2023',''),(1137,'481852','9009','VISA','12','2023',''),(1140,'481852','9009','VISA','12','2023',''),(1141,'481852','9009','VISA','12','2023',''),(1142,'481852','9009','VISA','12','2023',''),(1143,'411111','1111','VISA','12','2025',''),(1144,'411111','1111','VISA','01','2025',''),(1145,'411111','1111','VISA','12','2025',''),(1146,'411111','1111','VISA','12','2025',''),(1147,'411111','1111','VISA','12','2025',''),(1148,'481852','9009','VISA','12','2023',''),(1149,'481852','9009','VISA','12','2023',''),(1150,'481852','9009','VISA','12','2023',''),(1151,'481852','9009','VISA','12','2023',''),(1152,'411111','1111','VISA','12','2025',''),(1153,'411111','1111','VISA','12','2025',''),(1154,'411111','1111','VISA','12','2025',''),(1155,'411111','1111','VISA','12','2025',''),(1156,'411111','1111','VISA','12','2025',''),(1157,'411111','1111','VISA','12','2025',''),(1158,'411111','1111','VISA','12','2025',''),(1172,'411111','1111','VISA','01','2025',''),(1173,'411111','1111','VISA','01','2025',''),(1174,'411111','1111','VISA','01','2025',''),(1175,'411111','1111','VISA','12','2025',''),(1176,'550690','3949','MC','07','2026',''),(1179,'1000','0000','ACH','00','',''),(1180,'411111','1111','VISA','12','2026',''),(1181,'411111','1111','VISA','12','2026',''),(1182,'411111','1111','VISA','12','2026',''),(1183,'411111','1111','VISA','12','2026',''),(1184,'411111','1111','VISA','12','2026',''),(1185,'8WD869','022F','MC','12','33',''),(1186,'58K695','153K','MC','12','33',''),(1187,'2X1840','4722','MC','12','33',''),(1188,'0PL506','0829','MC','12','33',''),(1189,'35S348','4142','MC','12','33','');

--
-- Table structure for table `xpay_mixpanel_event_context`
--

CREATE TABLE `xpay_mixpanel_event_context` (
  `event_id` int NOT NULL DEFAULT '0',
  `name` char(64) NOT NULL DEFAULT '',
  `value` text NOT NULL,
  PRIMARY KEY (`event_id`,`name`),
  KEY `event_id` (`event_id`),
  CONSTRAINT `xpay_mixpanel_event_context_ibfk_1` FOREIGN KEY (`event_id`) REFERENCES `xpay_mixpanel_events` (`event_id`) ON DELETE CASCADE ON UPDATE CASCADE
) ENGINE=InnoDB DEFAULT CHARSET=utf8mb3;

--
-- Dumping data for table `xpay_mixpanel_event_context`
--


--
-- Table structure for table `xpay_mixpanel_event_properties`
--

CREATE TABLE `xpay_mixpanel_event_properties` (
  `event_id` int NOT NULL DEFAULT '0',
  `name` char(64) NOT NULL DEFAULT '',
  `value` text NOT NULL,
  PRIMARY KEY (`event_id`,`name`),
  KEY `event_id` (`event_id`),
  CONSTRAINT `xpay_mixpanel_event_properties_ibfk_1` FOREIGN KEY (`event_id`) REFERENCES `xpay_mixpanel_events` (`event_id`) ON DELETE CASCADE ON UPDATE CASCADE
) ENGINE=InnoDB DEFAULT CHARSET=utf8mb3;

--
-- Dumping data for table `xpay_mixpanel_event_properties`
--


--
-- Table structure for table `xpay_mixpanel_events`
--

CREATE TABLE `xpay_mixpanel_events` (
  `event_id` int NOT NULL AUTO_INCREMENT,
  `action` varchar(255) NOT NULL DEFAULT '',
  `user_id` varchar(64) NOT NULL DEFAULT '',
  `timestamp` char(64) NOT NULL DEFAULT '',
  PRIMARY KEY (`event_id`)
) ENGINE=InnoDB DEFAULT CHARSET=utf8mb3;

--
-- Dumping data for table `xpay_mixpanel_events`
--


--
-- Table structure for table `xpay_modules_registry`
--

CREATE TABLE `xpay_modules_registry` (
  `module` varchar(64) NOT NULL,
  `type` varchar(64) NOT NULL,
  PRIMARY KEY (`module`,`type`)
) ENGINE=InnoDB DEFAULT CHARSET=utf8mb3;

--
-- Dumping data for table `xpay_modules_registry`
--

INSERT INTO `xpay_modules_registry` (`module`, `type`) VALUES ('Amex','Module'),('ANZeGate','Module'),('ApplePay','ModuleWallet'),('ApplePayPaypal','ModuleWallet'),('AuthorizeNetXML','Module'),('Bambora','Module'),('Bean','Module'),('BendigoBank','Module'),('BillriantPay','Module'),('BluePay','Module'),('BlueSnap','Module'),('Braintree','Module'),('Caledon','Module'),('CardinalCommerce','Module'),('Chase','Module'),('CommWeb','Module'),('Credomatic','Module'),('CyberSourceSOAP','Module'),('DemoPay','Module'),('Dibs','Module'),('DirectOne','Module'),('Elavon','Module'),('EpdqXML','Module'),('EProcessingTDE','Module'),('ESec','Module'),('ESelect','Module'),('EwayRapid','Module'),('FifthDimensionGateway','Module'),('FirstDataE4','Module'),('GlobalIris','Module'),('GlobalPay','Module'),('GoEmerchant','Module'),('GooglePay','ModuleWallet'),('GooglePayPaypal','ModuleWallet'),('Heartland','Module'),('HeidelPay','Module'),('InnovativeGateway','Module'),('ItransactXML','Module'),('Kount','ModuleAntifraud'),('Meritus','Module'),('NAB','Module'),('NABXML','Module'),('Netbilling','Module'),('Netevia','Module'),('NMI','Module'),('NoFraud','ModuleAntifraud'),('Ogone','Module'),('PayflowPro','Module'),('PayGateSA','Module'),('PayPal','Module'),('PaypalREST','Module'),('PaypalWPPDirectPayment','Module'),('PaypalWPPPEDirectPayment','Module'),('PsiGateXML','Module'),('QuantumGatewayXML','Module'),('QuickBooksPayments','Module'),('QuickPay','Module'),('RBSGlobalGatewayDirect','Module'),('Realex','Module'),('SagePayDirect','Module'),('SageUs','Module'),('Signifyd','ModuleAntifraud'),('SimplifyCommerce','Module'),('SkipJack','Module'),('Stripe','Module'),('Suncorp','Module'),('TranSafe','Module'),('TwoCheckout','Module'),('USAePay','Module'),('VirtualMerchantMPF','Module'),('WebXpress','Module'),('WorldpayTotalUS','Module'),('WorldpayUs','Module'),('XCartPay','module');

--
-- Table structure for table `xpay_no_fraud_conf`
--

CREATE TABLE `xpay_no_fraud_conf` (
  `conf_id` int NOT NULL DEFAULT '0',
  `nf_token` varchar(255) NOT NULL DEFAULT '',
  `status` char(1) NOT NULL DEFAULT 'N',
  `mode` varchar(4) NOT NULL DEFAULT 'test',
  PRIMARY KEY (`conf_id`),
  CONSTRAINT `xpay_no_fraud_conf_ibfk_1` FOREIGN KEY (`conf_id`) REFERENCES `xpay_payment_confs` (`conf_id`) ON DELETE CASCADE ON UPDATE CASCADE
) ENGINE=InnoDB DEFAULT CHARSET=utf8mb3;

--
-- Dumping data for table `xpay_no_fraud_conf`
--


--
-- Table structure for table `xpay_no_fraud_result`
--

CREATE TABLE `xpay_no_fraud_result` (
  `payment_id` int NOT NULL DEFAULT '0',
  `transaction_id` varchar(255) NOT NULL DEFAULT '',
  `status` varchar(255) NOT NULL DEFAULT '',
  `message` varchar(255) NOT NULL DEFAULT '',
  `errors` text NOT NULL,
  PRIMARY KEY (`payment_id`),
  CONSTRAINT `xpay_no_fraud_result_ibfk_1` FOREIGN KEY (`payment_id`) REFERENCES `xpay_payments` (`payment_id`) ON DELETE CASCADE ON UPDATE CASCADE
) ENGINE=InnoDB DEFAULT CHARSET=utf8mb3;

--
-- Dumping data for table `xpay_no_fraud_result`
--


--
-- Table structure for table `xpay_password_history`
--

CREATE TABLE `xpay_password_history` (
  `ph_id` int NOT NULL AUTO_INCREMENT,
  `user_id` int NOT NULL,
  `password` char(128) NOT NULL DEFAULT '',
  `key_id` int NOT NULL,
  `set_date` int NOT NULL,
  PRIMARY KEY (`ph_id`),
  UNIQUE KEY `user_id` (`user_id`,`password`),
  CONSTRAINT `xpay_password_history_1` FOREIGN KEY (`user_id`) REFERENCES `xpay_profiles` (`user_id`) ON DELETE CASCADE ON UPDATE CASCADE
) ENGINE=InnoDB AUTO_INCREMENT=9 DEFAULT CHARSET=utf8mb3;

--
-- Dumping data for table `xpay_password_history`
--

INSERT INTO `xpay_password_history` (`ph_id`, `user_id`, `password`, `key_id`, `set_date`) VALUES (1,1,'PFavi/RIz/DdYR+SyxBL4C1u7kWo+aOY:W55HUgYfQFbA7cAu7m0x/mN2IMWqefC2',4668705,1637124433),(2,2,'2rtmqNFmjfRfne4EDO6XsmFXJvAxnVRf:XP+uY4t9/sxT0HFXq2qBHUcl5ARQqgpu',4528241,1637170384),(3,2,'/tIPwNcFRNYzumQllFBtAwugxk9AW+m3:Zr1r8z8HQXH95dxG5evB3+XwLiDLR1ZM',5554361,1653029524),(4,2,'g6dGWSbxzcVxLY7IuO1p+g/IydRojuUS:BKPaplln8mRQ6jpenpRv15aSDqgWy3ZP',1709232,1660737607),(5,2,'nzOBqM2jFovn517rA4dNlkLTpGUR4RWe:ObxgxtzGrwYHXrJrXknUXNGK2XtIEdHk',4668705,1676883651),(6,2,'fUj1SKsZ7uMdk6yBhrth6zFmI/4SaVEz:AW+G14FxudwUzQvfSMnDm/RH8e727JR2',6669510,1676968889),(7,2,'gl0LNQ2JDFOk6tics/hBXBmSX+4lbfTm:McwPCYqkJGOn3bJzeveGJ0j3DrVzX/XW',4668705,1687826430),(8,2,'hHTUMQSHogDXTfVcKc8xNPV2OA7BiCZ6:25A6TX55aESkpcAQxWW2qwPnSRMX1q2O',6724719,1697142116);

--
-- Table structure for table `xpay_payment_card_validation_data`
--

CREATE TABLE `xpay_payment_card_validation_data` (
  `cell_id` int NOT NULL AUTO_INCREMENT,
  `payment_id` int NOT NULL DEFAULT '0',
  `cvv` int NOT NULL DEFAULT '0',
  `cvv_code` char(1) NOT NULL DEFAULT '',
  `cvv_raw` varchar(255) NOT NULL DEFAULT '',
  `avs_a` int NOT NULL DEFAULT '0',
  `avs_z` int NOT NULL DEFAULT '0',
  `avs_c` int NOT NULL DEFAULT '0',
  `avs_code` char(1) NOT NULL DEFAULT '',
  `avs_raw` varchar(255) NOT NULL DEFAULT '',
  PRIMARY KEY (`cell_id`),
  KEY `payment_id` (`payment_id`),
  CONSTRAINT `xpay_payment_card_validation_data_ibfk_1` FOREIGN KEY (`payment_id`) REFERENCES `xpay_payments` (`payment_id`) ON DELETE CASCADE ON UPDATE CASCADE
) ENGINE=InnoDB AUTO_INCREMENT=1190 DEFAULT CHARSET=utf8mb3;

--
-- Dumping data for table `xpay_payment_card_validation_data`
--

INSERT INTO `xpay_payment_card_validation_data` (`cell_id`, `payment_id`, `cvv`, `cvv_code`, `cvv_raw`, `avs_a`, `avs_z`, `avs_c`, `avs_code`, `avs_raw`) VALUES (1,1,1,'','',1,1,1,'',''),(2,2,1,'','',1,1,1,'',''),(3,3,0,'','',0,0,0,'',''),(4,4,0,'','',0,0,0,'',''),(5,5,0,'','',0,0,0,'',''),(6,6,0,'','',0,0,0,'',''),(7,7,0,'','',0,0,0,'',''),(8,8,0,'','',0,0,0,'',''),(9,9,0,'','',0,0,0,'',''),(10,10,0,'','',0,0,0,'',''),(11,11,1,'','',1,1,1,'',''),(12,12,0,'','',0,0,0,'',''),(13,13,0,'','',0,0,0,'',''),(14,14,0,'','',0,0,0,'',''),(15,15,2,'','',2,2,2,'',''),(16,16,0,'','',0,0,0,'',''),(17,17,0,'','',0,0,0,'',''),(18,18,1,'','MATCHED',2,2,0,'',''),(19,19,1,'','MATCHED',2,2,0,'',''),(20,20,1,'','MATCHED',2,2,0,'',''),(21,21,0,'','',0,0,0,'',''),(22,22,0,'','',0,0,0,'',''),(23,23,0,'','',0,0,0,'',''),(24,24,0,'','',0,0,0,'',''),(25,25,0,'','',0,0,0,'',''),(26,26,0,'P','P',1,1,1,'Y','Y'),(27,27,0,'','',0,0,0,'',''),(28,28,1,'','',1,1,1,'',''),(29,29,1,'','',1,1,1,'',''),(30,30,0,'','',0,0,0,'',''),(31,31,0,'','',0,0,0,'',''),(32,32,0,'','',0,0,0,'',''),(33,33,0,'','',0,0,0,'',''),(34,34,2,'','',2,2,2,'',''),(35,35,1,'','',1,1,1,'',''),(36,36,2,'','',2,2,2,'',''),(37,37,0,'P','P',1,1,1,'Y','Y'),(38,38,0,'P','P',1,1,1,'Y','Y'),(39,39,0,'','',0,0,0,'',''),(40,40,0,'P','P',1,1,1,'Y','Y'),(41,41,1,'','',1,1,0,'',''),(42,42,1,'','',1,1,1,'',''),(43,43,1,'','',1,1,1,'',''),(44,44,2,'','',2,2,2,'',''),(45,45,2,'','',2,2,2,'',''),(46,46,0,'','',0,0,0,'',''),(47,47,0,'','',0,0,0,'',''),(48,48,1,'','',1,1,0,'',''),(49,49,1,'','',1,1,0,'',''),(50,50,0,'','',1,1,0,'',''),(51,51,0,'','',1,1,0,'',''),(52,52,0,'','',0,0,0,'',''),(53,53,0,'','',0,0,0,'',''),(54,54,0,'P','P',1,1,1,'Y','Y'),(55,55,0,'P','P',1,1,1,'Y','Y'),(56,56,0,'P','P',1,1,1,'Y','Y'),(57,57,0,'P','P',1,1,1,'Y','Y'),(58,58,0,'P','P',1,1,1,'Y','Y'),(59,59,0,'P','P',1,1,1,'Y','Y'),(60,60,0,'P','P',1,1,1,'Y','Y'),(61,61,0,'P','P',1,1,1,'Y','Y'),(62,62,0,'P','P',1,1,1,'Y','Y'),(63,63,0,'P','P',1,1,1,'Y','Y'),(64,64,0,'P','P',1,1,1,'Y','Y'),(65,65,1,'','',1,1,0,'',''),(66,66,0,'','',1,1,0,'',''),(67,67,0,'','',0,0,0,'',''),(68,68,0,'S','S',1,1,1,'Y','Y'),(69,69,0,'','',0,0,0,'',''),(70,70,0,'','',0,0,0,'',''),(71,71,0,'','',0,0,0,'',''),(72,72,0,'','',0,0,0,'',''),(73,73,0,'','',0,0,0,'',''),(74,74,0,'S','S',1,1,1,'Y','Y'),(75,75,0,'','',0,0,0,'',''),(76,76,0,'','',0,0,0,'',''),(77,77,0,'','',0,0,0,'',''),(78,78,0,'','',0,0,0,'',''),(79,79,0,'','',0,0,0,'',''),(80,80,1,'M','M',1,2,2,'A','A'),(81,81,1,'M','M',1,2,2,'A','A'),(82,82,1,'','',1,1,0,'',''),(83,83,1,'','',1,1,0,'',''),(84,84,0,'','',1,1,0,'',''),(85,85,1,'','',1,1,0,'',''),(86,86,0,'','',1,1,0,'',''),(87,87,1,'','',1,1,0,'',''),(88,88,0,'','',1,1,0,'',''),(89,89,1,'','',1,1,0,'',''),(90,90,1,'','',1,1,0,'',''),(91,91,0,'','',1,1,0,'',''),(92,92,0,'','',0,0,0,'',''),(93,93,0,'P','P',1,1,1,'Y','Y'),(94,94,0,'P','P',1,1,1,'Y','Y'),(95,95,0,'P','P',1,1,1,'Y','Y'),(96,96,0,'P','P',1,1,1,'Y','Y'),(97,97,0,'P','P',1,1,1,'Y','Y'),(98,98,0,'P','P',1,1,1,'Y','Y'),(99,99,0,'P','P',1,1,1,'Y','Y'),(100,100,0,'','',0,0,0,'',''),(101,101,0,'','',0,0,0,'',''),(102,102,0,'','',0,0,0,'',''),(103,103,0,'','',0,0,0,'',''),(104,104,0,'P','P',1,1,1,'Y','Y'),(105,105,0,'P','P',1,1,1,'Y','Y'),(106,106,0,'P','P',1,1,1,'Y','Y'),(107,107,0,'P','P',1,1,1,'Y','Y'),(108,108,0,'','',0,0,0,'',''),(109,109,0,'P','P',1,1,1,'Y','Y'),(110,110,0,'P','P',1,1,1,'Y','Y'),(111,111,0,'','',0,0,0,'',''),(112,112,0,'','',0,0,0,'',''),(113,113,0,'P','P',1,1,1,'Y','Y'),(114,114,0,'','',0,0,0,'',''),(115,115,0,'','',0,0,0,'',''),(116,116,0,'','',0,0,0,'',''),(117,117,0,'','',0,0,0,'',''),(118,118,0,'','',0,0,0,'',''),(119,119,0,'','',0,0,0,'',''),(120,120,0,'','',0,0,0,'',''),(121,121,0,'','',0,0,0,'',''),(122,122,0,'','',0,0,0,'',''),(123,123,0,'P','P',1,1,1,'Y','Y'),(124,124,0,'P','P',1,1,1,'Y','Y'),(125,125,0,'P','P',1,1,1,'Y','Y'),(126,126,0,'P','P',1,1,1,'Y','Y'),(127,127,0,'','',0,0,0,'',''),(128,128,0,'','',0,0,0,'',''),(129,129,0,'P','P',1,1,1,'Y','Y'),(130,130,0,'','',0,0,0,'',''),(131,131,0,'P','P',1,1,1,'Y','Y'),(132,132,0,'P','P',1,1,1,'Y','Y'),(133,133,0,'P','P',1,1,1,'Y','Y'),(134,134,0,'P','P',1,1,1,'Y','Y'),(135,135,0,'P','P',1,1,1,'Y','Y'),(136,136,0,'P','P',1,1,1,'Y','Y'),(137,137,0,'P','P',1,1,1,'Y','Y'),(138,138,0,'P','P',1,1,1,'Y','Y'),(139,139,0,'P','P',1,1,1,'Y','Y'),(140,140,0,'P','P',1,1,1,'Y','Y'),(141,141,0,'','',0,0,0,'P','P'),(142,142,0,'','',0,0,0,'P','P'),(143,143,0,'','',0,0,0,'P','P'),(144,144,0,'','',0,0,0,'P','P'),(145,145,0,'','',0,0,0,'P','P'),(146,146,0,'','',0,0,0,'P','P'),(147,147,0,'','',0,0,0,'',''),(148,148,0,'','',0,0,0,'',''),(149,149,0,'','',0,0,0,'',''),(150,150,0,'','',0,0,0,'',''),(151,151,0,'','',0,0,0,'',''),(152,152,0,'','',0,0,0,'',''),(153,153,0,'','',0,0,0,'',''),(154,154,0,'','',0,0,0,'',''),(155,155,0,'','',0,0,0,'',''),(156,156,0,'','',0,0,0,'',''),(157,157,0,'','',0,0,0,'',''),(158,158,0,'','',0,0,0,'',''),(159,159,0,'','',0,0,0,'',''),(160,160,0,'','',0,0,0,'',''),(161,161,0,'','',0,0,0,'',''),(162,162,0,'','',0,0,0,'',''),(163,163,0,'','',0,0,0,'',''),(164,164,0,'','',0,0,0,'',''),(165,165,0,'','',0,0,0,'',''),(166,166,0,'','',0,0,0,'',''),(167,167,0,'','',0,0,0,'',''),(168,168,0,'','',0,0,0,'',''),(169,169,0,'','',0,0,0,'',''),(170,170,0,'','',0,0,0,'',''),(171,171,0,'','',0,0,0,'',''),(172,172,0,'','',0,0,0,'',''),(173,173,0,'','',0,0,0,'',''),(174,174,0,'','',0,0,0,'',''),(175,175,0,'','',0,0,0,'',''),(176,176,0,'','',0,0,0,'',''),(177,177,0,'','',0,0,0,'',''),(178,178,0,'','',0,0,0,'',''),(179,179,0,'','',0,0,0,'',''),(180,180,0,'','',0,0,0,'',''),(181,181,0,'','',0,0,0,'',''),(182,182,0,'','',0,0,0,'',''),(183,183,0,'','',0,0,0,'',''),(184,184,0,'','',0,0,0,'',''),(185,185,0,'','',0,0,0,'',''),(186,186,0,'','',0,0,0,'',''),(187,187,0,'','',0,0,0,'',''),(188,188,0,'','',0,0,0,'',''),(189,189,0,'','',0,0,0,'',''),(190,190,0,'','',0,0,0,'',''),(191,191,0,'','',0,0,0,'',''),(192,192,0,'P','P',0,0,0,'U','U'),(193,193,1,'M','M',0,0,0,'U','U'),(194,194,1,'M','M',0,0,0,'U','U'),(195,195,1,'M','M',0,0,0,'U','U'),(196,196,0,'','',0,0,0,'',''),(197,197,0,'','',0,0,0,'',''),(198,198,0,'','',0,0,0,'',''),(199,199,0,'','',0,0,0,'',''),(200,200,0,'','',0,0,0,'',''),(201,201,0,'','',0,0,0,'',''),(202,202,0,'','',0,0,0,'',''),(203,203,0,'','',0,0,0,'',''),(204,204,0,'','',0,0,0,'',''),(205,205,0,'','',0,0,0,'',''),(206,206,0,'','',0,0,0,'',''),(207,207,0,'','',0,0,0,'',''),(208,208,0,'','',0,0,0,'',''),(209,209,0,'','',0,0,0,'',''),(210,210,0,'','',0,0,0,'',''),(211,211,0,'','',0,0,0,'',''),(212,212,0,'','',0,0,0,'',''),(213,213,0,'','',0,0,0,'',''),(214,214,0,'','',0,0,0,'',''),(215,215,0,'','',0,0,0,'',''),(216,216,0,'','',0,0,0,'',''),(217,217,0,'','',0,0,0,'',''),(218,218,0,'','',0,0,0,'',''),(219,219,0,'','',0,0,0,'',''),(220,220,0,'','',0,0,0,'',''),(221,221,0,'','',0,0,0,'',''),(222,222,0,'','',0,0,0,'',''),(223,223,0,'','',0,0,0,'',''),(224,224,0,'','',0,0,0,'',''),(225,225,0,'','',0,0,0,'',''),(226,226,0,'','',0,0,0,'',''),(227,227,0,'','',0,0,0,'',''),(228,228,0,'','',0,0,0,'',''),(229,229,0,'','',0,0,0,'',''),(230,230,0,'','',0,0,0,'',''),(231,231,0,'','',0,0,0,'',''),(232,232,0,'','',0,0,0,'',''),(233,233,0,'','',0,0,0,'',''),(234,234,0,'','',0,0,0,'',''),(235,235,0,'','',0,0,0,'',''),(236,236,0,'','',0,0,0,'',''),(237,237,0,'','',0,0,0,'',''),(238,238,0,'','',0,0,0,'',''),(239,239,0,'','',0,0,0,'',''),(240,240,0,'','',0,0,0,'',''),(241,241,0,'','',0,0,0,'',''),(242,242,0,'','',0,0,0,'',''),(243,243,0,'','',0,0,0,'',''),(244,244,0,'','',0,0,0,'',''),(245,245,0,'','',0,0,0,'',''),(246,246,0,'','',0,0,0,'',''),(247,247,0,'','',0,0,0,'',''),(248,248,0,'','',0,0,0,'',''),(249,249,0,'','',0,0,0,'',''),(250,250,0,'','',0,0,0,'',''),(251,251,0,'','',0,0,0,'',''),(252,252,0,'','',0,0,0,'',''),(253,253,0,'','',0,0,0,'',''),(254,254,0,'','',0,0,0,'',''),(255,255,0,'','',0,0,0,'',''),(256,256,0,'','',0,0,0,'',''),(257,257,0,'','',0,0,0,'',''),(258,258,0,'','',0,0,0,'',''),(259,259,0,'','',0,0,0,'',''),(260,260,0,'','',0,0,0,'',''),(261,261,0,'','',0,0,0,'',''),(262,262,0,'','',0,0,0,'',''),(263,263,0,'','',0,0,0,'',''),(264,264,0,'','',0,0,0,'',''),(265,265,0,'','',0,0,0,'',''),(266,266,0,'','',0,0,0,'',''),(267,267,0,'','',0,0,0,'',''),(268,268,0,'','',0,0,0,'',''),(269,269,0,'','',0,0,0,'',''),(270,270,0,'','',0,0,0,'',''),(271,271,0,'','',0,0,0,'',''),(272,272,0,'','',0,0,0,'',''),(273,273,0,'','',0,0,0,'',''),(274,274,0,'','',0,0,0,'',''),(275,275,0,'','',0,0,0,'',''),(276,276,0,'','',0,0,0,'',''),(277,277,0,'','',0,0,0,'',''),(278,278,0,'','',0,0,0,'',''),(279,279,0,'','',0,0,0,'',''),(280,280,0,'','',0,0,0,'',''),(281,281,0,'','',0,0,0,'',''),(282,282,0,'','',0,0,0,'',''),(283,283,0,'','',0,0,0,'',''),(284,284,0,'','',0,0,0,'',''),(285,285,0,'','',0,0,0,'',''),(286,286,0,'','',0,0,0,'',''),(287,287,0,'','',0,0,0,'',''),(288,288,0,'','',0,0,0,'',''),(289,289,0,'','',0,0,0,'',''),(290,290,0,'','',0,0,0,'',''),(291,291,0,'','',0,0,0,'',''),(292,292,0,'','',0,0,0,'',''),(293,293,0,'','',0,0,0,'',''),(294,294,0,'','',0,0,0,'',''),(295,295,0,'','',0,0,0,'',''),(296,296,0,'','',0,0,0,'',''),(297,297,1,'','MATCHED',2,2,0,'',''),(298,298,0,'','',0,0,0,'',''),(299,299,0,'','',0,0,0,'',''),(300,300,0,'','',0,0,0,'',''),(301,301,1,'','MATCHED',2,2,0,'',''),(302,302,0,'','',0,0,0,'',''),(303,303,1,'','MATCHED',2,2,0,'',''),(304,304,1,'','MATCHED',2,2,0,'',''),(305,305,1,'','MATCHED',2,2,0,'',''),(306,306,0,'','',0,0,0,'',''),(307,307,0,'P','P',1,1,1,'Y','Y'),(308,308,0,'','',0,0,0,'',''),(309,309,1,'M','M',1,1,1,'Y','Y'),(310,310,0,'','',0,0,0,'',''),(311,311,0,'','',0,0,0,'',''),(312,312,0,'','',0,0,0,'',''),(313,313,0,'P','P',1,1,1,'Y','Y'),(314,314,0,'P','P',1,1,1,'Y','Y'),(315,315,0,'P','P',1,1,1,'Y','Y'),(316,316,0,'','',0,0,0,'',''),(317,317,0,'','',0,0,0,'',''),(318,318,0,'','',0,0,0,'',''),(319,319,0,'','',0,0,0,'',''),(320,320,0,'','',0,0,0,'',''),(321,321,0,'','',0,0,0,'',''),(322,322,0,'P','P',1,1,1,'Y','Y'),(323,323,0,'P','P',1,1,1,'Y','Y'),(324,324,0,'P','P',1,1,1,'Y','Y'),(325,325,0,'P','P',1,1,1,'Y','Y'),(326,326,0,'P','P',1,1,1,'Y','Y'),(327,327,0,'P','P',1,1,1,'Y','Y'),(328,328,0,'P','P',1,1,1,'Y','Y'),(329,329,0,'P','P',1,1,1,'Y','Y'),(330,330,0,'P','P',1,1,1,'Y','Y'),(331,331,0,'P','P',1,1,1,'Y','Y'),(332,332,0,'P','P',1,1,1,'Y','Y'),(333,333,0,'P','P',1,1,1,'Y','Y'),(334,334,0,'P','P',1,1,1,'Y','Y'),(335,335,0,'P','P',1,1,1,'Y','Y'),(336,336,0,'P','P',1,1,1,'Y','Y'),(337,337,0,'P','P',1,1,1,'Y','Y'),(338,338,0,'P','P',1,1,1,'Y','Y'),(339,339,0,'P','P',1,1,1,'Y','Y'),(340,340,0,'P','P',1,1,1,'Y','Y'),(341,341,0,'P','P',1,1,1,'Y','Y'),(342,342,0,'P','P',1,1,1,'Y','Y'),(343,343,0,'P','P',1,1,1,'Y','Y'),(344,344,0,'P','P',1,1,1,'Y','Y'),(345,345,0,'P','P',1,1,1,'Y','Y'),(346,346,0,'P','P',1,1,1,'Y','Y'),(347,347,0,'P','P',1,1,1,'Y','Y'),(348,348,0,'P','P',1,1,1,'Y','Y'),(349,349,0,'P','P',1,1,1,'Y','Y'),(350,350,0,'P','P',1,1,1,'Y','Y'),(351,351,0,'P','P',1,1,1,'Y','Y'),(352,352,0,'P','P',1,1,1,'Y','Y'),(353,353,0,'P','P',1,1,1,'Y','Y'),(354,354,0,'P','P',1,1,1,'Y','Y'),(355,355,0,'P','P',1,1,1,'Y','Y'),(356,356,0,'P','P',1,1,1,'Y','Y'),(357,357,0,'','',1,1,0,'',''),(358,358,1,'','',1,1,0,'',''),(359,359,1,'','',1,1,0,'',''),(360,360,0,'','',0,0,0,'',''),(361,361,1,'','',1,1,0,'',''),(362,362,1,'','',1,1,0,'',''),(363,363,0,'','',0,0,0,'',''),(364,364,0,'','',0,0,0,'',''),(365,365,1,'','',1,1,0,'',''),(366,366,1,'','',1,1,0,'',''),(367,367,1,'','',1,1,0,'',''),(368,368,1,'','',1,1,0,'',''),(369,369,1,'','',1,1,0,'',''),(370,370,0,'','',0,0,0,'',''),(371,371,0,'','',0,0,0,'',''),(372,372,0,'','',0,0,0,'',''),(373,373,0,'P','P',1,1,1,'Y','Y'),(374,374,0,'P','P',1,1,1,'Y','Y'),(375,375,0,'P','P',1,1,1,'Y','Y'),(376,376,0,'P','P',1,1,1,'Y','Y'),(377,377,1,'','',1,1,0,'',''),(378,378,1,'Y','Y',1,1,0,'',''),(379,379,0,'','',0,0,0,'',''),(380,380,1,'','',1,1,0,'',''),(381,381,0,'','',0,0,0,'',''),(382,382,0,'','',0,0,0,'',''),(383,383,0,'','',0,0,0,'',''),(384,384,0,'','',0,0,0,'',''),(385,385,0,'','',0,0,0,'',''),(386,386,0,'','',0,0,0,'',''),(387,387,1,'','',1,1,0,'',''),(388,388,1,'Y','Y',1,2,0,'',''),(389,389,0,'','',0,0,0,'',''),(390,390,0,'','',0,0,0,'',''),(391,391,0,'','',0,0,0,'',''),(392,392,1,'Y','Y',1,2,0,'',''),(393,393,0,'','',0,0,0,'',''),(394,394,1,'Y','Y',1,2,0,'',''),(395,395,0,'','',0,0,0,'',''),(396,396,0,'','',0,0,0,'',''),(397,397,1,'Y','Y',1,2,0,'',''),(398,398,0,'','',0,0,0,'',''),(399,399,0,'','',0,0,0,'',''),(400,400,0,'','',1,1,0,'',''),(401,401,0,'','',0,0,0,'',''),(402,402,1,'','',1,1,0,'',''),(403,403,1,'','',1,1,0,'',''),(404,404,1,'M','M',1,1,1,'Y','Y'),(405,405,1,'M','M',1,1,1,'Y','Y'),(406,406,1,'M','M',1,1,1,'Y','Y'),(407,407,1,'M','M',1,1,1,'Y','Y'),(408,408,1,'M','M',1,1,1,'Y','Y'),(409,409,1,'M','M',1,1,1,'Y','Y'),(410,410,1,'','',1,1,0,'',''),(411,411,0,'','',0,0,0,'',''),(412,412,1,'M','M',1,1,1,'Y','Y'),(413,413,0,'','',0,0,0,'',''),(414,414,0,'','',0,0,0,'',''),(415,415,0,'','',0,0,0,'',''),(416,416,0,'','',0,0,0,'',''),(417,417,0,'','',0,0,0,'',''),(418,418,0,'','',0,0,0,'',''),(419,419,1,'M','M',1,1,1,'Y','Y'),(420,420,1,'M','M',1,1,1,'Y','Y'),(421,421,0,'','',1,1,1,'X','X'),(422,422,0,'','',0,0,0,'',''),(423,423,1,'','',1,1,0,'',''),(424,424,1,'','',1,1,0,'',''),(425,425,0,'','',1,1,0,'',''),(426,426,0,'','',1,1,0,'',''),(427,427,0,'','',1,1,0,'',''),(428,428,0,'','',1,1,0,'',''),(429,429,0,'','',1,1,0,'',''),(430,430,0,'','',1,1,0,'',''),(431,431,0,'','',1,1,0,'',''),(432,432,0,'','',1,1,0,'',''),(433,433,0,'','',1,1,0,'',''),(434,434,0,'','',1,1,0,'',''),(435,435,0,'','',1,1,0,'',''),(436,436,0,'','',1,1,0,'',''),(437,437,0,'','',1,1,0,'',''),(438,438,0,'','',1,1,0,'',''),(439,439,0,'','',1,1,0,'',''),(440,440,0,'','',1,1,0,'',''),(441,441,0,'','',1,1,0,'',''),(442,442,0,'','',1,1,0,'',''),(443,443,0,'','',1,1,0,'',''),(444,444,0,'','',1,1,0,'',''),(445,445,0,'','',1,1,0,'',''),(446,446,0,'','',1,1,0,'',''),(447,447,0,'','',1,1,0,'',''),(448,448,0,'','',1,1,0,'',''),(449,449,0,'','',1,1,0,'',''),(450,450,0,'','',1,1,0,'',''),(451,451,0,'','',1,1,0,'',''),(452,452,0,'','',1,1,0,'',''),(453,453,0,'','',1,1,0,'',''),(454,454,0,'','',1,1,0,'',''),(455,455,0,'','',1,1,0,'',''),(456,456,0,'','',1,1,0,'',''),(457,457,0,'','',1,1,0,'',''),(458,458,0,'','',1,1,0,'',''),(459,459,0,'','',1,1,0,'',''),(460,460,0,'','',1,1,0,'',''),(461,461,0,'','',1,1,0,'',''),(462,462,0,'','',1,1,0,'',''),(463,463,0,'','',1,1,0,'',''),(464,464,0,'','',1,1,0,'',''),(465,465,0,'','',1,1,0,'',''),(466,466,0,'','',1,1,0,'',''),(467,467,0,'','',1,1,0,'',''),(468,468,0,'','',1,1,0,'',''),(469,469,0,'','',1,1,0,'',''),(470,470,0,'','',1,1,0,'',''),(471,471,0,'','',1,1,0,'',''),(472,472,0,'','',1,1,0,'',''),(473,473,0,'','',1,1,0,'',''),(474,474,0,'','',1,1,0,'',''),(475,475,0,'','',1,1,0,'',''),(476,476,0,'','',1,1,0,'',''),(477,477,0,'','',1,1,0,'',''),(478,478,0,'','',1,1,0,'',''),(479,479,0,'','',1,1,0,'',''),(480,480,0,'','',1,1,0,'',''),(481,481,0,'','',1,1,0,'',''),(482,482,0,'','',1,1,0,'',''),(483,483,0,'','',1,1,0,'',''),(484,484,0,'','',1,1,0,'',''),(485,485,0,'','',1,1,0,'',''),(486,486,0,'','',1,1,0,'',''),(487,487,0,'','',1,1,0,'',''),(488,488,0,'','',1,1,0,'',''),(489,489,0,'','',1,1,0,'',''),(490,490,0,'','',1,1,0,'',''),(491,491,0,'','',1,1,0,'',''),(492,492,0,'','',1,1,0,'',''),(493,493,0,'','',1,1,0,'',''),(494,494,0,'','',1,1,0,'',''),(495,495,0,'','',1,1,0,'',''),(496,496,0,'','',1,1,0,'',''),(497,497,0,'','',1,1,0,'',''),(498,498,0,'','',1,1,0,'',''),(499,499,0,'','',1,1,0,'',''),(500,500,0,'','',1,1,0,'',''),(501,501,0,'','',1,1,0,'',''),(502,502,0,'','',1,1,0,'',''),(503,503,0,'','',1,1,0,'',''),(504,504,0,'','',1,1,0,'',''),(505,505,0,'','',1,1,0,'',''),(506,506,0,'','',1,1,0,'',''),(507,507,0,'','',1,1,0,'',''),(508,508,0,'','',1,1,0,'',''),(509,509,0,'','',1,1,0,'',''),(510,510,0,'','',1,1,0,'',''),(511,511,0,'','',1,1,0,'',''),(512,512,0,'','',1,1,0,'',''),(513,513,0,'','',1,1,0,'',''),(514,514,0,'','',1,1,0,'',''),(515,515,0,'','',1,1,0,'',''),(516,516,0,'','',1,1,0,'',''),(517,517,0,'','',1,1,0,'',''),(518,518,0,'','',1,1,0,'',''),(519,519,0,'','',1,1,0,'',''),(520,520,0,'','',1,1,0,'',''),(521,521,0,'','',1,1,0,'',''),(522,522,0,'','',1,1,0,'',''),(523,523,0,'','',1,1,0,'',''),(524,524,0,'','',1,1,0,'',''),(525,525,0,'','',1,1,0,'',''),(526,526,0,'','',1,1,0,'',''),(527,527,0,'','',1,1,0,'',''),(528,528,0,'','',1,1,0,'',''),(529,529,0,'','',1,1,0,'',''),(530,530,0,'','',1,1,0,'',''),(531,531,0,'','',1,1,0,'',''),(532,532,0,'','',1,1,0,'',''),(533,533,0,'','',1,1,0,'',''),(534,534,0,'','',1,1,0,'',''),(535,535,0,'','',1,1,0,'',''),(536,536,0,'','',1,1,0,'',''),(537,537,0,'','',1,1,0,'',''),(538,538,0,'','',1,1,0,'',''),(539,539,0,'','',1,1,0,'',''),(540,540,0,'','',1,1,0,'',''),(541,541,0,'','',1,1,0,'',''),(542,542,0,'','',1,1,0,'',''),(543,543,0,'','',1,1,0,'',''),(544,544,0,'','',1,1,0,'',''),(545,545,0,'','',1,1,0,'',''),(546,546,0,'','',1,1,0,'',''),(547,547,0,'','',1,1,0,'',''),(548,548,0,'','',1,1,0,'',''),(549,549,0,'','',1,1,0,'',''),(550,550,0,'','',1,1,0,'',''),(551,551,0,'','',1,1,0,'',''),(552,552,0,'','',1,1,0,'',''),(553,553,0,'','',1,1,0,'',''),(554,554,0,'','',1,1,0,'',''),(555,555,0,'','',1,1,0,'',''),(556,556,0,'','',1,1,0,'',''),(557,557,0,'','',1,1,0,'',''),(558,558,0,'','',1,1,0,'',''),(559,559,0,'','',1,1,0,'',''),(560,560,0,'','',1,1,0,'',''),(561,561,0,'','',1,1,0,'',''),(562,562,0,'','',1,1,0,'',''),(563,563,0,'','',1,1,0,'',''),(564,564,0,'','',1,1,0,'',''),(565,565,0,'','',1,1,0,'',''),(566,566,0,'','',1,1,0,'',''),(567,567,0,'','',1,1,0,'',''),(568,568,0,'','',1,1,0,'',''),(569,569,0,'','',1,1,0,'',''),(570,570,0,'','',1,1,0,'',''),(571,571,0,'','',1,1,0,'',''),(572,572,0,'','',1,1,0,'',''),(573,573,0,'','',1,1,0,'',''),(574,574,0,'','',1,1,0,'',''),(575,575,0,'','',1,1,0,'',''),(576,576,0,'','',1,1,0,'',''),(577,577,0,'','',1,1,0,'',''),(578,578,0,'','',1,1,0,'',''),(579,579,0,'','',1,1,0,'',''),(580,580,0,'','',1,1,0,'',''),(581,581,0,'','',1,1,0,'',''),(582,582,0,'','',1,1,0,'',''),(583,583,0,'','',1,1,0,'',''),(584,584,0,'','',1,1,0,'',''),(585,585,0,'','',1,1,0,'',''),(586,586,0,'','',1,1,0,'',''),(587,587,0,'','',1,1,0,'',''),(588,588,0,'','',1,1,0,'',''),(589,589,0,'','',1,1,0,'',''),(590,590,0,'','',1,1,0,'',''),(591,591,0,'','',1,1,0,'',''),(592,592,0,'','',1,1,0,'',''),(593,593,0,'','',1,1,0,'',''),(594,594,0,'','',1,1,0,'',''),(595,595,0,'','',1,1,0,'',''),(596,596,0,'','',1,1,0,'',''),(597,597,0,'','',1,1,0,'',''),(598,598,0,'','',1,1,0,'',''),(599,599,0,'','',1,1,0,'',''),(600,600,0,'','',1,1,0,'',''),(601,601,0,'','',1,1,0,'',''),(602,602,0,'','',1,1,0,'',''),(603,603,0,'','',1,1,0,'',''),(604,604,0,'','',1,1,0,'',''),(605,605,0,'','',1,1,0,'',''),(606,606,0,'','',1,1,0,'',''),(607,607,0,'','',1,1,0,'',''),(608,608,0,'','',1,1,0,'',''),(609,609,0,'','',1,1,0,'',''),(610,610,0,'','',1,1,0,'',''),(611,611,0,'','',1,1,0,'',''),(612,612,0,'','',1,1,0,'',''),(613,613,0,'','',1,1,0,'',''),(614,614,0,'','',1,1,0,'',''),(615,615,0,'','',1,1,0,'',''),(616,616,0,'','',1,1,0,'',''),(617,617,0,'','',1,1,0,'',''),(618,618,0,'','',1,1,0,'',''),(619,619,0,'','',1,1,0,'',''),(620,620,0,'','',1,1,0,'',''),(621,621,0,'','',1,1,0,'',''),(622,622,0,'','',1,1,0,'',''),(623,623,0,'','',1,1,0,'',''),(624,624,0,'','',1,1,0,'',''),(625,625,0,'','',1,1,0,'',''),(626,626,0,'','',1,1,0,'',''),(627,627,0,'','',1,1,0,'',''),(628,628,0,'','',1,1,0,'',''),(629,629,0,'','',1,1,0,'',''),(630,630,0,'','',1,1,0,'',''),(631,631,0,'','',1,1,0,'',''),(632,632,0,'','',1,1,0,'',''),(633,633,0,'','',1,1,0,'',''),(634,634,0,'','',1,1,0,'',''),(635,635,0,'','',1,1,0,'',''),(636,636,0,'','',1,1,0,'',''),(637,637,0,'','',1,1,0,'',''),(638,638,0,'','',1,1,0,'',''),(639,639,0,'','',1,1,0,'',''),(640,640,0,'','',1,1,0,'',''),(641,641,0,'','',1,1,0,'',''),(642,642,0,'','',1,1,0,'',''),(643,643,0,'','',1,1,0,'',''),(644,644,0,'','',1,1,0,'',''),(645,645,0,'','',1,1,0,'',''),(646,646,0,'','',1,1,0,'',''),(647,647,0,'','',1,1,0,'',''),(648,648,0,'','',1,1,0,'',''),(649,649,0,'','',1,1,0,'',''),(650,650,0,'','',1,1,0,'',''),(651,651,0,'','',1,1,0,'',''),(652,652,0,'','',1,1,0,'',''),(653,653,0,'','',1,1,0,'',''),(654,654,0,'','',1,1,0,'',''),(655,655,0,'','',1,1,0,'',''),(656,656,0,'','',1,1,0,'',''),(657,657,0,'','',1,1,0,'',''),(658,658,0,'','',1,1,0,'',''),(659,659,0,'','',1,1,0,'',''),(660,660,0,'','',1,1,0,'',''),(661,661,0,'','',1,1,0,'',''),(662,662,0,'','',1,1,0,'',''),(663,663,0,'','',1,1,0,'',''),(664,664,0,'','',1,1,0,'',''),(665,665,0,'','',1,1,0,'',''),(666,666,0,'','',1,1,0,'',''),(667,667,0,'','',1,1,0,'',''),(668,668,0,'','',1,1,0,'',''),(669,669,0,'','',1,1,0,'',''),(670,670,0,'','',1,1,0,'',''),(671,671,0,'','',1,1,0,'',''),(672,672,0,'','',1,1,0,'',''),(673,673,0,'','',1,1,0,'',''),(674,674,0,'','',1,1,0,'',''),(675,675,0,'','',1,1,0,'',''),(676,676,0,'','',1,1,0,'',''),(677,677,0,'','',1,1,0,'',''),(678,678,0,'','',1,1,0,'',''),(679,679,0,'','',1,1,0,'',''),(680,680,0,'','',1,1,0,'',''),(681,681,0,'','',1,1,0,'',''),(682,682,0,'','',1,1,0,'',''),(683,683,0,'','',1,1,0,'',''),(684,684,0,'','',1,1,0,'',''),(685,685,0,'','',1,1,0,'',''),(686,686,0,'','',1,1,0,'',''),(687,687,0,'','',1,1,0,'',''),(688,688,0,'','',1,1,0,'',''),(689,689,0,'','',1,1,0,'',''),(690,690,0,'','',1,1,0,'',''),(691,691,0,'','',1,1,0,'',''),(692,692,0,'','',1,1,0,'',''),(693,693,0,'','',1,1,0,'',''),(694,694,0,'','',1,1,0,'',''),(695,695,0,'','',1,1,0,'',''),(696,696,0,'','',1,1,0,'',''),(697,697,0,'','',1,1,0,'',''),(698,698,0,'','',1,1,0,'',''),(699,699,0,'','',1,1,0,'',''),(700,700,0,'','',0,0,0,'',''),(701,701,1,'','',1,1,0,'',''),(702,702,1,'','',1,1,0,'',''),(703,703,1,'','',1,1,0,'',''),(704,704,0,'','',0,0,0,'',''),(705,705,0,'','',0,0,0,'',''),(706,706,0,'','',0,0,0,'',''),(707,707,0,'','',0,0,0,'',''),(708,708,1,'','',1,1,0,'',''),(709,709,0,'','',0,0,0,'',''),(710,710,0,'','',1,1,0,'',''),(711,711,0,'','',0,0,0,'',''),(712,712,0,'','',0,0,0,'',''),(713,713,0,'','',0,0,0,'',''),(714,714,0,'','',0,0,0,'',''),(715,715,0,'','',0,0,0,'',''),(716,716,0,'','',0,0,0,'',''),(717,717,0,'','',0,0,0,'',''),(718,718,0,'','',0,0,0,'',''),(719,719,0,'','',0,0,0,'',''),(720,720,0,'','',0,0,0,'',''),(721,721,0,'','',0,0,0,'',''),(722,722,0,'','',0,0,0,'',''),(723,723,0,'','',0,0,0,'',''),(724,724,0,'','',0,0,0,'',''),(725,725,0,'','',0,0,0,'',''),(726,726,0,'','',0,0,0,'',''),(727,727,0,'','',1,1,0,'',''),(728,728,0,'','',1,1,0,'',''),(729,729,0,'','',0,0,0,'',''),(730,730,0,'','',0,0,0,'',''),(731,731,0,'','',0,0,0,'',''),(732,732,0,'','',0,0,0,'',''),(733,733,0,'P','P',1,1,1,'Y','Y'),(734,734,0,'P','P',1,1,1,'Y','Y'),(735,735,0,'P','P',1,1,1,'Y','Y'),(736,736,0,'P','P',1,1,1,'Y','Y'),(737,737,0,'P','P',1,1,1,'Y','Y'),(738,738,0,'P','P',1,1,1,'Y','Y'),(739,739,0,'P','P',1,1,1,'Y','Y'),(740,740,0,'P','P',1,1,1,'Y','Y'),(741,741,0,'P','P',1,1,1,'Y','Y'),(742,742,0,'P','P',1,1,1,'Y','Y'),(743,743,0,'P','P',1,1,1,'Y','Y'),(744,744,0,'','',1,1,0,'',''),(745,745,0,'','',0,0,0,'',''),(746,746,0,'','',0,0,0,'',''),(747,747,0,'','',0,0,0,'',''),(748,748,0,'','',0,0,0,'',''),(749,749,0,'','',0,0,0,'',''),(750,750,0,'','',1,1,0,'',''),(751,751,0,'','',0,0,0,'',''),(752,752,0,'','',0,0,0,'',''),(753,753,0,'','',0,0,0,'',''),(754,754,0,'','',0,0,0,'',''),(755,755,0,'','',0,0,0,'',''),(756,756,0,'','',0,0,0,'',''),(757,757,0,'','',0,0,0,'',''),(758,758,0,'','',0,0,0,'',''),(759,759,0,'','',0,0,0,'',''),(760,760,0,'','',1,1,0,'',''),(761,761,0,'','',0,0,0,'',''),(762,762,0,'','',0,0,0,'',''),(763,763,0,'P','P',1,1,1,'Y','Y'),(764,764,0,'P','P',1,1,1,'Y','Y'),(765,765,0,'P','P',1,1,1,'Y','Y'),(766,766,0,'P','P',1,1,1,'Y','Y'),(767,767,0,'P','P',1,1,1,'Y','Y'),(768,768,0,'P','P',1,1,1,'Y','Y'),(769,769,0,'','',0,0,0,'',''),(770,770,0,'','',0,0,0,'',''),(771,771,0,'P','P',1,1,1,'Y','Y'),(772,772,0,'P','P',1,1,1,'Y','Y'),(773,773,0,'P','P',1,1,1,'Y','Y'),(774,774,0,'P','P',1,1,1,'Y','Y'),(775,775,0,'','',0,0,0,'',''),(776,776,0,'','',0,0,0,'',''),(777,777,0,'P','P',1,1,1,'Y','Y'),(778,778,0,'P','P',1,1,1,'Y','Y'),(779,779,0,'','',0,0,0,'',''),(780,780,1,'','',1,1,0,'',''),(781,781,0,'S','S',1,1,1,'Y','Y'),(782,782,0,'S','S',1,1,1,'Y','Y'),(783,783,1,'M','M',1,1,1,'Y','Y'),(784,784,0,'','',0,0,0,'',''),(785,785,0,'','',0,0,0,'',''),(786,786,0,'S','S',1,1,1,'Y','Y'),(787,787,0,'','',0,0,0,'',''),(788,788,0,'','',0,0,0,'',''),(789,789,0,'','',0,0,0,'',''),(790,790,0,'','',0,0,0,'',''),(791,791,0,'','',0,0,0,'',''),(792,792,0,'','',0,0,0,'',''),(793,793,0,'','',0,0,0,'',''),(794,794,0,'S','S',1,1,1,'Y','Y'),(795,795,0,'S','S',1,1,1,'Y','Y'),(796,796,0,'','',0,0,0,'',''),(797,797,0,'S','S',1,1,1,'Y','Y'),(798,798,0,'','',0,0,0,'',''),(799,799,0,'','',0,0,0,'',''),(800,800,0,'','',0,0,0,'',''),(801,801,0,'','',0,0,0,'',''),(802,802,0,'','',0,0,0,'',''),(803,803,0,'S','S',1,1,1,'Y','Y'),(804,804,0,'','',0,0,0,'',''),(805,805,0,'','',0,0,0,'',''),(806,806,0,'','',0,0,0,'',''),(807,807,0,'','',0,0,0,'',''),(808,808,0,'','',0,0,0,'',''),(809,809,0,'','',0,0,0,'',''),(810,810,0,'','',0,0,0,'',''),(811,811,0,'','',0,0,0,'',''),(812,812,0,'','',0,0,0,'',''),(813,813,0,'','',0,0,0,'',''),(814,814,0,'','',0,0,0,'',''),(815,815,0,'','',0,0,0,'',''),(816,816,0,'','',0,0,0,'',''),(817,817,0,'S','S',1,1,1,'Y','Y'),(818,818,0,'S','S',1,1,1,'Y','Y'),(819,819,1,'M','M',1,1,1,'Y','Y'),(820,820,1,'M','M',1,1,1,'Y','Y'),(821,821,0,'','',0,0,0,'',''),(822,822,0,'','',0,0,0,'',''),(823,823,0,'','',0,0,0,'',''),(824,824,0,'','',0,0,0,'',''),(825,825,0,'','',0,0,0,'',''),(826,826,0,'','',0,0,0,'',''),(827,827,0,'','',0,0,0,'',''),(828,828,0,'','',0,0,0,'',''),(829,829,0,'','',0,0,0,'',''),(830,830,0,'','',0,0,0,'',''),(831,831,0,'P','P',1,1,1,'Y','Y'),(832,832,0,'','',0,0,0,'',''),(833,833,0,'','',0,0,0,'',''),(834,834,0,'','',0,0,0,'',''),(835,835,0,'','',0,0,0,'',''),(836,836,0,'','',0,0,0,'',''),(837,837,0,'','',0,0,0,'',''),(838,838,0,'','',0,0,0,'',''),(839,839,0,'','',0,0,0,'',''),(840,840,0,'','',0,0,0,'',''),(841,841,0,'','',0,0,0,'',''),(842,842,0,'','',0,0,0,'',''),(843,843,0,'','',0,0,0,'',''),(844,844,0,'','',0,0,0,'',''),(845,845,0,'','',0,0,0,'',''),(846,846,0,'','',0,0,0,'',''),(847,847,0,'','',0,0,0,'',''),(848,848,0,'','',0,0,0,'',''),(849,849,0,'','',0,0,0,'',''),(850,850,0,'','',0,0,0,'',''),(851,851,0,'','',0,0,0,'',''),(852,852,0,'','',0,0,0,'',''),(853,853,0,'','',0,0,0,'',''),(854,854,0,'','',0,0,0,'',''),(855,855,0,'','',0,0,0,'',''),(856,856,0,'','',0,0,0,'',''),(857,857,0,'','',0,0,0,'',''),(858,858,0,'','',0,0,0,'',''),(859,859,0,'','',0,0,0,'',''),(860,860,0,'','',0,0,0,'',''),(861,861,0,'','',0,0,0,'',''),(862,862,0,'','',0,0,0,'',''),(863,863,0,'','',0,0,0,'',''),(864,864,0,'','',0,0,0,'',''),(865,865,0,'','',0,0,0,'',''),(866,866,1,'M','M',1,2,2,'A','A'),(867,867,0,'','',0,0,0,'',''),(868,868,0,'P','P',1,1,1,'Y','Y'),(869,869,0,'P','P',1,1,1,'Y','Y'),(870,870,0,'P','P',1,1,1,'Y','Y'),(871,871,0,'P','P',1,1,1,'Y','Y'),(872,872,0,'','',1,1,0,'',''),(873,873,0,'','',0,0,0,'',''),(874,874,0,'','',0,0,0,'',''),(875,875,0,'','',0,0,0,'',''),(876,876,0,'','',0,0,0,'',''),(877,877,0,'','',0,0,0,'',''),(878,878,0,'','',0,0,0,'',''),(879,879,0,'','',0,0,0,'',''),(880,880,0,'','',0,0,0,'',''),(881,881,0,'','',0,0,0,'',''),(882,882,0,'','',0,0,0,'',''),(883,883,0,'','',1,1,0,'',''),(884,884,0,'','',0,0,0,'',''),(885,885,0,'','',0,0,0,'',''),(886,886,0,'','',0,0,0,'',''),(887,887,0,'','',0,0,0,'',''),(888,888,0,'','',0,0,0,'',''),(889,889,0,'','',0,0,0,'',''),(890,890,0,'','',0,0,0,'',''),(891,891,0,'','',0,0,0,'',''),(892,892,0,'','',0,0,0,'',''),(893,893,0,'','',0,0,0,'',''),(894,894,0,'','',0,0,0,'',''),(895,895,0,'','',0,0,0,'',''),(896,896,0,'','',0,0,0,'',''),(897,897,0,'','',0,0,0,'',''),(898,898,0,'','',0,0,0,'',''),(899,899,0,'','',0,0,0,'',''),(900,900,0,'','',0,0,0,'',''),(901,901,0,'','',0,0,0,'',''),(902,902,0,'','',0,0,0,'',''),(903,903,0,'','',0,0,0,'',''),(904,904,0,'','',0,0,0,'',''),(905,905,0,'P','P',1,1,1,'Y','Y'),(906,906,0,'','',1,1,0,'',''),(907,907,0,'','',0,0,0,'',''),(908,908,0,'','',0,0,0,'',''),(909,909,0,'','',0,0,0,'',''),(910,910,0,'','',0,0,0,'',''),(911,911,0,'','',0,0,0,'',''),(912,912,0,'','',0,0,0,'',''),(913,913,0,'','',0,0,0,'',''),(914,914,0,'','',0,0,0,'',''),(915,915,0,'','',0,0,0,'',''),(916,916,0,'','',0,0,0,'',''),(917,917,0,'','',0,0,0,'',''),(918,918,0,'','',0,0,0,'',''),(919,919,0,'','',0,0,0,'',''),(920,920,0,'','',0,0,0,'',''),(921,921,0,'','',0,0,0,'',''),(922,922,0,'','',0,0,0,'',''),(923,923,0,'','',0,0,0,'',''),(924,924,0,'','',0,0,0,'',''),(925,925,0,'','',0,0,0,'',''),(926,926,0,'','',0,0,0,'',''),(927,927,0,'','',0,0,0,'',''),(928,928,0,'','',1,1,0,'',''),(929,929,0,'','',0,0,0,'',''),(930,930,0,'','',0,0,0,'',''),(931,931,0,'','',0,0,0,'',''),(932,932,0,'','',0,0,0,'',''),(933,933,0,'','',0,0,0,'',''),(934,934,0,'','',0,0,0,'',''),(935,935,0,'','',0,0,0,'',''),(936,936,0,'','',0,0,0,'',''),(937,937,0,'','',0,0,0,'',''),(938,938,0,'','',0,0,0,'',''),(939,939,0,'','',0,0,0,'',''),(940,940,0,'','',0,0,0,'',''),(941,941,0,'','',0,0,0,'',''),(942,942,0,'','',0,0,0,'',''),(943,943,0,'','',0,0,0,'',''),(944,944,0,'','',0,0,0,'',''),(945,945,0,'','',0,0,0,'',''),(946,946,0,'','',0,0,0,'',''),(947,947,0,'','',0,0,0,'',''),(948,948,0,'','',0,0,0,'',''),(949,949,0,'','',0,0,0,'',''),(950,950,0,'','',1,1,0,'',''),(951,951,0,'','',0,0,0,'',''),(952,952,0,'','',0,0,0,'',''),(953,953,0,'','',0,0,0,'',''),(954,954,0,'','',0,0,0,'',''),(955,955,0,'','',0,0,0,'',''),(956,956,0,'','',0,0,0,'',''),(957,957,0,'','',0,0,0,'',''),(958,958,0,'','',0,0,0,'',''),(959,959,0,'','',0,0,0,'',''),(960,960,0,'','',0,0,0,'',''),(961,961,0,'','',0,0,0,'',''),(962,962,0,'','',0,0,0,'',''),(963,963,0,'','',0,0,0,'',''),(964,964,0,'','',0,0,0,'',''),(965,965,0,'P','P',1,1,1,'Y','Y'),(966,966,0,'P','P',1,1,1,'Y','Y'),(967,967,0,'P','P',1,1,1,'Y','Y'),(968,968,0,'','',0,0,0,'',''),(969,969,0,'','',0,0,0,'',''),(970,970,0,'','',0,0,0,'',''),(971,971,0,'','',0,0,0,'',''),(972,972,1,'M','M',0,0,0,'',''),(973,973,1,'M','M',0,0,0,'',''),(974,974,1,'M','M',0,0,0,'',''),(975,975,1,'M','M',0,0,0,'',''),(976,976,0,'P','P',1,1,1,'Y','Y'),(977,977,0,'P','P',1,1,1,'Y','Y'),(978,978,0,'P','P',1,1,1,'Y','Y'),(979,979,0,'P','P',1,1,1,'Y','Y'),(980,980,0,'P','P',1,1,1,'Y','Y'),(981,981,1,'M','M',1,2,2,'A','A'),(982,982,0,'','',0,0,0,'',''),(983,983,0,'','',0,0,0,'',''),(984,984,0,'','',0,0,0,'',''),(985,985,0,'P','P',1,1,1,'Y','Y'),(986,986,0,'','',0,0,0,'',''),(987,987,0,'P','P',1,1,1,'Y','Y'),(988,988,0,'P','P',1,1,1,'Y','Y'),(989,989,0,'P','P',1,1,1,'Y','Y'),(990,990,0,'P','P',1,1,1,'Y','Y'),(991,991,0,'P','P',1,1,1,'Y','Y'),(992,992,0,'','',0,0,0,'',''),(993,993,0,'P','P',1,1,1,'Y','Y'),(994,994,0,'P','P',1,1,1,'Y','Y'),(995,995,0,'P','P',1,1,1,'Y','Y'),(996,996,0,'P','P',1,1,1,'Y','Y'),(997,997,0,'P','P',1,1,1,'Y','Y'),(998,998,0,'P','P',1,1,1,'Y','Y'),(999,999,0,'P','P',1,1,1,'Y','Y'),(1000,1000,0,'','',0,0,0,'',''),(1001,1001,0,'','',0,0,0,'',''),(1002,1002,1,'M','M',1,2,2,'A','A'),(1003,1003,0,'','',0,0,0,'',''),(1004,1004,0,'','',0,0,0,'',''),(1005,1005,0,'','',0,0,0,'',''),(1006,1006,0,'','',0,0,0,'',''),(1007,1007,0,'','',0,0,0,'',''),(1008,1008,0,'','',0,0,0,'',''),(1009,1009,0,'','',0,0,0,'',''),(1010,1010,0,'','',0,0,0,'',''),(1011,1011,0,'','',0,0,0,'',''),(1012,1012,0,'','',0,0,0,'',''),(1013,1013,0,'P','P',1,1,1,'Y','Y'),(1014,1014,0,'','',0,0,0,'',''),(1015,1015,0,'','',0,0,0,'',''),(1016,1016,0,'','',0,0,0,'',''),(1017,1017,0,'P','P',1,1,1,'Y','Y'),(1018,1018,0,'P','P',1,1,1,'Y','Y'),(1019,1019,0,'P','P',1,1,1,'Y','Y'),(1020,1020,0,'','',0,0,0,'',''),(1021,1021,0,'','',0,0,0,'',''),(1022,1022,0,'','',0,0,0,'',''),(1023,1023,0,'','',0,0,0,'',''),(1024,1024,0,'','',0,0,0,'',''),(1025,1025,0,'','',0,0,0,'',''),(1026,1026,0,'','',0,0,0,'',''),(1027,1027,0,'P','P',1,1,1,'Y','Y'),(1028,1028,0,'','',0,0,0,'',''),(1029,1029,0,'','',0,0,0,'',''),(1034,1034,0,'','',0,0,0,'',''),(1035,1035,0,'','',0,0,0,'',''),(1036,1036,0,'','',0,0,0,'',''),(1037,1037,0,'','',0,0,0,'',''),(1038,1038,1,'','',1,1,0,'',''),(1039,1039,0,'','',0,0,0,'',''),(1040,1040,0,'','',0,0,0,'',''),(1041,1041,1,'','',1,1,0,'',''),(1042,1042,1,'','',1,1,0,'',''),(1043,1043,0,'','',1,1,0,'',''),(1044,1044,0,'','',1,1,0,'',''),(1093,1093,0,'','',0,0,0,'',''),(1094,1094,0,'','',0,0,0,'',''),(1095,1095,0,'','',0,0,0,'',''),(1096,1096,0,'','',0,0,0,'',''),(1097,1097,0,'','',0,0,0,'',''),(1117,1117,0,'','',0,0,0,'',''),(1118,1118,1,'','',1,1,0,'',''),(1119,1119,0,'','',0,0,0,'',''),(1120,1120,0,'P','P',1,1,1,'Y','Y'),(1121,1121,0,'','',1,1,0,'',''),(1122,1122,0,'','',0,0,0,'',''),(1123,1123,0,'','',0,0,0,'',''),(1124,1124,0,'','',0,0,0,'',''),(1125,1125,0,'','',1,1,0,'',''),(1126,1126,0,'P','P',1,1,1,'Y','Y'),(1127,1127,0,'','',0,0,0,'',''),(1128,1128,0,'','',0,0,0,'',''),(1129,1129,0,'','',0,0,0,'',''),(1130,1130,0,'P','P',1,1,1,'Y','Y'),(1131,1131,0,'','',0,0,0,'',''),(1132,1132,0,'','',0,0,0,'',''),(1133,1133,0,'P','P',1,1,1,'Y','Y'),(1134,1134,0,'P','P',1,1,1,'Y','Y'),(1135,1135,0,'','',0,0,0,'',''),(1136,1136,0,'','',0,0,0,'',''),(1137,1137,0,'','',0,0,0,'',''),(1138,1138,0,'','',0,0,0,'',''),(1139,1139,0,'','',0,0,0,'',''),(1140,1140,0,'P','P',1,1,1,'Y','Y'),(1141,1141,0,'P','P',1,1,1,'Y','Y'),(1142,1142,0,'','',0,0,0,'',''),(1143,1143,0,'','',0,0,0,'',''),(1144,1144,0,'','',0,0,0,'',''),(1145,1145,0,'','',1,1,0,'',''),(1146,1146,0,'','',1,1,0,'',''),(1147,1147,0,'P','P',1,1,1,'Y','Y'),(1148,1148,0,'','',1,1,0,'',''),(1149,1149,0,'','',0,0,0,'',''),(1150,1150,0,'P','P',1,1,1,'Y','Y'),(1151,1151,0,'','',0,0,0,'',''),(1152,1152,0,'P','P',1,1,1,'Y','Y'),(1153,1153,0,'','',0,0,0,'',''),(1154,1154,0,'','',1,1,0,'',''),(1155,1155,0,'','',0,0,0,'',''),(1156,1156,0,'P','P',1,1,1,'Y','Y'),(1157,1157,1,'M','M',1,2,2,'A','A'),(1158,1158,0,'P','P',1,1,1,'Y','Y'),(1159,1159,0,'','',0,0,0,'',''),(1160,1160,0,'','',0,0,0,'',''),(1161,1161,0,'','',0,0,0,'',''),(1162,1162,0,'','',0,0,0,'',''),(1163,1163,0,'','',0,0,0,'',''),(1164,1164,0,'','',0,0,0,'',''),(1165,1165,0,'','',0,0,0,'',''),(1166,1166,0,'','',0,0,0,'',''),(1167,1167,0,'','',0,0,0,'',''),(1168,1168,0,'','',0,0,0,'',''),(1169,1169,0,'','',0,0,0,'',''),(1170,1170,0,'','',0,0,0,'',''),(1171,1171,0,'','',0,0,0,'',''),(1172,1172,1,'M','M',1,2,2,'A','A'),(1173,1173,1,'M','M',1,2,2,'A','A'),(1174,1174,1,'M','M',1,2,2,'A','A'),(1175,1175,1,'M','M',1,2,2,'A','A'),(1176,1176,0,'P','P',1,1,1,'Y','Y'),(1177,1177,0,'','',0,0,0,'',''),(1178,1178,0,'','',0,0,0,'',''),(1179,1179,0,'','',0,0,0,'',''),(1180,1180,0,'','',0,0,0,'',''),(1181,1181,0,'','',0,0,0,'',''),(1182,1182,0,'','',0,0,0,'',''),(1183,1183,0,'','',0,0,0,'',''),(1184,1184,0,'','',0,0,0,'',''),(1185,1185,1,'M','M',1,1,1,'Y','Y'),(1186,1186,1,'M','M',1,1,1,'Y','Y'),(1187,1187,1,'M','M',1,1,1,'Y','Y'),(1188,1188,1,'M','M',1,1,1,'Y','Y'),(1189,1189,1,'M','M',1,1,1,'Y','Y');

--
-- Table structure for table `xpay_payment_cardholder_data`
--

CREATE TABLE `xpay_payment_cardholder_data` (
  `chd_id` int NOT NULL AUTO_INCREMENT,
  `payment_id` int NOT NULL DEFAULT '0',
  `name` char(32) DEFAULT '',
  `value` text NOT NULL,
  PRIMARY KEY (`chd_id`),
  UNIQUE KEY `pn` (`payment_id`,`name`),
  KEY `payment_id` (`payment_id`),
  CONSTRAINT `xpay_payment_chd_ibfk_1` FOREIGN KEY (`payment_id`) REFERENCES `xpay_payments` (`payment_id`) ON DELETE CASCADE ON UPDATE CASCADE
) ENGINE=InnoDB AUTO_INCREMENT=1194 DEFAULT CHARSET=utf8mb3;

--
-- Dumping data for table `xpay_payment_cardholder_data`
--

INSERT INTO `xpay_payment_cardholder_data` (`chd_id`, `payment_id`, `name`, `value`) VALUES (757,1119,'card_type','CHD1d08cf002a5179364b067f50e2a34d10bptOG9IRDsFhC6HlzVeFeNINj+7LivpSSDyCrAHr9Gl4hcQgZym37e0AJNtmR0hutybo8oTuKPeVJZGulKuVSkOLgD9XfcW2m11tm+Ixh/MRtxjKE9VOvRUH9hejqw0BQiKtIm/wgLPcCCjEVm/YebkUSHjJ2WNrCZ0wL6vv3saGVqida3ozTlt/2lTdF09Y15DLJG4sWZ4fXWEkME73igffgCBsaOTU2YYCvBJgL1vKV8z0I6XE563o+aBzvUVCKxDC+t6kKUMCEUN9aJMlXKpWuUy5RBhT4X/gATyMaqXQc9e4a2vSjSOBoZdTZTp/pECnBsjOEeiH6K/nl8y7HQ=='),(758,1119,'card_number','CHD1d08cf002a5179364b067f50e2a34d10D/uSyuImabBPMTCYoboL3zQpDzdwB0UOcfBD0U83DTkVhJ/p2lEQk1yGsFXTPOQVPyqAInNT/6QCxrgCHn57XtuENq5xmUq6mWytPOpZWgZAcAiSXtRim2B2gTRIFaLJ1tIcBkoJ6G+jenAawj9d/ltmGgZYIRdDvurIoQbojysUUnq2nClNI7RDD5tV+OXFhUww7Nr6O5zuylmPFD9sDYWCQCGE/UlIxf6SxBW05wj2nmldgZsQ2Dd1WheNcEURdI6xenhuQ7l3z/8YbzCIyOtISkJM6YZcYl4RY+oAleEwyYn/4NxR3MJRXqcj9yWNJZEPXeLS7YcW33DlVbReHw=='),(759,1119,'card_expire_month','CHD1d08cf002a5179364b067f50e2a34d10n337rMnrKpdvTE1u1tUMnrum/4C42j5DCxTAegOlBU3lB4Es/dbMKEdXcQsno7HrFWs4JlRgnKmvXXytYQ5svk2gHUZjGtA1GdaDcQq0867wcN19MDO9UZp7rEcNOJ+I0M9DDw0KZhBPmcyKjpabJFWNOzdBh7+C2k6XZr/620/O6+yBd+gMmZEPly/LPTZUmNExF12PJc4joelD39HyHaxUiGS5OO6V8Xh7B1R5yR9xRz4EAafjysSbiSQKfFJO8I1KUN4wFc1Xh1lsH8tscolmym4bLJwZdmm5odIT/It+voT4fb/i5wpEgBbydIeUtGGlXgikaXvMy1KD9qYodQ=='),(760,1119,'card_expire_year','CHD1d08cf002a5179364b067f50e2a34d10cgd5GZrQevU+WQPxZ1EaKHd3NUxe2uxW85iPFx9qWkkWR0zbkzlmEFzl1xHYhrpDzfGW1nLgsy4b0NS8SQBlhYv14ZTIiPZHPF306Tasao4yvIrX3pJPqwpAWgRfgzxgG8To2+KVpXtD5zXHXxxeDY8TOrcg6qaLL09RFJmAd6oFoU5WXIp3vdWLbR3920iJyWNb/7kONZKqKHQBriEyZI8u6cgpD2KZQ0qY4cz+yxXUjZe8asASP27qsJsyb/uFNgQL1J0WOgpWwHlQsiG1L4tGQbPjw+3j9nPbforbCQoA4dDr+9uyQhNE8ilzF4J/+aMMghBBPLfcIV+V96WWng=='),(761,1119,'card_cvv2','CHD1d08cf002a5179364b067f50e2a34d10PY+/Bbqdwoc8qt6gzs90wpGMxPl4F5mvk3MRmlm+LNg8FC5A3mHUgEXtU3OpuX58T1CS5YJBBQIyXbmOTTgy6j0RMMhdSOMjv3Ki5K+ZhcMfyEYFUMIWYKzl9CMLoIJ/Negk32xx7iEPsWRNWpoNQOJHurl+9yi2TVebjJ8OeXzh3rUENxhqbV+rE0xFssWmF3qe+TPhd1y+jHZLiScpBht4PXdU7IURSrpnfv2HYXpLgbDn9GxAjjWRoLAHsifnOOuZYlGoOzzdiaoe+pX4aVeWR07gtJGzT+l+XLWYemgETUcIxlPAlFPH2LpzKGUL2Cf/33ExczuONuFTYi5jhQ=='),(762,1119,'card_name','CHD1d08cf002a5179364b067f50e2a34d10OeW8BlpcoUec1iUd+p1Bymb+JuEfIaK9rcIMMOFwwSimZzvO6Z1T0Ux7++jYufU/Ygy13XvyZrUZOwwovVonJy5XffllNOSD4sQMRY5kV7nKBqn/EQzJfo+10BlhHq/gFkGWNJ9iBFS+stMPrk6FWkSVfQLeMHf1Gzhz2ZO0j47ambk8dZY94El1MWVNW0W3dpSdazr0Eh5cA5Uz8PdfpAnwRsZuE3j4OpZpHgO8n/KEof0tM/EyM+wrLnGIPpZh1cSO4iGmWuscUzvhe9tBmdGAKnxWgg6ld/Fs5Ef938QfJok9pjrsV97iiNQEZiS49gspNhCQIhNsH8pfUBJoMA=='),(763,1119,'card_expire','CHD1d08cf002a5179364b067f50e2a34d10Yb4/ic/iPGB7Ciks7O4Q39PSjug7aTGgdZBzV5f+QVl485L6ViyZXJ882d0WggGDoH/4I5sVkIeSNRvV0QgtxLNLl3HJXLC7ZXTyJ2v6u4Xsuntsf4DDH09nfeN0gfJq2aLGJwyt54j5fXWPibJ4XAqNGav9fRM0vDwzI8tDMNCgNLLUe1qVQkxeP/iHG+2pwRUnSPXWRCyoU0T/0HcINd7Qcha8hyrS0bHqGHDItqtT5ajop9I9/G5OOirS3o7VajNuY09ZG123ZBYaGKgka2y3wY5f0/muZBsLcw+1KSf/nAu9ls0af7ztFXMs+FGr5q3+LGNtqMTKFOJfcd1/sQ=='),(778,1123,'card_type','CHD1d08cf002a5179364b067f50e2a34d10jeVMUKuCsUX/I3/VX4GDVcrd1NBH6LjWWNac7hGePw+3voTTzIJy5Eft/EBZLDYYiVQ9r2GQzbLKRBKpcDe5RVvdDCkfrrSgARdGXFTR0zXdyCVXyvtT5DkZXp49L/bM2Lds9mTeaX2zWJVsPOmrsdYE457dB/RF9a2r/3uqFfdUW9aASDHFwiNnEz54cxHBGFGoBws3sC2AGMBCQKPsqdKSG9ZAdjOBQBuAtvvbRSutRfN9NrPv7kYyFm1N4P8F2yWOxSkrykOOQyFUmyegJcYBZvixJUo9DPFqNNBLaqCe1iRImj7u2YnxPahFu9n5U4ZRtjJKZu2r6Diu3THwow=='),(779,1123,'card_number','CHD1d08cf002a5179364b067f50e2a34d10UVgHj/P2WqPYVnaEGLaGwF+eNHvTg7DuPZnJxKuDCO1pqXpYsijJQVV1MR5kxh/C5dxD3VkbAXk6BTpda0PsVnMRtnFk7edlXBF5Gz9naiLwa3N9Kx/ixwlXqz1SFhL1uQIob633CO+5Hdw8yJWBF9xnT10gAIjou8//39Zhr1Ckxk7YL1BvgPAWum2VYzUGmTglWIRIKPlNy3hloCwBX5Ha9J2/fZJImdSh1hJvHDljAI/t0+2xqg3jeI7EvV495Ya7yChjupLX3qVk5/IYZ3NkJwAZo17BlKGuNVTheg8eK9JyObEfLOxpSmiQewTMrAq4+Gqm4AQ4t4c0XHn/Zg=='),(780,1123,'card_expire_month','CHD1d08cf002a5179364b067f50e2a34d10OMkfG7OwkeiW9fPC5/YKyvaGIe9L9zCl5SYylHNra+I0xTgdyZARd+caGG5+gR22U2N8w0HmyGOTW3DS0dvyAmcrxW3+DNWOuEFqGL9K0GNQmc1ti+//V3Lgvk+CFT6SMc4vu4YDo+NUEirwpVKtCa49vFKRYhD4UbCK3+BsYTNyOzZD9ylkcbXAm7ZxOoRKZ++koAjv9Lo254WEUMWppPwSZo1gLyq7aTsNswbKjVFtbBSdVjRVAhLpD6l9AHm5xA08W9Wb2N2Y/c4SPmByhV5J4WTAE8tXxaGFzAmkBDeKB86R+Bqu/ddaE2Ai8wuPTOZkPpyvGJOJFwuBoCP+mg=='),(781,1123,'card_expire_year','CHD1d08cf002a5179364b067f50e2a34d10h3X/RvWCvjMrklzQ1LrWQoJspb83spfuZRNWD9pQx6EralkDmR7GTfBpprN8/cPowPJzWe2fM2cgwa0ffecVWkayuldZq7X7I8Syb1yG3dFX6ctpUUry3wG/GZvOdSV+JfWk5n8ne7N16Bkq5TB682LEUfH+ithd5WgIJ87pCqyRF+yBr8Ltvzc7qt17EbFnK1VuBkCtSzoC9OeV0shge2dR2fRegukeB2/FKaHaAe9Y8VTqpUQtRqFGQu0rQRfHzjV4pOt1P5Vbutoazixntgk1EbmLuaVckmbGWWHs/j9vmPHOueq+5Jh3+bFkIhUJWWq2Af3E9sihtew0zf2J1A=='),(782,1123,'card_cvv2','CHD1d08cf002a5179364b067f50e2a34d10TEtjXcT4SzJSQeJOTQ5ifHus847yU1DEQQHwoRbN4pVsDlxOJ992zrY4O9EuFh2jYb9y29JEfhzKf1LS9nRLBjeVGagL+Db99sYkvN5a28gAtx6GrgIIBQZHRILMNHSrF+X7HDI5nZPzYDrX5c72iNDTUK53jiGi6YmJPfCEa4LGSeibOiPt2W42oMiaLEmLU1gNqIPR9QUFyFUbivgDig1+hLn/DQQj2qPQkSvcR252dzjY8+bo440jyCmZwxlbV+hODt+BMEQ0XJ1TwrtKnO5K1Xl6WzUpPnYCbAffSw9GZRe3VMGf8pXrsEaHwaLEzH/bltU4eB5agbFFp4cX1w=='),(783,1123,'card_name','CHD1d08cf002a5179364b067f50e2a34d10ZAwUZA9qwytK/f7ut/hSFxzmrsJKQHpFyCY8USsXXO0aHofukQDtuaH7xfu+KzHfILdg92deJTSzHtz2ZzGV66Dl52qfquiajTVeJebU0O7Lq8WlSpbv1l7Rp/WELNrTed5R209V3YsnxK3Nb2d6bvFT9mMe3knKB57KyM6MY8aDWHCFTIVU58/9QmrstBiADrp+U8QiL8jLDYhbDr8EZG3y1ZLpoU9W9z6lpYp2ASsAfUJReBlNCvaGNTyJoXmjJfuJo0G99ZqEA9U065iZ+zMUIpWJdzmndmrUQqZiaUBcmhF7P7qVic/LO5wEsXAjFrwp2feQl6534BbwzzU5gA=='),(784,1123,'card_expire','CHD1d08cf002a5179364b067f50e2a34d10fe0pUTMgv556dK/30ULeX28XOPW99owX04jMv2omDbzm7lOcg6yqcGShD7Jxw2+ReNh2Vn8j3761ddJ6lBckuRgkts/6IBVFuglrhjhlvpfCByRcbFOeTD0WhSPA6Kb3Pp2pte8oUVeux5dnbFcwlWdx3XwFdvaNepXycqaOpg6KmlBhiVqoNKrmb/eB3KIJLXGmge8SvVowvLK0O27cSKpHHfFnCxlnoz4Ry2U5uH/2eEFzBFg1Cdm2BMY4kYkZszpRu5qK/JRIB5lFR1/xVd7ssrRnL1p2mCYHfdwB2iN4kofCW0VxrS1NzgxxNnxYQ3JaBdlwHfJJxTqnxZ8pqQ=='),(792,1128,'card_type','CHD1d08cf002a5179364b067f50e2a34d10mT/8VZEXjRYAfkUoQb7nvGGcZaDSkniOjige7mb4wvisPVIJlmcGVpmOdp+6HBgboh+7JDF5CzocV/fA8lPQCh8355H/8GFXT0aCIo/aRfp+W9/zw+AomcIFvKtu1+KYrM9C54aqrWovXFkxiMuHCSxPpL+abGzv5f2BYBjEOB+fwLMAfvrdf2F8g+IXlkCHkCx39+EkLtYI3wix/CKlfUiXkaSAwclejz8FWJsT61KjwnT+z1ojeMWEManCiK0Bk5SEG/T/3BkjHVXyNTFuvypZcaLhD9rznjdJnOsKLZUJgtVdh/faEaO9v+/75efCJNuK9ygMgSkoZKA4H922Vw=='),(793,1128,'card_number','CHD1d08cf002a5179364b067f50e2a34d10cHNf/7IZWck+ln8C9hzbZuwuy45JAXMYF+JM5iiKT1Wwi4Z6M2ev4YookX30rcxsLzqEdK2/0W6F9Sq1cXCv56kWHMyK0Tl7w9KXYzL3Js0zEKhOm2mtXzvPlAzZ1SCkt8lUEU7GZOSrpthRP1GQpiLSYyUqCDXoYp8g5xNkc75tOL9EBjIfxJsba+U9Yt+kSrXLYSoAEowWN7ewDAEIgeZUyPSfLLweWTI2DgV4VlVhzmtkOckUGbCRBDH2femtjqTHdZiG3QmVXul8rFmz1k0DUlGdyDi0WK8vJxg4Ojnyh7e09xSoT7dbdGo9wFXo5FlxT2jrDuliDD+gtv05HA=='),(794,1128,'card_expire_month','CHD1d08cf002a5179364b067f50e2a34d10UyHnuuMQ3taHtD12IpAwoz+9aRp0+ciHhJLXVMpwScNYVTWhpJIPU5W9XPJZN9i/lVbd9gpXsgplod9u7gANehYFTK9tSrcMwvYkOJbaVjLjowekzRfvbRerASpjAlI/wM/SCPQ18QhTRp0YVOUd698fgGHY2uf2KBE6MOjsHF00ZdB/vUstKDkPapmzvx8EQbM/Ghof4EH8nbqxoUWOdsuIXWw9/1LFKhqKF0ytbrMuYyT3WyShyTwTFgTffho6OACbrYn0qn8rJTo6ClB7uJLTPrwex+KYOWmh7/3XHDzvCk9BMAHmt06WZ3GNrWN7nXAwNxlinJC6yVPd7pFheA=='),(795,1128,'card_expire_year','CHD1d08cf002a5179364b067f50e2a34d10ldg8hEch0nXFOYF8fkxkU0YeSfW6ogFLAoKGL7IjYaX7gVFPCDh3bTpwLMGMaRfyMsMMjvhWpi+2ypBnIjEfXiGOSPl8HBuR8N6kXJsChC0WGJiMSovGa+0rcNI16hgZGyPhGxeh6v4ZpgKerNLnDNISOFYjXOYw7i20oiAQKvtwnRCqoq7Gp7t+TFTGcMHk2wf2brVwHtKfnDCXepnirFMUMVyWVzZ3im9SWBZh0kck1bhmSY6dDsGwgM7qSC04oSucdOHgu7ojf4MtHH7L2AhYIue+cSNy2FHTqycpT26cbT8fqf5xkV4wN7+k9dHZViTP8qg/emawqAl1bqGhcg=='),(796,1128,'card_cvv2','CHD1d08cf002a5179364b067f50e2a34d10AJ2Ar2cfdjmplTM2yFE9mxnl00Ksut5uSWP4VAlY1RG6UwolFmN/xxUXlNTteO1CvU6kd/d3ZvAe7NROm0YbML51PGgsbGy8NgOMQ+dzLF4Ph/3yLeKrWW5zN0cUQjUuOu9UnkFWfd8OhU9zJC2e34seFa8KlkMPCBgSvVvwJLLYXUvK67EBX3RUiO9zL5C7vxMTi/bga6ycdaHvHFmkVBdpE/zJ6ZPdP5XAL45RRRf6lX5CTBfIeuuzYSUfzbigg0qXkvkr7lKr0H2hbZP2je2ic5yjOo2396i4ANomTWpmH42JoHfY5fxZkXRfAmeWxzTjsEFkgxYhM6wcvbKigA=='),(797,1128,'card_name','CHD1d08cf002a5179364b067f50e2a34d10CYWgul9Ntmpkg2Ffg6Ww1BqGGYfbbNMyhCpIcfhmYrQx2JgIwvbnhAuPMYjIolVZ923et9hsgKG7mAwzXUtR59r9n/Rln192Du0hvtiId2GyejiSdvt1eX2evSvvYY84xFCyb+BfcapHEL8I61JppBri6tL1bJIdTQ+kB0BNhE8TFj9aL9ID4FndShiJF5L06QvGd5UHePHDHRvHC/aTsTHNevLHZsrg4oHqGtRNw7ZxlTP58+/5IxpMp4iSQZ71/7wGUqVGwkBkz2KOz1edtlL/S++48hd0z+erKYei2r1Ym0si1oxxWA44QbGyw+FPoCNHOBBSYrskmCpvHBhAvA=='),(798,1128,'card_expire','CHD1d08cf002a5179364b067f50e2a34d10Sap+Y1y5DXOpRaMVr2Q8vSMEdk4NXrsBuF+Ru/Oi5tOC+oOMHRBuH7NXPvdKa7Ru1tA812/R5mI8U/RShWELQaYScxNVwTrpkep6M7Atvj39dypYA+wGJZGC2LWhJB/dv/Nho6YTJY8Jq3a879mphssSZ6YtjNpEjdMCwWOc4tUjzWEdln6DHKvzoX2YbqSs6vJMhYRvMjV955BG37JMSZhTCY0iZx2QLc5i5iICutFVxihWuVjQq/dVW/Uo7IdnBi/nM9iHTrjxo1Ly/5Pp4KRAvnxXXpew8YTYXfd9cuEbDmcqem7/lARYI656NKHQTie24bjshLUciLhy0VLkow=='),(799,1129,'card_type','CHD1d08cf002a5179364b067f50e2a34d10PnrsmYIVrUUXn/2ulZiXba2RZ9sgRjYs5KOoPKGXcSHDnKYWSHZ/R65wZOFrQQo74vaPM8gicONQXEJqdl9f8DhUvFwQW24ONQ6gb/Pi/WukWWgDhsOMgQOc77w9RGdNbPu5vUI6d+SwQk7SOGiU0FKsuD3P9J0g1zEII1JGwE1QBSb690djSv5NvBpS2T9HRwri+6M6BFkTK5a1RU+eCRzfc2N+U2cthJINPCnT31DS9tGYjCcIWI4AUVi+PJgq9Q0sec80V3O0Buf9d+WPA20hoWjfV+je0uo8aLcKbGZuSatLbR6Ux3wfzHedVlau58ilil1ALyBUyU3JWtORsQ=='),(800,1129,'card_number','CHD1d08cf002a5179364b067f50e2a34d10dXM0BhTL2o+b4RLqL15Li7pUU04B5xrbzkE7CnOKz/JyxqjfYA4QEMqhUf1/m5C1+nyZb7g8slsavJY1kDmd8TAQz6oiuiRtBUxmHeu5dxcqhieC7J7lzojRJl1Wz2SQYXbhwHDvDgWjVj38SJUsOnsPdMEY+Z5UMKmIXWdjGwUlECn0oiWZet4rTT/blNyhUkmP5pHhkOobnzA7maQjdS0WfWhq5q4Rqo5U3Fgu8tV9FEFRw1YZGRf4rJeQmv4LWmE0Cr1x1RjDZYKWOugzvxL+tuw+5UfhFfhMpNK9XKQv9ZAZEZ0EKQx4Xfbl/Q/d6AvLBkY/91li797qU5tEsA=='),(801,1129,'card_expire_month','CHD1d08cf002a5179364b067f50e2a34d10GxfD/YvtBUHoFyHeDEWDcX4cgG8t2+eamyzjTwP/xlgjEsAa9bXx3nyXL9wNAERt0vePXMLCjefTGy0VshTS9OhgvOsBCFjwJHiqdxE5po4/vHfwmOvBJu1KHjoyRlW9HR/KaSuCPvx/ej9MJ+b3sYJjfDIb+YWF4UKMJ3BWyG/9SalDcr4yjKnDENogViNl+Gc0eMnFAKQWcrb2jNVxHebltdkkbA2PtwpHvXM3g6mzcq8HMFPbj9n8a+imJe9adXyRnOHxwuqJCX/WFsiGcVFtSmr8hYrsFwmiwFzu7gZav4yo61DqOd30T8H8LOdNK2N6f+MKDRW6dKzcxLetXQ=='),(802,1129,'card_expire_year','CHD1d08cf002a5179364b067f50e2a34d10UyBhQjCvkMuNCORZytKDPR9f5jgEI7ccYS/aa120BiSaLn++dhwhgtVQfL1BOUpTGGxsROoxW2n9/q8urvQTakQuzq3DCnC5P1A/BUBVfnJWdTrIuZBnIhU4zxT+8frx80Envo3TwApvAWHOxnW3pI1tnq6wxOv8wt4HkInXXt4ZtT7E2RwTpXMr0dyMfFQpw2G22nakVQpW6UYYCVpQrJx0+37E6eRfVkbuURVYDElgsYrsnISQyjZqN7TNmZXJZTkwvSqKQDktoEafv4Te3vp4n3apQb+XTFfVZ4OOso7XMsGvTOF6apwlM2jTq4L2TrS3Hrrcgc8gFe4/4UT4xg=='),(803,1129,'card_cvv2','CHD1d08cf002a5179364b067f50e2a34d10hKc7VJ562FydxNKdwymluGRIr+EfE2Zq7UrOpboneOc/p3PjPDG9MUKNKqP7//5WKbCge2rRH5mbEdatoQkLt4QXbZW6YksKWSBkjaAdByHkBfhVEkjRdEp8weumVWdTPKBUN2uljvDcn1Bil3wMHV7kFvTJIIV3Oo8pNVdCJO1PzMdm8TbRKxbSEkrFG0b7nS86Rg/O2yGGss6PVJaXic701aYyXkdd6tIOEMu9/lwN6uO/A+C0jIso4a5rTBPhRQKChGaNJWIIAWeJCJ4HCdI+upfPwtPu0JiGcziiejrGipohTErHK2LnuGyeNIe1MD/IcghOuHxuQ5frDGXKfA=='),(804,1129,'card_name','CHD1d08cf002a5179364b067f50e2a34d10bp/0DS/4WoaB2jne65pMrkI4RIZDw0alcN01bLGS8R520jqU01ODAYGj2vV97dUINt/s/eVl1+iHMWUQEXRxSot9zLI/lQOMTER/CtAtYMg3PZ4isi49uJzJ5ww1S2nIzIVaLMo1Tjd566Uxy/01VvzwZjyVNrn51Dx9gZblSh2K2GUd/pQXDslCkNGKRTEnUi6ry5TdwnFzi0kjmpm+tkn4q7i4TxuLlT9ucdjVT04pftOqbNPMXOEhPhl/hXEzlWOYY98xO0xMmRXhtbCi/SXOdhHf1ieKrtetIkJsnd+O7iFu2t2LwH1KUJLBf5iVYYXaqDLa5QHtb/dJk4bbAw=='),(805,1129,'card_expire','CHD1d08cf002a5179364b067f50e2a34d10ImiD9yR+CiQfyPH//42LH3TQMA7Idpn8Db/Y5p9R9cWiMRbfXg8FDhOhGnFvWaIIIJ14s1rhSOBC0UfzfdzNHBD27e1x6fRGYvJZHR4vCDuO+qQTLSU4hbJqBJ5YLVA31+mqcKMz4HiMW/mcutwWxhLJawCUdPZjfvSn623+ycrHEe2T+W2gCNI44Ua+KMf7qoH/Nkiftn7+1QhtKj5QXNvEPxiaTqLZCabTtO0EnpyDGtW7i/Xx6mheP/KmGgmYAcEcNyiTEEBkHPkw3wkXWkFN1QEBYTflhDqCgSRH6vuZmSs+bBMWCYIyLci/TEzHVl8fy5Jof+30dU6f4HxD/Q=='),(813,1131,'token_pan','CHD1d08cf002a5179364b067f50e2a34d10irTqphWoig32hvlmol3yAebmI9kYpphjBGF0uuxz3n5TNy8hu4RDK18sSE+BjYhIo8z0lXOzYZRTK1GuwH8dp4nHcjxLy8dZaNH8TayA0wz/nJ/LS0tMJ3KZbGZS9sDeepMHtLfWUzHenRrRvcE5JR1AONY9yAWaM26Lzf7e0x+kggjdZrUHxSyLsI21iBrPPT2FS7MSa8RKauURlsdfQg5HYwkAjeaPzWaeFvES5DNkVHbXP5ACIruyswIFkcY8uH0N4/V4ocuTja3xbseB4v4ntD+LBy/XjvUrosNfyIxXHEd+Z2Vsolg08+OhvZFpaa0MRqr2uwlQQzzGH3BLXQ=='),(814,1131,'token_expire','CHD1d08cf002a5179364b067f50e2a34d10pxOOfgMisgflH1tc8QeEqX5322qkJBGAJHZicz3YbnpR8/9BtzgHXvIkJRaNO/83YJg0YlOpe/7XDo2ySgbbneZE5q3WBnVVeGUJzW2FJq9jhQ2s9OEdjuKXnMsHcJhVoOBzm4ncAtnqZ35kZd7cGnlespYL3x7AM/M7Ea8hbc5Sa3efc1npJpw8u5NniE2uPX/2imj/FD9X+CdXqQu0vHoUMcT8GQOlifFPKFjcd6+BU7TXdn7vsAnKGmQOF6KSI3cStpGMuZRKbIs3HUOSOOMsavlB59YerqLf6EfwzpUVOKnxjVjCP6GwO6JAIu1gTivB5cUqNVpjc+vzI5lslw=='),(815,1131,'token_expire_year','CHD1d08cf002a5179364b067f50e2a34d10UinKftMfeNP0LkJhqhKDQ25rJfWmO1uKb29vHrW/Zc97PJyS6GRnwagvpT84q73tuAEnX7DSDGL9p2EjxeDBBocDnXCTdbH8GQ6OeeIak812Z+QyM0K36MRCz4xj//wqMBgh7joSpuBTGJgRC8qGN/HZ9vgDggOcYvc19sr2KZQWY2cQjJBhPhQkqlLXZ8rWJ4OBt42Nc/wz98X8yPtPRzGZJ+dpHtC1v7Oxm8cUEbHfxk/k4skzACb4PVwGd0+C+KFnTvLmAS2HJISMs6SwnTNxwab/18+sYha1GMlgP9Ji4tVX+gACWLZVk5utoikGC4HUzcRUzy643Up9VobQVQ=='),(816,1131,'token_expire_month','CHD1d08cf002a5179364b067f50e2a34d10WYKTHFbd/K4uI915qaM/64VeO/wE0gF20J2r9qVgEb/CAQF7gfKPstWtxvAj7kthoNAjwS1bC9htNV5r2zVLQYs6L2QX5rqG07Za5l0LNyX8q2Y3ovD7bCy4TbF2DD1HODXFDDdE/2A4yPzNt3r3uBd6B8Znfl7SmjJCYZsJUzyr3MT81vuvGCaHXRSApdfamo0FmQ2I8qk+c73wLujXWyZB7kgEHXSaKNkvmEHw7ImmOpm6RzPZ7ITplbopV6rPM7jYjx33VwhvvCaNXNppL/K4AiPskXYsVFtGK8I1QJuzlHA+vEXrHoR88DdxQGeL4zQtaYdzBYT/61+nAF8aNA=='),(817,1131,'token_cryptogram','CHD1d08cf002a5179364b067f50e2a34d10V8acZOhVT54O+3zVxOGABnj1Pl089i/23FpjvRqbHf8t2tEw67rhCr4y+yy142OuVRK3ExKxfPZwqNq8xq8CldEuVP7rbisVAcg61J59rIZMoxv2gcD9/ZnfQa/84SGpWgAJKxxgzzEULyjpiDDu2xkVMHfVhKLrbB70dHN2NwKLSxYR2wxz/b1xIgv28jk6wUmLU5huS122+nETht6oKab8Tm0HLDHxzkJuX6EuKiizfx7eo9PXyep+0A1EzRpyuMSFDZqa4FAwPnNyl7Z358M/77a2k7kV4uLplWf5qNf5VZ6ijYwo5hTUthtC4Jgi6DNx3/WTwObb9D1n+pUIeA=='),(818,1131,'token_eci','CHD1d08cf002a5179364b067f50e2a34d10KPcokuN73xM0KYzBnjL8nJWGEDU5z5k9p+LFvnjDwcSq2waY+jFpcxlwRTv22KwNt2VW8UItBBOnimoGY7aohdqJg8mAwac8RlSW0PnVaXkNVbsjrSXx+I82TuKnpiTZS3wx9i7QCd96zlaMj5aWmXp2ppa1Y/SiV3QumbAneCCoSsUGB9Vla9LeRUSUXYHXgEJnk93X4aTx7a4w/BlBq5KMHEXSr63EttSWPYvVavsK35HGhgeFqgb2MS+ntkHd4u7Wps+Lrf3pP4bx2JSkEnQW4Vfr7DpcxceCrwmV9CHDv7jHIT3Xu92EzkO6W7OApc07lmIF8l9hjFzW42daEw=='),(819,1131,'card_type','CHD1d08cf002a5179364b067f50e2a34d10VoEDdQxwgbyWjBJv+uqF5Rpp6Y6mvyUk0sBh0d/+oDIYspiJzjxqDlgcEk8ap+N+gr6l4uvQHnikXHDFhRzKImpcWxYVlzO/fTdvNhBvfRpSdr8ozSHvuuyIxcl/8kmRYgs0AGzJiZbNvtfXPjdvt9PD8N0qAClpWlvdcuVA7zz/lkOsuIgJJ6yCbZNq6+gov8cTngji7L6PyxNofSBnQs4id86pdz0uUsze4OjV0P6kg6pFgAkUR8WsElEiNHS5NoahMrE95HlW8k0sidJgUd0UeaXara8M1FNxee8ffYXNn3WJ2YUdAN1UEyVQTYt0fHIlcrU+To1Id7c0N4HH4w=='),(820,1132,'token_pan','CHD1d08cf002a5179364b067f50e2a34d10JQ/VPvHv5coI9J6KoBI6KALWT/evS8CErIBXOTMdqQuW7Xd0M9ov7KbBY6nTa4zYhKTw0bLwCf5Rx+WPYGSCZ+UPifRSCHGYgG5EcvhbO6s0A50oOpLKNnrnij9v3EVT3Dsvo0GCkr49dohlDLjGEg88ddhcpibCLcffpeI+8X8UIRulA5gq7PuPRFn/U+PRUjDWpKZuyk3dGfqNDEGCjgbyeiUQQGTdzF0nHBVBAyEACr0OGBaIr+bGpLzBKiVMmhtbWF4iYH/4aMPjA7LUmcq2wm5aBpKzAKcfKSHxRjdFAlnKGMOwecM9tx2LGgxNmxHirPdIwWik29gBhOHWUw=='),(821,1132,'token_expire','CHD1d08cf002a5179364b067f50e2a34d10nmXLtaE5H99YIS64jdNFbkExi/o5aDRW4yuyYUGUoLtA0JK3IGjWs0R6NPXDKoK83Osh9dm4JS6O0xatjhVfZp+MzmO3dhLwfNgggpRYMAnx4p6KeFNO4YbZhoxGHxMcaBOOBGoxZqKnSUS5sKpwK+2/oy5OuhjrE51LOM58ZncB1PdCUK0naHRsiLtO5D8F6QMFRr4ZwkNytex9cswr7/mQQhqKSVWTtPKaN/2FmPrxo1mA/RdrKgcsN0I2orDJJGw6yVUGpmKMCOsy28Vrf4nPtjmQdPhxqPQi9YHcJnOmngnpHLJ9dTUxMX0Hebkqu8Ae48iL6Sgen0eYAfENNA=='),(822,1132,'token_expire_year','CHD1d08cf002a5179364b067f50e2a34d10MO4yhBJqk4Y2jZe4m76UygAet5dvvbKj2RLlZwcKqoYk3ZwBdSNBxDSUcytyapEIZm1VpUhmLbtyTixRRDz5mUwzfgLQf8x0CRzqtbJWe0Z+sOn2JRdLFZB6yMo6CvMVy/Go81CfbmOfwwIacvnED6XUJRxiE2n0nvmeYIX0erRvGhCR7Co6EQjI2u3ytv0ZvsajdCudXwy5MWZEt0bPYJ3UHrXuOmINzRRmn353R3NAQUBDhfcThr4mw+zxY7UHJo4ilIkrBIw0NwfJXgPpzYr+HLz0QOZBbDvZlYMtA4YKa+ASvrY9gHNa2PwDz7vKVik/yoRj5qKrSAg9CZY8tw=='),(823,1132,'token_expire_month','CHD1d08cf002a5179364b067f50e2a34d10hi5Y2EeXxhVXAix8PoQWNRxlc98K02GuDGk/x7teyY1fWnxMuUBblpOxicaBL4M9Kswu9dWn12TerKBziA5xSp70Q8+jHtyX6fa24YljnccxMiH4Z5rcsA81fX3MRnGBBDafjDTSR1GeXsFspn1E+ZWGJznHh0jaRKwUPY6AH1gTFlJc3JGfQ82uxOVdh/e7OaNv0HhNwEFQU/QDBQqUonIhOKE4DCWF+Am5wFaR/+MaNe/B81iYYiaimb3qEVOqUHeClFdnVPHGvgNfon3KwwKovjADSMu1tbex1EMpAfUXqz+4Go152arIl6EZGvv8am4eBnFNjHdDjW00Is3VhA=='),(824,1132,'token_cryptogram','CHD1d08cf002a5179364b067f50e2a34d10NrWJ7kvJiQN0rKH0z/+yyv9QBIy7S8CAQ/nRqP1V1qxFo0b58pnxq4x7IKMiCSNKPu0KW4JIrt3a2c9H95I/wG0TgG6fuDARFJLo93aO1hnHmr2fCRSphkE0M3wC1w2uX1RMfVZPRQvnkytBD7N3MejZaSJZea+BJN+vIJ/EsADYzeCUpO94E7CffuRKqdPuibuu7P8nJIKbHajwFFIzB9PmKlXieaMWrRX5K7pnkmSKu/CjaNo7Re/wNSNvT2f/53+/6WkwzLi/8NLKxC4lDd1RGiWhocHZun6XnziVL7B14B2V5e5z8pGE3VuUCDeakP56OXh+J0dERP+lWl/pEg=='),(825,1132,'token_eci','CHD1d08cf002a5179364b067f50e2a34d10YT3VS3lBhEvspQo/0Y44V28qM5lBPEqTvQrFzImedaQ5l3/NzRIHvIaEYByU3VzJOcgkIOwr2NAVMGmgwEU0c8Y29GEZaGveiY+waMSFFkj5gzTJKoIF0RPEjrGgTg3ds4Co+4JIo2170MsOXLlas33NJ534fgO99utmmTsZRRNzPSrESn4RperMHZUjtlo8s2h3f58dscIFWdmRoCsOiDL882o6IU/SLG22zBF04KhObi/7fmFLYlbXzDzJO7rslPSihHOu72UzONm7ooQUgPg7PVt83XmL9e1mLLfDyzWOKrx3k3AtTBtNLprX88fRqv+0bdiO9VPDLb+OL4LdDQ=='),(826,1132,'card_type','CHD1d08cf002a5179364b067f50e2a34d10mW8EkYsGbQhM/cPte0lmS+Ny/CW/TPFC577kkkZZ2p44M4veLFoVU9VezwC87gW3RQ+7qN3SE2FBJv0GWJfCdFu26RYFxxGy8sIER982+e0D5SJ5Xazpia2B1/bCW3/XwkV3BbVebzfpgF3J0lKMuT9GRXvJqnwpztM/Wn6d4yl/jgLpYzq87ajzxdwzlOJBCxnoq4pwL+7eILklwU7oM8Qghsrz/YhOUO0i5fpUkT/nAisfC4Ygh7mQZ6xU2IDDZcxv4XspqJGKdNy2uN4qMph+/7gXlf1v+lxaySKMfoo/zUtyqVUK8kEM5pEqZZGNgrDw4n0c57TLt2Li/C4CUg=='),(841,1135,'card_type','CHD1d08cf002a5179364b067f50e2a34d10jcSFatEql5DYCOLg0H4yT5M1UNYNpJ+1/OGqdmJU4I4oyr7ueTfqbV9+6MMQReEFLKM4sMhMjlDXo68YS9b8gcv198vIkyVbDoX8PxzPy7n2sRvOnpPcu5UDfhIsJ2HDg5whxmnRwqzKK7/fVGdSgtu8bjwFpe3HioeQjfXfxb1t573J4INYI/nL6KGNl/juvYm1QzmOmdnIjTdVME6QZeXAuS+VSRWpv0tyibWFzDA6AMzAsL1o4G9ML7LjbjfNE/MltHnzvhA2fvemFi1SFVXKJFCETBppZOg3H8sTfy7sdeBpy3mq9JZuIq1Yifj2Zx22t3QBLNlbS6xip02n0A=='),(842,1135,'card_number','CHD1d08cf002a5179364b067f50e2a34d10U58pVsYTSZeEVSF6tpMCin6qa/XmrtM6A3DHHx/PpEZufMXjfK+nMgdqBW4NBT5hmVrPut8J3SojS2ZITRq7ToOX0Zgo74nGHHTJhKGp2ZTY2k615FDXVTkY1RMRJu3OsbLfw1yZcn2W4ac2rTgG1tRC2kSOdHos8RlMCJa/ByAU3A4/nkeXl4r7S1HPc/lhvtXGFDrRKzsBA6zI1HQdCKdR2m+jMg2VwBBnWe0T3TIt9Z24Jf0Qoyf48mBIxC+uNmQP+rh2OeyodR8y//D7a3x44z4GBg6zLtteUB9yJE4JSbtNFMSKKI+5t/wuVrRFutQU4epgAobgyJTGIuOFUw=='),(843,1135,'card_expire_month','CHD1d08cf002a5179364b067f50e2a34d10hH13Y2jr7llgtDzvZ23kSc0tx/NyZ7rnBzNXPFTyCHrWz9gMPkxKXu+1h6Z4u+h/A9/7WmgeMkU935UwLKWOhJx3wj8Q3QVOgzL5MhX07DG3WeY3OMYjvUUdCPfdDfhFOg1aLZDBBFuBlr7dtF4Dd/Cmqp9ng9guDE6lL68jD4RIwC+IU9oDzE5vzWixDuZFTQlr1m/IJ/LdvIiorqeE13k6YMiJk9KrjjR2vXRj9E1OStV5zx/VFIP4S3+kJNEryC4tBilaRp0X+yULpOe5VFYl5wwLMriFsNyO+kbGQKGJS7dw3qv6keei5sYWk417x2vH2z1ACOs/aOuDO5rALw=='),(844,1135,'card_expire_year','CHD1d08cf002a5179364b067f50e2a34d10ie+wervrxEg8YubU9C1CdalSDzdjkFy/ek5/vYTNGj0RTSeW9WUirZbcf5NCMi/QV6z2ek7nuUuOSPPlTAYex5YwS2QFkfaAI3XCAx8ErN4zTDiy9gegJWAzgpeprQdw60EtSj/XBptY/5BFLT6ThPdEwq/UaKLU8IzQmApcwvwookuorrFExj282SnG6oUBfiPJF5V5CT6PMi9kg94zPyek9cezDu0rivZfvb+Re0+65cv6KTMWF8uLiNStH2nQiEsA4reLd2TkQXjIVN98L6z5eWaLfefqqzyqed7AoNzPX6qr7MlAbx2ozZ+WUUcgSuFy1zke7Vo7WJoWC1wmcg=='),(845,1135,'card_cvv2','CHD1d08cf002a5179364b067f50e2a34d10UOGhulvXiB8Egqvbj4qun+g+8srky55pcPMLdNV5j7m2PYlanHwmFJdAJS+KBeVqbLbyqKegC7GmrT3+m+F9GDxhqtczqfA7Ld6H9ZN4VEfyV6kGSNWA2TD7J5U7+MYAjMSGxEwFwZ8e9AJSOewYucJrse2gC+KNz+sT+VWnrIMyQCicoUyQoeRe7DoXrdt4Wstd3VXKoRG2VJFRDN07QBmXx0dg/mwbe5cBKEChsWPQZYGhkAFzMwJ1ALmk0ZulT1/xShtxywnuBnGi2r5vQadlz4e6rn18dTFBKtqKyeemlFgrZ8CfmxIEdhNJ27d7HmByd8RrKNviED1vzVPTHA=='),(846,1135,'card_name','CHD1d08cf002a5179364b067f50e2a34d10cDK3Ll/1cyBWTSNm0gDwDkUQG7TgzNsFUjbkJdcPvk/xdwo9Wqh8m2jZXeoIhI4OwY8HcAG4MRBM5bc6fGdl5j18frUXhhld6EnhdxNlYuj5dbRWmu1KOB09I37dwjD7AAbN3J5YvzHb4/F2MUzS0k7LpIb5sNZHvHkbj5yZlIGKhD6j/GnoqVv4VSu9UwcaPRHC4YrBZFVGefzLzuUm0IgNgcak40lpOMyu9wZT5S2IyTzbnIBHTmTGDpRCMsOnVwMCph/sLinFMM+fANWdr7ewExnq0HuNl3mgLs9Y296cyRPQVusxSKxh22HMdyakoPJk6qkoIV57G+Mqjjc2og=='),(847,1135,'card_expire','CHD1d08cf002a5179364b067f50e2a34d10aC9C/sHEZxuNS4cLtk/ndRmI5WKwh/f3poTWLyD8N4o0xApicMBPoty2Q5i1NQe9opqKeZFv5bfmlKslg5FRcrLCdd4pxc87Kqt6VIu4NNhZFTmJ11aPNap0G4K6zk8WkX4kr4ng8DuHn8A4OaL/gwISd7B26MQPnPcQGePa2ZJ5k1YY09U845JFwyGzAoJI/I8o0i+cxTXyU5LT1Z5hO3ummeKs/YBUEnsCMNXpYaTGnZrASrSN0zMMQaRHIuYDjIY3mlcxFKgzfKnvZUgaWFmBmW20UlVoj6KdQcZFew/G9+ZKjUF3wJE4s8HX1sIuXxLpjdNQAqI9OElnDkK+AA=='),(848,1136,'card_type','CHD1d08cf002a5179364b067f50e2a34d10XDMPpF0dgMKHd4NVwpcsDHzkt5f0+K1H94Ga9D+Yp8M8NnXW3lbHH9EeJFeSFtZsc09sIdU4hHPIkODGcjlnKhpen1MUCkhcM8oMDYMmkt2P/Wsr+qb+Z9g8RFPFqzJtlXUe5R/Q5O29B+BYzMaIF/cT0aggKOWKvN+BVXrCc4KDh0I4ETHOcv6HFYUqZsAVlmgnJgYD1a7uQU6NrUajA2RV2NoN3mCf7zH0paUg2KFN5Z+orrc+wV/g76B705A1UqQaOJB+fYAD4E3W26SZcGp2HqB7K/7SBvtz1eVgeTasn+04Pc8K+PdMIXR4PuhiNF13hIv8hpLbHr4vKuq/TQ=='),(849,1136,'card_number','CHD1d08cf002a5179364b067f50e2a34d10T31zuFr9+OschkLg98tKUBwyOKTUiLeI3rSRF4H9SYew7nHZ5EziRriJ9JHnrUKgacqKmyMKrrDWZhWrcY+wj+4KWQZWmv56kSYHmkj9RGHXYQeerLZj5S37IoAL0L/IQefgJTNiUMoNgpMAFB/sMyPAQAfl44S0W25jXg7GkFSRrGo8hCeue+2PvoeYLgLBf2anWkmukx55w97aBPsG0BYCbD29gSfWd8zgZ2ile43A+8iZZGaK5ncStZbKgLQF0cwek1W4dOdw+GV2MXRAg+IqR21CVdXXbOvTHhGJ/RTGIXDwHSVjcI2IX0k5jnaC0NcDaTGQH3BEVhiwq7gIpw=='),(850,1136,'card_expire_month','CHD1d08cf002a5179364b067f50e2a34d10MuTtcGFeCsQHEV+8G12buvx+CIvteVjosnXFldBsF8w/xuzz03d45xKNc1qibAQMpd26iCYskwa9PtQD8yADnLs4A+XK7P8jNIfAlcrNe6CSxqVcmifcTCdXk19+NByBZfveK1ctZQWi3D8UFV9VMM1p1gFZarbzN/66sZaf6nrXyK2MFKU/iNXz7C9vJB9KuZE1h6s+aOJj3kTCNNqzGXTzBxc2jXpUn83z2+PTlFExjl9ozaH8UZDj7o4ccUMNzvg/5c9t8TtIGRfln2YVtlyBLX3Q949g+j3Hp9sphIcOfNQk4fusmaIjG5h8E7dmcE6fpyLhC4DZsse0VZ6l8Q=='),(851,1136,'card_expire_year','CHD1d08cf002a5179364b067f50e2a34d10j51N/VVRIr6g7WjULtNPVksGkacUuSuhFLtVYpKSNhfjoymCQ3c7zls4GCCrDMjUfK6jYhF4M5JX+7+Ae2lBCmNCuxV/1Z8F1+kviSHHUiud7p4QF6b3IrJIrugkENZJRC0+QDNvq9ouFvvx1+iOWEP7sjTrXcNFEzAgz5uDzS2W4iT3tvVvxKjeoqeJPRebf7Ujfjcmb1S48ZpYXSR60sOux/at3qwsm/+eOz7peR8jEwmFYuYgl3X0rs0F5mIm7aq356rKUyr/F9RDxuy7RWbcsWz3TegUgLQJ/LmFwLlrWxTWkWlVUerWTpaVM+Hk+vdRyYrRB8khNLq+fBEDmg=='),(852,1136,'card_cvv2','CHD1d08cf002a5179364b067f50e2a34d10kx76XFjpHP2t8FfOwDf7tOvcN2MNd/+tC97tPfPGip+Ja8x2zzPsEmunj8WeTKDOnhgxjlhrilZB0cs9K7T7hhnDg5gVClgfBvKDC8FIK6eLbrNx+ZFIKJZCPzFCR5zb2kgolnFCgict2Hj3Jg7CjUn2dy13vW1xeSTfXJCTNZqY9vZMv/Ao91Gq8iBUe6ro4VqZl2SZSqAA2biuDV4UG3SllMvuc1aLaoMNXpfFVgUH7rJLBMQbGp+8oVINb61bxltWvITJ0PbxeeUoK3xiBNX1n8GKH4A56SvqPXl1D9iccFX2SA6GLGGv7cXWsBLrewGRfPkB7+Co8zxoQj+dZg=='),(853,1136,'card_name','CHD1d08cf002a5179364b067f50e2a34d10XCagnKEfg9FztNLU7Ob2ZnC67jO82b6bJQS5hP/cbbfUn2SSu7Zv4+zPu/zoPyrA+1cy7nuteVr8nb5FEngrzf+rSptqxECJk/CsbGyvAx3sIni+0pyKLbWIUiUoc1Ee+hRSI0/zjYuFoZksGXKuLdTvdN596knHP7Mnp7nbzgdb5Mrd8gOs0rwmI7My+Wqr5nbeuciRhfxRzpkfum3HKeG495rc0cxKlq333UDczh0OeNH+8vQA2xiO8i80suYnRpFa/7zRHZNBlr8+iEPLrxwmdFTZNlolptqZ76cFarFRsDx/NwVunjArINvnA8MK0o9XZ/Dl0KMxIS5RFbOhgA=='),(854,1136,'card_expire','CHD1d08cf002a5179364b067f50e2a34d10ZJsvLFFoIfo1jC72cR2hIQDTPoao43mpT0fNAbInY1cXwPN5hLhLvAUtSm8N3tSye2KAORyqSD2eG1hJfhTMkxrI/Az34cUM5VP9ePNJyk9L2Jz6P/YiRbGHQnRFF51Ad+N+H6K5rwRVFk+Eb6Q6k4EYaUSh7P8+hn+TIm7TBnyK5HLZPFubnXBeS8CX6HgePHWpNRMUghg1Xx2Ck+qU9sKh8ShflNf0t1TU3guSpIgbf3mW/x7bxu7F1Yvyn5moUgRh78z7KUNsFLUUR/N8ielk2N1MLPJ2mrRb6rpRvmpGf6w/iweHkWAl2bK8xA8tv6CkpfVkdnPse5WXXWQ0kw=='),(855,1137,'token_pan','CHD1d08cf002a5179364b067f50e2a34d10ZvpUcJLw1OOTAtTpSQATF2Y2JKwGOE/OKh22UZSrMlsZA6JRP4lJusOHWdasNHRvLr/KyCNY0m/5xDJ4lBxiDS+4xnn9nwiiUqb3eo4jhNYtoQbz58/Gfn8BBbmvnkzcbgWpmKHdqZeNhTqbbzfgAuilrD/eWqcvXtqa0bmW4/cr1kq5AstKC3JGEcu5BN7W/iSRNI6fKibPvF+A4rys93XGH5g8WLG9RHXlNY0Vdx01VaasEqezAelvTB5G7w65+iD1Fyen+vppcbb558Bn4wQ7Y2tUJU/J/SFJhp03IZ9xFeSkxsFQ6fHCj3O+UnFOpMxwn4OCemKy97TNClMG8Q=='),(856,1137,'token_expire','CHD1d08cf002a5179364b067f50e2a34d10PsJA6QVm07JUZ17pxRyyfhMKUZaGnv2W9+pNe6cN0/1wwlJCq5CKa/EmdCdhFkc1N+alqI+0URMMh7uCte689tjaaDqC8b7dj57xw+7Au/0sEgcSlPWq50FoE63OJucmUHwGXRwahuWD7xGz1U/VgO5Hv30TFPyHfXZcOO+Rf+z2ej3JA5FKr2Gi81id21ttJIwzWrg+QUb+sDDvo75kLkSFh04iJzsPrwe/j/DMKhzljnj2GPkOYA2fDPtNrNTFJ+CShqhRXkxAjdm/dNNIj6Q09Z/Yze1vfjQSBfB8ewLcFfJG+GVKbcH7VQx55bfYJoIfwtg56NBixcXvc6/TMQ=='),(857,1137,'token_expire_year','CHD1d08cf002a5179364b067f50e2a34d10eBFZjrdj6N+n/lGaeWq26VdiNjXbzg7mjIiE3PoxfImYJ5JJgyQoveSq4iYKlTphfcgXywngV+02W5Gn2Ut4Yc/h7dy8GqcJRVJRQAs3h0DsTnEMj57eGuWP7zhiFp4F/fRznWieE0DvKxA6a6C+5xRXQTgas4x/oUQ+RhswIXsfwhGZ3vn6F7vF0dX6dHp/Rlx3Lm5OxYeW09qgjSNNPW3SvrGgyptXJ+EdlvPBEhhXuxFWuevWCwxBZ56ymF6eoonkahSN1vdQRWRouSm0GRftZfcZV6pme7mmdrTp3IOw78JBwIYQLbrNIqEEXP73dpKLC3XkrRhwGzlBpeEpbQ=='),(858,1137,'token_expire_month','CHD1d08cf002a5179364b067f50e2a34d10KBoUJ0DonOfbreGetp3r8CXbkque1jnp2fvNK6WnTOw2pVulOi4oUaQ1yV8xcG4mgISXQE4SGxtZ+bIzSGXwkEWGFjZbfp4YyiEyfTyFhNp72ZZ+HI0xDYvdJSu0eUwNjLn515oOADCO5WicLSdjFx8u/uOM27fT4HOIlb4CNXOl5hi2xhpZX4sXbEnaJRUn64eJ/uEj/B5dRLCHskSvV/YCywlLVq//pkEUWZIJz9N/aOfA+9njQD0ZaDm5isuF+RnOLauNi7OYDFM24urrdpCpP2OmcsIUdea39midRwzsvgUNafee8xguymHO6GbQYDEKK/tlaxhmYbjzfei6fA=='),(859,1137,'token_cryptogram','CHD1d08cf002a5179364b067f50e2a34d10jHlN307scl09juyfCJoWbDeVg857wci2g4+EiraNJQotqMTOB1K4mCURPaB65WePcInVFdSWZOM9e7Az/H666HsoA5iaf72m1NhSd4j4s1Wd7UoKXRgkUD9nkmmlmw5nXFjz/I/k7BPoIYTw5Whqg8czm49efDlNJ07E3IQXV8oVMqv6JwTeoDanFwHNVL7EVCAf62pgkNKDYefLpi858ppdyWQn4HQBY0HL5qXidn6sx/GhvzQsWynI97DjpX8ulxhYB5bTEi9UX5sXkAL2z0JHldcs5f3J1PZdGOzniVUBarAmeHpdKO31u6jeXkwuwjhxJAk5BTEVjZdCMLGQYA=='),(860,1137,'token_eci','CHD1d08cf002a5179364b067f50e2a34d10c7VhEDnRsh34/gcNDVZG87q4k5vc5LpVFwgQAm342d7X+pAZCnF0zo6qhr2zKk/5eA92unghIGUAbpSrMiNIg7omHlPt8XyvqtsfxcQ0tduxkfeBVUjYL1ynK9OGx54PR8yGF5/N1bt29Y7z3BMouFLDroBp69oaAfSz3BjVgu7GmWtzVWyqo7BikphKPqW3EMc2EiDLSDVm6+A3lS8BVqQyReCHwU+/Wqmu7j9FOgIYw8VHa/rPSz3QWjL1AULsdQVYuFHDY1pknVsDv2t+lYVBAtkb3cm6G37TS1cLNB/T6+TgUkIS8esdZMMqTSAHUVyPzHyUSFSJ9H/Nq/m+GQ=='),(861,1137,'card_type','CHD1d08cf002a5179364b067f50e2a34d10gELOGm46ODI3xzPh1ETFnaMvHGXRsoi7Cp1UgnA76SITq7KiT/MgWn7lKH5wuF/7IVl5o25qz4IwsG54GZ8OxJ9uzVXt5dAkqb5gstgXidq6QZAW0L9B97WIX3wL2tBZL4y6cMkEjdoXmYH8ACk33/kJKQm4b5JGSXoyJ3Rhqnm0iZQr9+e6rAI77Z8C/X88JDgOU7bJ0hV2wpqsii+E2RZHsqVk6EojqLKbLqgSSo5Ljeci17afNbCatCQXK2mr7lT9QEgQxTTJENpgqrnfDG89kA9CadFlRW8/1op5sWeVpQVMZJHlhWWZJFFPAY6ztZMUWguHbXq2qp2arIPpSg=='),(876,1142,'token_pan','CHD1d08cf002a5179364b067f50e2a34d10IQEhPZZ8fXvNBtvP1rewnweAI03prnb20cX4c/GvkYG0l/Y1eW9F83dDzaLB5RVpIs03BMj8oHnOGUyesWjWI5GhQOF33Blz69Clyea5yoD2X6Fp5eTrLFo3K1rRKsqfCchvtO/Q/eMcnZ0n7Hto215ctHmR5qFKyXLHDrh3x7VpMWqHwu7YUfS4RbvP08JoqUOkh61UHeqXc8+nVHKFaIJtfJHZiooCZD49mHWxXUeoAcelC7VJa4ZmI8VNdnZIoe+n7XfLJyDodjoH3TVNiblGJ628w7kPWgWBRXQd8yxUpGEhqCODTz0sjL54ep3V7s5owP5eekOiKwTRlcg4Dw=='),(877,1142,'token_expire','CHD1d08cf002a5179364b067f50e2a34d10cl1ymrZbBka2utKPhZetZbmJWMax/TWDOZzkSX6gs2TpF+TLPFRMiug8a0iP9Shei/pxyABjN1EGiFVxPGWtnPbeMXwU4jVwtN0S/snHfSQwmdbUEyvCOASytyhCSDHc9hY5xJfDnqY9nK5uyAIZ4mmVQYbBZeiYgXS8I7RrgMVE8VX1fP2kD1lYeMJ8WvqTOTJpBh2kyHoMJivDhD4MO2Gkczm3IL2x+uWKgmivnUYgRpOiwoU7pmOuvMHyni0TT5wRNXGxZLHyrcTV4Uf7LJk6RO2lgytpJgsohGX6vrCrVt/9ysRCTbEC4rG0jnBQTh5j0badymGUSfFOHk+gLg=='),(878,1142,'token_expire_year','CHD1d08cf002a5179364b067f50e2a34d10i5FtzvZVITDk39bfPk4DkAUrFDNNrEkC1c9tBOlA2e8YJVZeZDQd/8HXvAv+pZgq29C61WQhyy4TzsaOstJunx5oFCPvHj62hiw6qQ/onjwE+Sha1BeawFiNTJ98XLzF8c99BVJKX95fEi2a1MhoQts6ixMbrhzdwWNrqt/F/rDu8/Wwz1gsWpvJffwH0aK+eVFUtNshwZuqCO8REYUfQByEf9xMlxtDWvcVIEkJNDrLq1lfh+WOrLpZdmDyLuw6tqXweT62uxMKiLBXrN9anYygnBBs8Kg7EoQXphoqTlQmbaQHX1ojlxDceKFxBqtININR/g6bVDO1R3PYkvy6kA=='),(879,1142,'token_expire_month','CHD1d08cf002a5179364b067f50e2a34d10oM4YjJm1QFzS8gkLfeLghp5MjjwGMzCSj2d5coq/RqTeFDsax3py6FR0N4Lw6pnnTyaVptteRPPsVodrvBJrrHVM5/T8Al0kyNVV2xjn94HX9GW9aGzJ/NxIlC2rAVjA8skRUHgFmziD+fGj5WsD5hrvXtVjy6QCbx0w4J6hP6wU0PtbLcydZ8adpzZouI/Kw7JZG76wQRSoUSNRZYLAnhQAL2BKyHLSoWsVM/giVUMygcvFLvAnkel34xAF+h9M6IqozLtANXBAhB4mEUk8GwblfDFd3aZz/869z30iAdv1NFp0TzheboO2Q1u+cNe8VgfiKCo8l1sJSJA/iBqUWA=='),(880,1142,'token_cryptogram','CHD1d08cf002a5179364b067f50e2a34d10qEgjdpKZcKHKiX7OIb/OL39NdYbnRMCmZV76fkmSCA73eOsWV2dJxP8a5ObdHQ7hJqZP7jdMSzamEWvSohfNJ99vI6+D7VxaDuCWfhvHF57BJPEqVJm3ZluGu6JXcblyEyz48f0JgH7zNd0pJJGDWNgaDsN5XPriA6EjF6QbKfCPwjRaVC850Me9mzEB69CwH7hi1bj+9TT3ZabxMiaLJ0hV2vCPYKmuho7Rp2rpHpTq4g7OS4c6BtZbD+DUWws1M7j7Vi3oW6Clrfy4WsmR3PzSLDGuGV8PM0f2jYLIiT2CmdMpUuev+A7YjM3dYRazHyWm597XiEOxEZ9lk35uxw=='),(881,1142,'token_eci','CHD1d08cf002a5179364b067f50e2a34d10AO63t7TE+J2wEp+lzZHRkfVK7QVwVy6dzLookQIpOgGaO0ER+tSq9LIKuAQJH/qEaLTMsFOJW4xxRcO18fLeihV/yeE2tNYtWs1982M4NtVEipZ4bwt4k0dMM4Z9lzJ+K8oFy23TmXOzEfiY+GrzfmzC6Iej4nURnlaCZoDyrXIDDSjmc8EXud9xEvHU1B1+P5k6s3Oiwi8F0qWxAOmDMXaVx5XJeXWwoD2eLKJib0U4IvcxUWEY39vSKMBbrv7dtIWiUHHmS5ekgLTS/EhFnemgJlp4WrpCi2bxy/eSWDCoprmh6NLUAa8ve2a7a0RDwNb8PKzRAGV14IZ5Sug7hg=='),(882,1142,'card_type','CHD1d08cf002a5179364b067f50e2a34d10MgkKVVtI7wUwlTm4WMdOQbq40JrkmYj2ZB6fAS2pXocpiANsM0XHgRNUaYECdkvdo5lsVebM0TScb+AaTQv0IHDNvhJbiVl279u3OrDl7MVdSs9QHo47eo2+yHqmhefA7HbRBwezBFVgy77G27ZOGuIjBywEwCM3o1NtzH0MkdGv86MunL43F/5KXNNaduZA7+nMLj0NSxjCo724vF6bSDgzHRbpb1Zf4qQG10XM1GGkfRIeSs8qM8P2V0IG1Ci7H/NO6AkTHJrIlLcZN779R2FOVB7E4zoiXMTEe6MLG/neJsbuB8Msp07zf8rlWB3rTvk9rL4xJGzxLFJP+1RK7Q=='),(925,1149,'token_pan','CHD1d08cf002a5179364b067f50e2a34d10i8rM0oekB8gYLMcFAeeWpbli7ez+pK7Z3vA+OLCH6cWksPCpqtmfgG4vXjB1EvRTM9ez/pcEFCGvyvuKq1wI/6J7KnThKdIrM5oqNjPBu3b1Rh5qhJsGNOn7I4UY+HMFqO1nXpvY42zy3UbiXaQkmSwNsWGZrAPFf1pQlQDWM+N46wlwmMtKS6Xozi1fghF6jCIeYIUr3IYk96GNuBkTR5u5/CwYGkoMQOOl5PHruv3q7/dE1GJwOPO/p/yceCVL4oOG/S6l/Eo53eV7epYaCicSmAAfisAaXhgnJPAzDusNdIe65WDKQN9cg1WcUjMRddQtel4UrFdth46gesesUw=='),(926,1149,'token_expire','CHD1d08cf002a5179364b067f50e2a34d10jbSogjwnsgSMsICYJ8z089gBM+oKYxI3Uuwsobm9GncNznamlvQ9N0T/gzcpUfp4gsRT1U6WkiLYe95eJnWCTtLgXtiwPilCzDe5e1/sOkhKh+IbDgn0nZl9IEN5XidRB4uLmxpW0USkTZdofcEC3QdHd8DkLnEMYKT2FpAxcFo0pM8QUKVfHIxz//DM8HD45Pr+hQen7mITFJPxYTb4+wv4wSbAYXkjbBF+83KRRsqmrd3EFGiZubETWdD+E4p3IytmHKCIyxuLUA5XlaB20O/mf0/yuo4I6EcfNajcSOY/dFTG4d3yGEfpjz68MAIEtx6rIRw7iogFycuwZeUk7A=='),(927,1149,'token_expire_year','CHD1d08cf002a5179364b067f50e2a34d10dIGG9UJA584wtB0m9zp/dhEHWIM/2O4R52Kq32BGYU0hNXCG1zJdTAUaA5Ur3p6aDF5Nsw0lH80ikWFi3Z7xvSOcFObLLkha4X2Ofdt6yyb38U0SLWrZ+Dxy+3GTknqeysO5DrLspyuM5HXF3dV/QBb+5ocYtn7yc62b3ZbcHdBeDKKqlO/rcsOdvMnulw1QsALoOWorf8cf+ClmVpNXEwECLSN5ymR9QUWdPUZAt1Z1Z0Q5hfvbJsHrCp6mYPHF3xe1lS1Eq0YOpNW+Ev2pf6Ykw2PbQz5AcjUM1XsH5HyxDijBh/VP8rkZwzvEpHeHXOxKg/PzbAU5JoYey1MjfA=='),(928,1149,'token_expire_month','CHD1d08cf002a5179364b067f50e2a34d10K8oSqcYnx6JKiPPfkukKUybt6anN9CtSwCOpdnwcGAGm/XZ2P8+azXE7K+hbp/LEqDMRsq8zlFUFgy9+FFdP72wXNEIbg5l/iXLEiDNb/24gsLcFQ1mQK/r9vf6UoOkKF5cNOMGswEf8cKpWGrv/+lxk3T0uVsI7FkdvXyaFigletwHmCq4xn9KWV5higmT44cRD/S284X3gocqGXeUHHb8SyrtVLNrcogbxmVd9Lu6EOhDjT8ktar740IiUo6clU5YpXbCuAExOP99j4hkp6pcNdD5HoP9qWOC9Wo4GqntF7JPHl2M5keyzbGK6rikvWQB6ZlfBnQ23AtPqWGBLHw=='),(929,1149,'token_cryptogram','CHD1d08cf002a5179364b067f50e2a34d10D6T+uk07t0kssymlh83wU8FAKmFdAFnpbgIzAyqfPxBvk7Krml6fetjNA2PWaT7RwzRekrEyiOQkUyx3O2SJWV9jlJNvJjO+L+c6wgEbQh4DTXvzruBwryUGg9HqyoouJ2CZJ1D6AM+N0GnCqMG2bozGnqQhSb9aFEz8G24/LEPGkMHXYKB/e5kjOh+WgKzFdRNfqOt5sLAzwkFqDz4tziXQAwP9N8QgML5YAy4TQ99iUDPStcBug+U8VhwL1ldkOy0lkdtNXksllC+3QR2xmC6emFCoeRj5eOxJI49VAEkIvKCaFfxC+xpw4N1G6sI9+7w/DLNCR2f8+J6+Q2pOKg=='),(930,1149,'token_eci','CHD1d08cf002a5179364b067f50e2a34d10CJlqcmI3phDMsR38JjyjtwUhms20eQF8777wqbPVzB+4TnjPdbU19igNigqCXh9kFRl2tHFUZuuw97hlrAKq0lY5G+JAENW4MxEkedw7ZsZ61Hw3xM94sVHQFovheYwCr2zk7qzTWF9fblv26aIr2MRqQNr4t7KHTgo5oDiTOChfcWsUtUNnAEUFCB79qSaDz85Mt5Y7zNc6pzja3VxcJyFebee1o5S0v+/wF6HiUsBYUlkVF9QY+51BbbVD1VphVUXXW0BSo5HT8tVS6aQ6Aeyzgg4Rjqn17wyIYCQdNlvKhxnnQO+Tg/PR03VE+UD32TtLNpX/glRwIKYrIAwSaw=='),(931,1149,'card_type','CHD1d08cf002a5179364b067f50e2a34d10PWgX6e7p1xa29q5CxL8E/lk188aYqcwpclkqHgr3x3SajUOsgsERMIor369wgJj36U5nfuKiCU9n+7cNE4cj8/qnuC7wzu0BwoxSdP0UMSbM715VE1qFdODU9aNK1fyNCFw2l1B83y1V897ih3Q9PoPxG0APYjyfKOhd2DKZs1iVlPtVEV0bqIHt39zoz/wB4cRuWA8zv5CL8bUiRsLvF/wV0gQzN9/QMRx+/rQmoOPn6CaOrqiy6hiiRHnQFJeb8w1UYXZ/58T0LjT2P8cE/mHyIa2QtVYjkanETuZX9jxAMx91x1Rb7Xjfz0Vdl1KiyKSZ0XdHGOttvm/73rb6+w=='),(939,1151,'token_pan','CHD1d08cf002a5179364b067f50e2a34d10R5Q/+AW1PxDMBhO3zQgpeEQvrJ43eWjljy8YlRoytGMFuXsvcb+afhVZ0lsTPJvHsKjMXTvs+DgulHHdKzmai/sCJgBJhf9UKRlGNisOn/yA0z6ZrIDy8Mg+1Jz3py3IrEM4v8sgdaBQhvCaKyA1R2AXNDfl8QsnwnerISfJXR4vDWf/SPQho0yjEC1JtWOlU0yFhGl9KIThwv6YYar1yziY+Av5dkaFkDg8Tv+0L8mGx9Vi2wxKpYpGSgSmc46SpKawWaWFMt8vIf9N7WBJgU2p+wevNT+j6+XUoHltnCBPXEu6XcjQJPPvKoQMINQbE0Vyte5AFpzShQUNdSSexA=='),(940,1151,'token_expire','CHD1d08cf002a5179364b067f50e2a34d10izrtoOiTqSXVon7CeP1HthwOG8AcsJP9hHsRCJ2eR08G595VsPFOdX0wH2UnFBNDcVq9qJA77gjQfVpdBGnr0/+z84ifOude1yC6adPrj5kgj8xn84LgWsbmuqiLyMA2YnL3LfZvvJb1y4PNH1N5GItxyf7xLUwf6GKztJZ6CLw3ej4edeEJvM+YLmp9FsG+1l6pBUxdx9fJRSUpEt/c2MuzfLxJQp2PhwnI1jDgJ9v1uORxdbG7p5uyj7uUrPuAqRezRoT1iWhblKEu+HGdohAtOD9RhMX/u19wosYCf6m+A/7h6+F/gv4NrO7kjUIShGAeEg5erAd5m0Cj4CkcBw=='),(941,1151,'token_expire_year','CHD1d08cf002a5179364b067f50e2a34d10e6RE7ErjsNjHuSS4E5zupMWNViUoABPT5rfm4FwDGgothuNLe0WTAACwP6CfXYklYMbu+Lrxq7C7DlqC7JlVgV+fy19DG9WwujhPRZ66h5E6PrdAScww7lTvn8+fh/b0mylX+EGqLO8R5AE6svrR5GwZTe5vl8QcQuBiDt5cvgu44T8fxcAyuWr0ca3IvUCwgjUXu5uayPjudb8f+L/2TYRs08X9vhx1EtOactKR3/nfkztpYYNmO7j5B5xnX2uJnDK2zVonRil70zdwEkS53ex8Y+Swi2+afaWGauEddC8RhKhhpfZXF9Y3csijQp9A8ssXpoRB+cAO5Hg3LNQRmA=='),(942,1151,'token_expire_month','CHD1d08cf002a5179364b067f50e2a34d10Aox6Cl8R+M/XHxvJKpGm7ITpVbu+BPz80aTcTFAu3DpiJ2Zvx4uV5ozgRuv33cE7PypnQSDS7QwEJaXL+QHuIHXgwfndAwHdnLyLFGXSD9lzYcdWhfPCNhij/5PeGGSS704cArKlkg1VYJwPwUgUHlef+WdBln3ku31KgQyh87baNje83S5P/1yAJUEXLTxuxLsYPvnLYIYBd4FlTzvTmoPiq35Wt+OW/3UPNvLOUWFZheHQtMUdCmxeI23mvry7ZyXTdo8Zw7jRN+p/V+xpBp/uVTQkofOreAvuoml0U/D8QbP3fu8SG58/VUHQ74+f47ayRaSqAKJVbsdYN4sd8g=='),(943,1151,'token_cryptogram','CHD1d08cf002a5179364b067f50e2a34d10mAnSysyLTUP9RKwLC5oevcubuoU6Vp9wirpPhz0mbWigUu9AZ1nMJc1oMxR56vfecfdWoDiplgrLolClRDZdTckxP0FyeUcOZ+8BJHCCJctJ1/Lz/CX4vPrtpq2izO9kQgFaLbn76i/NeHMm8vxGjylMe+yEFF06KVRXDXlxImPln5830OgMGpzr740IKJFkSUoBL8HO6w/NyZkZRArjE1U5XntTWsJ1+QK5dem2UFD9tU9Z/iDJcC3FsQQLpCYossicaLOA8RVxp+np4YFbFG5T0aFlgFfjEeQLrL8bkkkc+GRVa+Y+BqTdk2fUkoDdXcAcNoCdYIcO3xix4MvRiA=='),(944,1151,'token_eci','CHD1d08cf002a5179364b067f50e2a34d10IipMiuJlUTXHvK2/hq47fUfPDboKdgpaxEOI8hY914TrQXF6oBy6YeDZaj3Chs+OLUOyEzH2iyT1AgsgKi/MU29B0TX7NXDGePDOT+XoJBEZh3Gr5x05V3ef5lxXBY/RP50Dqfhd51Lkuv/5LUw5utslpA16zW241YBNscixagSnGYjQjJnX3MqplI91gFBDop9kJ+LosSYv9kfM+2iI9FsWctwikevI9cp9DVrriha2j01+9Zoe2ptzCoW4znq8g3dcF/GB+w7Ijptn2bWkH3C8UgdDdLd3zhf5bocbsXpEl2epejAjDRGvFjV6iccF+FOOqiHhIU6UdEpT+pGwAA=='),(945,1151,'card_type','CHD1d08cf002a5179364b067f50e2a34d10eQ8caiNi68NTy1V7mMZVUkC1MQ6x0JHdFwZaUfwRMu1tCmSOLcXL+ahlohkSdVcTqTJI/4ik4iSLjyTXEls/bFI9grL++17qXZldFBCKJwi4kGyCfY9aLhecuX3dmNCVMJzzL7d18WnY5CydRk6saHhH/BDJ2Xc5K/PMFSZJD0xXyg/lnPEMDeIxg6CmAnjORnTrplW1/mUMMtVSG6Tr8/vsIFacDxU2kCduVHBHbjp8eqQPqDLz6zWt40vPuSK6jB6qD5zOo2miQCTGSdFCszHLh8q0k4B8LORqMVky2NQuTUWzOKo4Ir4YTmdSBG1TiUqRA8Ukl1HMi/R5hcQBYA=='),(953,1153,'card_type','CHD1d08cf002a5179364b067f50e2a34d10Brf+2CrIK42RVsSunlCwXmk4yZ3a8PZTMlFQYyei+WQWXstE/UPn6LOPjGRxaYfNfFsYHOeyYmI2TYTHaqDRXv0YTWl5qQm0WGb1mcnpisNij1T0W57vsYANSEYN3kzNN+4FPhheQTzXtszXRi6+pcqXhjuI1mua0f+rjL4uF8p/EWlm+IHSPvNO34e70XY0yms1qIWJLwvJQmiqzVKEJYk3xxH0UszOsuGrjrDuGuugZ8VBCrtlIMyIZl7ZZN++c/JLrz/Bnu/Zl4bfZ8dla27kinVjAJhjbDsWswJqq+SnMdSlmFuacqRaE81Lz9GmaWjd98A4QUlDvv4z1XXqvw=='),(954,1153,'card_number','CHD1d08cf002a5179364b067f50e2a34d10V2igXQNHbLXq8Bp7r8qd0CuL67Es/rUdF4j92N1pEWbyAolY+TcEcZvgaGU9sLd9xRhG/P3Zw1Vr17lpHUASp/rzJs1vHTU7vaL4DKwmo9XGOScqSvpne2VAkhSCxWZeaD2xoKTHYTj8HntaBxKupQSFtNDMNAf0XkRqIBj92ILaVyCgvyn1wJrGOWIAzUJpFoV95jX6iXQdqhriBWu0swMnJIoXBq3Aoq+bPF6+8TN1o+sQaa/1KPhSJdw8znU1IZZnzEyesOCHoUQCol8JRMCWVaEHr4kMSlTjru/zTEcE61v0jjv8H5pMh1LKAQoTUuSGz3sfuDDYigzjaAK8gA=='),(955,1153,'card_name','CHD1d08cf002a5179364b067f50e2a34d10Bf6lCNpjH7hZ6OOwO8vd6KrmYTNCBAgxv+rdoI7QyfyAB3muOEvUEAO29HVwOuUQxyDMB+5/QZxBGmqvhiWyyrxhMuD66jNeM/5r3uFEChqQ+gVo0DJRN/6vTCTZbrTVwsRCdgQBTn4xLqWW5eFlyTPTqeinWGyLp1eq6qpFDD+5Ph/FaKrKWda5hHRCwFpq/lUU9Dsrhqu/nyCWn3DhgIWmgqPRs624OO46LczMPNvwdeprFZmvYaJClNbPtU0q7Mg0IZ6tdVgNyULG5hK0JI6MzffgdEniMUGr9Jm8ahlHlBTCJHVdmYJcFF343R+jyiFpnm2MGmCpD+l7H8dKZQ=='),(956,1153,'card_cvv2','CHD1d08cf002a5179364b067f50e2a34d10He7BGlhwkjlgKqzVrDPWiL28rJoKIQcGzO2WQoMbcK+OnjtA7qiwEVSN5AtStMJCIkYKqLdj/zpII2A91Sf3KlDUQUIOkUQvjBzoQ8kR1DrIj5fY4i+Y/hEv6i0qrRLWgzHn0IqVu3HbthBse/68yV2oogMiNAyVeww0LC2/SP2l2l42xH0y/oVP/sb8AodlAedT4esjnCsk8VbKAoB5JU5NUqPhFkG0FvvrbP/ACy55sTbJfi05AQjdfeaz5eavhKJRRVrhlXKeLvsXW8KfLdKVR1StSdOqdcT4O5ZJIfUPr+3F1VH4jPpDY89NVQX5DYk0KAMsJAOT65y49VSeGA=='),(957,1153,'card_expire','CHD1d08cf002a5179364b067f50e2a34d10LxnYuLNodj6GEZPUzuqGibdJXpIiRjNHbx8jICjDbNiLWlTRuuQQwad+eDiH9KA8hPAMEnh9pKxQT2C9z2n5tKABNzfL4xLiixSWgmyPY/5YOHNRNqDtKx4NiZjRcjwF3D7PxaHQIAELJPAV0UghJsWMNfvyJBrpphow9ssOZEVy4LTQZ/VJ5NxmE2X9V9BChDYhLHQH9Y3/35bfMmXZqiLWbN4SZIjpsz2gfe8zk+4s/Sov5+CE90jv3ek6279hNRHbpGlkXTFARRHEJEoMXzjot+DqR7yp4pl9nQa4Hv3BJ55bammDg9ZB+JtBovrPiVEM7X4Og7dHbMu91hrJDg=='),(958,1153,'card_expire_year','CHD1d08cf002a5179364b067f50e2a34d10Pa/VKz7iDepIMU1FvD+aRuXvNBsf+34yjPjpIh+1B7rSFXkG2eRK/hm9SQHXp128UQRRexDisLsn5ZhK5ncoLNpXXYJ/8i4pkNc3uW2wnqotjxyTE3Q15vRYXcXZ2/p6VpAIUVoVEOB9dxoYhfeZj36nIAefxo6ZLYz+j1/Udv6/TnpHEToXmseEKeNL5bS1HjIDD6Ic4SM4FCUBqkuZpPDGtQpkwaI5nWvh0CnhqWOfkK1GnVZ8WTitV3ikrehqv3/o2gkYzQQM8KJcmQ+HKJIb90CQP6qkOBEx5ecedXvzl8YpQwXGfH3JLaiayUfAFcgES9NFU95M2N/FbWHkxg=='),(959,1153,'card_expire_month','CHD1d08cf002a5179364b067f50e2a34d10EWNS24YSXQSD+A8fu5hu3Fz+eiV23Y2+KePBhlmYWxI24waTDw0Xdh+uVurtWnHzMqOx2ER4eEfVlLEuKFLZIEbnlEfWDHVJYbBu44g0dHY6IAwwZC4+E7iBVC+SB3E573kniVjFHUgz8fmsUxAcUiEpLJp3fIpqQZl/WFNjTiiQ/DHg4Hhn0uDBXyK73iwNg9Qz61y430AQCaFTWStK4daSqqfPEY2b/gjZ6ss+uZDXA+bIy3sbnYfEvHAG+8tPO6/GYuJ1vplkjUxDx5a2hYiNQJas2XJmG79LLOTFLTM4wYLspH1vxvFQ0HLyuQJ8tDtB/48a1qeNRI70yhAy/Q=='),(967,1155,'card_type','CHD1d08cf002a5179364b067f50e2a34d10EXE/yn/B3m4QA0TRtvc8YOGqctri1v67C5PO7V4KzoqwOH7YfKu+JeHTIAn+itGaAfX0RLzdo/S+h7wKsBspRQjzN3SxP4vEGQZfBSg+AyJMkch/newqZSOCR5ZAgRHdRPS3hf4AmifuyNC8ap9D7eDkZTuJgnceHKXg3rC6IXelS2LDmS6IKLLQbzY9p+iaPWndSnDfMOhiouVnt3SBLQeRMdVT7iEZrTxKybEy2kT9NIvu+Imx/jHBaI2CQIk+vX/JIpgZrlHU1i+yWD7kT5m8PeWI8M1/4R4cPQxDvP7iUNzPyGKA9PUITPl8YSyzPbzpl1AkePKo+Et22V2WYA=='),(968,1155,'card_number','CHD1d08cf002a5179364b067f50e2a34d10dajJJHgIKtPWJAjO5X5A9USMfcPXSVArh6rFA/IS6JucLZD7pCF7M3I/nnm+8BwxTJ7a3iqhtc9hJHma6ECRjbg66nhITN9cpc40eqkrnxpdIBqP+xtSQW5uCfkAiT9E2xwGbie8czt2luPfthI4tgvvzwTnk9VDQ3eM/Lx0Ne4mDIDb0mvDx8jy4eurDY2EobWCQ8zqts4ro5Mt25YTcFEMx2H9p8oJ4QIE66Q2fldEtY0CqloNGCQGvKK6x+30taqDSlTiUWcKbtiKBE0rJ74NlXFW0BShiWIZKSva6ROsFNSLO1O7HivSRieX/hl0CrmsmGpitnChZIA+E7qohA=='),(969,1155,'card_name','CHD1d08cf002a5179364b067f50e2a34d10p8/Nctoji5aS1ispxnFgG3bU2J67zskKm+pb0OWMafsIggjp/MSKk88j08Z3asWeFDdi6uUqxAmFtBZeysR+gk0t87sVcgh5ri4teHGVlOQGY6hQ5ldGdBSxhcl3jRcwoiHdjlibvlJm/p4uMfI9wAoUBtKwnh1YtWawhEXBAXadZtjcb2VaN0qqWlkLYG2VnC1RftAZJKMIynFyuCIfI52h3BfbP/A/6RAEloVvz6dkg1XW4Yt5JjNGo8YJe1QL68aE9MlVmY7K1diQW//uRjWMGXLw35IScQc6RFyfYdKeXIgEXG4uVsXjPNuWFfLrkTRjYLiACeVe8QqiyzJMNw=='),(970,1155,'card_cvv2','CHD1d08cf002a5179364b067f50e2a34d10Qw7pMTrOKEeu2nOHyQ+hfFDeI7Yi6sSMGEnnISsqJXs1qH/7Y/hWZk7AJQ4B+dvBUT8d+YdOOQh4LL8fvATK433SaGk7gLkSL4XaZzTF/+2qfBUvjYurEgzCeXG2VdBwE3/Dp1FJyJqInJiJyKiWkTueId2lo7IsDw9j4N4JD6bbD8Gb28RPUrVhrzuzSOn9CvXP2K8VPrfvPgrMcCRe+UUGQzAA5Zr8UyzjYds7l6HITbGyDp3sqGu7zo6XEHk1Cn1Urf9Q8Ka2dv8wv5SvxLWKVSGYsvmuAQP3x+0e1rHeOmXpV+F6wfBnfIKR17pCRuNudIxcEfWQ0kp86CsAHw=='),(971,1155,'card_expire','CHD1d08cf002a5179364b067f50e2a34d10NWydYmLw8uncst+ikenSggVI+FX/MNomiTEoATaAhxsl9gZD0fzcvGtA4GyjM/qukEe9SxmaBtR5dvtTyP58layeGAVKQsPWD2edtIaCYtin/XZW82u1QCV+FiyAM8sVVbqfcKCsiVXLNIitTPdgURWbkt0NCoINXZJi8XaGaFZobHEdh9r2m7zLJErLlMP7zBwTEF34njkNWQHtlQ4Uz69mOAVEHIfDsN5fiFFk9NIHeH9Oen04EoSoFlOT37yiPQ310lc6GGzumX2Sf/Bt90NPpWwbT8w3ow3/qoL4dAeHVvqgZG0SrPy7YPCS+d91Aq1h4cHCLjTH8JOCIm1LAQ=='),(972,1155,'card_expire_year','CHD1d08cf002a5179364b067f50e2a34d10gwSeDp7q0rgOgz0IahXiQKiEz2hFjUIl7T5cxgxTRM3EjNEFy8lotvtH+TUEfRGKmONut7WlDqBQgwV46wF4xfrF2XMnZGmGjkQZ5Mh9gAGSkk3ix5chzyiclRoasnj1+UhW+Is08vyQ1huLacIx1SuXrK0wRfAek9UsXqUMqTq46zqrgYiklkkrlJbHwHAE06UMG79cgIpjrTy0U6j4Rg0NhVTBvaggM4T3+ATVQV4/00Cvk0pVkKKHEaBgpQ2sggfW7d71EWTT3zE0NKyptOmQCmRR8RlLMh2rrJGyJsbUVRY2dAcIubjCiQn0aJwVKUiN+wPLzqi6qnonYHbzsw=='),(973,1155,'card_expire_month','CHD1d08cf002a5179364b067f50e2a34d10qE5nyHc8sJ0t1b+O94SVhC/XNqZoAZwMIysxULJ/K7+mph1yqWvfCWa5ymELsodygNWb1STvtZTDKD2Gx6H4o8sIXP0HJsBF9sux+xVfzAHAz3MD44tHNZ4ki307XyS+j3XRd8Ct9tKaOeKb9b4f0sL3RIYOA3wiXhilKinPwGlWHCOE9HhoMxIwXbyM78MsylrK9hDUBfXzu60GmQZAw56B4y4Sk8gaXPue5dL8cbYqniQAxYGlZcR6L02fHfuTjXxp7rFyFsHPmVJM0M29taJC2jWavOcjYJztfX7zk5EluCVea2VQLoCWEp1bpj+4V+SvejZEhrMa0bF05+CqsQ=='),(995,1159,'card_type','CHD1d08cf002a5179364b067f50e2a34d10nBHWtP389/bsmwWcRds+wazAgpgUZBpi75PTAL3+OKj8pfRjNA8jQ/JcTzkBgcbRo80pZEwF3a8Vl1sYz7kdSD1tR01/mfrashkZkP6HqKQMUBphRad4J7CI+TgDKElRlQoWi9kOTDEh5as+lfqK8/BlvNhDvKOnVNjrf3/pxEwZig8KpzczDu5Wp+aiRiYSvIAUH8OH/e3HkmnqKWNW+ma1XyRhEMu5FreUCBoQc15/pkpXNpS7sTIZspI8KrU8FFkt0XOZn8E0ta7Jczw/lCPtp9Z2Cy+iS+3SxBa3LCfDVr2AoWzHzxFgdx+UMZ8NkpbX0kbBe4QH0mvMhpnwYw=='),(996,1159,'card_number','CHD1d08cf002a5179364b067f50e2a34d10Z4X9WEDN/EX1jxpXvnPfzSCfIKg+6tSWhqiJ48sUfCQPMsMXqz7mkSkOlxN8Ja/T1mqIycMY9yIiMR/VxMG7l/KaoHPuH//mShyWk7Vy+IXQX4sBQNHDtVI+toAIhM0uC02R6DuZp2is6ET+gucIuKncHmBjEv7DvnPXqHnLk6gK5TodwUuBjzlJmxDxi/W7SVKJ18HHvtttyUL1dwelelppIM/ZQGcsBMA5hwkHBmED2adywEYodvs1GzUhmok1DhtYXKL51WwZv3AG0x/aD+td9Mmlnq5I9ZE+m4rS7BNMCgQEbCId7f+3rplYPkHEOz1wdhU6JeDVYTAilG7d7g=='),(997,1159,'card_expire_month','CHD1d08cf002a5179364b067f50e2a34d10d/Webbhwq/RomXOecHOsxfFchsn6ZCuo7SbsJt7XGEh4TPKgVwux3tTJ4q44BrmEAZI6e3hcL1PuSIpfbZV+cJoNe23KTUbj9oYFANcicJ/U99gbNzqxgfAdeyhXTHYLmP6isFBMkKSH/XqJ2PCv/R+UIpozd3mOi6smozAGAR3iHTWekOMt2XSPdUN+CuC2cBjvg6s1SVzvsd3OUwo+Nn/4edow21NkdJ+aVWLkm+TTDShSrT+nRXisml/iSRu8Vu9TTX77L2BJ5Yk+7hmlhZcJ3iCJ1H9yg5RC3FlvU462snn6ftHa+XUynuF/Kko4BIIGs2BvG07obFyivwTJ7A=='),(998,1159,'card_expire_year','CHD1d08cf002a5179364b067f50e2a34d10eSapD12YCIPXIp3Abant0uIKlASDgCiarEkI+mKGGY7eDgEc4tjQjOLtrW9OfOT/umg6d/irBiGgvrnHr3mhRglIMbXHQJhKfR0jivS1aVwmy5gRLvaJIyuSsXU3ZOALrK7XctpSaLtF0ue1h2mhpo+pA+1Lsb5fmtVapDk2Dl79Y87zUgpbJd9RGQNXbO4uGUN2XVDLJhWm3KckGUVPMinNYMHkQsWxFecZiEy2FzUtX2yjGiC0px1TZ696e5LV42xlL0ACjikThtkbg2jNUDS/fuppkksCmAGfGWsKLjxzV+X9p9FToyj54YSL8cMeo+iD2aRkGcdUtv4Ko2CJ9Q=='),(999,1159,'card_cvv2','CHD1d08cf002a5179364b067f50e2a34d10RczQ6pU7180Rxck6s7G1yUKWkvy1B8pERPEvm5sPV3xxR2CgIyEpBm3/NrzwORhC4/zaM9R2iOkbVM4Kh8tmzujvGtDlS++klO2p1e68i1cIJ00QhW0ES5PXfyB40i2W/K4qiBppMP+xD2Ab60fs4GJKX9LhLHgt6eL9LtDvnZyiQ2m8y/qwGht1daUoJW45kxjty0tT7FZ4XDJ0jVWnhHYcmJM657nZS7FL3AzN0V4OYcljASmHazEcc0qwqJ855WettG4f07Lro3AQwHFeWUAbNuAsMnxTguBXEuz9QKfvWamt/ScSx3KuCnWYMdWjcZzo8TpJN5Gbs0XQuP6/Gg=='),(1000,1159,'card_name','CHD1d08cf002a5179364b067f50e2a34d10K63D+lE92WUXm1koI8bm3qhh+H/RUIyMjjBbHSuVOSs+f+eEfTSs9+lYVjlrVDJX9z2v0Lp/YRUZv/PHZG34Ikml2YSkfHw4SYJdzLGW5skHn5cLf5FNkdjCRP3sX4Vs7kJeTnGgIOwLFOWBlUEbaAXGtEqdSIPSG+oCClRXj6IUBexdU1nDw1xdZZM30MnL76250sWCBIKbAonSzV810hPqzEEWh6DxwFfCglWYMtsU96ZfZ0sEOaat2l1R4jEbYa0RJdf8nm56a9EgOdfbY73x1MtPo3H8UrYB3Iz/29Go7mP67Og5chgYXt5zfkDgMDBErZecVETnNkrkq23Ajw=='),(1001,1159,'card_expire','CHD1d08cf002a5179364b067f50e2a34d10g17IDNZ5eLBW/aJ6hsB/0YWaFZYWrKwzcmxDD1J49kdWCQQ2wb49iyxsPr7JT+JyXBtQLncQD62PXVDhBTwmKx6auY+y5/72Jr8X+QtZoqlbUjgh/GxWWDT3QErNypPpmmNY/oUJNZ47kveDKxJ50BI3AanF5u4Pk2QLyCUVK6+FdL/kq8U5uMWXdavAZ1ZOOtNP2Hr1z96GyR1p3HgedcmSrubShgzybYPzuSa3YVUpHm/9UHjG5KUI+stPjLDrtgY7MeYLpHPF3mMkss9VvjkvpNT+282aRxQ7KFa9JeeEPWmN1o6S/pxvvnFrnKk5bXuhSvLlxzqeWqSKxx897A=='),(1002,1160,'card_type','CHD1d08cf002a5179364b067f50e2a34d10OtBvV0/l4RagYm72tXHHfhPCrpYYZ1eNkXHyu/R+E1wn8pX9DzyRVEyKY+rhphGXxp+v069/J3zQEQz+cppq/fuHMQAwaYzwDHRjl920zSkhFDohs6IERZ4vV1OO5N79wbUACgly2JAQ7TFZtewZ+KYH4Q6rNSXF2gBVVFZc8wvM0vmxffFxAumVf0VXSxNjIEoZNDOEcJN4ZpMOW8qO0kr6skEAdprgDY/TafQb+qWGsaUZis6KBf3FdMKUJsD8bkr7TRaXM5noY9OMfOSPSMjB2yMrx9S5lcE8b1H8zS+XqGSNaYiMOfWF5LkBCxH+l9N8qLAQAmezWtdXwfDViA=='),(1003,1160,'card_number','CHD1d08cf002a5179364b067f50e2a34d10JZ+pBxQbPfAbBqwgYamWSRl5Ptom1v6f9KgtFmf7ZrP9ih7iZZtKmTY4zSf8cEXH8cMl28YojOtYmlWkvneAc0ABUhK9X8/ttXPPD8ZQgpvC9h/S0CsPj4eDIx08MCaoFDm9k+/r2X4NGlM9/tJyVrOwEyBMRgDfNleZIk7/d2uhQ1ouNeiyYzIkT7AQ06yneZjAcMvkR6xlHzDLyrJAQK99ZTN6SV0T/YoGkC3NeCoS/wn2jB1+bxS2QTtA0yT787RgzCQ95XiQBUSelpaqhHvpNkjrspzB5aXB+Vx45qMIjd0hSV5dUbyhoHVhJb9SeclPeF7ybYhvEtzKwYkqmA=='),(1004,1160,'card_expire_month','CHD1d08cf002a5179364b067f50e2a34d10MWTIPPMxTbI6MQPk9xPLOzGVIuGjFBud5PYoQdSOjrH38dvqYS8FAI42Krcdi6fKaDThcGSxU110m89mEkfKnlJ42PO9fdutP/lrW+dsylqgGZShBUccGNhwL+gZhwjWVY6pEDLDveoXSemIf9nMj9OuuN9n4huW3f8gyaT7SWFif8x+OscmOoF/k5jBv/79Ozw8GICy17szrJYu3zogsT6httka/Ytr/2AQz7KUc/NwFdgOrBpHUMKQz98ROdQN+Bhr5e4ww3uq9NJjdQjJSK8gGqYeHR3ab/pj0F0jjQNSOcnX/6cGAA8FAIheKnqo2qURolj4E6TTU1HwkwDWtg=='),(1005,1160,'card_expire_year','CHD1d08cf002a5179364b067f50e2a34d10BWNmrB9nOjdplilqpCc6uqYWYRI8klZL6/vMnLpSMGtLxmNFGjAa+iEXotwv55gp7Cv1CaatHfl0FW9PbD28JK13iQd3lqN1phW4zEo/D4qcfpmxKprVfQwMFQLj49dQ2eonZemEc5XH0q7QNyAc6t17Oi5GahTI2wXl6SyvfDwmuLtK0zhlowTZc7rKqwn2KWx/0hCTlOLihiN2iipg6kYljIFsTrGy9JaTRHozlbuD0J0ktoFaQTRAHnwCyWKqwTdwZr0ocii2lKB6RoXRkfHhd8joN9XLNdEZE5LWu8pSWtDzb8EffdWGyUdD4tgnsPr9DjudQZUuADmxxhq3BQ=='),(1006,1160,'card_cvv2','CHD1d08cf002a5179364b067f50e2a34d10R8cOiUjah2C58zIdgrItvl/1Ek6T+pNtTBzUSv44kcym4Fc+mj9X0qEQ+PdW9tZ31zH8Gvc6uz6AhJQbVfgB0mBPkJTjYJYr02Fb2+EtWY8QQnJ7WDEunYf1UASP/ny5AUngz3G7mk+ykPlDVotWPmREX+WpjnD9prijjFcpOapFpv2/HnV/SoQFSbTWTMhjW/6u1FcnYEhkw9OZ3jDOJFxqf0B5i3TYKEy8JvwzGZf6UKrqgkdH0tqtuGfzAJO0DfUBXMJAP7z/awwYgpqawz3TajKXQTEf6qXsGUbvdvTzVoUSxdmRLXdXtEPe0BPoAkwWSzb++NyMWRq46qkxrw=='),(1007,1160,'card_name','CHD1d08cf002a5179364b067f50e2a34d10lLI7vQY2Fca1aPZAkleot3RKn+v18GkIsxJFRTuXORysE6QF3vUHyVUDNrGvWoAHgSOXvQL+zT30lr01rh7T/XmrdiOJCNcRy6laQEYAaCJHqEm8VudsXbLXHFebkZ0yZWuwZ9MMEE9pVw/1zL20eIAeFr/QoNcsijqk8/0vbayy/B9MYcqHi1f+JX4Vp+s0TPWratQpofoLuSwm2jJr13/xM0/8fn3pEPKU4IaxmUGeb1oPe7o4j17us/4mtRhHKbAO5CW/nNVV9TnptrTv5HGgH66oCrvURvllah9wrVahJqVRUDR2/N+BjqFf9AHkP8GrOtuAiZhdlqfYjTMyYQ=='),(1008,1160,'card_expire','CHD1d08cf002a5179364b067f50e2a34d10bsQAX8fVZXdreuDPu/UOkXEArrHZhJor8p4GSBBlqlm/o5v4aGgnlvE3B3aR1noqudbH7xHfmr+hJlE9W37f5CVZlhwxD3jDUi0cskwKa8TNkqF9Wvhd8W6fju/pKKBvvZSrHrZsDWwU067MHlCoKygz/2y2mxcHjWPTEuOwPJPhxEJuEHPcpbgwvnHo2gy/ViMMlENSOE54OSA5wGO/W/keRkirkqpUbhzBl2JThGc/s4ZPHALW2vnmVJsTPs40t1s/W0hxMLYjGzekHqr5Dg9C+oPEqtVuvYRfrbdLw0n0m9RhZazjT14fqdd5oEra2CTE1SjjNzUC2EW9ToArNg=='),(1009,1161,'card_type','CHD1d08cf002a5179364b067f50e2a34d10O0gPF/nAQcY8W7fewQIA2uJywSCPIhb1WEdnjxLdQ6yV7BVa3KRVJKTtgIzBMNLeVXH09B7A3OFLEAljGiQp/uAIdKXyLSNPfdLrzg99GBIDNyVdOzG1I8bu2d90mrYmZVep8bypcU+GUYaPdpOklB5edQIoum6nghRdfrVpownSblbv49tsczQUnEGsJheVM4agPhcsO/yWV5QrZxDL2N7jFHVHzsZKgS7obFx+sJD5OIm+GRBF07tevjjy4VsCgxtWoAiPWN8prVD4HErHS8cCgs1HLT5hcDzyIeSmbbRx01Xu8EL59LWjqnu6EpIuJPL2T6IfBkfYlEyeXE/QZA=='),(1010,1161,'card_number','CHD1d08cf002a5179364b067f50e2a34d10fvp9OJ3jLoxwH2nO17uHxzM5zICOx5RL95GIFwUDYgY+tIcBeK1bIZPCsDfZ2okcqUp1BQ99Kfa1q3GI6UntfNU2z+FtSkcfZMKAS87cwsVuq9SWcquuvCE4QN+GNfVm9qhULP8iOAUdfYXYCNJ3eu4vbMGaoIYsSJ/wLLFKlk9qUkY+oVGbSI0pqEgCqIhQAKGoaoDhAVzZT1vxNmKbbC4CEhb+3+V4FiPJdE21uqkglw0eWxQ+JYOJ+jrXnZDyqvWpBqhhIvmDopHpP8EI+t856AYO1GWexhSgR2N2ABiU4brK6YCeRw+etYUoIKpEwxVpTd8HPxfnFO2Xm76pLw=='),(1011,1161,'card_expire_month','CHD1d08cf002a5179364b067f50e2a34d10D5qCbi3QFlkrWfdP7hzhKjUOycwQvTGPYFG2oSllX8XEflsJiByq1u9jSFcXN1/jnpLom5yqLKAIXB9TU+/drOAiXCW8mu2flx4dWp7Xh+3dZIicd/Vr9kX97sZsCNJsCpViJ91/qnSyjVGtuglYZejlb//G9d5bxopXobx/PO6sr9PrY5kPrsR2BBmJTWdZCHP3FWnnxVU1DvEwjKAtcaZ78gnOqvqcRncyW7npaFR2ZMQEZ9FfMPzyXB8bRxqeBbwsWU/FdVLaD0xmKVLV9nZvy/wn+A/0pXVZNVq9zsqMbdenRn0QYBTNJdtPrpWxRmKeg0zvNA6a6TkCfTYaZg=='),(1012,1161,'card_expire_year','CHD1d08cf002a5179364b067f50e2a34d10lV1ksWjhUQFyJEdyGLpN4X4MvA6prTnbTlUhfjsfPIsc4IQzOVCWoZT2SA9LGxFcaUXcPZR15iaQuSkti6GaB4s4IkkCNQ0nQ2pxLml09WApOeBBp7goFBXP7C9geymNX0DpIYBOfwOyPlEy8HgNFZku7933DVc7wllQ+4vK1EklVKjTqPNtc1tLzkFTbmsPh/5ODq2J5AHHWtog+NipP6UV8qlNteAl3elf9zp+q3Ph3+zSwhxIHspBQkvUKGVEltMK5mHpN5t4PS/NIOgE2tbsNI2flkENdQBl4X99BYY4Trok7ntoYfcdpRJubEA8GDBlMp1eW/OZA7aWzF2VNg=='),(1013,1161,'card_cvv2','CHD1d08cf002a5179364b067f50e2a34d10PUv4WEWbp3rZ92+/imeM2ejE7k+cT1tPwkgH4j8FJNJiiGylJXhgaOHwrlwN4FTKzlJ5CmvBqAFfhB2p2zoSr5HyAKgMd7Y/wxXgQbeh1FR6VX9wrbtIiWFgZQVBXiEudLBhoBNYjTq1sVLxO6DiJd0amRDMdvY2UTjmhHcZAGG1XzTS2PrwA66vFYhgviIJGNJftjRFQs3DxCIUA8xXzDalB7zL0dULuGvdL9HZw8pWKgNf4nJh9PFJiEIIvCxSkalLJAf83iNkio7G1ILI7LNdSvuhcAlZdtFH2d4brTfKm8DL3Jx1Vcv/u/QKczQQIk1skh543uMPG1TqwMNlpQ=='),(1014,1161,'card_name','CHD1d08cf002a5179364b067f50e2a34d10DVfTJpDvwcdCqAiacpwf/b+liJ4fXoBV4iZOC4KjWnSL2rIbTnq2JUee0yudVUDj8IGTf873aVhD4zcQuET1ralAXhlwXJUJVmZbCKSZphgpU7UK/yGfQaW8+az0VI4kNi3Bt1W7NgPYMHX5pvZGcD/rulSophNE37n62DIrXgy3K5hr8pZYyJO43wl+HcTLdvYtRLda87Jq53PRpBfGmu4g/ISDOhFLwN1kToLB9ZP3e60m5VRbNS5Ov/88evI6cKwYCzGzBI3qAeNh/vjNEgrFgJlqVvMMBqCRtflUsBf2ZXCSD0lR9zW33vFieKxPzy8sC/5hlqA4Jtg2OCpFWQ=='),(1015,1161,'card_expire','CHD1d08cf002a5179364b067f50e2a34d10K2q8OhGTLHrj/OQI7L46qBtKWhEpuUP421481pewHKrHmannDoa7KtOO1i8pro//LQy3sdeUo3Z8O982JphvE/+F5x3tmpGcetgsRyrfa6oFnyXNhq9vapta7CGOrnkqKCsLFoLoaM+LWPnUcxRgnKtsKWyCtlIlNR+ptirvYOzT2LozCxoA/nQjmiaGZyQzgFUAoxlZjSJbqRU3l6emEsVsFG05Lnxy9OcH7jHlwMgU7chhOvqewupqcrJmAnMQzPcZPxnyJY07n07aw40PsQMianep0y9uGFGZSRjMdSgPArQXqYUGRaXRfF9QjCmYrEdiHZVEMHpv2WGv/665UA=='),(1016,1162,'card_type','CHD1d08cf002a5179364b067f50e2a34d10bdyafz/HHRNG5JFDyO13MLKuD6w9xK8OiXPxFC0tRDXjW5f5Lsv7GG7id16HEQDLoUlSgibkdAZM0wb6gViq8YSExkLdI5CautXjXUdA3sQ2X4h1yGiF/DiFyda0vXiQVjBav1fmana11i05+09mTzxo+VjWHAO6tzhdNmXw0oU/fcx8YEAWcpmL+/Rm2PySNzRFhL6myrYH1UaQ9aSyBECo9t9czkgK8yU2oHdxo05iiooe0NUv3C4Dk3CM621CfJ/6fg+L4fQ3lqeQUs4LoLLLA6Ldn9NETe5s0sbkly5722nOWSDgxX4wjWXcfDAn43YmpaFqovKBM2ElMR9tvQ=='),(1017,1162,'card_number','CHD1d08cf002a5179364b067f50e2a34d10acxoO0IcqPXmo6N38trlgLSWGTtipMsdXeAiQyKi7AfztiTkui7THeLIvZjiAhF+YfwJpz6C22oUW/la2xIZnY9WPQp4X963+ZmKbWs//7VhJCDwVS2Ywwf9Sx5AoUzguXZHWtceSSvF4BoJ1Mcvc4rDNd+nSLQTzF2HmyXWhsK6NjIDPmnHXeTaB5byAiS+BdJU5cEHByHEm7mPDTI4vSXsY+IJO0EBmVd5+xtAd7OWLg1QnK1H0qPASCS8nNDCFykDa7SSTgLQwO8ObDmKW2gTLhUvt4Wxd3ixjnifGa5k1f2BwI6MykAZrU9TvQ5nBuZbUBRsEQMmaHR/1LlQiw=='),(1018,1162,'card_expire_month','CHD1d08cf002a5179364b067f50e2a34d10E1Ump4itWnvO9mMGX4Zsgv4F0L/fv+RuPnB7vgC20u3+zDa8U3gynrXCo/m4Elqk0bph6ugUW4JDIVA8ZFFn0hrRH3+iJz13+GbJt+AwoULdw4WMW29gyMMDVu8CT0DQwmQgjJwP5V+tOYFUgIlvxPfohJaSTBX2mPfgpt8YO1Mn3E7SBEJ63UQUiurZgWgMygQvrMn4yYa38BcSWM/F07r5qYVsIj8AVJIKyYMIjPkO55Uh0tdiXSZydpJ2qZVv6NGw2ihOosyh9JngWdR1ob4DQ+fiIfWhZUnhXgbYJsqO+ode0BfaMpqVpdFP17tZMlWFlrsBhl9bc70ZHq4Acg=='),(1019,1162,'card_expire_year','CHD1d08cf002a5179364b067f50e2a34d10DfmNuVwrHp3H4LWGOBikm8ePzbSV4JouudREoF9uh5BYpm4CVn7Ml6x3GgMyzdxHjKNtD4bbSXxnfrfwZRP8P3J5eerWhcB3n016A8pzbhSgxgfF3ndGIMKaJtzkVU3+wzptUM+qlkAVRWodTJmm6dHHutKDYUVkONnnkZeksoxCHVnCvqsDABkWNLS2BdDL298XDpyqiwYO31RJxm9ufQuSJT3anjVEU9j5TxmvWm8H1dLM4C3ZzuZv2BOnFRZhzOMMNQiVZQ+uDrQSVeFRxdAEU0QMteiQ96ndbcRqE94n1XuMVr4THrEsp55kZaIholSeZj7erAfNs8qHmTU6Kw=='),(1020,1162,'card_cvv2','CHD1d08cf002a5179364b067f50e2a34d10kluEDI/jSP9EV+6+ToCq97aIYboBSwzYWw3mvKX1ftBeMTSM6nYIp9Utvz/Ne62q9dYjIsXUloWu0gE9AZb4SdhOIM9CwfCApXgM+1nqebNqXQhKbxtZyvFY/8PGHEQndKY+8YYWS14uM+r35/YFo9WLccOvsRR4pJDDBte813UWXEbstmONDwjI0G9p+upwYmqigAdX5qQoA7brn0vnBmSGWpZeaeSKgszwjvIfx2HA0CijCZ7naWeAyFEy5imgo5gRGLBm9ASiQnpnFPgxiyXhYbkxuaBncW/3HZN/4N1pOEi1S2QB1XWTeNDsYRix6IqycifWl4ReJxbSYcps9A=='),(1021,1162,'card_name','CHD1d08cf002a5179364b067f50e2a34d10ikOf3fXH3dBFxuY6bcRzI6AxiSEtjgUqerLOC7kYbSgeECAmdSt/iiv0G73UBSM1XxTGx7rR6yJ+q/671uf39k3UOy4UPCi2E9nUapTbJ9kACbDCQeuGknCUKW7ugv9i3eN9j4/xqCDyjvg7a9wiveoewIn8pnChUo1IThG10yT96azvLi2oz17ne26pzqw7miNFpLGYx5pp2P/1emv/RaLezqZ+2uQDTF3kjry9hqT4rSmxyjNxO1vs8lYswBEA7vUWuc8K2df+6IR8rUwAJm/gjM6/IOaIpj5WXllC647JfOTCyKbYBECTGQmoRIzDO0WqYM5bVtC2SStqoC1tBw=='),(1022,1162,'card_expire','CHD1d08cf002a5179364b067f50e2a34d10W4zCq6OHyTvbWvkfFVg6FDf89d90rg2IvaQTuhedv6pwE5qTtkhr8Xgl8EGFz5aqURJrQ3j9UYWks/55F3TOgiptA0Qt9gmKicpt02pB9o+gSTwPRIq5GftbNgjFapm1nLapchvOBa3i71GIx5X/Ppi4tyLnqfDdyx3q/rgcS5dawdXl3tunUc7u0ceF9o4PKceRwqMNejdeyjVL3LRRyBSoXZvwIIqIQKYN2vzbIGjspv1bzMI3jcbG6OwNS9GIMY9E+hKgsB2w+nyuB14q375zIiM4XpNW3YN/jdA80h5E7NW5fy+L72f0dcXZKyRaVAWxvQasI2SFd3ebp3H8ig=='),(1023,1163,'card_type','CHD1d08cf002a5179364b067f50e2a34d10KrWzBbaMskT4IKtaZTE1dnbPTlrcAgK/iNnH3QG6uxb71bEGyTV/I/R4zWWVp+CZ3DXsjlg8kTV4AnZYaKGksiNVRXn+yaetPxNvAYl1rsgru8Za0fdqr6lw0z3trpP5BHhPSAGTCxuNvFs8OT3CX918FuVakHQTtyyyof4UFw/ZhC9XaitcO+gZIoqkcx4Ubno4n2c+uYDUq02lcF7+i5E1vs7kQm9VQlxFa5Vonz8trZoj+Hddw12dlmEo/+QbhrBzVzDU7SyMcK3PG9zkDkhJM9u5w92/Ek7ImBSqsvXMsCSfItmXODjRAi4Go03CUuKt5LBossleaCZZ0oitYQ=='),(1024,1163,'card_number','CHD1d08cf002a5179364b067f50e2a34d10np4VtWxD2CItFQOX60vo2rNiZ61WPgwcwYXMcbJhAfGykqtOsHdLkI8e0bjXGcqaBss31Ak4OR4j+kZhwR75Hl/8Y2+11XBeeBAjPGXvcK1kkWznecjkkiQvbTq4/sfvOEGVEkRXTLS1njYenHUUcs9UpAP/ZOCDAOjnRY5+vEw0RUpQqc9vkeaEwIiIB35oIV4TpZ77hUe/PRCXkLAbohxZNK+4Ib2IZ/38gt6KpuLqh3XEyZ00cZU3FmTiwdZKLQo4GOn/mnGmBXfK+50YTt2AaYximZiqOlWJW5mFZQ0yGCk7bgNQ5JpWObyrJVB9VAoXXyozKOWDtQI/flQ1nA=='),(1025,1163,'card_expire_month','CHD1d08cf002a5179364b067f50e2a34d10FXFSpcl4nHsLyiQfv2LUljAoodX9rgX8K0wxe40L3KqHDMNSa8ktKQfxYHqLFjDYjKpnx+Pk1GOzO7bMyxqNt1i5/E53mdK/S4wsQAq1MeXAP8X+anaQfOUjMrite3qp9F4fTfXk0nxSsvDeSahrMZtgAOPszeWEytfo7YC6Rddy740g3X/Z4aj0VU4Me+U/js14He55q/tgeQ2fZTbSTU+UVMNkyMlf72BNUjYzPl111MR+eEg6M/U4QDK3GQPaFgnfe/YDHHwfyDqORLZ632a6zAoMyLRWj+fAf2v/YxyKyZp5an5yucyPy27kIDPC7B63uNzssl4jMaP82Sw5Rw=='),(1026,1163,'card_expire_year','CHD1d08cf002a5179364b067f50e2a34d10fjI6cPC/kJjOlU9QxG8pQ56XgMf7BZD0NB2L4HNLIR3KT/c4I84hrp/clHKzbN9kK0r2y6xaDxpmQqBWz/zv1I+UZTMDUA/NhyzddY1nDLXfX6GfJ+6u+oI7Gg8CJrhNv5xwQ00YrgZhbGsc1oae1sUs1+UG2Rr12K2nqI3b4MPvX39iAN/uPxQ73y8BLKcMLI99boZPwS+6sIIKndXBm/H65R+58TYsPA3mAFtDRUmpdkfzIZwya9OPTTVufSb3IccI1vr8VXuNwiEUoVdVzN9OQo2zZwJ1Dv1Z4UVjf88GfNY8YiiRUb8qTHjAgcRvE0/EJOmcLxDmPqnSKjKoNA=='),(1027,1163,'card_cvv2','CHD1d08cf002a5179364b067f50e2a34d10MJc3fSQ2sgJbXiG/GnOKf1sPLpZwbTCCIphXioKCubyZOJLCBPbzEM9X5m7VD3y4cSWEDpZXb6GXQCP43obnu/R1/unh/BkcW0qr9X715uA+VDwydrV5/rNIwIoQRRmSfPHtpbK5DltbADhgrq1J1MysBAR6DughMUibic1r4IkoexnorQ9V3bHyfZ+6086k+35iaSarvL+gDkv8C335Es5bVZa+M+In5ihSZLiLsJuOZTOFbQAj9skSsAHEUVbfIX5xufI5rFsZE3nvUFLf3eLNqwR9QnZ2PavoAq+M7RDdVJaZiXJj1zQ7iKjeSe57fYkwteDg40pUSyI3dB6gdA=='),(1028,1163,'card_name','CHD1d08cf002a5179364b067f50e2a34d10GZj+LhzPb+KC5QKv1TCXHCrcZjyJGfhQ5mCkQha16qgZ8rosP99P16cDCedJG/vYbW6zhK2/li3pZv883SaUeQ3/kT9ZX/XPKercV3jvqm3II5VPZuC6epiUf2tcH4LY0dtbkIjqS106sry1JpMe4Zr/GwGGTumWz+Ea+b+5/PAaRYHSkRRD23o2uHNnnjpI+fB8/Coah93adVLjI2w9wNeYXZReaIRWIzKB53GixSiDyHPfoabhrfYeaR8KMi7rbzvCYo4UDSxDop5yPxkEPiMdsheyF0blFCd8QnJZreROB4jGtSN4U9IDtO5WA/o/gyI0cGAoLW3/hliqZmYCeA=='),(1029,1163,'card_expire','CHD1d08cf002a5179364b067f50e2a34d10BPE8WQObOzksh0jCx5GoXaYYPqYX4GHHjbH/FzXNeV/InM1Nbc+8aRtludrF+ZEboy880g2GI14wwsAXSPkHT1sRxsv9Off8LQC2t9lWOG6qDTH3yYyE/rsajT2plrMiyEKhMONMt0SL3dWCHG7q57/8jvIt2e4sL1Y+VcTT64yiPaItymDMaukT8kCf9mXCGZk5SywNjoEXUfye+LCQ+iMVeg27L4G9C47QYCEpOLK3N6JOGptWMYbcynVusEmcUq+khYVVTeHWOm8WdQAtArKidVNDvx1r9sVT80r74sB1fj02KRdPLOtiC6xzQ/x0LVqWwvAo0VZlg8AjO173Xg=='),(1030,1164,'card_type','CHD1d08cf002a5179364b067f50e2a34d10qNtV1ULFvHfnJqtezHEK5On21yJ55ZpoycQeMxAceJF58YGE0ZaVPQLmFW21awJZuzlqJMfUOMYu0OEP4Im0ZT3nCgICcawYF8YGspGtxjXBtHTUw8Rw2VZUIwF910L/AKMAfPF2xIw1axwhWeI2Ax1/UZ6WFL5rYERL7mdZFNfmW+BFRuF4RpwSOyazm/6u0vnwjig2SHnWj22zTW1/qK4EuJXcDS/RkFzSn75DUdhb/edQudmYweSlSrJ4BjF1EA6ypRnt0SP7wLnRuG/on7w19TMU6PCeqG7Zp07mesJbNkKDtFW3bsH1PqOq3Ai5Bbh2WC0PfxQQ1cESbnKo8g=='),(1031,1164,'card_number','CHD1d08cf002a5179364b067f50e2a34d10N0LycxTPU/1MxzXODsRda261/JjfbKU8T49iw5NqzcNQAWCGQmIf1bmf/w/yrvnuSwZmkfwVcEB8SboC7+0b12ixfXn1eSp/RPjgoUzbiZBdQCLD3BfacSs1x/S/VaCMAN0bCEJgWZ4ui33z4ArpsJIF7sKpWpKuyOGkG0pZwUrZfXLVButxKHvl5z3qfQXeL3Vw8JTMR7QzVLZFvDrMxyEIRO2i3GO5JTHFNFpDjPT1LOi/omNTR1I/6Z4vhy5YROgw50FNNzrR2NQ3eUp3sZqjOS3LdTC59U8FaACeX1XQR+27dD963A+dIpSYiLlAMAIB6lluywGS+Z+8PPEFdw=='),(1032,1164,'card_expire_month','CHD1d08cf002a5179364b067f50e2a34d10kVb/ff0Ou7Byoq5OiBNBk3a++tGrU0V8bcE+wE80jYCNAhINkOZ9OK7dWNzKV+Jh/yYamR678AOhf7fdReq8KTBYmGRJFlnAelU8R+kMzXfBgFdHFxkZySYlqhnCrmb7P37v1sFHTfH95DWkhRGDqitLkqm2UJ7uGq0BFkDd2vPli9dmXT7KFeD8AWD8mRYhr2cFK4K7OltGRWSyLtiaP4fagUm5EwVxBsFnCtPgOO6URXooMC+KC6hWtHQ2yhX/TGyrQM86/2l/RdEpg+EtboS5hSckcAOEfO4etCV86faWuxg/mqpjXbkouF55B/iox1R1pmR25joerrIQwdW8QQ=='),(1033,1164,'card_expire_year','CHD1d08cf002a5179364b067f50e2a34d10YffpKuRseGPuUNKpb+j+mVkG/DM2Kl42EcqGg1tT8zVIAkYYMBa3RUPeARsyB0h8OyYwc8QpYYXxjpjSZijV4EDAAhEugf0MPULJTOj85gtLPq7HaZqxXVgJSPoA7xlxf0W4f0I3vE5W8r+V4ZBIAvA1Ty/Dlv3gJHpB1ue3Et26t/8ko2KPUzeszYzQi+6R9KXVVcgulThHWUvsyRPTBwy/cy1pq5Rt5ori+qJodb6xvxKMTgm+4mEYTNs1klBxy6kdnQ6z3wBTT2g6N0YcgdxJpN6Dnn4z9JFdQ/UkRbxAOMn6oSHk/DjEUqguIjNRvtQN6a5xQMhtQn+OaqgOyQ=='),(1034,1164,'card_cvv2','CHD1d08cf002a5179364b067f50e2a34d10bavAVhCZUi++YRftA1tN/wjm11Xm4vY1vm493pF7dVUVM4pLPDJIQqCWQgqsj55tFI9ywHEjT4vhdRduJHSagxfYs5uTAPLYF2S20ydG8GeWICfkob8uHzjU53TSgA0O85r9/+L+WtHUyAAEabW1cegt9EJkVQCKjlsaxJXsS4Ll4WohvG7V8IQCFp784zowgMi1+T4c0O6ZJsgX8Nc/dlw7uv3iKQtkqROqOqprwwPJHsttw2/P/hzLR+gIzbIbcQIEsqfIJLPWXj3Gq6AqpqlT8u0Z8D8y/AD9/KwyuihxIvAjSBA5JptA2wcjPuIe7d9af/jpjX6c5sMlPoDlQQ=='),(1035,1164,'card_name','CHD1d08cf002a5179364b067f50e2a34d10eUmrapbmfNC9DZ3YgX8GaQyl/TaPm5mLdDDxnbg6MQLObbNXOJeP33/lyMkpHURV0JG/WRpl8kQipmRmydrXj2Bu/jt7VZaLCa9uOQ0yD5O+oDH33qygXzLml0bUvJi6eUGGK1MGOv4hBX+JTSnAIgIuEYxrc6tT40Cifwr2bmC8TQGhDrulnYTtCIor/3qrTXDtIhW7CiwiAHHPgT1tSP1Ru9O+SCuNLNpnDG9p/DrxImBis1YcIpwyJ8BAcZYMH7Aco/uoa1LekwaRb/BgIa5zi08eIhKMgWFR1NSDo26jDbviuRIwcbkIJVIFLZJPMWd0s+ZL/nQ3pJKL8ONC3A=='),(1036,1164,'card_expire','CHD1d08cf002a5179364b067f50e2a34d10KepNbvGBh3qNFl+4c64JSuSWrMbysd6vFZrmKKePQjgT3mz/4p3Ed44a4UANMuiiTWdnLzkae3j7WF2eIdiTfTrkaI5Xvu6bx9TJSxIzI7YMHzl4kslBxyqN1SzowXrjwtS8dxRQi1TqDw/p0nIQsEqS7bsi0nZtku2LGS42yMNarCwGMT5LWMry1WFum8Tv6qgVtSZL/cu5ccnEAAWwM3u+xegKXnalE+F1jLkL/abFje2AaBXNbh7Y75MSey/v5S4vwQHB5QMdN4BqyIDxAIO3w8ErjZffxv9h+rPk1A86/bbJO46OSO+10uQ40tstIrxueNO9x3jiH/XezP4lHw=='),(1037,1165,'card_type','CHD1d08cf002a5179364b067f50e2a34d10QWATHdwGqZ6+X1eMtLvs1Jki7nShunzpNHn37RPnrYW0liHjjW0Q5lgYGEzWkYZvXn+xrcWSAuJbmX8zxLQeYTCJ3cQBDGaRIl/IrJjnuhxFUl3af38B9UwZJYQgHX3yaWl/QdFtCHRG6ymAlq5uzVmOWAItMv51DM2fvHU3m0EnY/VMmCKfZfFUD9OeXrsoLhWGypdgu0zqTg8oUnYNuXvMxMSdLAfegJASYJNTvSLFinxzxGLq8wquAqEyhPEWbDJB0ntwixGokw7VTqP9+3CBD0HySPPXRjhLz0Ob2Jyu9aV3NMpib4CIOmBxxt0pp4l7uWfSQhLUK5OdWdqK4g=='),(1038,1165,'card_number','CHD1d08cf002a5179364b067f50e2a34d10ODWuPqY5OPirq/g1qe6PU3nr2AD6yMPKkbTK2XZUZ05Y96U943Lsl5eLqJhA+G53a5W8dNiR76XRQ9H1Ng0KJ7/7DQ1iDDivy0ysbWj/nxgmrlByfraQo5AI+x66EDy7vfuZ0c2CUPXrHDAjBS6xec8/DroQpbFbUfylZtNPsyHpC7QOOK/+40WKzzbDKhRkeqxxhoZhCd6rb8zwag1x7WaIWS3bOMw3BD/CQrRTn3MtRJHygZIVkbE2sZV2SNSCH8C6iczqZTV+V+c8Psx6W4VzFdJzDnk0qTHcaicCZkklz6gmoKGhhrTsWoA19QOGuV8d0loY4Iy5FCvdQBKGjw=='),(1039,1165,'card_expire_month','CHD1d08cf002a5179364b067f50e2a34d10azlHeCm2U/8+IXhin16AMdcP7Kzmcp0IsOdeokqlrFfvwqxHHJO3Gfgr2Y2vnhcl+jXG/MPCUwZUY4KvoBPm29BFPxs7f8LysjNBhDJtjusmUD2NvOsmeSWvTDvFBzFFHaVqc7W+2S2NBsN6xrLh5Se6p11fZzGh1ULChmr0LoN2mvzQD0ac0ktsQD8XYfqRnW9L6uJiyKU6E+72awLHWOiW4DCbNX8R17GNHxVk2dDU2MskGtQk1mLBDSQnxzTn031fUSmwNlby9YSWmwHLjtumKNkvJJaCi0KFzHkqCsHBQp2gSY0wbpEhhMsIP6xRhfV0on65N/Lhf3giD9KvxA=='),(1040,1165,'card_expire_year','CHD1d08cf002a5179364b067f50e2a34d10oy/UJIc4bL27yj/zv2mT6ZfkOXrlhEe79pKaxQA79t1y3tuPKgvMTx2J43ocu9mQ1WXAYw6BSnAukhy+bp1RZq82tuSoRZEG0NUMm7ri5tmGYKreVqsM9pIr0jxB9Jerqd6+PsT6cAC1EIwszJaKkSwQSh2zAJxYwa9VZAn0eFKr4tOOd7PjFpP68Qv9Kl4uZ2TURjZvg8VB7/JaMJL1aVO5nRrKZoWxoSo74f3tIDlza1sZENZcrCfHIw/OLMISw5XadD39DPRR7OKGVSqWnLp4C3ATQCPBBwoMnS8fvZEvX2zk81DS6H76q+gM1zoWhIfF2DqoDl8W+9QrLersVg=='),(1041,1165,'card_cvv2','CHD1d08cf002a5179364b067f50e2a34d10bqWICkO5YBoE+7KA4rtNPFuyjPzl9t4laXZ0pfECwDr0t/eg0bhETw8G0fqgnYhRjmerR/PFcjHO3tuM1P3CegDiZcZUJUs05LWkP26jbd741IbViDsJWiq4anm0JOkv/dBvu3HFl9cqnpHG0TC4HziRdAOBgIYBtGWEIhPre+N9jdvMShRdbwj6PI96rWe1qrb1ubM26OmJ4BsCFFYDGTygq6195jYTjJMzKHuEepqc97A57h8qE6MNTEvhEQyYUjK/lZ2Y8s/QVZfodor7NVhG+afwbbl1lHrrx0YieJkC9B+UumgCi96dCaeJGFcOYdS1q1jSipMoADTQhY08WQ=='),(1042,1165,'card_name','CHD1d08cf002a5179364b067f50e2a34d10GEpb0emLtkg6Vvdb54XT5h8OG4Uvv8gaDAWA8D5c19LKxipSHdx/PgWgj2Mx/Z3OQADD4ljffyr769A5+hEOr/n3P3a94sW5/zr8L974oeLt0vnBQW6yONkU1nWWDe+w0q+bt6BJ0Ej9Woa6F6TuqDckvDIONLzJnyAteQDTLAgxpnqVzNQoHdjVrOY/Or7jlmp+5MERXyctzeOidWF2DTQuIkX+ruDcnoKT780rTxZyt5AeXb44/Xp8FhafRn5+sjFWQixfVYJYiswgypeatH1TFkc6//4gpzr52BUvW0/pNjmYGASwW/vQ5LiIAIJtnpOSCPxVI9Ow08zbq+GtAA=='),(1043,1165,'card_expire','CHD1d08cf002a5179364b067f50e2a34d10lhgpnhB3RlymY+sXBd3HFoT3DU81yjo6wL/xBLci4dNRZ7dXd2d19OINX2axdbGlr1ClkuzIimtYaJEvtdPgtwsZ//NIFzXYPZgHW8yajQp5dCCgHRqPhubqEKtHrqVSwfKtsP+Lvqpdq2p4+D/w0fGtHMFnIRDT4Xq4n9Exsze39uKxbnxAZEKBc9DyaMUZcLN+ixP4PWLVbEVNjy/WGgxG0culxQy/qOVJUmcylHJLCUqdoK+dPZC7EG8AezpLUrAgdPhXM7ZwlioSw/y0/eG3ST6yg33Az0pvIyW2NtoPSjFEytE3qlPwPxk6O3uVedb9s/6GX5EjhcovTiC2cQ=='),(1044,1166,'card_type','CHD1d08cf002a5179364b067f50e2a34d10d/GswehSuCXguLHZ9/h2r2enVWDgx5DZ9eyXr6ILqF98ke7qikOPR3ZcbIkYr5L8TLDp6PhyfWSUo15mBsnc0GPydZ43xvHwAN8kv1VkBZ9pYkN/mNc4M5HMkDAfP9xHfs5QpxTg5VlZ85LwT7qv/jtyrd5zJFYu+PNrEVR+8aId3bbocv5ocbbhy49e26McR48oA75AM8ep+ZXhyBGpu5WyWQem7b32GBw3y2yiH49s16uMt74ApTzgQ8bmrtQRIExljCyIC/LaqM8WxyXyJd5gFM3vkXbvGXkxElhSYaQ/YX0oSt0OhCSltxtP89lPkFGUrKBmajuHrxCDiD9Efw=='),(1045,1166,'card_number','CHD1d08cf002a5179364b067f50e2a34d10BL3lPo9KDYAtnONoSpIBqspKFMw+lRSddf7T3WdJQBWO9ncwH4bwMmjLd6Bht1Prlk8bmF3Iwzuddq8pKJvz29io/Tr4SZ008oxCYYdql5lWWsQMlHPL/EjGXn8NjPR1bidDsFHNtCo0oqnayl8Z0v69BoHfB/DPJmWpNntOkv+gqpM9C8LaTZ4Uzpns6ebpMCjaARjtaqi/5TJtgGvt5Yo1nuFSygD3gnKCjns+71m9V6K8CXJjxUMogDrGvW+AjPb6dzlBfsJqJzr7owpCRCKOqj55QcPg9ePjQzh7f0nCnRT73MQSQOKtJLH2TnWKaK4VP70w0SKT9nS91so/LA=='),(1046,1166,'card_expire_month','CHD1d08cf002a5179364b067f50e2a34d10Ig8V2XeeWxn0sQ/NYOagdWL1NrbrDpjoPKugZJiDa6/DQb9VPRnGE2Sv36HYXnjOjHzaCSECsqbz2T6k9vUljcKlSsXRN1rLGsHqy3aUH6pG3FL07maW5tBNnJ/HUst52c6O5X4KN8gPEDGxBKooJ4Ri5Sx3HbDGHnZP2Zq6a6KR5Mp8NYpK4aEq2WFgwY51yl4wb4eduDNrPnkF9m/OMqcNgAgj5JfXMYgfhqlL43vBUI5huafCIHQpzkyrjKjkzt04BsDLwSz8JLS01btTN4Hhv4Q98cbo7ReLpBEBVGAX4l95SykgY4e+yKtVKIw6CPxR/Gka4Y9HJfHCqTuSsg=='),(1047,1166,'card_expire_year','CHD1d08cf002a5179364b067f50e2a34d10lmW6AwmjsWOFrNC1LsdxtXQCIVXHU3iqcJ1qu3LJjcU48kDc0Y/lCJCPoOGpXT1nfez6H0b9OlmC2PWSYlZZ7sr2Cz5EXjDti8wgPeaRSy6LLvQud7L/KDdys20vRAe11ElGpkBsnuaq90taArGcgjRuqImL1Q0kUSGfX8PhHyyAKQalngzVp1XmTe4DCEm7YuYmjQJ0mcOrFhzRaAqPJAIKUV9PTTxbHOB/gIYFUgrJMia+JLRwea8c0CIRnUbd3NrFk6bqZI5Kto5UjsO6ey4YMbkfjkT7oxYxsHBWU/zQ5863AN2uFGmbu1kmR85jt0BiCzD3X9pKnlVNpLzZgA=='),(1048,1166,'card_cvv2','CHD1d08cf002a5179364b067f50e2a34d10MYtwtw0fihxNwLUEuwQ2oN8ZdzS14/v/8I5NA0rHusulKXijc544v16gzNCz6fpeM7pAz22xSHnbr64UyriMvHBa/WkfJ5EP7VEvE44Tb1g0d0jEZmSu9ZlsMG/jPDawzo3GpseqOpSDKPhjj6QjU6ja5kZL0U47C8AmHTYW2YIX6y1Gbsxq9o646vBTEVWs9fehbRhI3EDvV0PKPjdlkvDXLLcQSVHzpS4iNcLGJkafbx1FG6bHQSf6l8sVGdJ8rEMnnjgbQY3K2Ppo6e/ZW6NAqkJNcWYe+UDHLwaeOMXyL5xFrGC7g/LvI7Zb58fJIDefbP9lrB2c2fZy9r5RaQ=='),(1049,1166,'card_name','CHD1d08cf002a5179364b067f50e2a34d10byzUlOKOMKApop8q87ZQdfO28EbA37qx9OEB2SVmZdf3xmJB75+nMKFJ7Qs8egHRMSqHjB2zeB6Ne2hwTNr29WBN87yQFBUi3+giujqLCkDCT1F//I1IsDrfCOP4nyg31CESeV9bW2tqYy40WYXqfkcrwxlSdgYe3B2KWrAMefrgspyFJKgMNlgyTZtJmEy6sOYNmmoUP/eeiVRZtWFcaJaRjysiu5P6RNGjHQlcJ/W3O/yJKKh/Rz+lT25f5P2OH9s6aatN2QAfqXIM97JDWGrOB7nFACSbGon+PQTyMJ3niWSXAD1AOkejDRdy8xDd5tIKIuR44+ehU2EdqjpLTg=='),(1050,1166,'card_expire','CHD1d08cf002a5179364b067f50e2a34d10C4x/uV3XFlJTMWaN8YuzsuUlSxzAZBBa3xhGTcZVfoBKyjzRHnTAV1D3VPQKyh04bDxEpPb7swb8N5s9IAyAjtC7VX4m6ZpyeElpioqs4zSjIf72BKFUdiFZnPBrsyUsTvFIZbMjELHjlC9z05B4S1y9/gJcJdpXKPcvofvSLClD133kjJTCW9JvnaoW/MDleRYYCH72SEmCBNV9KEGRJPeSUz2+5rzaRC9P1uE6mmiEMYZDJZs0VMfx160QrT50rD3yNUCGFc+Mf+Er3m7jq3y0JA4htZXkAW486yPKUL7eoY85Sk3OmRdPHnMtMdy5ErTtYkpI9iLRhWEv0WewlA=='),(1051,1167,'card_type','CHD1d08cf002a5179364b067f50e2a34d10RulVxWjFI5XFYJQ9Plp8pt7xjQp1aRZ0S6KbCZ+H+BXFFmy0bjC8z3pBmfr7VEKLxIsZP8NcyZ2lhFDYzUylkkqNswhuW28Nb/KfwivaiHAuKAJ32LYMpBkVfszG61Nw4T9xz6UBQRgVg8fNoM17LqoWketnQaG/DIMnc5at3HjsxN3c3yvexlRCF1i/RhhyFZZCWfSiJixwV1AVKCC30PvVrDib65F6GA60YSlcktX9TcF0xXA5gEirYk7YzY8Y1BFc6fEDe0YJDXhDiA28apaCJ8drV3dYWyHdATUD1mTFn5jeZN5/FSNupZOW/7COImmFb3L6dLk07JwmXtFobA=='),(1052,1167,'card_number','CHD1d08cf002a5179364b067f50e2a34d10F++74QSxmjw18R8UjfyWBElmSpwTjuuVc/Kd70itmjnyNXbFqrnk2ro7aAV8k5f59KFptyNl+HPwbIJHJJrdmSxMDmTXo6i+JU7Aqpk4CG7xMuxFPSqSFW+JiWB9XIRrjJY/Fs5XdUIhHqW+6gRZjDrD9/Eggf5V6TSGIoP0d8Yh5DgBrk65k6PwocCQuJSzONOsjsHYZHeDXKQR8qLhHF3IwQkvqsK4v8v/pADqGe6N28HZi9UKU9tUiefIMYbcbjUouJlwqrNQ8d4kc3jKQ0asazXTfVdCVNKRVFWNyQH6pgy/TyXq4KswhDlDUjkbkY8L2wM6C5KVWBE6uuq8Ww=='),(1053,1167,'card_expire_month','CHD1d08cf002a5179364b067f50e2a34d10m3PnZ+/xSazZ7HrsoJHOuom2pE8veMbefo2zZk2230MQ1Yx4y7HiDvTGlqs2lIqpwby92my5Ps7CjzuIggFU1C+T5omxLniaJaWhoMARCpstLe2FOwPvJXif49PKO4dYWN9Ioqm4ffAQhEyI0prnforDCUTLkeAJ9PAR9PqIe+ycB0Fxf5ZKj0PeuI+hjV+g7E+m3glrs0y3v3hfe1AyoDhSrwXNiXJj15MsH/EzNXXLtreZaBV58inP2X1gMxS3yAGD1GlFOpHPN2Os+BUXvLVg7i7YebzpNtVMSt5lPL5J1vg7iN60sjrvuiF2WQrKP5mUKQkjnHJUwdq9VrN9pw=='),(1054,1167,'card_expire_year','CHD1d08cf002a5179364b067f50e2a34d10aCcDGv5RfeSHjim01kWpjgu0WiLKTOxbJoZKyW16+gz1uaDL4IXki141Z5etJGCf6ZMC8K1FX73CulZXhYXURfE9DSagR34RhPwMN9OZeu1WDiAMGY4RhokzIYpmELVjd+9z441VxKw/O4o4JpQ5Yrsf03O5GMow8oasfOCZkoK9rjkQJ3ilcGo++UE0Sp2/zpgoBpQPUBzp1avmDLJvnJDDrbR3g3HVqN+u9Zh4WQevxhOYYCiiel6mFC8PKk4b976KQrWmN8c9STTbm+rrZZrc4wkHs8jtqzdaEQBVpHYZnbpAO2IvFiRez1+yfgmTBevtmUoDFt8tFjllUqlNiQ=='),(1055,1167,'card_cvv2','CHD1d08cf002a5179364b067f50e2a34d10QgYFHe0lWFD161lPdeKWflNhsvQhW6TK2xT9z0AhZ6OeXPjEoDuXKc7wYlog3ASUXNRt1Zzvh0/CVDXFpBWxkQ8ueFgXuC73dTQeHTSo+WHlGu2ZgrP+U3FAV99ORu2ByxuTn+BaXHvg8uHTk2+QhY/SFmTfptkuAKplyPw3x+M/Z3Qps1JFD8D3cO4hoeWoHVc1l6inR3YAdfbQLnM8cgLtlCXPcU9Q08Z+CIBvjm4wFi6MRKj+kS+z5X16Try3SRWktUBi4y97IeqMkOqV++YwBoNkSM9JTOLV0AE00o1DToqC1WYCIxM2xkN5hOMVE+U/TU/FJUxZSXi0n8NJzQ=='),(1056,1167,'card_name','CHD1d08cf002a5179364b067f50e2a34d10eDNGA12MwNOr6yS1Nkeuv72fRXApYA9//faqrQ7lqwvk+0b2t/DIu3jxGVrA+GNBLGmAbZDX8KRQsD8F/5pGKpt0u5oUlhJxF5u9wi07CZUlVSMZzKB4osE3lrh6gm5sYxB5YMbEI6jzVR5+bGgldS8n5rFd8jJu2CACzyOOCCoWFtpYMAh8dNtG57tWMuZplH6ISd2GaNrGroMA5eunwxmWhXbDa6IvcoJAxhVSGa3VFGvB/xPcO2owraIIRseNoRLuL4vf9Hw/oKwN5YTKCsrZNuUwsZpPgFJgDE9jANPFXO6RulXNh0ayxQVQkD+GJSuXA3Q3IHrYkOJwGIbBlA=='),(1057,1167,'card_expire','CHD1d08cf002a5179364b067f50e2a34d10Wagn56whHZVS19SnyxE4i2q/hsB2YNMKp8Dn7oNzLftTW7XmvM0ksFQ5T83LjcIIBJhcHuiBv3L/G7Od1y7yIAZ4aTy7hg+O65LvSA7CGi78CITCX1GlIyCQdvL4ndtB2s04bmq73pPhbdMbAqRmVZkDX36RdPoTKRJCi9M88MQ2+ZKJWLIVIN1Wf61rwrqDvEIgRaUwdU12zbg0wmVlDnMjNHMmuEA6/H3WZ4X5QQAdC6oyy0/wUXRJ9AoiVW1STYCzKdLZTMNWsy5H0Z0GZXSJ0TsQ+26V6DwV7F5zIIA48VIGzCJfY/s3AOcTILPRqcZWlBp26yJK/uCGXF0ZOA=='),(1058,1168,'card_type','CHD1d08cf002a5179364b067f50e2a34d10Z2h0NXvPINlWGA4fT+CejeBybdiBoze51mF3/SA7cUd8pVgZTgA7hH2GgVgbSIG4L/+ppO5Mi32k9SSoltDOPZUsArfK0Go8HA6x4p6wq7L6K6hehRQiruNAwhdj/XCOukhRlvhYvwXUTgmtzqfN/iIsQWh9Qqy61UyQFReyMUAP8zGJGr3CST6I7ookQAr4UfCAhlnD0LVNggawa6DeRFQHGJsasXiz675tWsDzQFYnorF61XLulEJI5+grDsuf2BS6KfvScbsGjId63Jgh01aYrVsA6xWWMCO/HZZwlJVvHFqti//aw6OtcNTurCnkI9gvnj27UdYE8y9m+o106w=='),(1059,1168,'card_number','CHD1d08cf002a5179364b067f50e2a34d10HzAlYnJabhmxCD5dg/7HB645I4x2lAh3YDKBvNvH0LXzo+qlztQxPWO0q4hpDkKu9aJrjxtYBrs136ThJv0YD8kZS3pkUgLv3hSP+wuqB8W4qnE/zIvQ+shlFH3wtHlIyOuxU5PuTzSuNnIUvGK/1XAasKOGWm+xwOixgHcnc3+y+1Y/8Cnuv76HxS6E9mXd6NpW6oazkUkh1im1rQ7dVfcxNNhLZfLVYFwFLLzl95oVK3BcSKwfSXaS3sR8d/n0KbUMUSorn+QXayZxkk7vYhLjdw9WNlRWoaOeRlw7GkS2OOIBtYtJvk2p9+hjyiSJn80KcTr0QZw4/2DSM3oNew=='),(1060,1168,'card_expire_month','CHD1d08cf002a5179364b067f50e2a34d10oM9YeCp7kPa1trw99OOp50GO0FVaS7OBN9JFMJW84FS/VXtVqmb8IC7T0ZqAGBJmIev8HoA8S/QJCeJjyfkXXpdlz4Ott+vQMJgnveqiRnV4hb8n3d6wH7Skgr/vPjZPUUtzqkf5gfJIaks9oxpQAH1p5hSN2WwnSUU6ljGK5pQonQLccl1mhIc7mL4iTkmD7zaDI0adNElvqr36FTpFPmf9tPxZBZLqLk4ygA7EItYu6WoAiM6eGwMJ0eGnDnfQsPPLu1m1phwyfl8YG8sjTMaLIqiuX59Mm4dlr+4U32eKe1/iD7RmNjF3JLzPixDlWpvSK1hHIxKAJ1rAivViEQ=='),(1061,1168,'card_expire_year','CHD1d08cf002a5179364b067f50e2a34d10UaHV+bzqngEOSPo2z8k/yaeOA7QjyGMg3SjcJTd/vuyvsCLiNVsklKjOcwt+dwjJby1LqvMvM+Dptt6Nd4Z7wXSWPFpHaIvhMHX7tokud6UvkSPyoArPcnAzvDps1lDpkrwI7qCqknHk0DrMdVpCQnqYkZLNk8DjjrDYojG7JxvDiln7xhKFSArSgEoJ9ODZu3mljCW5lAds3Awv0D68IvFo5rhyMAJHuEs0xhzdBR3zdQuVerqYzU+0xf4TfZnVCgQxeFhq1lbcC3D0bOjAWS2FMmyyUswkVrjrLV7OAiwcsmFUbiSlCaSt9eSmOCdDfiGdWHw8QOYTvuLWcfPfGw=='),(1062,1168,'card_cvv2','CHD1d08cf002a5179364b067f50e2a34d10Jmfo2RhUzX/ee78DeQuZ8W3plK51lzKJgbLk5XU0cYB4h5Gzg45qzS47+fg2ALXFr6VQh8jNyVLP3omg75Sgiq9pu9sgkFmM7iBzAr+LUPO70tGEEZdOIzPB4/+AGmGaogD81B8xo66e7Ua2wvrEk+ihesAsG2o9J/6iGO0w3kg2ipIPnMFfo77CohcgZB3ylAtgednbq9BnexSALlzcdLAe0m1zkhWi/tTRre5tj2TTYb4jN/Rd8jHqK/Sdo5B3j0PsdAMib0CF8J5YllmkUms4oJae7t/nLxphBJd+GpXxyBNK335lvbHmqKBMVS2OW+tz8rtf2X4ODYPqDsHlAQ=='),(1063,1168,'card_name','CHD1d08cf002a5179364b067f50e2a34d10mQpf3AghXPnz0yTb2Tcs5JRKwQAqh927kDVa0bPyTEbRFluranJ9K/YQ0YNGn2lLWWysya4czZ4E3V5Esx14EdXvuj0YvlX5xgTIMaak4XEWSSL8djsnx5diKxRZ4MrDkUyKJjZes9RI9t7WEPVsvCNbsyOUzGipG74LZB4nraljL030ZcMHrOwU7Pu2vC/PlnaWKITbRK5Gai0beUbCjO8CGIrrsKGSAx2rQv9EqzH+AhINgz/OsekXt5Q/ilJhgTN0E1983smFW3MZeG/sK5nyznzfrMatVERKgg9VU84oeeQVcjPAYxyf/Hi3GUDznz/nKqiQmOFEX6uDTbSAVA=='),(1064,1168,'card_expire','CHD1d08cf002a5179364b067f50e2a34d10oocWrG+tkspHZXhkRU7I2UAN3LejuWfjU4H1RZcyPWM38TTVzzZXW25toPcy7YK988cMPAda8qsb+hKwUZt6a3P2V1Q6uY0wNHVVeHyMngzWGA3Jydvtw2tcbK+MIRy97KkzLb7Od8iBqkSPerLuSNtAvY+tEe+TL0w4k6idAztOatlFnM49TP/dCPu9MuTiwAVA0QOt1qysRO6SKKjGIFR5fOz8bXYzR9SkH+08aJlel4Ofeu8Tbhzc5DmVgw8VjmJG4YiIBAXTkHTbLYwZDk0Nho/ZVNWSAZURkgHN0Xsvm+QkWXFdVezzIRdddaZ4IhYwgP4OibYpxNlO8H5Bww=='),(1065,1169,'card_type','CHD1d08cf002a5179364b067f50e2a34d10Mqp6KpciGjfh5LpJ/SPEalTDsjsRVo5ZV7vfzIHSlDVRsBSRVvxVTynd9/RNZNNPycrV5Qeo44FoPAiJ+22LZ2vjwPEJG+4d8SxXB/iv9vD+QydtdUKmKbhkbPhDZr01BqZIS6IRiTNQREc9/KqQRK+9pPiY0ne6TXO294JxWzFiB2EwJl5fAVpJF6xyT9fUQiLpyKo5IpwTeld4Mwi2KVZ+i9MdAppZWoJ7MEDzBkfIbNxti1VmTil10YW/rICI1HEWHQVe4brhLyAi524UWP+KD3/NHzCvccByUVRTBcXY3i2zXaAGu1nw/kqTOeWvn5IVTKGnfhzMBY48iH8kwA=='),(1066,1169,'card_number','CHD1d08cf002a5179364b067f50e2a34d10NEPhA9ZfRHYX22dc+N47uSRO5mCdI0mhoHQfKc9qmpflOKpIpVDlvyAHTMis2+NhUgMKh9HBCZ/U/TWgHE/P2RAnANZm8bt9c6TezkssmQNZAP+loiLz46mN1S036dPW2QIyMWvs3BMmUn8KGK6lotTJ8GluygTkN5nv2nuSCrOf29Nh98P+qKCFJ/kJkJ5K4YhgTUG6WxPiGXSfCGrZsK8HMnALjXdkmO7lBkBj6Tsc4t0Cor2TbHz5y5phaupRye3tqbIkqWjQZ/0bXF2JCBJcFbnPRXnRrXBg1vpNMm/vZdi5g4BsAwNPdTJgjChc5anoMyYZng4cj865Ok/F/g=='),(1067,1169,'card_expire_month','CHD1d08cf002a5179364b067f50e2a34d10EFdjDMJ3JApKlZjDZu/koVqPoO577HWZzMDoRJbCpTVkFHT8maiuPlJvct/NFnlddVlOPz8GoC844RZj5G9qAme9pQUmJy3g3e/8hOqxyGDxQemI5vK5GFjK5Vv1OHEhFujzCaWNI/r8hPmh65X19jH+nWx1cKvoKcEw1aKPVrtMlqO6Xwiny+0zsz0tEmATJ+WetMPQpdc3rXldXYGdzEdVtaicY0e+kz6FiAKKduPiuaH/rSmtqtPyA6d7R+NwvHIb/FI1AHlGMj0jwjjjNz6htDA4Au8f7cuOPp5aRyouclEQYoGOaY2IUFKIVUFucAUfi0w95rEVMRN34BYGQw=='),(1068,1169,'card_expire_year','CHD1d08cf002a5179364b067f50e2a34d10HTcSk7WoCxrJiAejzS/ZY8ImaR+ZzGbgA1geUwsSx2xfaJvVOqt3zMfuXom3doSPy4oVdOSQz3+9AjEwCwb/7HYAEJvFkQzgAJQLbV8wfF+SY+KJui9n9KarqkMWUCLfuKL9JUCr5rdGI0z/BUzK8/ywP3zgFm+dJ8lwEiAgcnjyyCfLa1MUV22zu5QhJo6g9x4r3YYxct9woW+dLk/C9xn9XMSPUcE7ehVNNkx9YnDT7GNhhRcaCZ2OoQJ9s7bvvb/6EtNnc/XRlGX4QPsGHALSJMdr5OIq41JPJtjKEZ0oklv6TpEVvknvCH/BM96C6j3MXkOpeqr5iEDRIJiYaA=='),(1069,1169,'card_cvv2','CHD1d08cf002a5179364b067f50e2a34d10ftGKfwvgqNDjhlujZDZAj3xoD3F1i8Quyh2NOQ6YGkwfk/IVprCQnCWZEQNLaunD2B9BnDIZuP+ARBQM6o4Aq1us42rMTJQCXjgoxXQSvNCVcoeeJQjJh1gx6SUjQUSXYLJe5qLWFoEiT6FPWAOqRg32qvYCnuS44FHGC6TR8h1HallTBjHqqOAmzcOzPEw8xjqc9zYbfG7d4tZiaNEeaouvAC4zOdQaathYpRrtpTcpukhCnMG4V5SrWeJ+CtKxh3LfYpc2sHhTAXlo+junMMX346k6hZstAPECJOVk0/fTvj4lU43lEtUSVGYvhSEWa58q7BVsmyujJdXBTQJv6Q=='),(1070,1169,'card_name','CHD1d08cf002a5179364b067f50e2a34d10dY4pkCClEqhGY/ZeRuOXBq/5eXgkZiMeOZGbrBtwjF9ltKL98vJ85BvdfKSHxWnXk67pl6Kpb6AUQn+u6IYeBD7RoTYwFHitytR8JP4zn78lD1YlGoBOOWkeMop2drwv2ck3mDsE0nfyswaqQFYGIb3DY5r0T+CaZznuqxYrOvUUNbiwjKb78sxeqOFzvARFW6X07awLsNLTipdS8bS0L1d5EUSHDZvow4FkHhaxBNm+tBWlT6Yypo9VRvotkhV5JaW/dbyjOzJ/mBjeLs9avL8w39irkxRyXtH3OVQm4VpOka6/dOwVUU3JGdp4kK9slhHGTTySY0JYCpC39sPCwg=='),(1071,1169,'card_expire','CHD1d08cf002a5179364b067f50e2a34d10SXtOe/Xw2QkbDVod6t4DQJhvEhUrPhIOGOFJET7cfMOxYGge1i0unWidOGEPRAVjB3qU2dNSH00mK4uju2p9ogAs/F8mmNNTOn7DuHyU+4tVJJoX2WlgHe/oPrAEMfrgyhGipG+8ko5HSOKUZaKQ+hWLrlWtz2U24gL9MjRwfjXgUsAp+4SfNJYX0ajRTvH25gOnjRHH5eEFS+BHTQfi1vSi8D9gha96XmBoLhwZfxWqTIrUWO9UPm62oGO7PuuWMu7sdweJqpGRTieKUWAgjAtfxlmx7YDKta+CNBZ6LX/X21rWFIP3HyuNLYENSRK2tl6+X2TRXDN+lmCfR+aiFA=='),(1072,1170,'card_type','CHD1d08cf002a5179364b067f50e2a34d10a+0DkreJJ/dNjwB6aHoVm46ntpSQXMDiBycLMFkax05qD1cbWBWUgA9JhVvp0j577krPITKeOrrDYvCTeEGFWW5sk2q6RNZbS3J4AZiAfVjlB2WPbt6w8zQrFHX0voMBdEQWnR//lFQEmsJesVRu0JkfyP0i2C5MpeC+CuzO5fJWHCda2m+5NFkTZ0otcg1r24B+iO7/Bhuj01lAQH09kPJ0nEM/2YUeEp6H645Y7PkkDH5etAmzN4ygwvUkZVtpY0KZyu1ERsiX3N0rjQ8E1P/78rqVJ5cCq78PBUglZTi0OnVhsxBhvr+quDuhGdEIJoSJ1QNuGyw9shblrBa/pg=='),(1073,1170,'card_number','CHD1d08cf002a5179364b067f50e2a34d10NXTVxFH7/RTLNMHZv/ktZsGhNBqCD8JRhUM8zj4GzAZr0baKGxnxp8aXNcesN2KDSKwAORZHOu/Bh+9Js5hRAj6XMn/fsN1PUdftkP6F47/N/pVlx6M3vV+LcuhB7bII51IfdwUMbgQ6M89pB1t8/FWrDFHVq0Ryi5JcpI6f+JLqQaOO+nlPyg1s6FpRyxL8WBSGmVSZe6ivz7XK5zkP8/yxE8NwwtaQOBAa1u6B5QT+72T/5ezw8mKSL4PzeBeGR9ruD455nVd0R4aTmuaq5+AnQ6ZWV6lzzl8Pnos76kwweJ1+GGPZsnbqQwdcYPcXe4DRB4if1+CUVwLG9bafcg=='),(1074,1170,'card_expire_month','CHD1d08cf002a5179364b067f50e2a34d10p78yzW3GGF+gQ0u8BZkWdK7IFgOCbuHQ0xNGwZohP5vrYEueG0d+7O1ORF8EGroXb3CdXdUzllzETvzY9OzDy6issciiUhjB9OsGVhLcsH0uc/mhRAdjiIUA7Ey+RoL2TpmHQuOD7zqfHU51eLfd0+fApjs5HbCATY3XvOQgukmrOTGFaSu15JcHZ+qv2RdkuWsg0GlTa2UFgtET9oMPZHiEnsi0OmU2Vvw86YG98Z4ioaYJvbL4+YKE47rT8m/WQ3me50B/MzFdc5byduoX+tHynNxOLYTYAK+sh5hvN7FhDZSMvw40WX7gPVuoU5Q2jFT2tFAc1+HGZJwO7anW/w=='),(1075,1170,'card_expire_year','CHD1d08cf002a5179364b067f50e2a34d10JE2xqT7/V9HDjK1dOh7Bm54oqj84OGpZSg8aio2P1BEUl3pYKTgPtW4te3p4p0b9wEWbo4ZMTBpDtKkweyI2ZGYE582a3aftW1NLjqiKG4fbRnbsEu8B93rabYuFVXTmWblYcnUgafj/uwh994w4VJg2ryeWIbaqESLEupsuxd9OZ15DAjW5Nb8WVnAWmeX9aKzd2rM6R0Om3zcXiciPduBBqONqQz1MPi+ZmnpZ620+YIvrWPF8cMVjxGmm8pUKgSWqE1dZx16nQFun5uFnW1JQXOKtbwSgN3n7A8N8ergB8cybPJMXSXjTqhudVFFkIXqN06+2ysAkXZMfhCgRIw=='),(1076,1170,'card_cvv2','CHD1d08cf002a5179364b067f50e2a34d10ZjsrkH7Z/tos4FGGJA7Bhtsd6AXz5jkmDMiEwJOOT8f31imbZNUJyfn0GnbF4dvyKjJWPnQ4F7EVV5s5mMDBV2guTGLVb2AimkudeQhIWoUtrTPaB6M6pb+sGOUEWjz+QFbR3HxmfqzRgDmqvkog1nBIFOzYOBJVKyJ1ojOJ7sD2UiZ5dKi/pQO7eJJOp+rHTyJOQ/d08RbMU16ZKe8oe35f4H+bcsMxDwqb0ETjWC/nQDA557+neY5Ms9ZBhHJOGYCOa+0hDlBI8moVeJM7W85xdiVelDxQvpkipK95Y98f1w5mQbnRPsSf4iPnJE37fVuLwGXB7U1JzWWGBsOxuw=='),(1077,1170,'card_name','CHD1d08cf002a5179364b067f50e2a34d10N2IKuvS1nHkZgV6wwDCSrtTYjzYoJYXeneMraNYGFKfe5NJrFGfd8GzsEvjc0JOoi5pytwmGpoXgx4+C2aq2OgiFZ+gy5JM2rKh8rqBHOwmGxQC87OGRP27rvMKM8VrjpraXXdMsUWR3BBEqcOG1EUBgO0uDdewo9D+hs3t/m3gwCEPiRFajmIF9ko+UtTZznA2f0zTTCiISKaEeFJ7oVObLOji169Bmvdsj6jZ9dZrf2HRZwhZA/26LhJ8HIW0on1wKVR1wlSb0vl7Xb12mv/kQnaZYNXgo+GQQp/GhgHxghUpbDoS1hZUHf2HEQY2V/TYNIV+XJsdhD40wWCnGXQ=='),(1078,1170,'card_expire','CHD1d08cf002a5179364b067f50e2a34d10Xj7WXN135sryPxg2JkxAq2sxFIx7K9QTyuzgvOMNv/vyBpuOhD6U2Ac90j69YPnXuktN8jllASJgaZYZvRbxZsiz3Ig9h5KqxucE7y2nZgpgEmwPVtbhA+48H+SWLHfDt2IQdAz+NGWmMp2IdZ+td8UuQKTKPqC8A3Dhz4YFjcw0egLVbW4Y7XbyoPeQW5YBlJFttWR6zwDLV94QE5573xN+l1yCthJxyIznbWYO2IfLNqVDS1NSoM1K72uSIkWuM56//ao2/V1hl+BjqKtwDM8mXiUcc906eVapEixvUwgc8fDtYAf9rj+z7vQ6TthTmhgTnx5eTDZNmfO48j0P2Q=='),(1079,1171,'card_type','CHD1d08cf002a5179364b067f50e2a34d10OgX1tLcYthoaAnymsq5m19stfbDMYUdye4u/yw2ucojtbvtNlSvPTIfGb/Tn4Z25jtURmZzfGNWz5bc4LFLrJYkIFIK//CsT9Ty6fakPvU0IR1sAehy8h5LOnVFbMOHm9BAgAPRU44KVdxOIQdT2+bL2f15hU1VuTR8YrkBYJLJfIlvfqs0gTN0dGzUCisbdkaAk0L/0J4JX3ajvh+jkaWcKoHsM6X1dBYTH1T/ztqFB8Wv3WMGW0XodKOQBiN18ii0DJ45kKSQaxUK/c3GmAP0KZ/hXlVMqk/Eo7VziduMADLwtTSWsz1ABnFyMktTyDYdNd/aa76pfVzktEmouKw=='),(1080,1171,'card_number','CHD1d08cf002a5179364b067f50e2a34d10V6vguPzC11qAspQ69mscndNdI+WbiH+R4P2aYCWbuwG8K/Es+gJmxFSOfMVDhAhAVd6Txg6wu+HK+k87zvuxxQ9GSdG21xYYLsm9r8qRxkG8CGaBCc1jHIH6ZgNrOeJfvv+gXm+wGJCwwEIqdMx9rPqe/4Y8m/z26fqy634AWGEMrHDKRoutEcPEXMlYs8TuANQg3m6YoRcMqPMpnvU/AKiZ1eOzVv6kh23kMQH7yaTofBr8owfufHxUUoaupPYR2gl6sozfgSlR/pjfS8TVxRixxFlRda3VHdH6goe0X3GBHaJ/qB1BzKsvggqUmSsFkASpADaRXyh05O380pCtmQ=='),(1081,1171,'card_expire_month','CHD1d08cf002a5179364b067f50e2a34d10Wo3bQcfg3R3p05ueF7OOFZkytlr+qziVASe0s1JGf4CTifSEfEteEyoe/5EM+/m4kg3QEZGRetrUFYlqm6v9J2EOjD+q6f8K7DKLxqdgJ4golU/eEp/aRgowGcHpInjpw+uPFEAdeHWhtz1MgyMz6OKDNioJ/vc0ebPUdk9RxtCs416fKS2gR0ZF/P1oVDPg/Gt5kR/3KPoJX6/ji3ZQs9EHVT4QavaHGDqKzCD71f18u+U0LTe1xQwpv0vwq3+UFN56surCFbAe7vGUzXc5UUpcQz7TGvFdceZXqwfGT13X+jiRu3ceEfxwcudmVS2aXbtVUr9DJvRHffex6kzh+Q=='),(1082,1171,'card_expire_year','CHD1d08cf002a5179364b067f50e2a34d10d6WGbFO564VVq19EHbTp3WofbGrg2S2eXIdz+vjMXMMaDKvkkxhAh+f7uxxwNca9B1EAACtGZSCfuskcrBbJIeRYny0ETrERwFrxpzILRrnB3xul8OloY+cqzDqVAeQGbLzUl7vAJs8p9M7+K4HJGB3X7leu8C6wXCAmPSJ0IiB6wDLFCaLVfv9DYLTiy1kiP8AtCvoLSK12Hv3gZrGIwYPXzpFFh1GadhIlcP6vxeqkgMEDoZvhr6XfYrp8atzYrMzpVHnRMbtQkfvuqc6hRKqv3a6ZLAXfd3Ugot0I7387t2mTQ1lZr8UlYkCGFI775yrPeJvZ3updHX9YRo39cQ=='),(1083,1171,'card_cvv2','CHD1d08cf002a5179364b067f50e2a34d10kYBJTFvIA0dm4pBVKhWoH/0IsKq0qKHp7mAsDDFZ3VmdXuyepexQSkDZw05s8kETcsGU22pDuYwoSomiCYA5ygH0HkaYMpVj77qV1mczt5mToByshVCoNDEJjhm7Rdy0bNIXcJZCwpEQ5RvEUFGjy7pmwqNC7crR6f8j0oiJJoV94QpM1PIKBl48NGK5h2BOhqm767mZusN5z45RPyRrNza43NAh4oHA4s8ZJW11qI3d16rdRrt/KO5rdQ2QnIAFGOvTNGIa19dJm9BGoCp6ie5aaOzb1/aRajOaBvKY31NUxoAVCydJZehR5kul3DpE70OXzfja+0pxTLEyr3lLgQ=='),(1084,1171,'card_name','CHD1d08cf002a5179364b067f50e2a34d10YSbqDUT74yaSJ45/INuO+PiGy1uraMdOdxdqvpvNhHSDOJei3bgtTURtvdHAE0TQ5DIFL+HtWSlZ0AICOl79ezfY5kBk/LBGadeFO0VmTFlI6RLiHzMJM3fBFR2ks3F+l53oDUdW3l9dfcDKL1r9jLRWSbDbZIe+7zdYeJiuvwSe1yDEUcRGXYoBpfoFmOxIzRjFCH3cM1FdoD1dq4JqIfuTXUU4f4ROwxDp19GJPmVVp78OSzIkTvOm5X/f1m/8WlCoXeqzGCTuMITIA3Tq/6BXo/awtppXFihXTEmu3vLpM6vTId8CkDTo7tqka+pibePsRr7340JDWrx008GSQA=='),(1085,1171,'card_expire','CHD1d08cf002a5179364b067f50e2a34d10BIj70bvzMSHAx7DuYQd6WApLDFO7q6jVsapCL6dshH7xjGLER3bxOruB0Cm5xAwfTSdsZ0VL6kpxH+xine4Gz63RYLz9lvANRFcOSblHPQupdDpB32igEXREs5Zgk2lgFrGKzZx4ZinVAPRJXMe8bg9j48ahqULJbjGgYSjrl8Rmjs6BJnBq2CihbL+D7thksGXGwKQaaYne0SFrDb+ZAf7FoIrC1D1tNSwN8F2Ig7u605K+hN7NFYjf89RCFh+8IAI+0EMpp2aHIv0S0qy+265t1wXffYIz4TvMS30o6A26mhm0OI9GioJCP+XR3MsuotFXdwmorWtnLlG83GwoOg=='),(1124,1180,'card_type','CHD1d08cf002a5179364b067f50e2a34d10N+B3GRh5I9BUk6nAsOWb4AwT7hcjhiTEjEs7iROJDBjai5eVmoCn+zmVAa+qzjv47vpqxd/u39ztDgBxmzfmQKkaRbCf4YpB68CbKyaZOv5eAsrOlp2nPSOpEQPk58PDuuG73e0RmcpeRX0LN6QLpxuyUog8tm7NcX6l8CXhaL0sJnK2JGFlBZGxq6aSkrvbRitDYRhog/9ABNM7bsfuxn/LTY6PX/kbYrBIYBhKwCWLwonPQ56ZQYSk7cDWaZL3zps+GGhhHaGW2M6UIQMmuDSlX2uI7YHclqiYBWXsWbdKVGFPpH99f3kUIBzgD5V+mnamex2xdZ3zoQBO0ReYBQ=='),(1125,1180,'card_number','CHD1d08cf002a5179364b067f50e2a34d10lai1oDuW363aap+ANcDeyBaZhG9eY8pwi1vtO13SBUUKmuo8YDqQQ7Yc3dwAq4AhOeUX7qKM68+1o6TAWQsLZtRZN0pJ5W6ZNGLu5wRmGleZ4DUX6OBao0ePraZxwIFDP6sxZO2RAwgwW8XEgrBfKM+Gg29ft1PgUNtXcguPMCZLjEuF2dFXaIjGPn9iJKgK+werPIX5iHtZbRVCi2wdxxPgvf+kTGJ7g9bqxLsuSxwAGn+UD/Ne0CFSqk01K6O4PnyL9omPOn44gNY+xb0Ko3EF6ModPhGNQmLnY76cXMdsxzsYcTi1n2yXseOYKxA8vlH4wX/9JI8kl4cSrFx1yQ=='),(1126,1180,'card_name','CHD1d08cf002a5179364b067f50e2a34d10Kuydmkby3YnnmsGr67Sv/76XpvMJp/Sq+0rbsxBGZSdykvN6rVKbFDGLYD2m1HR40O0424FFM2/nyyJ3zSSPaFYpVRqbSEwn/H/5gf9GOCYfsJIrJSRSC4rf/ZdaH+q1Ht7YUwqIilXLYQXAK3dIeUGjvLNvYYS5958SCxivfs7OY/3DswWpJbVvVEy0eAxK0EXRmYrOg2/4TQ1rgGKvrFzVrhWBc6xC0K744xJw72oQMPjGScHlgY7wCy6zo6ejks247eZ9EROxhPApcSTn7j0OerG3YQlPgGE+3KrXShhi9GBkenQzOKiZNGmzj4g+qNAt01qnJhYrdpm5A6atQA=='),(1127,1180,'card_cvv2','CHD1d08cf002a5179364b067f50e2a34d10H64jMsuY78koJq5MYS/Nlwvl6UTaGt9wNDT/jCsuPpFFNAIx7eo+elWtdQA57vfJzPaDeqix2UjMhDH4hb8hLPqnpkB7j+jCC5i0d1xevPO4ZrUmg9uZRDdFx9Dd+DnW86spgEz3MBtA2g4sOKTSALtulLPMYGruz9/TtgEwshFrXot1uuDxJmpjkRffEJdwifCOmQ/sGbanVoraGo7laKE44aa8W6KFyc0KYt8ecNTNEVxWNiBxb06eeYQe4XKXA7as+7lPBBMKAQgZtb+TbbwAjv7V94CNcRGFjnrvV1UPUVUdFxbDfgTdInOdE0EkCQJmJ9PB/rf2UVjIwImprw=='),(1128,1180,'card_expire','CHD1d08cf002a5179364b067f50e2a34d10QBqa6ZZEuTGdrutKB8UtdzyPkciH4aPyUVB+1e0xwwRrnIrmpRzBoGp77ZDvdtyZwHwmVOd1DSuSzWGGs56g6R/kojhuNrh7v5fRJCpqEON68YzgIII+88AjU4vDglblG27MhJv28P3INacrQdtFFdAhCqGV4n30Zq6SFXyO0WdWkDxd+sFum1+VmfrOhHpwgeUok90lRA2T3ZR7K6LmjpTdgrf/o9NkROxAW9RAP0C2UjgZ3KGHFdp/MiEQoAeDKS+P5DelFuPgJFbRIAdkhUrPQGKhOqLR7OwK2NC4TsyHBlDlfumCSJZOhNzqQ6ewkWROopJaXE/2Ktg8Ke5H0A=='),(1129,1180,'card_expire_year','CHD1d08cf002a5179364b067f50e2a34d10PSnn0z3MMXcOAYZ6IJ3JiEJEnYLxIQrupYY9+v9Gs6E6NHszxLEa569HZavx4OpY/4/p4UQIVgJjRE72z6L8z844WC7WSDnTj7flANA4CEEBXFu4U/3yLFW2QBQ56IHKqAeVQ2Owhi4Y3Xr0O0htOZ8HFHX8ginqvoKQ3VpOa0HvnY5tB1qiB35jJUApkhd+4vzx0epQyqUlxPRsg9y6bkIMgz9zcRrzuA9LnCpWy0+ZxSEe8Jni5EMppWO05QCbPELOFIQaybwb7Y/TQcwOK8FLVa9DkoA3/bwKkEn1JkgHx60dizBkqkRp16gAYjV52ky7ZcMzPLb7uma2oJIMmA=='),(1130,1180,'card_expire_month','CHD1d08cf002a5179364b067f50e2a34d10gS8jAzhOYoflK9B1EFwG0c+cg2qcdjou8ogEB7v7V4kJOnlNqGu3WabUlKilzMEku182wTtAHXgPKuTHhEaHZIXQ+f+oansmca6ZLG0w+JeJZP2EBrGwMjv8omeh+ycLzl6T0rQhxyqzJdmvhEsiq277yv5UR5gXyG6SymmeWJuO46IN5MCdq/uPzmsab4Du1wf0bO8c4NkR8fkOUTeSQS12hU7oDRgBFqUtzcSRhtmxmYGFsjcQOrnzWn6yclblQGSYV6UzqX6qS1afqV5d7UDt7ZA91iTyVah34DWYVd9EddNI86YLv80sN2xgi67k5I4BbRYwJB4A5mGEYm9iMw==');

--
-- Table structure for table `xpay_payment_cc_token_data`
--

CREATE TABLE `xpay_payment_cc_token_data` (
  `token_id` int NOT NULL DEFAULT '0',
  `name` char(64) NOT NULL DEFAULT '',
  `value` text NOT NULL,
  PRIMARY KEY (`token_id`,`name`),
  KEY `token_id` (`token_id`),
  CONSTRAINT `xpay_payment_cc_token_data_ibfk_1` FOREIGN KEY (`token_id`) REFERENCES `xpay_payment_cc_tokens` (`token_id`) ON DELETE CASCADE ON UPDATE CASCADE
) ENGINE=InnoDB DEFAULT CHARSET=utf8mb3;

--
-- Dumping data for table `xpay_payment_cc_token_data`
--

INSERT INTO `xpay_payment_cc_token_data` (`token_id`, `name`, `value`) VALUES (1,'authCode','12345'),(1,'avsAddressResponse','M'),(1,'avsResponseCode','M'),(1,'cvnResponseCode','M'),(1,'orderId','NmYwYjQ5MGUtN2U3MTI1Yw'),(1,'responseCode','00'),(1,'responseMessage','[ test system ] AUTHORISED'),(1,'schemeId','kuzUOYgh7ujjh04W'),(1,'transactionId','16371705419247783'),(2,'authCode','12345'),(2,'avsAddressResponse','M'),(2,'avsResponseCode','M'),(2,'cvnResponseCode','M'),(2,'orderId','ZmJlOWE0MTEtNzkwNDU2Zg'),(2,'responseCode','00'),(2,'responseMessage','[ test system ] AUTHORISED'),(2,'schemeId','gtamn6231xXjLBG9'),(2,'transactionId','16371705937532881'),(3,'authCode','12345'),(3,'avsAddressResponse','M'),(3,'avsResponseCode','M'),(3,'cvnResponseCode','M'),(3,'orderId','OWI5YWUwMzgtMzE4ZDYyYg'),(3,'responseCode','00'),(3,'responseMessage','[ test system ] AUTHORISED'),(3,'schemeId','x4396ejx7o3wNmBN'),(3,'transactionId','16372560530573426'),(4,'authCode','12345'),(4,'avsAddressResponse','U'),(4,'avsResponseCode','U'),(4,'cvnResponseCode','U'),(4,'orderId','YzZjYWYyNmYtMmIzNDhhZg'),(4,'responseCode','00'),(4,'responseMessage','[ test system ] Authorised'),(4,'schemeId','mtNfGmcWJ9gSX9kn'),(4,'transactionId','16372561867939207'),(5,'RelatedSecurityKey',''),(5,'RelatedTxAuthNo','0'),(5,'RelatedVendorTxCode','1637305618CardSetup'),(5,'RelatedVPSTxId',''),(5,'Token',''),(6,'RelatedSecurityKey','VNUHTFJAOE'),(6,'RelatedTxAuthNo','11952889'),(6,'RelatedVendorTxCode','1637305658CardSetup'),(6,'RelatedVPSTxId','{70243C0F-1458-35A1-3B07-806FCC8F23F7}'),(6,'Token','{11C9F56D-A04E-5B93-EFF6-02832735D776}'),(7,'RelatedSecurityKey','FYDJOXU19H'),(7,'RelatedTxAuthNo','11952914'),(7,'RelatedVendorTxCode','1637305784CardSetup'),(7,'RelatedVPSTxId','{D1ABE9DB-D57A-AF8D-1B30-678A45112674}'),(7,'Token','{B262943F-7607-A76F-8904-755407B0869C}'),(9,'authCode','12345'),(9,'avsAddressResponse','M'),(9,'avsResponseCode','M'),(9,'cvnResponseCode','M'),(9,'orderId','Yjk0OWU0MDctMzNiNDk2ZA'),(9,'responseCode','00'),(9,'responseMessage','[ test system ] AUTHORISED'),(9,'schemeId','1Gz0ZJ4tK4GXMxnd'),(9,'transactionId','16376713422303541'),(10,'authCode','12345'),(10,'avsAddressResponse','M'),(10,'avsResponseCode','M'),(10,'cvnResponseCode','M'),(10,'orderId','ZDQ3ZGQ1NmEtYWUwMDYzNQ'),(10,'responseCode','00'),(10,'responseMessage','[ test system ] AUTHORISED'),(10,'schemeId','AB4kWIqB9H31ARf9'),(10,'transactionId','16376713908289522'),(11,'authCode','12345'),(11,'avsAddressResponse','U'),(11,'avsResponseCode','U'),(11,'cvnResponseCode','U'),(11,'orderId','MzZjZDNjYTMtMzU3MzllZA'),(11,'responseCode','00'),(11,'responseMessage','[ test system ] Authorised'),(11,'schemeId','ttg5lKz3EiPEQA40'),(11,'transactionId','16376715326477554'),(12,'authCode','12345'),(12,'avsAddressResponse','M'),(12,'avsResponseCode','M'),(12,'cvnResponseCode','M'),(12,'orderId','OGQ1YzljYTgtMzM1OTI0NQ'),(12,'responseCode','00'),(12,'responseMessage','[ test system ] AUTHORISED'),(12,'schemeId','uIUzUttpTog1Ml5n'),(12,'transactionId','16376715809132753'),(13,'authCode','12345'),(13,'avsAddressResponse','U'),(13,'avsResponseCode','U'),(13,'cvnResponseCode','U'),(13,'orderId','ZTMzOWMwNzYtMjJhMWE5Ng'),(13,'responseCode','00'),(13,'responseMessage','[ test system ] Authorised'),(13,'schemeId','54kknffSXnq6QEsZ'),(13,'transactionId','16376717501163845'),(14,'paymentId','902458655'),(14,'profileId','902659156'),(14,'shippingId','904793448'),(15,'paymentId','902476275'),(15,'profileId','902677859'),(15,'shippingId','904810358'),(17,'paymentId','902476303'),(17,'profileId','902677884'),(17,'shippingId','904810375'),(18,'ccToken','j8rz336'),(18,'id','554585632'),(19,'customer_key','e2e3edb0-3ff1-4a6e-ab6a-4c4196faf7a3'),(19,'payment_method_id','d18aa0a8-92e8-4659-8ae1-41f05be05b11'),(21,'customer_key','6d4bddd0-8ffc-4a05-9d6f-89c1d1547023'),(21,'payment_method_id','74aee902-f11b-4676-9f2e-fceaa6855317'),(23,'ccToken','mwcshb2'),(23,'id','219982407'),(26,'ccToken','23251741'),(27,'ccToken','g4ypds6'),(27,'id','564782285'),(29,'ccToken','8C409846T47920336'),(30,'ccToken','gzsktxr'),(30,'id','239444740'),(32,'ccToken','bfm8kc6'),(32,'id','594465638'),(34,'ccToken','dxjh4vg'),(34,'id','612946007'),(36,'ccToken','bj3zb8b'),(36,'id','885437142'),(38,'paymentId','903588976'),(38,'profileId','903853828'),(38,'shippingId','905689888'),(41,'paymentId','903589000'),(41,'profileId','903853854'),(41,'shippingId','905689913'),(46,'paymentId','903634408'),(46,'profileId','903892581'),(46,'shippingId','905724312'),(47,'paymentId','903634416'),(47,'profileId','903892590'),(47,'shippingId','905724327'),(50,'paymentId','903634544'),(50,'profileId','903892685'),(50,'shippingId','905724473'),(52,'RelatedSecurityKey','HSRH2NZXZ7'),(52,'RelatedTxAuthNo','13259168'),(52,'RelatedVendorTxCode','1647245031000007-UFO1'),(52,'RelatedVPSTxId','{B6E8FFFD-5A83-5647-DE23-4B8F307F3586}'),(52,'Token','{492D3A36-CDE3-8B5F-4706-3E127B666912}'),(54,'ccToken','gqtw5m2'),(54,'id','503257227'),(58,'ccToken','cfsz6h6'),(58,'id','168735598'),(59,'ccToken','B11PB1F8292A'),(61,'ccToken','B70PB06EC5B9'),(65,'ccToken','B90P0EA5A77B'),(67,'ccToken','B10PB1FE4F66'),(70,'ccToken','B70PB07003F6'),(74,'ccToken','mdsb5m2'),(74,'id','557017560'),(75,'ccToken','hyzw4xr'),(75,'id','237672357'),(76,'ccToken','brzhcw2'),(76,'id','148801918'),(77,'ccToken','fdrw3yb'),(77,'id','852530638'),(352,'ccToken','ccgtsdb'),(352,'id','875268590'),(353,'ccToken','mh25fc6'),(353,'id','548017657'),(354,'ccToken','bdpcbxg'),(354,'id','571042298'),(356,'paymentId','906130275'),(356,'profileId','906414335'),(356,'shippingId','907785053'),(357,'paymentId','906239484'),(357,'profileId','906496945'),(357,'shippingId','907852766'),(358,'paymentId','906239495'),(358,'profileId','906496953'),(358,'shippingId','907852773'),(359,'paymentId','906239512'),(359,'profileId','906496968'),(359,'shippingId','907852783'),(360,'paymentId','906249291'),(360,'profileId','906505772'),(360,'shippingId','907863371'),(361,'paymentId','906359078'),(361,'profileId','906582537'),(361,'shippingId','907924184'),(381,'paymentId','906382397'),(381,'profileId','906605206'),(381,'shippingId','907947115'),(382,'paymentId','906382659'),(382,'profileId','906605445'),(382,'shippingId','907947378'),(383,'paymentId','906410791'),(383,'profileId','906641511'),(383,'shippingId','907975765'),(384,'paymentId','906411116'),(384,'profileId','906641821'),(384,'shippingId','907975979'),(387,'paymentId','906454947'),(387,'profileId','906675663'),(387,'shippingId','908005986'),(388,'paymentId','906454954'),(388,'profileId','906675671'),(388,'shippingId','908005996'),(389,'paymentId','906627960'),(389,'profileId','906863710'),(389,'shippingId','908144220'),(390,'ccToken','82qgks2g'),(390,'id','515909477'),(391,'ccToken','76P648597L982803P'),(393,'ccToken',''),(394,'ccToken',''),(395,'ccToken','80J8990416954614S'),(429,'paymentId','909494970'),(429,'profileId','910042870'),(429,'shippingId','910389390'),(485,'paymentId','909494970'),(485,'profileId','910042870'),(485,'shippingId','910389390'),(486,'paymentId','909609667'),(486,'profileId','910179752'),(486,'shippingId','910488477'),(488,'ccToken','3H1799707U903573V'),(489,'paymentId','910809168'),(489,'profileId','911456222'),(489,'shippingId','911524712'),(491,'paymentId','910809200'),(491,'profileId','911456249'),(491,'shippingId','911524746'),(492,'paymentId','911813324'),(492,'profileId','912479668'),(492,'shippingId','912481384'),(493,'paymentId','911815930'),(493,'profileId','912482301'),(493,'shippingId','912484021'),(494,'paymentId','911820670'),(494,'profileId','912488512'),(494,'shippingId','912489155'),(496,'paymentId','911820670'),(496,'profileId','912488512'),(496,'shippingId','912489155'),(497,'paymentId','911897461'),(497,'profileId','912604777'),(497,'shippingId','912576419'),(541,'ccToken','ezhzhz01'),(541,'id','57607747919'),(543,'ccToken','TestToken'),(546,'paymentId','914797477'),(546,'profileId','915424649'),(546,'shippingId','915363399'),(548,'paymentId','914883329'),(548,'profileId','915500427'),(548,'shippingId','915436701'),(549,'paymentId','914924580'),(549,'profileId','915542555'),(549,'shippingId','915479021'),(550,'vault_id','05b84579cm7874121');

--
