DROP DATABASE IF EXISTS `givi_xp_cloud`;
--
-- Host: localhost    Database: givi_xp_cloud
-- ------------------------------------------------------


--
-- Current Database: `givi_xp_cloud`
--

/*!40000 DROP DATABASE IF EXISTS `givi_xp_cloud`*/;

CREATE DATABASE /*!32312 IF NOT EXISTS*/ `givi_xp_cloud` /*!40100 DEFAULT CHARACTER SET latin1 */ /*!80016 DEFAULT ENCRYPTION='N' */;

USE `givi_xp_cloud`;

--
-- Table structure for table `xpay_antifraud_result_data`
--

CREATE TABLE `xpay_antifraud_result_data` (
  `payment_id` int NOT NULL DEFAULT '0',
  `name` char(64) NOT NULL DEFAULT '',
  `value` text NOT NULL,
  PRIMARY KEY (`payment_id`,`name`),
  CONSTRAINT `subhash` FOREIGN KEY (`payment_id`) REFERENCES `xpay_antifraud_results` (`payment_id`) ON DELETE CASCADE ON UPDATE CASCADE
) ENGINE=InnoDB DEFAULT CHARSET=utf8mb3;

--
-- Dumping data for table `xpay_antifraud_result_data`
--

INSERT INTO `xpay_antifraud_result_data` (`payment_id`, `name`, `value`) VALUES (104,'auto','R'),(104,'errors',''),(104,'geox','RU'),(104,'language','RU'),(104,'network','A'),(104,'rules','702642 Review Network Type\n702650 Distance from Device to Billing > 1000km\n702656 Billing Country not equal to BIN Country (Visa/MC)\n702662 Billing Country not equal to Device Country'),(104,'velocity','0'),(104,'vmax','0'),(104,'warnings',''),(105,'auto','R'),(105,'errors',''),(105,'geox','RU'),(105,'language','RU'),(105,'network','A'),(105,'rules','702642 Review Network Type\n702650 Distance from Device to Billing > 1000km\n702656 Billing Country not equal to BIN Country (Visa/MC)\n702662 Billing Country not equal to Device Country'),(105,'velocity','0'),(105,'vmax','0'),(105,'warnings',''),(106,'auto','R'),(106,'errors',''),(106,'geox','RU'),(106,'language','RU'),(106,'network','A'),(106,'rules','702642 Review Network Type\n702650 Distance from Device to Billing > 1000km\n702656 Billing Country not equal to BIN Country (Visa/MC)\n702662 Billing Country not equal to Device Country'),(106,'velocity','0'),(106,'vmax','0'),(106,'warnings',''),(107,'auto','R'),(107,'errors',''),(107,'geox','RU'),(107,'language','RU'),(107,'network','A'),(107,'rules','702642 Review Network Type\n702650 Distance from Device to Billing > 1000km\n702656 Billing Country not equal to BIN Country (Visa/MC)\n702662 Billing Country not equal to Device Country'),(107,'velocity','0'),(107,'vmax','0'),(107,'warnings',''),(109,'auto','R'),(109,'errors',''),(109,'geox','US'),(109,'language',''),(109,'network','A'),(109,'rules','702642 Review Network Type\n702656 Billing Country not equal to BIN Country (Visa/MC)\n702664 Device Data Collector Missing & Score > 35'),(109,'velocity','0'),(109,'vmax','0'),(109,'warnings',''),(110,'auto','R'),(110,'errors',''),(110,'geox','RU'),(110,'language','RU'),(110,'network','A'),(110,'rules','702630 Score > 50\n702642 Review Network Type\n702650 Distance from Device to Billing > 1000km\n702656 Billing Country not equal to BIN Country (Visa/MC)\n702662 Billing Country not equal to Device Country'),(110,'velocity','0'),(110,'vmax','0'),(110,'warnings',''),(111,'auto','R'),(111,'errors',''),(111,'geox','RU'),(111,'language','RU'),(111,'network','A'),(111,'rules','702630 Score > 50\n702642 Review Network Type\n702650 Distance from Device to Billing > 1000km\n702656 Billing Country not equal to BIN Country (Visa/MC)\n702662 Billing Country not equal to Device Country'),(111,'velocity','0'),(111,'vmax','0'),(111,'warnings',''),(113,'auto','R'),(113,'errors',''),(113,'geox','RU'),(113,'language','RU'),(113,'network','A'),(113,'rules','702630 Score > 50\n702642 Review Network Type\n702650 Distance from Device to Billing > 1000km\n702656 Billing Country not equal to BIN Country (Visa/MC)\n702662 Billing Country not equal to Device Country'),(113,'velocity','0'),(113,'vmax','0'),(113,'warnings',''),(114,'auto','R'),(114,'errors',''),(114,'geox','RU'),(114,'language','RU'),(114,'network','A'),(114,'rules','702630 Score > 50\n702642 Review Network Type\n702650 Distance from Device to Billing > 1000km\n702656 Billing Country not equal to BIN Country (Visa/MC)\n702662 Billing Country not equal to Device Country'),(114,'velocity','0'),(114,'vmax','0'),(114,'warnings',''),(123,'auto','R'),(123,'errors',''),(123,'geox','RU'),(123,'language','RU'),(123,'network','A'),(123,'rules','702642 Review Network Type\n702650 Distance from Device to Billing > 1000km\n702656 Billing Country not equal to BIN Country (Visa/MC)\n702662 Billing Country not equal to Device Country'),(123,'velocity','0'),(123,'vmax','0'),(123,'warnings',''),(124,'auto','R'),(124,'errors',''),(124,'geox','RU'),(124,'language','RU'),(124,'network','A'),(124,'rules','702642 Review Network Type\n702650 Distance from Device to Billing > 1000km\n702656 Billing Country not equal to BIN Country (Visa/MC)\n702662 Billing Country not equal to Device Country'),(124,'velocity','0'),(124,'vmax','0'),(124,'warnings',''),(125,'auto','R'),(125,'errors',''),(125,'geox','RU'),(125,'language','RU'),(125,'network','A'),(125,'rules','702642 Review Network Type\n702650 Distance from Device to Billing > 1000km\n702656 Billing Country not equal to BIN Country (Visa/MC)\n702662 Billing Country not equal to Device Country'),(125,'velocity','0'),(125,'vmax','0'),(125,'warnings',''),(126,'auto','R'),(126,'errors',''),(126,'geox','RU'),(126,'language','RU'),(126,'network','A'),(126,'rules','702642 Review Network Type\n702650 Distance from Device to Billing > 1000km\n702656 Billing Country not equal to BIN Country (Visa/MC)\n702662 Billing Country not equal to Device Country'),(126,'velocity','0'),(126,'vmax','0'),(126,'warnings',''),(127,'auto','R'),(127,'errors',''),(127,'geox','RU'),(127,'language','RU'),(127,'network','A'),(127,'rules','702642 Review Network Type\n702650 Distance from Device to Billing > 1000km\n702656 Billing Country not equal to BIN Country (Visa/MC)\n702662 Billing Country not equal to Device Country'),(127,'velocity','0'),(127,'vmax','0'),(127,'warnings',''),(128,'auto','R'),(128,'errors',''),(128,'geox','RU'),(128,'language','RU'),(128,'network','A'),(128,'rules','702642 Review Network Type\n702650 Distance from Device to Billing > 1000km\n702656 Billing Country not equal to BIN Country (Visa/MC)\n702662 Billing Country not equal to Device Country'),(128,'velocity','0'),(128,'vmax','0'),(128,'warnings',''),(129,'auto','R'),(129,'errors',''),(129,'geox','RU'),(129,'language','RU'),(129,'network','A'),(129,'rules','702642 Review Network Type\n702650 Distance from Device to Billing > 1000km\n702656 Billing Country not equal to BIN Country (Visa/MC)\n702662 Billing Country not equal to Device Country'),(129,'velocity','0'),(129,'vmax','0'),(129,'warnings',''),(130,'auto','R'),(130,'errors',''),(130,'geox','RU'),(130,'language','RU'),(130,'network','A'),(130,'rules','702642 Review Network Type\n702650 Distance from Device to Billing > 1000km\n702652 Bill/Ship State no match; Distance >500km and value >$150\n702656 Billing Country not equal to BIN Country (Visa/MC)\n702662 Billing Country not equal to Device Country'),(130,'velocity','0'),(130,'vmax','0'),(130,'warnings','');

--
-- Table structure for table `xpay_antifraud_results`
--

CREATE TABLE `xpay_antifraud_results` (
  `payment_id` int NOT NULL DEFAULT '0',
  `class` varchar(255) NOT NULL DEFAULT '',
  `review_id` varchar(255) NOT NULL DEFAULT '',
  `status` char(1) NOT NULL DEFAULT 'U',
  `message` varchar(255) NOT NULL DEFAULT '',
  `score` varchar(255) NOT NULL DEFAULT '',
  PRIMARY KEY (`payment_id`),
  CONSTRAINT `xpay_antifraud_result_ibfk_1` FOREIGN KEY (`payment_id`) REFERENCES `xpay_payments` (`payment_id`) ON DELETE CASCADE ON UPDATE CASCADE
) ENGINE=InnoDB DEFAULT CHARSET=utf8mb3;

--
-- Dumping data for table `xpay_antifraud_results`
--

INSERT INTO `xpay_antifraud_results` (`payment_id`, `class`, `review_id`, `status`, `message`, `score`) VALUES (104,'Kount','DDHP001LMQPD','R','','43'),(105,'Kount','DDH709RRJMD1','A','','40'),(106,'Kount','DDH706VMPW5V','D','','44'),(107,'Kount','DDH70X552284','A','','44'),(109,'Kount','DDH7096Z2GK6','A','','38'),(110,'Kount','DDH70J15110D','D','','66'),(111,'Kount','DDH70B031G2T','A','','66'),(113,'Kount','DDH70HLNZQN8','D','','66'),(114,'Kount','DDH70Q8RP7D2','A','','66'),(123,'Kount','DDZ50G5YWBJ9','A','','44'),(124,'Kount','DDZ50C7ZXS9D','R','','44'),(125,'Kount','DDZ500KY786Z','D','','44'),(126,'Kount','DDZ50500Z7PX','A','','44'),(127,'Kount','DDZ5011LV0GR','A','','44'),(128,'Kount','DDZ50WC2B3SZ','R','','44'),(129,'Kount','DDZ50H0M790Y','A','','44'),(130,'Kount','DDZ50GZSHMND','R','','43');

--
-- Table structure for table `xpay_antifraud_settings`
--

CREATE TABLE `xpay_antifraud_settings` (
  `name` char(64) NOT NULL DEFAULT '',
  `value` text NOT NULL,
  PRIMARY KEY (`name`)
) ENGINE=InnoDB DEFAULT CHARSET=utf8mb3;

--
-- Dumping data for table `xpay_antifraud_settings`
--

INSERT INTO `xpay_antifraud_settings` (`name`, `value`) VALUES ('class','NoFraud'),('customer_id','41'),('mode','test'),('nf_token','NF_prod_3f2e94de119fd6a293bdf6ac0d1b7d0b'),('status','N');

--
-- Table structure for table `xpay_apple_pay_domains`
--

CREATE TABLE `xpay_apple_pay_domains` (
  `domain_id` int NOT NULL AUTO_INCREMENT,
  `domain` varchar(255) NOT NULL DEFAULT '',
  `verified` char(1) NOT NULL DEFAULT 'N',
  PRIMARY KEY (`domain_id`),
  UNIQUE KEY `domain` (`domain`)
) ENGINE=InnoDB AUTO_INCREMENT=7 DEFAULT CHARSET=utf8mb3;

--
-- Dumping data for table `xpay_apple_pay_domains`
--

INSERT INTO `xpay_apple_pay_domains` (`domain_id`, `domain`, `verified`) VALUES (1,'giviip.myddns.me','Y'),(3,'yakoff.x-cart.biz','Y'),(4,'santa.x-cart.biz','Y'),(5,'givinext.ddns.net','Y'),(6,'next.x-cart.biz','Y');

--
-- Table structure for table `xpay_backup_codes`
--

CREATE TABLE `xpay_backup_codes` (
  `code_id` int NOT NULL AUTO_INCREMENT,
  `user_id` int NOT NULL DEFAULT '0',
  `code` text NOT NULL,
  PRIMARY KEY (`code_id`),
  KEY `xpay_backup_codes_ibfk_1` (`user_id`),
  CONSTRAINT `xpay_backup_codes_ibfk_1` FOREIGN KEY (`user_id`) REFERENCES `xpay_profiles` (`user_id`) ON DELETE CASCADE ON UPDATE CASCADE
) ENGINE=InnoDB AUTO_INCREMENT=11 DEFAULT CHARSET=utf8mb3;

--
-- Dumping data for table `xpay_backup_codes`
--

INSERT INTO `xpay_backup_codes` (`code_id`, `user_id`, `code`) VALUES (1,1,'CMX00945fffd15e1e03c713d4f9684d4bbcea332ea319694d63f01511b4e35960ca2002d29d8ab7be2cfca63dccb1f91aa2888c83ec1f7370c452e5ef2942c22acacbe00392b2f79644f75938c5ed3d601358be7665e353c1eca9fcedbcc183739d7c20c08d534297598cfcee94b5635984671c69c1137b072c07e7d8539533cbf8f8d97070a4dc4737ca52f92f6feac8d07dd69cbde2824fe8d11458a5298468167a7d2984'),(2,1,'CMX00286454709372d2ef653c37689e735b69e7c37fb566bfc6f2f2350e4cb3ddbc940afd387d1862f480b611e8e893edf6bd001a379e15191b32c19fa35274bf9509665c7e71878818182f2f683df25bd11b3346d0ec4fdd4029d10cfe42f3e10824ebfce8ca7b4e4f5b43a84a5463df7a1c72b6eff35dbddcdd43f37a055aaa16b6bb4ef316654e21b855c63430d106bbdd5b3f34c4e721508973f40b2e57c2eb120b1002'),(3,1,'CMX002864547c7ae96d336454d4b8c46bb28c54253ff72105e1cc81062f03cf7055eb64b13e84ea31e695d8a80138644c41d50167adc47c19216de5550c9de8a4234a3fbae97f015c99be417ca9d1d4aa8c44dddf8cc2d29999274631cd602ac1c31b2e7dd289e6b106b6492fdccadadcb7cb21445708483bbc6b7b4f0a87f9d17303fbaade58cd6cfbf9e09bd924b230a38c393c689e3957bc4430d6adc24630e0e38d2fea'),(4,1,'CMX00451871f322839e1e26aa8b50cca64f3192cbb0095ff10170db5de0f175389109366d6375fadfc781eea9f1001c004070b06ac079c5a8637d4eda66d46d6d79642e8dca2dd7d57b23cf2cda8a5162ebdfd71fe53c9f82dc2267170655002bd67d5416bff98a8abf2a2a20460dc8b01556370c2b5c935b1eee10d028d5ac2cc1e9d69ccc64b61ba49e1ed7b48713240b83a370e60fe86d7d5ac61bf1fd12c3693956d0df'),(5,1,'CMX005b4d23c385502b3e4a5f9b7327300776085e020657b2dc2e235343932e1f57c04e86089a9f3bc4096565683743dc4158b945e86e4a05ead180063c2a2935f6165719d2eca7e3dace2a131e8400fa33921e8d225d32a4d6059fa2176b69e676705d42c689d80818b762c38b905e6ec485a9799cec059612b43bbc86e7e9bd25c218bea2de47f25a6e31aead78187db1915dd6bfac0de9957fd1b2410ced516dfb2800cd'),(6,1,'CMX0065c4c6571cc85da480295b881577bd2b6fecc80da7917d08718025066d3fbdda0effbd6ac55125d54a920b600f6c53e7be081cdfc47a6d43534744d937aad4d83b5e0759abe24266bc1029d9c7dd3c44eca8d9240c8d7d38c24fd9cdac4ca1a691327f7fc05f86f53eae646a3f8e9a4489c8a6d2c09980f0b890633415836f7aa190d190d579746745bb033331ebc8ae621c12460cab879eb28e012dab4b72345724dd'),(7,1,'CMX00945ffff4e3c3d63e23fc1b32d25b0618effe9ab9ce1d51df6c7133c948f6fa8acad0548d8b868e025f8fb48541a4986a20eea6c093ea2236b4ebd93e4ec0bc7fe7578910841478c9a811574eba0cb65bf3c6adc43319371cd836580126f6beccb767e360ef945ccb5345a766efd19ea92898abba44c8adeda1060b9b4703a03f4e6d9709e0d530d171fe014919182d7a608aaec835ee468966b35f3a19776ab419f58d'),(8,1,'CMX00582b318478ae004bc7e3fb7db4591b92d8d44b5541837698c98baf149cf62a07a5cb915ccfd5cce7e7dc16485b98e7c0b8e5e3d75b3bca7879fc71d64aa0df8711317655045daee435d73a208599a00ff6b3acf339199d14e2039aae43fe189a4ff150726575bc1dcbd6b362c8d4e32bd9e447b82c0196878617c217beeff34e075b1c996dad48aaa267155580be5d52a963644cf8e19647ec626be7e62f6de530c8af'),(9,1,'CMX0023b4d0050b5db7f44e18834c80a26c8335c3728c4a06800b3bebae026209c28e242ee0d1dc4b451c865372b7049f5346ce7b3f0ed6109a9bb8944baf95c344de2045e9925cda138189ce0aa441d0ebab9b73b267c0dc260bffaab0adec31fe6bc75c949c450da70e35ecb8553eb0cb2c7a65615fb8312ce598e5e4e4bb9136ebfe895cf8397ad861070ef6c3d72f07d6e9b49cc7015f8c9b95451d49edb2a9053b1e7d'),(10,1,'CMX002bb11fab849a14bc94fb564cd8369cdc43ddf2fd9046812ad3af00f793683ee1cb99bc3a9e000309aa6cc9b99846cef1837681f20482f8e683b0ba651f99bd43d7a8d027e4768f237e57ee8b93f1818b8f1864bd75f40946b51394cfd1c1f7ef73121442e83e34e0ebd752c848731a42f6918270df404a5286021857763a32d0cf6b6c04488dcc963ae77541679312ffbcf4052cf17345f7f64916c1e0072be7b39484');

--
-- Table structure for table `xpay_bulk_operations`
--

CREATE TABLE `xpay_bulk_operations` (
  `batch_id` int NOT NULL AUTO_INCREMENT,
  `public_id` varchar(32) NOT NULL,
  `operation` varchar(20) NOT NULL,
  `status` varchar(20) NOT NULL,
  `total` int NOT NULL DEFAULT '0',
  PRIMARY KEY (`batch_id`)
) ENGINE=InnoDB AUTO_INCREMENT=6 DEFAULT CHARSET=utf8mb3;

--
-- Dumping data for table `xpay_bulk_operations`
--

INSERT INTO `xpay_bulk_operations` (`batch_id`, `public_id`, `operation`, `status`, `total`) VALUES (1,'ljTBSRsejg6v0HsUgrmpItETc20uIowS','capture','finished',20),(2,'hb08wNyvHiZfTdl3sp6OIm850BtChV7d','capture','finished',25),(4,'q9qr44mH1dWzWQ5t3a65KPbWXfqRhKUy','capture','finished',25),(5,'HJfiw7jOimSLD6P7ZsyY1WCttCyPU0gt','capture','finished',20);

--
-- Table structure for table `xpay_cardholder_data_keys`
--

CREATE TABLE `xpay_cardholder_data_keys` (
  `id` int NOT NULL AUTO_INCREMENT,
  `key_id` char(32) NOT NULL,
  `pubkey` text NOT NULL,
  `privkey1` text NOT NULL,
  `privkey_pass` text NOT NULL,
  `owner` char(1) NOT NULL,
  `created` int NOT NULL DEFAULT '0',
  `expire` int NOT NULL DEFAULT '0',
  PRIMARY KEY (`id`),
  UNIQUE KEY `key_id` (`key_id`)
) ENGINE=InnoDB AUTO_INCREMENT=26 DEFAULT CHARSET=utf8mb3;

--
-- Dumping data for table `xpay_cardholder_data_keys`
--

INSERT INTO `xpay_cardholder_data_keys` (`id`, `key_id`, `pubkey`, `privkey1`, `privkey_pass`, `owner`, `created`, `expire`) VALUES (25,'0f2e8132d5bbc2dc4117e3bcffe98fff','CMX0014f0dae4020a7cd3f3ae5b4bfc6f8511cfad1bc00f0ab07fc3787eff253350403e602ff1deffa7849e5a79238ba3cddf02a218a8a4a148a1038e0abc7e1e1bf28156a0f108a1814a03ee67fe85e7a97bc633187eb05caf330c03b8f5a313ea567efa43ca9d928722d323354479105e8fdf237f9ae165a822bb5d23c6f34119075f47e83df39f9601f5702ad4537cf074501ca353b7255087152c8d23c6c5396957a5f0e5b3c2936495d223cb5b0918c7d882d698dbc132b26a0e1d0a398f3939b56942e8062a8d0fa2f05f35878c5ceb1802c3415a836eba0d12e6a8c8c3bbdcbcf368ee17e7338fdb8bac6b9c528f2bbe996a96096db1ab840780935e94a172eb6de0dd599d9a942bf73854db399ae9a41af225d2ad43ee4f1312cab4342ff24982316bcfa5aab6f811e87db5263b8aca28c9a26e270223c260556ae8226e5ecad05b91ce7bb76d917c41e4867916800989145b62773cd7d92ee09c3402cc97535f98919ab8ce093eb235dc8029eaade047b39736eb679904cdad44ef4ba8d55224bd6d6029ab79ab08ebc202a863d23bb5f7d282fef494704e63cbf0eec740cfbb9e9f94c0b2d9d698a147d5e97230c8fc5102d65ad9ff904cf4f0eece8a76a1e7ea3e06ca2c326c396b48f97a7d09feedf881302f2f81410ddce08928df6281b2fc7b126b501e09f62fe446c7741b0cd9235f9e399607b17972857f8202136ef5dc908f78fc96e6684337538cc155bc0ba6c43b147f122bb94c0e9b92829432ffad82dea1782638231b2dc7c0b1c95a590b9928479695873ea4f15c9bdf0025dfe99779127b5c1f95089d8cb32764625b9e5b65b67808e0b72e2ccd337e42463de13021d1431624a9aad37c9d96e510c7324efe62f3d3307e57b02924158ccc66d8ee2e4945518eb71780cb0d42e4e2f73717cb27590875630feeb95e802b36dfbe6e0111a8fff1122022ac2d7742c38fcef329f7d9727d6c70218c7537453cdbc3ce2a90ac1a0d387402319d23dcb0220aa17f03742cad20d2f9a97701b485e5c393fd8e460ef17b6c5ef5fd5b0bc2ce6a44c594ce83efb4104abb909519ef56a294da7624b5441f0bc23b76e2673db8908383fc01b2763169f50c24d0478af6ad55136db374eacaa8cbc00639c3c33c9c2a5defa343c0ee834613f012738da300d5a4c2c8952799e8bf1902286d036ed5a81f01e7d67ce4c0ff5c0b1837ccab1b2caea9942ca9ec6d5f8bfe05ccb506b37b503e4d6f919b8d80aadd5443602549022d15e35cf819992ecb3ecd3b0ba2fcbc8ce0621998072e3fc9de0790ac80e12f23df1665371317ddac17fdadf411f1f5316826ff2935fa5ca8029c8e4cd61dafb581c671a1851cd313e731c3d396c65c2e6fdef092c5c003a2a33521d65a8a7fce9e3d646ad71498fd9486cb330fa3f75085056942590121d5b4f47a340494cdb02d230c01a23ccf00f5ee71ac340ba238f72cd6334368a69779187bb19cae1691ad1a7e07a909f6326f12b0843ace4709a132a1d307036a9daad9fbc2b1d42ea53810a781a71370ad46cde60dab518c6769cb6cc770e98e4bff46cf79e00c6848095951732aa5a1edcf45139c97c4c8046e39ce05de23906cbf3cbcb3bd35130b9dc0150dc8113794c2d2fba35037701609c840d7dac24fc7d0d6ac8ca3001f64c09c9e23fb85e6aea21a4ee7270f29b39ff341bfb4d024c362f39b5203bd0584f62725baa8d832a53dffabdf71a3a5e9a052c5305c97446e72f7ff87a9871e0cf1cede4c66190af532875e5d10007c7f472aebd0601739c94cc7b2feb8c6ad1a07f654a2e8e1222b64a4591d5c654db9a2cf04d429f08f340cff1e18d572b5220cfec3225717c2a51dfb9307987a0bf8cb30eca1ce2d5ec1a99cb1d1fecb2a5f37356822da0ad9a98608d5034e4c158ebd25a6b1b8a78663e623e39128f1222f6fb71e0c2750341baa10779450bf0dd0abd29590aee605347d3d427302a674632afe49b0ad0c866e23a7f55296b8ecc530e9bb2c472dab1a1d88d74d9753fb69416645b50201784878699a5ba4125cadfec7f1b3556693ab0870906ef8b56d1620f9d77bb8e474a4ade2f06429341fe49bd228daa906848946364b044ed28afce84fdb29e14dedfc9f5a8eb79338fa46e644f048ad9c042c7653fcfedeb1','CMX0023b4d0390e3f6f8c03fde3d22990aaca1ab04b95eeb77c85a453ff2481e1bb80f0bc4067b455ef11a17314d0281bc31f2327a2650a80befaf0f886d313fcac5b50a2fa647513838ad5d8e45f425bae13a5f5b031fd824dad6b2bfa2ac255d67dc2c1b93e5568876f8859e04fbd656db2682305b3b4ebd59d5c251bcfe113e22d4ea8bfaee78e45e57c5d48a99d4017afabaa1ce7627bc4f456855df8d95b8afdb174c6eeccba69fe170438544cab8734193dfe3ee2157b06e22bc3172783eba24020d7c95caead3b4b06f9d8d2b64d1e74a072c0494d325f7194d3e7c493da9f84fb77409e54850a34c63be6d675bfb8a03e83ecbca50c81b0954e46dcc84d4835882172875a94ee6feb3e5188dbe983a94ae00c76382fe89cc406a5a4c0e3b8ce49092742c98bc7cc60c10158fade9d40aa6b22216c5fc6184d5e177f47922feaadce1bded318358a5cf690ff25450528626ed9878a81728072fded9e7130bd2c571fc3153dc0b89cde8c48b5ed4cd8ee18f3f299cdd09021ab9b49822d259ac3f6c66fc520ca87d2faa35c680ba5144c7696a469a799c8f46b3eb9240af077da6d7cd1269ebe90295c77961f6dd2f58d293b51f2804a891b1b05240616ff77d73e9bdc26a86af346b84a3546efff6f5fee511d8a249001775378d15699e1afa76ef66a694699a40b687479902f74e34d1d4c92542bd4ad5b86bd4d2526a1c35c531680d6fbac1d083539241fd9de83a17bc26e726f77cadc42118ab7b1bb044d0bea539763cdf4d0e827021c6efae057524e1510bf1207fc68d01a387ece7646a96d5d793a0866d9cdd64c0ef9497a88b3097e688c4c1922c35720743d595a2c58141729b63ee80da0dfd6f78ca5f2cf07666a72ab12ba64c826c5f997ff974b32cc6cbd9dd2e2505c2a42246025bfb4bfd1c63974878b1375dd72ba912230b447851fb27642d54402fb340135e5ee3804445948a73286daf0494c0344b1db5d8d9d383d63ad954cb63e18955e037f7ccba3396517c62fbfa14c685911a1bb384bd952e29822bcc9db20579da596c412540e18d0614fa87aec4a1fb472aa4757ac46ebc0738e7ac40153c4c865671fc30f21a4f1b1199d1b640f2aff0f77a1de7d26d0846e3e93ea13ac7220466febda8846795934a2bb61dbd5f3c5359a59f010aa6a850e02c707588d490bb516f865da485651901e25ba2177780162e4f0b72500d7c6f0d161da4c53a9eb6f2f8e8449bc65c47f1efdd2baae49ee8bd1246743d1b3efd4521de93dd9757d44a63928487e6407e89179d9ddb754c8de64565d31e9af8d2a077ed39770f57b0a8cafedc7693644b145833dd4e47b6c2bcb7c034eceed936e340dd284a6a35676fda6972d31fbe3724d7860dd9fe1760ab9306b324b685df22dc972e74d61677db9fb723b5148282b8df8d9230734b77f6539d6db9c7d910e081cc46795ee5b615a487af0694006b23f7fef72cb558bfc89ef57c9439a09c8953756e9bfc1eaf9999a235a8f6f5acd1a96f899aacea0848d929b58c0','CMX003260d57114ceb7e2e80fb55709d22851bc296bf029d4330037765f322226dd1624eff95d9193b6fc2db2fa33442d393a0fb81a84e4a12a8d86ca438ebbf5dad11f847017912ccf163e448b8550394f2f1eb9c01e3a132d67ca42bbe810c4d3ea48c9919928550f24b77d95a81d8a11b291d5b316f82febaff9e45c48a2e29e914ea043f5623426a781a2e8543672f7ae54e64bb481480b05084cafcadc29b75cd65e55abef4321167e42478193ff512affdb91338cc6a905aafce4012c5fc0e7f444bd','A',1724962008,1727554008);

--
-- Table structure for table `xpay_cardholder_data_subkeys`
--

CREATE TABLE `xpay_cardholder_data_subkeys` (
  `key_id` char(32) NOT NULL,
  `privkey2` text NOT NULL,
  PRIMARY KEY (`key_id`),
  CONSTRAINT `subkeys` FOREIGN KEY (`key_id`) REFERENCES `xpay_cardholder_data_keys` (`key_id`) ON DELETE CASCADE ON UPDATE CASCADE
) ENGINE=InnoDB DEFAULT CHARSET=utf8mb3;

--
-- Dumping data for table `xpay_cardholder_data_subkeys`
--

INSERT INTO `xpay_cardholder_data_subkeys` (`key_id`, `privkey2`) VALUES ('0f2e8132d5bbc2dc4117e3bcffe98fff','CMX0021d82f72dfb925d0a1ba25ca57cda2f7e672ceb1bd400a13a1935f87e4a4f0c21de26ff1f218f4066cf532ff61b292af09295b7439314856bd581604c9eef6cd78c6fa40bee29e650c99479cc5075369278343b81e170fda9fca8084c91462548e788c8ed955deb82285b77805b2076851234bb0a2a5e8811d7d8bd9378189088394a7ae0832e42c378f88c0f5b4db352aae09f24e5c6d0734dee5a4951d4f024d10a33b468a068a2ac936484cf83eba6f4ee11c7b6addc1aa214f946b2d3a15fe3c4cbcad784736b1d9e5db1eef3f1bcf1f0d8118b82828b21dfec59ad118cd871c9faafdfa00fbf752211c02a6409fb5ecdfdd073ad4eab60e321c6884c8f452fc79f891bb725a4d2b1362368bea969ffc922f7be514acd7b4f9d6e1561a4bc4fe691c45702339733f3cd5c4022c34837a8de2f77b2aa02b87c16db98e2ae22d573b81de306a8888eecef6abcac7da274e7f4222f0a3e739c4fe4a031c05aa93915dc0c0419e31e1724d1280e5149fb06be637ca3cd6a7ba1bc315d5cae9a83912cb40bfdf7902b69524395ffd6d47973457421ce0456efec299f16d5126afd0f7dce8b4e087a786c495cf4a9ea3b033d3183ed11a96cf59c5dfb386e5c3a005e2faeaace961e1b6a02d718b4983dd9d10ef9923caafe8266dd7ab73f0d49ea49012dd4695c2fd03205f4a0b243e13447269b1e00e2628d8aab76f883f416d8f65e6155cdf7d2aa6e6d2435d9d10a252fe9387cb8afe639e19d8285733280340e097da111b06057cc5ba737c2315233bf9b8cef55f248c5df89167e51ba808951a2fd06741e69489c3d8492a3423d87576442209a8e2ab76501ebd1a67f7cea6ac989112b087f677a17d83df9d7aa56a367df03945181bcffd90c67e4ff9f266591b6fe5f69d1cd893e400ae2b760250f571ffaa5b4124df9c998fe86be7656dca5959eba3bb608c0b851faa8f4816d78fac71739d3b35674c4602e574f45aa3d38e7335c2e548750baa34f32e9142d44c1e9693aa9be48ca8581eaed179a132b9dc5eb465601e1200aefdb72a5ed3a18a7375ab3ddd97cac4d985761aeb75e899256f3b5ac1e83e5de7b90bd3178cfb629e5912c069fd033a944da4124a3dd3bf64afc057f035d861a5aa94887e71b1f687941ab8443916fcdb9b057659dae61c1359ddd2cc7434629c21270b6e2e79dbadfefdb6cbe9642e26d929817b925d52d863e654f0aa9eaf20fd275e53a75145c1edc2850f60ab2b0da0550b6f2d9ea4ff9b9ce540637cb1b9f65fab24833857fa71395ab8ad11e7efb4db96669c9cf408e2396ffbfd964bb80496604d4133a78bf514bf53368bdde54b89321cccbad2156f94a41961143d6b067a01255c52b74b52b9ad7bc3b90a0057c4466aa640b5c4353da62bd3790831c86ac9877873eb60f3368b8a6f1ca3dd04d08d6a000e6c89445107abf0da3897b047915fab99b85f24af3694a07a98d2b4bd59f0b1721fdd52a0202b290f2bbe29b6b91953f55ab599f32334bd11e85a06ff2c446a23b684');

--
-- Table structure for table `xpay_cardinal_settings`
--

CREATE TABLE `xpay_cardinal_settings` (
  `name` char(64) NOT NULL DEFAULT '',
  `value` text NOT NULL,
  PRIMARY KEY (`name`)
) ENGINE=InnoDB DEFAULT CHARSET=utf8mb3;

--
-- Dumping data for table `xpay_cardinal_settings`
--

INSERT INTO `xpay_cardinal_settings` (`name`, `value`) VALUES ('api_identifier','5caf35d7c11b9205586aed13'),('api_key','0fc36950-fca4-42c5-a729-47f1b9da31f3'),('merchant_id','xcart3ds2'),('mode','test'),('org_unit_id','5cad327b6fe3d10dfc3af7d0'),('password','12345678'),('processor_id','482'),('status','N'),('transaction_url','https://centineltest.cardinalcommerce.com/maps/txns.asp');

--
-- Table structure for table `xpay_codebook_active_keys`
--

CREATE TABLE `xpay_codebook_active_keys` (
  `key_id` int NOT NULL,
  `created` int NOT NULL DEFAULT '0',
  PRIMARY KEY (`key_id`)
) ENGINE=InnoDB DEFAULT CHARSET=utf8mb3;

--
-- Dumping data for table `xpay_codebook_active_keys`
--

INSERT INTO `xpay_codebook_active_keys` (`key_id`, `created`) VALUES (166598,1637124333),(187230,1637124333),(1006021,1637124333),(1372378,1637124333),(1658462,1637124333),(1709232,1637124333),(2218031,1637124333),(2340048,1637124333),(2647124,1637124333),(2863391,1637124333),(3301589,1637124333),(3917541,1637124333),(4115740,1637124333),(4262443,1637124333),(4408335,1637124333),(4528241,1637124333),(4613846,1637124333),(4668705,1637124333),(5446407,1637124333),(5554361,1637124333),(5778225,1637124333),(5983523,1637124333),(6523808,1637124333),(6669510,1637124333),(6724719,1637124333),(7980079,1637124333),(8316191,1637124333),(8656850,1637124333),(9723903,1637124333),(9966440,1637124333);

--
-- Table structure for table `xpay_config`
--

CREATE TABLE `xpay_config` (
  `name` char(64) NOT NULL,
  `value` text NOT NULL,
  PRIMARY KEY (`name`)
) ENGINE=InnoDB DEFAULT CHARSET=utf8mb3;

--
-- Dumping data for table `xpay_config`
--

INSERT INTO `xpay_config` (`name`, `value`) VALUES ('api_key','xoUs1yTcrZczDIghoPsT5DKT1h7ryKyb'),('ap_merchant_id','7dd365e55681b2ce708f2e30'),('ap_paypal_merchant_id','HSY4FM3XADWC8'),('ask_cardholder_name','N'),('callback_api_version','4.7'),('enable_fraud_prevention','N'),('first_operation','1637124433'),('installation_date','1637124332'),('keys_generated','1637124333'),('last_cron_execution','1697051217'),('notification_days','3'),('public_cache_id','447005'),('rebill_attempts','3'),('rebill_attempt_period','1'),('save_card_checked','N'),('secret_key','QWmMxzHqpPaLa0mqbSKel6K4Z8PXtYt7'),('show_nofraud_ad','Y'),('show_quick_start','Y'),('template','default'),('template_dark','default'),('timezone','-0'),('tokenization_enabled','Y'),('tokenize_card_amount','1'),('tracking_id','7dd365e55681b2ce708f2e30'),('twilio_from',''),('twilio_sid',''),('twilio_token',''),('use_cloudflare_ip','N'),('widget_key','Z0atDVEwVwZCcT2dT4V9S96j5OuOHwP8');

--
-- Table structure for table `xpay_countries`
--

CREATE TABLE `xpay_countries` (
  `code` char(2) NOT NULL DEFAULT '',
  `code_a3` char(3) NOT NULL DEFAULT '',
  `code_n3` int NOT NULL DEFAULT '0',
  `country` varchar(255) NOT NULL DEFAULT '',
  PRIMARY KEY (`code`),
  UNIQUE KEY `code_a3` (`code_a3`)
) ENGINE=InnoDB DEFAULT CHARSET=utf8mb3;

--
-- Dumping data for table `xpay_countries`
--

INSERT INTO `xpay_countries` (`code`, `code_a3`, `code_n3`, `country`) VALUES ('AD','AND',20,'Andorra'),('AE','ARE',784,'United Arab Emirates'),('AF','AFG',4,'Afghanistan'),('AG','ATG',28,'Antigua and Barbuda'),('AI','AIA',660,'Anguilla'),('AL','ALB',8,'Albania'),('AM','ARM',51,'Armenia'),('AN','ANT',530,'Netherlands Antilles'),('AO','AGO',24,'Angola'),('AQ','ATA',10,'Antarctica'),('AR','ARG',32,'Argentina'),('AS','ASM',16,'American Samoa'),('AT','AUT',40,'Austria'),('AU','AUS',36,'Australia'),('AW','ABW',533,'Aruba'),('AX','ALA',248,'Aland Islands'),('AZ','AZE',31,'Azerbaijan'),('BA','BIH',70,'Bosnia and Herzegovina'),('BB','BRB',52,'Barbados'),('BD','BGD',50,'Bangladesh'),('BE','BEL',56,'Belgium'),('BF','BFA',854,'Burkina Faso'),('BG','BGR',100,'Bulgaria'),('BH','BHR',48,'Bahrain'),('BI','BDI',108,'Burundi'),('BJ','BEN',204,'Benin'),('BL','BLM',652,'St. Barthelemy'),('BM','BMU',60,'Bermuda'),('BN','BRN',96,'Brunei Darussalam'),('BO','BOL',68,'Bolivia'),('BR','BRA',76,'Brazil'),('BS','BHS',44,'Bahamas'),('BT','BTN',64,'Bhutan'),('BV','BVT',74,'Bouvet Island'),('BW','BWA',72,'Botswana'),('BY','BLR',112,'Belarus'),('BZ','BLZ',84,'Belize'),('CA','CAN',124,'Canada'),('CC','CCK',166,'Cocos (Keeling) Islands'),('CD','COD',180,'Democratic Republic of the Congo'),('CF','CAF',140,'Central African Republic'),('CG','COG',178,'Congo'),('CH','CHE',756,'Switzerland'),('CI','CIV',384,'Cote D\'ivoire'),('CK','COK',184,'Cook Islands'),('CL','CHL',152,'Chile'),('CM','CMR',120,'Cameroon'),('CN','CHN',156,'China'),('CO','COL',170,'Colombia'),('CR','CRI',188,'Costa Rica'),('CU','CUB',192,'Cuba'),('CV','CPV',132,'Cape Verde'),('CX','CXR',162,'Christmas Island'),('CY','CYP',196,'Cyprus'),('CZ','CZE',203,'Czech Republic'),('DE','DEU',276,'Germany'),('DJ','DJI',262,'Djibouti'),('DK','DNK',208,'Denmark'),('DM','DMA',212,'Dominica'),('DO','DOM',214,'Dominican Republic'),('DZ','DZA',12,'Algeria'),('EC','ECU',218,'Ecuador'),('EE','EST',233,'Estonia'),('EG','EGY',818,'Egypt'),('EH','ESH',732,'Western Sahara'),('ER','ERI',232,'Eritrea'),('ES','ESP',724,'Spain'),('ET','ETH',231,'Ethiopia'),('FI','FIN',246,'Finland'),('FJ','FJI',242,'Fiji'),('FK','FLK',238,'Falkland Islands (Malvinas)'),('FM','FSM',583,'Micronesia'),('FO','FRO',234,'Faroe Islands'),('FR','FRA',250,'France'),('GA','GAB',266,'Gabon'),('GB','GBR',826,'United Kingdom (Great Britain)'),('GD','GRD',308,'Grenada'),('GE','GEO',268,'Georgia'),('GF','GUF',254,'French Guiana'),('GG','GGY',831,'Guernsey'),('GH','GHA',288,'Ghana'),('GI','GIB',292,'Gibraltar'),('GL','GRL',304,'Greenland'),('GM','GMB',270,'Gambia'),('GN','GIN',324,'Guinea'),('GP','GLP',312,'Guadeloupe'),('GQ','GNQ',226,'Equatorial Guinea'),('GR','GRC',300,'Greece'),('GS','SGS',239,'South Georgia and the South Sandwich Islands'),('GT','GTM',320,'Guatemala'),('GU','GUM',316,'Guam'),('GW','GNB',624,'Guinea-Bissau'),('GY','GUY',328,'Guyana'),('HK','HKG',344,'Hong Kong'),('HM','HMD',334,'Heard and McDonald Islands'),('HN','HND',340,'Honduras'),('HR','HRV',191,'Croatia'),('HT','HTI',332,'Haiti'),('HU','HUN',348,'Hungary'),('ID','IDN',360,'Indonesia'),('IE','IRL',372,'Ireland'),('IL','ISR',376,'Israel'),('IM','IMN',833,'Isle of Man'),('IN','IND',356,'India'),('IO','IOT',86,'British Indian Ocean Territory'),('IQ','IRQ',368,'Iraq'),('IR','IRN',364,'Islamic Republic of Iran'),('IS','ISL',352,'Iceland'),('IT','ITA',380,'Italy'),('JE','JEY',832,'Jersey'),('JM','JAM',388,'Jamaica'),('JO','JOR',400,'Jordan'),('JP','JPN',392,'Japan'),('KE','KEN',404,'Kenya'),('KG','KGZ',417,'Kyrgyzstan'),('KH','KHM',116,'Cambodia'),('KI','KIR',296,'Kiribati'),('KM','COM',174,'Comoros'),('KN','KNA',659,'St. Kitts and Nevis'),('KP','PRK',408,'Korea'),('KR','KOR',410,'Korea, Republic of'),('KW','KWT',414,'Kuwait'),('KY','CYM',136,'Cayman Islands'),('KZ','KAZ',398,'Kazakhstan'),('LA','LAO',418,'Laos'),('LB','LBN',422,'Lebanon'),('LC','LCA',662,'St. Lucia'),('LI','LIE',438,'Liechtenstein'),('LK','LKA',144,'Sri Lanka'),('LR','LBR',430,'Liberia'),('LS','LSO',426,'Lesotho'),('LT','LTU',440,'Lithuania'),('LU','LUX',442,'Luxembourg'),('LV','LVA',428,'Latvia'),('LY','LBY',434,'Libyan Arab Jamahiriya'),('MA','MAR',504,'Morocco'),('MC','MCO',492,'Monaco'),('MD','MDA',498,'Moldova, Republic of'),('ME','MNE',499,'Montenegro'),('MF','MAF',663,'St. Martin'),('MG','MDG',450,'Madagascar'),('MH','MHL',584,'Marshall Islands'),('MK','MKD',807,'Macedonia'),('ML','MLI',466,'Mali'),('MM','MMR',104,'Myanmar'),('MN','MNG',496,'Mongolia'),('MO','MAC',446,'Macau'),('MP','MNP',580,'Northern Mariana Islands'),('MQ','MTQ',474,'Martinique'),('MR','MRT',478,'Mauritania'),('MS','MSR',500,'Montserrat'),('MT','MLT',470,'Malta'),('MU','MUS',480,'Mauritius'),('MV','MDV',462,'Maldives'),('MW','MWI',454,'Malawi'),('MX','MEX',484,'Mexico'),('MY','MYS',458,'Malaysia'),('MZ','MOZ',508,'Mozambique'),('NA','NAM',516,'Namibia'),('NC','NCL',540,'New Caledonia'),('NE','NER',562,'Niger'),('NF','NFK',574,'Norfolk Island'),('NG','NGA',566,'Nigeria'),('NI','NIC',558,'Nicaragua'),('NL','NLD',528,'Netherlands'),('NO','NOR',578,'Norway'),('NP','NPL',524,'Nepal'),('NR','NRU',520,'Nauru'),('NU','NIU',570,'Niue'),('NZ','NZL',554,'New Zealand'),('OM','OMN',512,'Oman'),('PA','PAN',591,'Panama'),('PE','PER',604,'Peru'),('PF','PYF',258,'French Polynesia'),('PG','PNG',598,'Papua New Guinea'),('PH','PHL',608,'Philippines'),('PK','PAK',586,'Pakistan'),('PL','POL',616,'Poland'),('PM','SPM',666,'St. Pierre and Miquelon'),('PN','PCN',612,'Pitcairn'),('PR','PRI',630,'Puerto Rico'),('PS','PSE',275,'Palestinian Territory'),('PT','PRT',620,'Portugal'),('PW','PLW',585,'Palau'),('PY','PRY',600,'Paraguay'),('QA','QAT',634,'Qatar'),('RE','REU',638,'Reunion'),('RO','ROU',642,'Romania'),('RS','SRB',688,'Serbia'),('RU','RUS',643,'Russian Federation'),('RW','RWA',646,'Rwanda'),('SA','SAU',682,'Saudi Arabia'),('SB','SLB',90,'Solomon Islands'),('SC','SYC',690,'Seychelles'),('SD','SDN',736,'Sudan'),('SE','SWE',752,'Sweden'),('SG','SGP',702,'Singapore'),('SH','SHN',654,'St. Helena'),('SI','SVN',705,'Slovenia'),('SJ','SJM',744,'Svalbard and Jan Mayen Islands'),('SK','SVK',703,'Slovakia'),('SL','SLE',694,'Sierra Leone'),('SM','SMR',674,'San Marino'),('SN','SEN',686,'Senegal'),('SO','SOM',706,'Somalia'),('SR','SUR',740,'Suriname'),('ST','STP',678,'Sao Tome and Principe'),('SV','SLV',222,'El Salvador'),('SY','SYR',760,'Syrian Arab Republic'),('SZ','SWZ',748,'Swaziland'),('TC','TCA',796,'Turks and Caicos Islands'),('TD','TCD',148,'Chad'),('TF','ATF',260,'French Southern Territories'),('TG','TGO',768,'Togo'),('TH','THA',764,'Thailand'),('TJ','TJK',762,'Tajikistan'),('TK','TKL',772,'Tokelau'),('TL','TLS',626,'Timor-Leste'),('TM','TKM',795,'Turkmenistan'),('TN','TUN',788,'Tunisia'),('TO','TON',776,'Tonga'),('TR','TUR',792,'Turkey'),('TT','TTO',780,'Trinidad and Tobago'),('TV','TUV',798,'Tuvalu'),('TW','TWN',158,'Taiwan'),('TZ','TZA',834,'Tanzania, United Republic of'),('UA','UKR',804,'Ukraine'),('UG','UGA',800,'Uganda'),('UM','UMI',581,'United States Minor Outlying Islands'),('US','USA',840,'United States'),('UY','URY',858,'Uruguay'),('UZ','UZB',860,'Uzbekistan'),('VA','VAT',336,'Vatican City State'),('VC','VCT',670,'St. Vincent and the Grenadines'),('VE','VEN',862,'Venezuela'),('VG','VGB',92,'British Virgin Islands'),('VI','VIR',850,'United States Virgin Islands'),('VN','VNM',704,'Vietnam'),('VU','VUT',548,'Vanuatu'),('WF','WLF',876,'Wallis And Futuna Islands'),('WS','WSM',882,'Samoa'),('YE','YEM',887,'Yemen'),('YT','MYT',175,'Mayotte'),('ZA','ZAF',710,'South Africa'),('ZM','ZMB',894,'Zambia'),('ZW','ZWE',716,'Zimbabwe');

--
-- Table structure for table `xpay_currencies`
--

CREATE TABLE `xpay_currencies` (
  `code` char(3) NOT NULL DEFAULT '',
  `id` int NOT NULL DEFAULT '0',
  `name` varchar(128) NOT NULL DEFAULT '',
  `symbol` varchar(8) NOT NULL DEFAULT '',
  `mantissa` int NOT NULL DEFAULT '2',
  PRIMARY KEY (`code`),
  UNIQUE KEY `id` (`id`)
) ENGINE=InnoDB DEFAULT CHARSET=utf8mb3;

--
-- Dumping data for table `xpay_currencies`
--

INSERT INTO `xpay_currencies` (`code`, `id`, `name`, `symbol`, `mantissa`) VALUES ('ADP',20,'Andorran Pesseta','',2),('AED',784,'UAE Dirtham','',2),('AFA',4,'Afghani','',2),('ALL',8,'Lek','',2),('AMD',51,'Armenian Dram','',0),('ANG',532,'Netherlands Antillian Guilder','',2),('AON',24,'Kwanza','',2),('ARS',32,'Argentine Peso','',2),('ATS',40,'Austrian Shilling','',2),('AUD',36,'Australian Dollar','',2),('AWG',533,'Aruban Guilder','',2),('AZM',31,'Azerbaijanian Manat','',2),('BAM',977,'Convertible Marks','',2),('BBD',52,'Barbados Dollar','',2),('BDT',50,'Bangladesh Taka','',2),('BEF',56,'Belgium Franc','',2),('BGN',975,'Bulgarian Lev','',2),('BHD',48,'Bahraini dinar','',3),('BIF',108,'Burundi Franc','',0),('BMD',60,'Bermudian Dollar','',2),('BND',96,'Brunei Dollar','',2),('BOB',68,'Boliviano','',2),('BRL',986,'Brazilian Real','',2),('BSD',44,'Bahamian dollar','',2),('BTN',64,'Ngultrum','',2),('BWP',72,'Botswana Pula','',2),('BYR',974,'Belarussian Rouble','',0),('BZD',84,'Belize Dollar','',2),('CAD',124,'Canadian Dollar','',2),('CDF',976,'Franc Congolais','',2),('CHE',947,'WIR Euro','',2),('CHF',756,'Swiss Franc','',2),('CLP',152,'Chilean Peso','',0),('CNY',156,'Chinese Renminbi Yuan','',1),('COP',170,'Colombian Peso','',0),('CRC',188,'Cost Rican Colon','',2),('CUP',192,'Cuban Peso','',2),('CVE',132,'Cape Verde Escudo','',2),('CYP',196,'Cypprus Pound','',2),('CZK',203,'Czech Koruna','',2),('DEM',276,'Deutsche Mark','',2),('DJF',262,'Djibouti Franc','',0),('DKK',208,'Danish Krone','',2),('DOP',214,'Dominican Peso','',2),('DZD',12,'Algerian Dinar','',2),('EEK',233,'Kroon','',2),('EGP',818,'Egyptian Pound','',2),('ERN',232,'Nakfa','',2),('ETB',230,'Ethiopian Birr','',2),('EUR',978,'EURO','€',2),('FIM',246,'Finnish Markka','',2),('FJD',242,'Fiji Dollar','',2),('FKP',238,'Falkland Islands Pound','',2),('FRF',250,'French Franc','',2),('GBP',826,'Pound Sterling','£',2),('GEL',981,'Lari','',2),('GHC',288,'Ghana Cedi','',2),('GIP',292,'Gilbraltar Pound','',2),('GMD',270,'Dalasi','',2),('GNF',324,'Guinea Franc','',0),('GTQ',320,'Quetzal','',2),('GWP',624,'Guinea-Bissau Peso','',2),('GYD',328,'Guyana Dollar','',2),('HKD',344,'Hong Kong Dollar','',2),('HNL',340,'Lempira','',2),('HRK',191,'Croatian Kuna','',2),('HTG',332,'Gourde','',2),('HUF',348,'Hungary Forint','',2),('IDR',360,'Indonesian Rupiah','',0),('IEP',372,'Irish Punt','',2),('ILS',376,'New Israeli Sheqel','',2),('INR',356,'Indian Ruppe','',2),('IQD',368,'Iraqi Dinar','',0),('IRR',364,'Iranian Rial','',0),('ISK',352,'Iceland Krona','',0),('ITL',380,'Italian Lira','',2),('JMD',388,'Jamaican Dollar','',2),('JOD',400,'Jordanian Dinar','',3),('JPY',392,'Japanese Yen','¥',0),('KES',404,'Kenyan Shilling','',2),('KGS',417,'Son','',2),('KHR',116,'Cambodian riel','',2),('KMF',174,'Comoro Franc','',0),('KPW',408,'North Korean Won','',0),('KRW',410,'South Korean Won','',0),('KWD',414,'Kuwaiti Dinar','',3),('KYD',136,'Cayman Islands Dollar','',2),('KZT',398,'Tenge','',2),('LAK',418,'Kip','',0),('LBP',422,'Lebanese Pound','',0),('LKR',144,'Sri Lanka Rupee','',2),('LRD',430,'Liberian Dollar','',2),('LSL',426,'Loti','',2),('LTL',440,'Lithuanian Litus','',2),('LUF',442,'Luxembourg Franc','',2),('LVL',428,'Latvian Lats','',2),('LYD',434,'Libyan Dinar','',3),('MAD',504,'Moroccan Dirtham','',2),('MDL',498,'Moldovan Leu','',2),('MGF',450,'Malagasy Franc','',2),('MKD',807,'Denar','',2),('MMK',104,'Kyat','',0),('MNT',496,'Tugrik','',2),('MOP',446,'Pataca','',1),('MRO',478,'Ouguiya','',0),('MTL',470,'Maltese Lira','',2),('MUR',480,'Mauritius Rupee','',2),('MVR',462,'Rufiyaa','',2),('MWK',454,'Malawian kwacha','',2),('MXN',484,'Mexican Peso','',2),('MYR',458,'Malaysian Ringgit','',2),('MZM',508,'Mozambique Metical','',2),('NAD',516,'Namibia Dollar','',2),('NGN',566,'Naira','',2),('NIO',558,'Cordoba Oro','',2),('NLG',528,'Dutch Guilder','',2),('NOK',578,'Norwegian Krone','',2),('NPR',524,'Nepalese Rupee','',2),('NZD',554,'New Zealand Dollar','',2),('OMR',512,'Rial Omani','',3),('PAB',590,'Balboa','',2),('PEN',604,'Nuevo Sol','',2),('PGK',598,'Kina','',2),('PHP',608,'Philippine Peso','',2),('PKR',586,'Pakistan Rupee','',2),('PLN',985,'Polish Zloty','',2),('PTE',620,'Portuguese Escudo','',2),('PYG',600,'Guarani','',0),('QAR',634,'Qatari Rial','',2),('RON',946,'Leu','',2),('RSD',941,'Serbian Dinar','',2),('RUB',643,'Russian Ruble','',2),('RWF',646,'Rwanda Franc','',0),('SAR',682,'Saudi Riyal','',2),('SBD',90,'Solomon Islands Dollar','',2),('SCR',690,'Seychelles Rupee','',2),('SDG',938,'Sudanese Pound','',2),('SEK',752,'Swedish Krona','',2),('SGD',702,'Singapore Dollar','',2),('SHP',654,'Saint Helena Pound','',2),('SIT',705,'Tolar','',2),('SKK',703,'Slovak Koruna','',2),('SLL',694,'Leone','',0),('SOS',706,'Somali Shilling','',2),('SRG',740,'Suriname Guilder','',2),('STD',678,'Dobra','',0),('SVC',222,'El Salvador Colon','',2),('SYP',760,'Syrian Pound','',2),('SZL',748,'Lilangeni','',2),('THB',764,'Thailand Baht','',2),('TJS',972,'Somoni','',2),('TMM',795,'Manat','',2),('TND',788,'Tunisian Dinar','',3),('TOP',776,'Pa\'anga','',2),('TPE',626,'Timor Escudo','',2),('TRY',949,'Turkish Lira','',2),('TTD',780,'Trinidad and Tobago Dollar','',2),('TWD',901,'New Taiwan Dollar','',1),('TZS',834,'Tanzanian Shilling','',2),('UAH',980,'Hryvnia','',2),('UGX',800,'Uganda Shilling','',0),('USD',840,'US Dollar','$',2),('UYU',858,'Peso Uruguayo','',2),('UZS',860,'Uzbekistan som','',2),('VEF',937,'Venezuelan bolivar','',2),('VND',704,'Vietnamese Dong','',0),('VUV',548,'Vatu','',0),('WST',882,'Tala','',2),('XAF',950,'CFA Franc BEAC','',0),('XCD',951,'East Caribbean Dollar','',2),('XOF',952,'CFA Franc BCEAO','',0),('XPF',953,'CFP Franc','',0),('YER',886,'Yemeni Rial','',0),('YUM',891,'Yugoslavian Dinar','',2),('ZAR',710,'South Africa Rand','',2),('ZMK',894,'Zambian kwacha','',0),('ZWD',716,'Zimbabwe Dollar','',2);

--
-- Table structure for table `xpay_customer_cards`
--

CREATE TABLE `xpay_customer_cards` (
  `card_id` char(10) CHARACTER SET utf8mb3 COLLATE utf8mb3_bin NOT NULL,
  `customer_id` int NOT NULL DEFAULT '0',
  `payment_id` int NOT NULL DEFAULT '0',
  `is_default` char(1) NOT NULL DEFAULT 'N',
  PRIMARY KEY (`card_id`),
  UNIQUE KEY `customer_payment` (`customer_id`,`payment_id`),
  KEY `customer_id` (`customer_id`),
  CONSTRAINT `xpay_customer_cards_ibfk` FOREIGN KEY (`customer_id`) REFERENCES `xpay_customers` (`customer_id`) ON DELETE CASCADE ON UPDATE CASCADE
) ENGINE=InnoDB DEFAULT CHARSET=utf8mb3;

--
-- Dumping data for table `xpay_customer_cards`
--

INSERT INTO `xpay_customer_cards` (`card_id`, `customer_id`, `payment_id`, `is_default`) VALUES ('1YcZKip5ip',154,773,'N'),('3aFLA9hLZW',1,20,'Y'),('4KuapXfm0p',14,83,'N'),('5TL04t2SIF',220,1114,'N'),('5kgZf9bhNn',11,74,'Y'),('5zfmNBduti',220,1126,'Y'),('6PNwviPtLr',2,29,'N'),('7JbKQXb7Hm',29,114,'N'),('7XEPMrAB6e',181,986,'N'),('7cDn6DvoxI',126,708,'Y'),('7pSMUYuKha',29,112,'N'),('7yBdnFz08R',122,410,'Y'),('8PZ7fLAE04',2,39,'N'),('8o83IkxSPH',29,130,'Y'),('9R2xtT4haU',155,777,'Y'),('9wfYm0PK5I',169,864,'N'),('A3Dvq50J42',143,737,'Y'),('A9fNmGtso1',1,1,'N'),('AjzLuBsoV0',118,397,'N'),('BEZ2xILYvI',123,424,'Y'),('BddVc0BdlC',181,987,'Y'),('CUFAHUh5lG',3,44,'N'),('Ch5TgD1k1z',211,1059,'Y'),('ESxz5MJlYu',219,1098,'Y'),('I0NVSMD1dG',151,768,'N'),('JMKkynz986',216,1082,'N'),('Jh4HuzL0K2',120,403,'Y'),('JjZwjwGEbc',150,767,'N'),('LfB9Zhmr3m',214,1068,'N'),('M34twZ4KYb',1,17,'N'),('MAr9vzvY0h',14,85,'Y'),('MP4qw4YJzC',3,53,'Y'),('Mbbfq4kcfH',220,1118,'N'),('MjBEGaI57V',125,701,'N'),('NY9Ctab6Ik',216,1081,'N'),('ONEUBNnDSD',1,15,'N'),('OUSvpiUGyW',221,1130,'Y'),('PD383LGoEQ',214,1073,'Y'),('PlV4RquNw6',180,981,'Y'),('Qns8z5DNJi',150,769,'Y'),('QvLUmAqGI1',118,394,'N'),('S1vSMA74TV',226,1147,'N'),('T6sMhILxkH',2,38,'N'),('U7wwNuw3rS',2,35,'N'),('UJQlYAKq4Z',203,1030,'N'),('UmndClJkqf',146,742,'Y'),('UnKXnHkLhC',174,968,'Y'),('UuPoNoM4iI',216,1084,'N'),('V9su1vb5uF',1,11,'N'),('Vjtnr4JCxZ',2,41,'Y'),('WBfGxDldDG',216,1085,'Y'),('XafBrnFcE2',2,40,'N'),('YvcW5mgVfh',220,1122,'N'),('ZhPqf5VZ7Q',212,1077,'Y'),('a7S2dxYhaV',169,865,'N'),('bGBgLBcln5',2,36,'N'),('bHCPojqMht',121,423,'Y'),('bHp1VyahG0',202,1027,'Y'),('boZ4pMQzhS',125,702,'Y'),('dFHgoKNoqb',29,126,'N'),('ex8dwXgUPf',3,49,'N'),('fLuBJvMNoN',181,985,'N'),('gXo1469zWk',29,128,'N'),('gjblADDVfk',199,1019,'Y'),('grup5um8To',174,967,'N'),('hAMl8xQFMB',226,1157,'Y'),('hInaLPXfCG',29,127,'N'),('hq9HmV1Mwa',212,1075,'N'),('hs7QXNSEnO',172,905,'Y'),('ildHmHOCGY',29,115,'N'),('jniISyWrQ6',154,774,'Y'),('kCls7MDXSL',217,1088,'Y'),('mJZty0wMEa',118,377,'Y'),('mgPqJv2mf8',29,111,'N'),('muwASsUg9A',198,1018,'Y'),('n8nePPxnjN',8,65,'Y'),('o3dUHktUXz',203,1032,'Y'),('pHwpZ2xldo',148,763,'N'),('pM64mdRqtM',15,87,'Y'),('pu6iQe7e0q',214,1069,'N'),('qQ2kbFBfsw',2,34,'N'),('qhsJXGlecY',145,739,'Y'),('rvxHGP3FLN',1,2,'N'),('sIq6nzuC4a',142,736,'Y'),('sQAjhuoS4E',29,117,'N'),('ulxI7m0Ecz',2,28,'N'),('v2D0rso7jv',244,1193,'Y'),('v4OOtcmjzs',214,1071,'N'),('wTtuPtn6dk',144,738,'Y'),('wdyGR15Som',29,116,'N'),('xUJMbr1gb6',197,1017,'Y'),('xWQX70sYV7',29,129,'N'),('xw7fN33nPd',151,770,'Y'),('zCwHC6lKV7',16,90,'Y'),('zu5CNpMWnf',147,743,'Y');

--
-- Table structure for table `xpay_customers`
--

CREATE TABLE `xpay_customers` (
  `customer_id` int NOT NULL AUTO_INCREMENT,
  `public_id` char(32) CHARACTER SET utf8mb3 COLLATE utf8mb3_bin NOT NULL DEFAULT '',
  `login` varchar(255) NOT NULL DEFAULT '',
  PRIMARY KEY (`customer_id`),
  UNIQUE KEY `public_id` (`public_id`)
) ENGINE=InnoDB AUTO_INCREMENT=246 DEFAULT CHARSET=utf8mb3;

--
-- Dumping data for table `xpay_customers`
--

INSERT INTO `xpay_customers` (`customer_id`, `public_id`, `login`) VALUES (1,'I75SyvnycPQpOs7b7p9lcO3ZnbzewCRX','admin@example.com (User ID #7)'),(2,'RVcW1V2VrCoU90j5LERXGp6I8v5ZjJe0','admin@example.com (User ID #7)'),(3,'G1ZcQeKvnhw2DkQck9ACoQg4j0rIXxBG','admin@example.com (User ID #7)'),(4,'36yqcTfF1iKDMLD0Nmt2phzciZ5eYPn3','Givi@x-cart.com (User ID #9)'),(5,'Fd1Z9nKsXilvHGpBZtFOirAeTRvPerQq','test@example.com (User ID #11)'),(6,'FPxZoRN4fp3pwZQs3ZUugj4KqFwuSjao','test@example.com (User ID #13)'),(7,'7HyhywqfpHwanpYAwuQcSGXBQtp5O128','Testst@example.com (User ID #14)'),(8,'XfEdE4vsS8ciZetYR1f3VFnKg3rRbagE','admin@example.com (User ID #7)'),(9,'I0MrUTYrzY5NF5hSmY3L7vhvri4wtsuO','admin@example.com (User ID #7)'),(10,'5GuGjXYSnmMSR2CxP5CLDwSsA5mEgug7','givi+3@x-cart.com (User ID #8)'),(11,'Feoe1gtqoKSrvaQsiTSL6O58Yo3QmUuo','admin@example.com (User ID #7)'),(12,'MlX1a5Vbr1gjiOTV49t1vfeWdct52zJb','admin@example.com (User ID #7)'),(13,'PFncIqznN7cu1R4pwsrpJKFETwcEPhsV','admin@example.com (User ID #7)'),(14,'I7gDsnJN2y6xLTNf2FEI66yqeuX6K0FX','admin@example.com (User ID #7)'),(15,'kvwBkFnbtsLlLNRKlvuQRDCcvTDleUM9','admin@example.com (User ID #7)'),(16,'7HxBomKL6xzKQukfO4RlkRrBFjIubk9i','admin@example.com (User ID #7)'),(17,'ROo7RGKn9YLhBh3YBzQu64zIfAPgfjHt','admin@example.com (User ID #7)'),(18,'oIK4GXKORfMxG79vJYEgY8e62USn1xn9','ipgivi@gmail.com (User ID #8)'),(19,'l0kuDDvY7cseyJ84MoOhEtQJDY3Dv9OQ','admin@example.com (User ID #7)'),(20,'JSalVNb03pSVeROxQdGijL6TXM7Mp3oC','test@example.com (User ID #8)'),(21,'pa6RBTRxVgNcP4qkfTOWxIKUtMcPmFx6','test@example.com (User ID #13)'),(22,'h2G2jj4SGotl5A7OnxLPuS1Ed1WG0bgp','givi@x-cart.com (User ID #15)'),(23,'SzAN7G2Z4j2lISM20SLaQYuak4hHBXM2','admin@example.com (User ID #7)'),(24,'q7dJv6bbk1Sf5ZayIjWtkKJnievsjbZd','admin@example.com (User ID #7)'),(25,'lGWXCSjCXhCl4wqtPoaGHbANw5nSxLRD','givi+1@x-cart.com (User ID #8)'),(26,'5kL8UeNEn23rIFaNSDrQ0ZBcpnVedxUs','givi+1@x-cart.com (User ID #10)'),(27,'mB6kTifL9KPCLQUblOv34AjKLfACsiJ3','givi+1@x-cart.com (User ID #11)'),(28,'QyKNXr5VI30EdeyQbTO0fPNxOrVjxf5n','admin@example.com (User ID #7)'),(29,'tFUZMbsHnDSgeYDaYk6Dw3bHhh7x0Ws7','givi+2@x-cart.com (User ID #16)'),(30,'sRjT5s3JqyGDQwsk3VxZLnnm88neEp0W','givi+1@x-cart.com (User ID #22)'),(31,'54fLWY5y7RAlezyxOvCA7MpcCW4h0Mls','givi+1@x-cart.com (User ID #23)'),(32,'hubuVLBdriSXT065juPbyvILjzMy2mRM','customer@example.com'),(33,'l70Ez4ajR2jTUZY6EKLsijLOQ0Zplepd','customer@example.com'),(34,'nSxEO8PRk9edxSd3xT2mLaZVzKSLmBpt','customer@example.com'),(35,'1F5L87QCeFrUb8E4LRBZyT02BiWJ2C2L','customer@example.com'),(36,'ESDYmbBRTrmeFByndZh2QzZaRRYvXKvi','customer@example.com'),(37,'WihAW86vg5dLBUzSIhuCRvkdwMVMFRtS','customer@example.com'),(38,'iQ7X1UKwiwyyQvbiEx7IXf7kMn4RN2Rp','customer@example.com'),(39,'7bA8fbGb5LBEgtPKkS53TzSTVITnehID','customer@example.com'),(40,'PwaJMro6YhIIUt0calKx0mlz5PXU4GLD','customer@example.com'),(41,'U7jcSz0l3jQX13cMxqJi9SDjqsU5nOlp','customer@example.com'),(42,'ylysOB4sTLqr288rdohpxq0iSWbjKeC4','customer@example.com'),(43,'wjtTTkIKXsVvo3xPkejJcMevLBfxLs5H','customer@example.com'),(44,'CG24zVelR6OV2kTXKW3u3yLI17REkVzw','customer@example.com'),(45,'sTdOpuin5A5zKwuetpJ5Y59yhy6EB8AE','customer@example.com'),(46,'BdUDk5qjWnvdLTn6MWzC6dV8chaHlGyC','customer@example.com'),(47,'eb61CJmLzluMTsF4ixxZGXVJU38SOYvq','customer@example.com'),(48,'MdQL60kuYrKkyXLzKkbPkqkJDRWX2yd2','customer@example.com'),(49,'c1PHsPe5Za7qnQb164ttvYcaztwgYYLv','customer@example.com'),(50,'FIvecxTAAYCDfHLvXFGShUqjbYczII7V','customer@example.com'),(51,'EoxnoXbuQtrlifSSO1TESVeoNUWbtVkK','customer@example.com'),(52,'qzCx7O7jRSIMAJJbvR30XPPPQi0DaDTJ','customer@example.com'),(53,'imIx2fZ1U914U0D8j7tsC9otGYV9nWdz','customer@example.com'),(54,'rOwXyh8c2Yk9ZecbufrW1LCCVTj7wkEl','customer@example.com'),(55,'2rq8RgCawrXPMsNIUitghccsGEc2NeWq','customer@example.com'),(56,'k6Z14JCQV7JRyw1qZeaCUHcAUjOXlyX3','customer@example.com'),(57,'hi8LUbMKcoVL8k7RQyI2DieuQ8vGzenx','customer@example.com'),(58,'2Wuj0MgKNwXoQRWuh87J1ZaPMO0siyuL','customer@example.com'),(59,'8dHPZDZRtcsjDPSIVOx5uyoSv24vTaJ0','customer@example.com'),(60,'whkKwz8zR8D7vmFt7yLcx3AlbDXvSaK8','customer@example.com'),(61,'cMV7xMzhxugBeo56Vk51A78fFLH3WIOL','customer@example.com'),(62,'kcrf0LVfVQEwSY7gTqTcMjnfUElygfZD','customer@example.com'),(63,'t77MqhIyD17QnAca64zyWrElpgmhFYAg','customer@example.com'),(64,'S7bpWBnT7gGIrxoWGrpisUVmRtpjgKgC','customer@example.com'),(65,'zilmhxsm6owTsFeDz1IJbbARQjllfW2a','customer@example.com'),(66,'Y6LIZD76pi61MSDVLCvsDspAMOeAagSY','customer@example.com'),(67,'rIYD1QpTtLbWCGVgbZ9vKZoj3CAuSmBk','customer@example.com'),(68,'892Mk4K0PgzmIlxPX5swiq9b2BYr3XYA','customer@example.com'),(69,'tVi2L8m4x8TyMn8ZMWxOkVy1e3rsh6pB','customer@example.com'),(70,'d8elLuPlGoV9AurlNXGVTrW8hMUIbH5c','customer@example.com'),(71,'M73NaHMb7Jevuobnn3zpEJwAOSSqCEXV','customer@example.com'),(72,'K311JAG20DWQdxa7DqbLrogQpbcG3pqB','customer@example.com'),(73,'7hzGKLK6HKDruWqG9tD1SNmab1W4vG8e','customer@example.com'),(74,'RvkGpm8xcNKDsRLaE7tJH79VQfsJ6leO','customer@example.com'),(75,'AMsLK3rsNbwenXwmCnrOWzYfBoCFR7MQ','customer@example.com'),(76,'5gzTVf04gJEk8KNVmZ9C5q9tZWmeLeJr','customer@example.com'),(77,'7GiRyZF3uFhIagdC32ZCcAUNYWgQ4Gy1','customer@example.com'),(78,'YpBEys6GsHN6YYVp1fezsioQyCWhMlRF','customer@example.com'),(79,'aCEevih27N8lz2NVY7woSoWL6fkXmmEN','customer@example.com'),(80,'yXx8OgHBytg06MXEIrgYYh6mBYu78NOr','customer@example.com'),(81,'HDf9MqHJwYlNroGj4JWk58l8M2ehDH7s','customer@example.com'),(82,'YGsUYfhIVoxv0HeIXWFrprdHR1EB15if','customer@example.com'),(83,'FGL3NG4K6kOvI3IhbeiIQ1AL2eV1yXiN','customer@example.com'),(84,'yCjHO853N6mqox7lVRekzMWfQnhy3kEZ','customer@example.com'),(85,'XUQn0GlJfk06wgnkbxUan8Qyu72djSWT','customer@example.com'),(86,'yXe4koXIBZjxXYIQT0f0ERTJ2bZF3xRB','customer@example.com'),(87,'gSj7MOxlYGcWdW8oEOS6e3vV8f7CyGpu','customer@example.com'),(88,'8nUxD61qU0KL4qfMaMdgwtPZcXuyoyVv','customer@example.com'),(89,'Sayjj1olVVjZW8XxDWECGIM7PvotFLvf','customer@example.com'),(90,'MmnjGx0FdTUqWSuRetKncuC4DRZJ01gi','customer@example.com'),(91,'jAZgnFXqwIkTyZ7qBZCTC1WWT8AAIttI','customer@example.com'),(92,'6YbXCLll14v49jLbNZCwIBH8M5LxEM6w','customer@example.com'),(93,'twwLwkLo6x8p2A8LmvR93am69GxYpgrv','admin@example.com (User ID #7)'),(94,'k3c3VPokN9cLXcnzTNhZkTrBfEqziwOa','joss@x-payments.com (User ID #12)'),(95,'ytQNP2lVlaF6wTjH38LaBwCyHw5PwICn','admin@example.com (User ID #8)'),(96,'M2mqHYYmxBLoT3UunqwfaXIqRlOXaSoa','admin@example.com (User ID #7)'),(97,'cXZYboOYv9EmfiENezLFMXIsi6KBKwfk','test@example.com (User ID #19)'),(98,'SpJzRwvq4WEhZoJBTbL2eem4PkBScjQO','admin@example.com (User ID #7)'),(99,'giE9JssR02d55W7za73fHHeBadMXfYJE','test@test.com (User ID #9)'),(100,'UA8XkmXxoyNcJwM2e7P2XnOvUDixLAUd','test@test.com (User ID #11)'),(101,'RrE4lgHcfKgZvNl3Ki8rxz1RzhHPxPoe','test@example.com (User ID #12)'),(102,'e5JcNIOJetpvX4PhlfbBwF8oN716QLX5','yakoff@x-cart.com (User ID #14)'),(103,'JleYFmVQgZ7DDBKv3dniir9joMyziVxS','test@example.com (User ID #14)'),(104,'0ObrBZwdsS2eZVZ3fRvUq6Ml9sTyvy9Z','Test@test.com (User ID #13)'),(105,'yh3DWVqj9D0w1KerqfIA4TZ0qfziuM1X','test_user@x-cart.com (User ID #15)'),(106,'7ZtRyNrE2tPNWigDHrShdpTkr6b54fq6','test@example.com (User ID #8)'),(107,'e0XHCfUzzie9TYP5UkAFvIBgeosG8uDn','Givi@x-cart.com (User ID #11)'),(108,'EqpjX8ekEf1vRBIvVYvsGCGropyz7ycW','yakoff@x-cart.com (User ID #108756)'),(109,'rZXwgG6qahuzsHgaR8ums8jplK1EjsHN','yakoff@x-cart.com (User ID #108758)'),(110,'Ktfr8XKTB1oQezj3YeAoaUmgrBN9YYQF','yakoff@x-cart.com (User ID #108759)'),(111,'zaHCoTLKrJ8Y1eWS2Tcd9Z3GuOtDbdCN','yakoff@x-cart.com (User ID #108760)'),(112,'H0uT3V4zEKEYSdFi3IIzYwT5ky4ONVJm','yakoff@x-cart.com (User ID #108761)'),(113,'GvOSnDHdUVNzheabrfMeuu2mou8EsbV8','admin@example.com (User ID #7)'),(114,'kJ4DSeeU2OjDe6esRP3h2qpqMHOxGaRC','yakoff@x-cart.com (User ID #36)'),(115,'s4i8QZtCRsccwzfWCnho0ATrbjk2djF8','Givi@x-cart.com (User ID #40)'),(116,'zzsBzrewIJv0Nxdkc8PuCOmaOEx6hVf6','yakoff@x-cart.com (User ID #108762)'),(117,'Upu89kRhO6WToKeonXH49T12vzJUZ5kD','admin@example.com (User ID #7)'),(118,'HRINKtejLzigBhRKnKZaVk3GMsZ3QmIF','admin@example.com (User ID #7)'),(119,'2egapTlznb9ESIlf25YO52VGt0pp2bZq','i.dohtur@gmail.com (User ID #9)'),(120,'bxqckuPgkwzR4Uc1P3nsoGi4EOn6kNnK','admin@example.com (User ID #7)'),(121,'Ew2mLoKMaWliF32LOUmkmMdRbZo4Q0hI','admin@example.com (User ID #7)'),(122,'ngewVQ2UBPy0U2UwriED2nT3N9wqFrsM','i.dohtur@gmail.com (User ID #14)'),(123,'X5zWydWlRDaJ0eVjBAfJwEkmS5sba7FZ','admin@example.com (User ID #7)'),(124,'1G7jjnfPRlp3yHPwJRsDDyU4ja4wS6Sc','test@example.com (User ID #8)'),(125,'XauhhC2h5b0NWQeoayRJjR54KJ1Kv9K6','admin@example.com (User ID #7)'),(126,'CDrEHOuSDbfuNk6g2OBKZ622T1RXBTqX','admin@example.com (User ID #7)'),(127,'uAQ8y7A8R9f6UcXEMiOfbJ4X8dk7wSjx','admin@example.com (User ID #7)'),(128,'lOD2zBgeWazbnVvMumjbSPOuWlTxCtrn','yakoff@x-cart.com (User ID #8)'),(129,'QQbH9FYmNcT7B19va0TejXMKJSdTsOqN','yakoff@x-cart.com (User ID #7)'),(130,'h7sLvjBD2jy2Wkgol2tOXZ6sbe38EW7N','yakoff@x-cart.com (User ID #8)'),(131,'HjND9FpJwGIlrAhsAYxTPASErbVCu5H9','yakoff@x-cart.com (User ID #8)'),(132,'eORaNClwQuLDkYfkoFaxyg4zCfZjGDYd','yakoff@x-cart.com (User ID #8)'),(133,'lTzmVkozvzN4yJ4ihZ6DiYiQzfFH9M43','yakoff@x-cart.com (User ID #8)'),(134,'j6DEJf9ywNsjXFcNLCi271PAcjiGTZ57','yakoff@x-cart.com (User ID #8)'),(135,'7x1n65osxxNUK19nG6BDU8S16TiUkmAg','yakoff@x-cart.com (User ID #8)'),(136,'a8raSbCeaV53OgupGfI4obWn5wBdb9iB','yakoff@x-cart.com (User ID #8)'),(137,'0796CoZpeN1ejeCwAKE5R9hrSehXxCe9','yakoff@x-cart.com (User ID #8)'),(138,'vvAMglt18vSq52jam68U7a2Ymjfu7NVh','yakoff@x-cart.com (User ID #8)'),(139,'Q95RQYeKcOpH9LK8gAerZvgDL56Ei1QX','yakoff@x-cart.com (User ID #8)'),(140,'e3QXm5lqQ0Pmx1SwNY8NMAsP6e4zjhpG','yakoff@x-cart.com (User ID #8)'),(141,'ZJ97v3LBjjFTWGia70rhpmKTn3wfoJnZ','yakoff@x-cart.com (User ID #8)'),(142,'YDE9KcRHAB1JuoHuqx7K9HBxfOPkYPHf','admin@example.com (User ID #7)'),(143,'neirUZneBneoKY61JeZ8wxyEyllzZUDX','admin@example.com (User ID #7)'),(144,'RP3lGIzYtp4qDO4ZclVYPjmrxPbWqcZE','admin@example.com (User ID #7)'),(145,'dQDAmAjqANUdpKUBDnaICmFVsYLe5WX3','admin@example.com (User ID #7)'),(146,'CGsJbmXQvvfL7UKIsbBSS0ZMhSPYSgyb','admin@example.com (User ID #7)'),(147,'BlxndI2UtJJ4qTFhAIpXZlRhDBO5xe3i','givi+1@x-cart.com (User ID #7)'),(148,'quUhij8bO25J5dL2NePUE12boobkIz5P','admin@example.com (User ID #7)'),(149,'Zs59WWz8nAl6mkpZ9xo2tDpzyxfVlsWX','Givi@x-cart.com (User ID #11)'),(150,'lijbJld4OvW5nfNI9IufhXOGlK2DTxKN','admin@example.com (User ID #7)'),(151,'ayVocm8zUhCy2HB4oSj9zt8X7FbgbiUp','joss@x-payments.com (User ID #12)'),(152,'yQLk295q3ZFfhuTsEc0mC4nO83cmJXFY','Givi@x-cart.com (User ID #9)'),(153,'AfovJGbu0npboYVXXwXsPzV6PKvdeAJr','test@example.com (User ID #9)'),(154,'IHRbYtq5b0DgtK8pyLPYBT6htOep7zuN','admin@example.com (User ID #7)'),(155,'urKiZvE1g2phK3lz1uSI3b3MohZqffiH','admin@example.com (User ID #7)'),(156,'T16gLwlSAZeoWqM4gj9MmQWRQ9pfCQ6a','Givi@x-cart.com (User ID #9)'),(157,'O6uRBC7TAQkN3mIQU7MIjLH9NT87LlmR','admin@example.com (User ID #7)'),(158,'O5wd6Vn21AdKvktL6cgtzHlFbPrz02xP','admin@example.com (User ID #7)'),(159,'FZHYIhGfCsIUwnmUB9YXD2Eh93hfJgCw','admin@example.com (User ID #7)'),(160,'gooKuqKDT2FiEvjA8UBgSxDUn4CPsBai','admin@example.com (User ID #7)'),(161,'LoVsandFay57QCnO1HvGWcQPpsG47EEI','admin@example.com (User ID #7)'),(162,'nA3e5KTOUVBzFjmohBsd25V0tpJQGjW9','admin@example.com (User ID #7)'),(163,'W5L8cnwMk6CwyIZ2RmhTEmGJYdmgQYOI','admin@example.com (User ID #7)'),(164,'kSaljmdAyUfW9DRKmEJMbeGXDqIyUGXh','admin@example.com (User ID #7)'),(165,'TnHuqMVm6eGqAIF2UdJlNtzC5CS2haWW','admin@example.com (User ID #7)'),(166,'9EYO97ZYThI9z2pDxILmr2FR8CN9lR0h','admin@example.com (User ID #7)'),(167,'3ja0CZAvSp8R0VjIyFB2xVZTf8s12WWm','admin@example.com (User ID #7)'),(168,'oJ4nE5Es4yzuvyEllqDytGKZrdTLY7Xb','admin@example.com (User ID #7)'),(169,'B2n99FOXk7Kbrli0cn6xicM46GbGixKQ','admin@example.com (User ID #7)'),(170,'hmTlxzJEZ28TdATSZ128yiT28weI4FUN','admin@example.com (User ID #7)'),(171,'prpCNBEokQapFdTqxRfShzhye7uoEvEA','admin@example.com (User ID #7)'),(172,'CftQI6yXZwHx0Cp2ltTJ9kVMYqKXFLre','admin@example.com (User ID #7)'),(173,'7M5drqxpUtd2El3ydGRKKnXIlZUOK3JE','admin@example.com (User ID #7)'),(174,'C1R8HUFThzLIQXYejHQfn4mZ7kBtHeOK','admin@example.com (User ID #7)'),(175,'HL1b0Yb8aiVgiLozpmySUVRhIZq3juv1','admin@example.com (User ID #7)'),(176,'bojtYbRXBjJAJkI9uDlb1CQDceb5JePv','admin@example.com (User ID #7)'),(177,'lsU1FkeX9Z0TP2Gei6ZZIAyrF6ulx4kL','test@example.com (User ID #8)'),(178,'3wc7Qye4WocUwRHg06zPdI7dATB5mEWt','test@example.com (User ID #8)'),(179,'qdVy8QcvB6o3WXpyd5xnSls6WZlBKbw6','Givi@x-cart.com (User ID #9)'),(180,'a7Z4g9BHdVFV4G1DeOlrRdMcPw3u1Zrd','admin@example.com (User ID #7)'),(181,'OCKQIlTemp2M2kJFatzEUrdSeLDhsBOe','admin@example.com (User ID #7)'),(182,'5yCd0uMfgLdwpxrcxh6wShehG9AVv8Zw','test@example.com (User ID #8)'),(183,'nscIOzo0ipyk4Qpznp8BY40DPkQAGa5h','admin@example.com (User ID #7)'),(184,'peu3F5YcAVLVQZ2woqgDIImN5nx9xDgD','test@example.com (User ID #10)'),(185,'QqRVQblQYWsxy2btq6JRXXrRsJT1FnOh','Givi@x-cart.com (User ID #18)'),(186,'d5Xu3lVLOFWZ03prZUxIPeaFUanvVH1q','test@example.com (User ID #20)'),(187,'NnAssDyIV76El0XTYjmad3xzEZGdltxF','Givi@x-cart.com (User ID #21)'),(188,'HLe5LZV52oV2Y6307UClUQSwTNP4yUBz','Givi@x-cart.com (User ID #23)'),(189,'OmqD5htBrCDKa0KEoGTuzYlGCfRmAFbf','admin@example.com (User ID #7)'),(190,'3n32OIvXYPReEXaeNoOnAL7tRWajEFB7','random@xpayments.com (User ID #9)'),(191,'HIhdaGXHZM6EoZ0BAeErVGlgZyg5a8hM','random@xpayments.com (User ID #11)'),(192,'fl06DLHvddtQyIxX41s6IoPmOOvXf5XW','Givi@x-cart.com (User ID #12)'),(193,'XVoXuMO4qdign5h2dDLbd3o0iDbwV28q','test@example.com (User ID #8)'),(194,'jp6TxKiIYJ6SkKSHg8S58M5sKBJOFEaV','admin@example.com (User ID #7)'),(195,'1jJ9WtQ57NvzsJMU3CVvPr4U5QB2krpz','admin@example.com (User ID #7)'),(196,'QBuKqKKAZNZpobD46glaFzZuE9AHTCCt','admin@example.com (User ID #7)'),(197,'jRB85D5hrEW6McDIo6HN1X2WUsr8gTtG','admin@example.com (User ID #7)'),(198,'NMOlFc0MwEqW8UIZV62vyD47nYGHKSGb','admin@example.com (User ID #7)'),(199,'rmAtu4jeetPGOocRM6edM2ZXQ6vuwIWn','admin@example.com (User ID #7)'),(200,'ylfu6jCmTCoSVPAs4XU2JqZz3iMjhXDd','givi@x-cart.com (User ID #15)'),(201,'MoGK42aEfsxgpUKuhkjj0lfswcacRIaL','joss@x-payments.com (User ID #16)'),(202,'LGNvFJD3X5stVTd9RzOfsEZwgDsMPPbv','admin@example.com (User ID #7)'),(203,'x4QseNOUcbgLBlNSB4nDYYAhZBOgryQ0','admin@example.com (User ID #7)'),(204,'raqVdiWrHEUzkB9m5ZVFT3YLKabcPiHm','admin@example.com (User ID #7)'),(205,'T4UhdXQDitmyMOOW6GISeTTdp4dgDNKh','admin@example.com (User ID #7)'),(206,'QG0MYAQYSzMwnD9HZ0mUyJUsudpwE1Zm','test@example.com (User ID #11)'),(207,'EgDBLLeCYFQnMmNcO5fPiNcmNogdWxe3','test@example.com (User ID #8)'),(208,'5nvizpD4iA9PRg56vYAExOviCPGfErlM','Givi@x-cart.com (User ID #11)'),(209,'JyPuG7ggPgMpL27jdKQnwEcoU8GeJ6h6','wasp@x-cart.com (User ID #14)'),(210,'5bM1U2VcaDZ5uJAvQZfeUmVR3JxG960a','wasp@x-cart.com (User ID #18)'),(211,'Jq9IPqWD8dpd0GyzQQoGCCAz0QLQZsxj','admin@example.com (User ID #7)'),(212,'lPAO1siDSlpHDdxcZPYhzncsFbvqpaCk','admin@example.com (User ID #7)'),(213,'qztRdBcaTacAMwGlwvoRKgS4XU9WwMDb','joss@x-payments.com (User ID #16)'),(214,'ns1KvxI8kAJVCHqwdq6UZvU7p5geSzk3','joss@x-payments.com (User ID #18)'),(215,'iIYFw8gA16VuJ46oaJzxZx6BaWHHjyjr','test@example.com (User ID #21)'),(216,'Ugm5weEw1ZnBKVuOzDY7cMKxb9Y2k4QI','admin@example.com (User ID #7)'),(217,'qBwunHIQBbu2sVqIfcG8RHsLtZZyAxbm','admin@example.com (User ID #7)'),(218,'vcEneoOG2QmIunanqwC0HIs4fWDCPXCw','test@example.com (User ID #11)'),(219,'qEInY5oCpbg7jtJ6anITYHlkK8ZnLSyV','admin@example.com (User ID #7)'),(220,'8G91yn42aPE0FxLI1PGZSqxB1O9IjuSj','admin@example.com (User ID #7)'),(221,'iVKfldFErAIoS6d4bNxBiTwLXRBjtHXI','admin@example.com (User ID #7)'),(222,'RUW9yhrzGdSa0MJPJVhCoiNTj1RiJ0RP','test@example.com (User ID #8)'),(223,'SUeEW8lOrAUybDWrCOi5YrRhxaJVvKqe','test@example.com (User ID #10)'),(224,'7s8aF52oL15cxk4PkTGcpiAdPN98Ro01','test@example.com (User ID #14)'),(225,'yoQLwqNslvbqhuSLLnLIj9xNXqceLb4h','test@example.com (User ID #15)'),(226,'yfdcrLOhCynYRr5hukATIowhS7V57J0p','admin@example.com (User ID #7)'),(227,'Fad76VE1IqLwzKg1PIFBI08u3WOiZ9e8','test@example.com (User ID #17)'),(228,'q9G0BZGZRuSkatZJlk1M6nlX13IMG4pe','test@example.com (User ID #24)'),(229,'RIojC3OIYQB6otGXzWw1tnMwQGZMem4a','admin@example.com (User ID #7)'),(230,'svNv3hvVuRUpX0fQ1wLkDKWxif9mDrG4','admin@example.com (User ID #7)'),(231,'wKYL12wJzuc7DUuAl8yPK0sYbQM8JBne','admin@example.com (User ID #7)'),(232,'COKJSd4CZ6YU4gEQBOXIUZ4pgosoIBCK','Givi@x-cart.com (User ID #9)'),(233,'PVfeOPz46gefXDiz3ev3vPCBD7E2lhN2','admin@example.com (User ID #7)'),(234,'yl71Xd5KFvQbby2hzbRino14XMP7wu8I','admin@example.com (User ID #7)'),(235,'Y4WlZK9VnuxFYRHALoZbQTKvtQfLGcF5','admin@example.com (User ID #7)'),(236,'BroyLfwFMGmCkucGvch51066KHBlKdb6','admin@example.com (User ID #7)'),(237,'zRRlUyCHjuircVfjm5C3O1cMa6Ob11LZ','givi@x-cart.com (User ID #9)'),(238,'i6ItkSGfX5TucPBAhAlEn1GhadSGyhSJ','admin@example.com (User ID #7)'),(239,'0d6OWXQWU2VMs8N2xV4W8m9nuDgmuDPs','admin@example.com (User ID #7)'),(240,'ftpUILZP1QTO2cCGdZpVAWCd75Pr8cNG','admin@example.com (User ID #7)'),(241,'LGKFCx4ZYSo1tMZ31zLToBXLCsG8KiMR','admin@example.com (User ID #7)'),(242,'go1BDXi5DNfO8wWo20BIICzkj5dTWGDw','admin@example.com (User ID #7)'),(243,'tOWFUBpp12Jw71tlzM07PMNQJvBzTu8e','givi@x-cart.com (User ID #8)'),(244,'bjBUHvcUI3fFQBkOLuycQTaVq4PNG8yD','admin@example.com (User ID #7)'),(245,'rEomHaWuCKlCHPVd3JmDEIRtKf0P3NIT','admin@example.com (User ID #7)');

--
-- Table structure for table `xpay_danger_events`
--

CREATE TABLE `xpay_danger_events` (
  `event_id` int NOT NULL AUTO_INCREMENT,
  `user_id` int NOT NULL DEFAULT '0',
  `timestamp` int NOT NULL DEFAULT '0',
  `event_type` char(3) NOT NULL DEFAULT '',
  PRIMARY KEY (`event_id`),
  KEY `xpay_danger_events_ibfk_1` (`user_id`),
  CONSTRAINT `xpay_danger_events_ibfk_1` FOREIGN KEY (`user_id`) REFERENCES `xpay_profiles` (`user_id`) ON DELETE CASCADE ON UPDATE CASCADE
) ENGINE=InnoDB AUTO_INCREMENT=10 DEFAULT CHARSET=utf8mb3;

--
-- Dumping data for table `xpay_danger_events`
--


--
-- Table structure for table `xpay_email_sent_time`
--

CREATE TABLE `xpay_email_sent_time` (
  `name` char(255) NOT NULL,
  `timestamp` int NOT NULL DEFAULT '0',
  PRIMARY KEY (`name`)
) ENGINE=InnoDB DEFAULT CHARSET=utf8mb3;

--
-- Dumping data for table `xpay_email_sent_time`
--

INSERT INTO `xpay_email_sent_time` (`name`, `timestamp`) VALUES ('HELPDESK_CRON_FAILED',1724973355),('HELPDESK_NO_ACTIVE_CHD_KEYS',1697196656),('LOGGER_DISK_WRITE_ERROR',1651038895);

--
-- Table structure for table `xpay_file_hashs`
--

CREATE TABLE `xpay_file_hashs` (
  `path` varchar(255) CHARACTER SET utf8mb3 COLLATE utf8mb3_bin NOT NULL DEFAULT '',
  `hash` char(32) NOT NULL DEFAULT '',
  PRIMARY KEY (`path`)
) ENGINE=InnoDB DEFAULT CHARSET=utf8mb3;

--
-- Dumping data for table `xpay_file_hashs`
--

INSERT INTO `xpay_file_hashs` (`path`, `hash`) VALUES ('common_js:','c79867795a8c112bdca42e384be32d24'),('css:','7e1fe33a77aee58f53195170fc30c44c'),('js:','1ca4c8b4efc303c953be0c7f70f83cd6'),('payment_common_js:','092f899e810cff186b38b22fa85204d4'),('payment_wallet_js:','8424453b9f2d51d3f44f3d47b1acc416'),('public:blue.css','cd945c10b3a496b2ab97dfe43603f5d2'),('public:blue_inversed.css','33fd63b2fe185ded4aa47b21f6a05e83'),('public:classic.css','7c482d9e6666c4d813c0a233780ecc5d'),('public:coral.css','556918fcbb7ff5a3e22eba67be960798'),('public:default.css','7c482d9e6666c4d813c0a233780ecc5d'),('public:gray.css','e11bb351e50e53cf0a1dba708df11325'),('public:green.css','869268ab2670878e96224a6bec2c4c6a'),('public:legacy.css','7c482d9e6666c4d813c0a233780ecc5d'),('public:orange.css','bccaf031c5e4841982f047e98306d2e2'),('template:blue.html','02f02993991166800aed9e9b2eb1b076'),('template:blue_inversed.html','f10d73b56091f90a814a218f4610e2e7'),('template:classic.html','15ef0fc740fce21b26313140017a45ea'),('template:coral.html','ae7da63065de40e830282ed12ee14f8c'),('template:default.error.html','fd8e91bf781b66ffe843dd9ce29a9928'),('template:default.html','eec9c8674e66903340312672a4f7b5cc'),('template:gray.html','6ec27518229ec2837680acdfba79da68'),('template:green.html','c818dc1db631f50feb0f40f898ac43fb'),('template:labels.csv','d41d8cd98f00b204e9800998ecf8427e'),('template:legacy.html','7f3587715aaadf2c7273c68cb8572699'),('template:orange.html','ffed78f497a27b736bc2cc444a330e13'),('template:outline.html','dc5d9f17fc030f3274532c5f678801e1');

--
-- Table structure for table `xpay_formuid`
--

CREATE TABLE `xpay_formuid` (
  `f_id` int NOT NULL AUTO_INCREMENT,
  `session_id` char(32) NOT NULL DEFAULT '',
  `form_uid` char(128) NOT NULL DEFAULT '',
  PRIMARY KEY (`f_id`),
  KEY `xpay_formuid_1` (`session_id`),
  CONSTRAINT `xpay_formuid_1` FOREIGN KEY (`session_id`) REFERENCES `xpay_sessions` (`session_id`) ON DELETE CASCADE ON UPDATE CASCADE
) ENGINE=InnoDB AUTO_INCREMENT=43778 DEFAULT CHARSET=utf8mb3;

--
-- Dumping data for table `xpay_formuid`
--

INSERT INTO `xpay_formuid` (`f_id`, `session_id`, `form_uid`) VALUES (43577,'92499c8c0869175c227fb62e9bb8670f','b5a9c0b5f1215e1d6de18e823272e277'),(43578,'92499c8c0869175c227fb62e9bb8670f','0b831134e81538dfadaf9dbf350d84f0'),(43579,'92499c8c0869175c227fb62e9bb8670f','385477a50192c6cd4332f1188f20eb0a'),(43580,'92499c8c0869175c227fb62e9bb8670f','a81b5084adb63bbc12bdda342e6ced33'),(43581,'92499c8c0869175c227fb62e9bb8670f','f5b0b6cfb3465bbef6c7ff3aedc10bb6'),(43582,'92499c8c0869175c227fb62e9bb8670f','4bb483878f42a16ed14f9f561347f842'),(43583,'92499c8c0869175c227fb62e9bb8670f','04b5ee92755fc9c978723cf6bb20370a'),(43584,'92499c8c0869175c227fb62e9bb8670f','a89975b7a66e52e607cb6586967de5f8'),(43585,'92499c8c0869175c227fb62e9bb8670f','150548408f34aedf6c0155439b128414'),(43586,'92499c8c0869175c227fb62e9bb8670f','ee8d2f0d1f71c2c532df0c97803afa2b'),(43587,'92499c8c0869175c227fb62e9bb8670f','527d73b8578c02baecabb3ab8a4f46ee'),(43588,'92499c8c0869175c227fb62e9bb8670f','a5abdceaf670a5ea70fa7d6142fa6380'),(43589,'92499c8c0869175c227fb62e9bb8670f','5d935634e8fd98acb97effbfd5eb37cb'),(43590,'92499c8c0869175c227fb62e9bb8670f','42c262f8ffdfff0451569d959fa47694'),(43591,'92499c8c0869175c227fb62e9bb8670f','41e624b6c66aa898a4202ae9158af602'),(43592,'92499c8c0869175c227fb62e9bb8670f','ac0c98defa7abbbc21962867aa5b24e5'),(43593,'92499c8c0869175c227fb62e9bb8670f','e93cf917de002221361c4d03ed372c95'),(43594,'92499c8c0869175c227fb62e9bb8670f','221859c18906ebc7d8dcbae79f44b702'),(43595,'92499c8c0869175c227fb62e9bb8670f','ad2566ef83e8f0dc2c4feeb6cefcf32e'),(43596,'92499c8c0869175c227fb62e9bb8670f','8b2c6a5b9f41c791effc723d655a32a7'),(43597,'92499c8c0869175c227fb62e9bb8670f','84a118cdf5ce145c21fabb200c502983'),(43598,'92499c8c0869175c227fb62e9bb8670f','07dfc68cc716f7112d61eb2c2483b473'),(43599,'92499c8c0869175c227fb62e9bb8670f','d875981f8e083304bd894216f427d645'),(43601,'92499c8c0869175c227fb62e9bb8670f','6bd68fcd729ebe73897dcd844ec64bc9'),(43602,'92499c8c0869175c227fb62e9bb8670f','53a80a321079c69bd5a05839e3aee27a'),(43603,'92499c8c0869175c227fb62e9bb8670f','bd42b5e4285f845e9ef7d95424ec7650'),(43604,'92499c8c0869175c227fb62e9bb8670f','2f4e96325e4eddcc6db323615293fcdf'),(43605,'92499c8c0869175c227fb62e9bb8670f','d04db18a5d7bd8105ccf5a2920b13533'),(43606,'92499c8c0869175c227fb62e9bb8670f','bbad5afeca73e97d9472b38b9652907e'),(43607,'92499c8c0869175c227fb62e9bb8670f','c4d2d4711518f3a1bf6238adfe7fb58d'),(43608,'92499c8c0869175c227fb62e9bb8670f','4f8862af8e739e439302936639fe7a81'),(43609,'92499c8c0869175c227fb62e9bb8670f','833e26af6ca615a5ca0e00d05d2ca2b7'),(43610,'92499c8c0869175c227fb62e9bb8670f','1777f4a7c358ff540210ee72786972a0'),(43611,'92499c8c0869175c227fb62e9bb8670f','25e5c4ebd8c1e3223d8a31a278f0036f'),(43612,'92499c8c0869175c227fb62e9bb8670f','d6ad7dba8bbe268ff25fccb61664d57a'),(43613,'92499c8c0869175c227fb62e9bb8670f','c3cb2b0f132346cb3cecc90464ec2dcc'),(43614,'92499c8c0869175c227fb62e9bb8670f','bc3e06e8fe5a47070d981bd595f52cd5'),(43615,'92499c8c0869175c227fb62e9bb8670f','77e977b03b0647b0490197eb46f80f15'),(43616,'92499c8c0869175c227fb62e9bb8670f','8c7c798e0e911d8c8383b183cfb8f3f5'),(43617,'92499c8c0869175c227fb62e9bb8670f','ef7f7fc13e2f5f4579fefc24e55c9a00'),(43618,'92499c8c0869175c227fb62e9bb8670f','2f08d36cbc483517ec573676e2c14a4e'),(43619,'92499c8c0869175c227fb62e9bb8670f','956a175c6d477849470aaddd7111371b'),(43620,'92499c8c0869175c227fb62e9bb8670f','01917e5704b27703a9d307344fcadb31'),(43621,'92499c8c0869175c227fb62e9bb8670f','19e018c4508fdf3b0eae4e489e68cf12'),(43622,'92499c8c0869175c227fb62e9bb8670f','903ac99c2850815ad1abd7ce4031b8d3'),(43623,'92499c8c0869175c227fb62e9bb8670f','ad9f883740c4e1a8b3025a0ba1f988c4'),(43624,'92499c8c0869175c227fb62e9bb8670f','8dd55d2cbefb386a6d03ea3b16949359'),(43625,'92499c8c0869175c227fb62e9bb8670f','468fc1c4b6fba89b19460db9ef7ca6e0'),(43626,'92499c8c0869175c227fb62e9bb8670f','5d5117dd570e75a57da44cea68ba4fcb'),(43627,'92499c8c0869175c227fb62e9bb8670f','483072390375021f5032069927483ee7'),(43628,'92499c8c0869175c227fb62e9bb8670f','4132eb7715787582ac38c579e79eff25'),(43629,'92499c8c0869175c227fb62e9bb8670f','48e50ae2614a0a29bf2f2581b30efef2'),(43630,'92499c8c0869175c227fb62e9bb8670f','4b9aa00facb1cdd93cc57c3169bd7158'),(43631,'92499c8c0869175c227fb62e9bb8670f','457cf150911ce7e74a39de674b783690'),(43632,'92499c8c0869175c227fb62e9bb8670f','0c83ddf482bda6a90d9af2f0e1752897'),(43633,'92499c8c0869175c227fb62e9bb8670f','d6d86867ea24b04dbd22d78016a0a313'),(43634,'92499c8c0869175c227fb62e9bb8670f','007eae44dcee9ce016e70b2c731dbf67'),(43635,'92499c8c0869175c227fb62e9bb8670f','cf08e061f00c74b7ad49bf2a2fe6c553'),(43636,'92499c8c0869175c227fb62e9bb8670f','8b170cabfc248eb7c947dfad46cbf1f6'),(43637,'92499c8c0869175c227fb62e9bb8670f','0a720e428fd4883d6cf8bff8d1265a6f'),(43638,'92499c8c0869175c227fb62e9bb8670f','e8f3f924f9613304a22f5109f0dfce4e'),(43639,'92499c8c0869175c227fb62e9bb8670f','2c3147476a1373fb5fa756abbd2da4ea'),(43640,'92499c8c0869175c227fb62e9bb8670f','8c6f9fc9cc2827b38f9c01ccb50f5765'),(43641,'92499c8c0869175c227fb62e9bb8670f','6e4d5d0c47694a9b3cf2e794ffc1894f'),(43642,'92499c8c0869175c227fb62e9bb8670f','41eb67b440d02b5a078ff7f496cb28ed'),(43643,'92499c8c0869175c227fb62e9bb8670f','faa0885d886fd8f507dbb5ea188da926'),(43644,'92499c8c0869175c227fb62e9bb8670f','695795ee00a3130bd63ded1fa98c9d05'),(43645,'92499c8c0869175c227fb62e9bb8670f','512154939f5470e420ca59ceb5b3f2b0'),(43646,'92499c8c0869175c227fb62e9bb8670f','02b0727df1e10e5f753170c976ced909'),(43647,'92499c8c0869175c227fb62e9bb8670f','df21690ae4ecd0b5befa13f33d8fa9f9'),(43648,'92499c8c0869175c227fb62e9bb8670f','1bd6b088b6800eee69e6a79e9cbae05b'),(43649,'92499c8c0869175c227fb62e9bb8670f','70bb7a2ba167dd20c7902ac031577c42'),(43650,'92499c8c0869175c227fb62e9bb8670f','b37c4f989fdfc8783d8178f6c05e59bb'),(43651,'92499c8c0869175c227fb62e9bb8670f','f8221293126f6ba489290b71085912e3'),(43652,'92499c8c0869175c227fb62e9bb8670f','412166c31e60c0dd2154b6de13822296'),(43653,'92499c8c0869175c227fb62e9bb8670f','67cdb15a433cd94f3364987c4a795fe8'),(43654,'92499c8c0869175c227fb62e9bb8670f','f57e22802ba859a7844b44623cbb9516'),(43655,'92499c8c0869175c227fb62e9bb8670f','bb3701abc471c1a03a9ef7de825e65aa'),(43656,'92499c8c0869175c227fb62e9bb8670f','43ad0acfe66ab371a8c291dc6bba8699'),(43657,'92499c8c0869175c227fb62e9bb8670f','8de201871dcf9ce704e1f638c10855c4'),(43658,'92499c8c0869175c227fb62e9bb8670f','ddc9cdcb5861b7d1823aaeb86864d2df'),(43659,'92499c8c0869175c227fb62e9bb8670f','c16e10d49aa0f14a4213727745694861'),(43660,'92499c8c0869175c227fb62e9bb8670f','df14ae4d56b87ba37adfba668e4d44eb'),(43661,'92499c8c0869175c227fb62e9bb8670f','f08d26c18ff71438cfd73f86f8719877'),(43662,'92499c8c0869175c227fb62e9bb8670f','58b9ebcc8a165405f1c736e0145c302a'),(43663,'92499c8c0869175c227fb62e9bb8670f','f320d22a37838f15b055a11ca28c6627'),(43664,'92499c8c0869175c227fb62e9bb8670f','bba19ea5de4204fb8ccf42c0eb2ec85a'),(43665,'92499c8c0869175c227fb62e9bb8670f','e6291d4071d985290223724523e2112f'),(43666,'92499c8c0869175c227fb62e9bb8670f','58ff1f98ee7e70d0cee826dfb0f02f9c'),(43667,'92499c8c0869175c227fb62e9bb8670f','0395ec654199cf9ba4db09f82851a853'),(43668,'92499c8c0869175c227fb62e9bb8670f','78ad8e1606e68de13ac5e3322ab24c9a'),(43669,'92499c8c0869175c227fb62e9bb8670f','8a23c5e7ffcad28fe488018556edd5f9'),(43670,'92499c8c0869175c227fb62e9bb8670f','d626dfcb13eaa21e991902e26debb3bf'),(43671,'92499c8c0869175c227fb62e9bb8670f','3ed08bd72b6cb16a725822da12f81e9b'),(43672,'92499c8c0869175c227fb62e9bb8670f','464f9914e2b5e5bdf9e6dc4bb0fd9ac5'),(43673,'92499c8c0869175c227fb62e9bb8670f','9e4c4a1df89c12c6ef64488f56fa3d11'),(43674,'92499c8c0869175c227fb62e9bb8670f','cbe4975e55108b9175ff0ab19a1087f2'),(43675,'92499c8c0869175c227fb62e9bb8670f','9eb76d5ff797da1c44135a3a6e8f8248'),(43676,'92499c8c0869175c227fb62e9bb8670f','0702737eb11bbe424fc0e61431308d8d'),(43677,'92499c8c0869175c227fb62e9bb8670f','7d35bbc3d8ac9a9e6ad4bc8890a0f800'),(43678,'92499c8c0869175c227fb62e9bb8670f','9053bfc88e7fb8580481fd17e21f7f82'),(43679,'92499c8c0869175c227fb62e9bb8670f','d144a682eab650742182b33b1d1a64fb'),(43680,'92499c8c0869175c227fb62e9bb8670f','89fbb5ff1d7f4ea384b2b326938f2496'),(43681,'92499c8c0869175c227fb62e9bb8670f','9b9c7aea7061afc143e8e46055d04fe5'),(43682,'92499c8c0869175c227fb62e9bb8670f','943323c2bf1d391468879a2cbc972d7b'),(43683,'92499c8c0869175c227fb62e9bb8670f','c3d9f4c6518249229eb0b6ebf3a2593b'),(43684,'92499c8c0869175c227fb62e9bb8670f','5c3d4d362c5a418a2f975706d6a5d6f2'),(43685,'92499c8c0869175c227fb62e9bb8670f','d45b1d97852d89ec0a55e3d5c0f9b64b'),(43686,'92499c8c0869175c227fb62e9bb8670f','40f1bb170252e42b18a58afdc70e9f0d'),(43687,'92499c8c0869175c227fb62e9bb8670f','979e92acf8ed6a280fae37c30b806633'),(43688,'92499c8c0869175c227fb62e9bb8670f','aba2c0a4461c0305c5bf70ab24503f04'),(43689,'92499c8c0869175c227fb62e9bb8670f','0cffcd688ac343d11d9acf28a0a49227'),(43690,'92499c8c0869175c227fb62e9bb8670f','6a4cb298f24e447d9397dc792bd154d7'),(43691,'92499c8c0869175c227fb62e9bb8670f','2584b9eda85701085a51c93542d03aa2'),(43692,'92499c8c0869175c227fb62e9bb8670f','3a9dfa9d274ee1112b110f6647ada019'),(43693,'92499c8c0869175c227fb62e9bb8670f','a0ed25daa84fb953a0d2bb874c646487'),(43694,'92499c8c0869175c227fb62e9bb8670f','0038dc768190a459f01c333e09faf7ab'),(43695,'92499c8c0869175c227fb62e9bb8670f','bd32cd7951d26b4f925c9eba375a1b36'),(43696,'92499c8c0869175c227fb62e9bb8670f','32ebef7b1eb1705ca0770e21c9b29e33'),(43697,'92499c8c0869175c227fb62e9bb8670f','378d3f1131e766da0fcb1e00b3511f3a'),(43698,'92499c8c0869175c227fb62e9bb8670f','dc592ca239f0d87791deaa4ef8f5b71c'),(43699,'92499c8c0869175c227fb62e9bb8670f','ca4f0b8c5673cea889918387779ff4d3'),(43700,'92499c8c0869175c227fb62e9bb8670f','d7e76e07367eb9615c7d6ca86fa32934'),(43701,'92499c8c0869175c227fb62e9bb8670f','dd6290584ebb46391c9acff127b86563'),(43702,'92499c8c0869175c227fb62e9bb8670f','7d2bcd5bc428cc4002dd6fec90055108'),(43703,'92499c8c0869175c227fb62e9bb8670f','9ef54aef4fc7a042562337dfda4cb567'),(43704,'92499c8c0869175c227fb62e9bb8670f','d468950176d673e754e31862d4a3e32a'),(43705,'92499c8c0869175c227fb62e9bb8670f','719a1c61d2f515b241d2647d17358cd6'),(43706,'92499c8c0869175c227fb62e9bb8670f','d8a239b77105aff88eca09b81ef60e8f'),(43707,'92499c8c0869175c227fb62e9bb8670f','ea3b3aa67b7380a58718764afc46815b'),(43708,'92499c8c0869175c227fb62e9bb8670f','6651a3a1b2122731e45d4faa23015842'),(43709,'92499c8c0869175c227fb62e9bb8670f','b647ae767218584031a12c0d29489c8c'),(43710,'92499c8c0869175c227fb62e9bb8670f','97aa0b83719c0d0a0b7b414115031828'),(43711,'92499c8c0869175c227fb62e9bb8670f','b99d844218dc7f20a738313ab24705da'),(43712,'92499c8c0869175c227fb62e9bb8670f','61261dd6e84266b9a1e285df01b36957'),(43713,'92499c8c0869175c227fb62e9bb8670f','d6111a2583f98dee2677416c8dba6915'),(43714,'92499c8c0869175c227fb62e9bb8670f','f88dde90cad0f5f97a12828a3de4ebae'),(43715,'92499c8c0869175c227fb62e9bb8670f','46c01a574755fba46b9a812c7e80cd81'),(43716,'92499c8c0869175c227fb62e9bb8670f','27f7e3d8e377345cbb1feabdd363f830'),(43717,'92499c8c0869175c227fb62e9bb8670f','408b16d47d39da2520e5f22c4042f79b'),(43718,'92499c8c0869175c227fb62e9bb8670f','845fff9863f35c3fb680c757dc64dc3b'),(43719,'92499c8c0869175c227fb62e9bb8670f','f751419d2906f9408463d0f2dd356039'),(43720,'92499c8c0869175c227fb62e9bb8670f','dcc8eeae38bcdf1f1d8ed43a9caef6cc'),(43721,'92499c8c0869175c227fb62e9bb8670f','a033fc5351b9257c2412e294abc26391'),(43722,'92499c8c0869175c227fb62e9bb8670f','fb148af1d7f81de65afd6e55d507b9d8'),(43723,'92499c8c0869175c227fb62e9bb8670f','8e56a0bbf8a224bdb22f24a1409b7ab5'),(43724,'92499c8c0869175c227fb62e9bb8670f','a04301bae70e1a56b4d5ccc0169bd805'),(43725,'92499c8c0869175c227fb62e9bb8670f','25c1138e29c9bce6b5f6908f8464cc41'),(43726,'92499c8c0869175c227fb62e9bb8670f','4aa55d497e37439a650a4b1e64ede46e'),(43727,'92499c8c0869175c227fb62e9bb8670f','5e1ccac2f7fc74a1eec7754094c6c8c4'),(43728,'92499c8c0869175c227fb62e9bb8670f','b367b164702666818997b4dc95a6f739'),(43729,'92499c8c0869175c227fb62e9bb8670f','4b94d9e19718811d7b0b1f95df669578'),(43730,'92499c8c0869175c227fb62e9bb8670f','fc9dc56c40bbad9fd7701c5ca2fa2949'),(43731,'92499c8c0869175c227fb62e9bb8670f','50f4f5235b9e3a6f3b20f5f7212cb281'),(43732,'92499c8c0869175c227fb62e9bb8670f','b9f9567b22ede8ec9e850702535203f0'),(43733,'92499c8c0869175c227fb62e9bb8670f','bcffe48f39d35e85130068ce4673839b'),(43734,'92499c8c0869175c227fb62e9bb8670f','e57d097679427faa4277f342098b1ba9'),(43735,'92499c8c0869175c227fb62e9bb8670f','3af96076cd089ccd5395448a60c43f16'),(43736,'92499c8c0869175c227fb62e9bb8670f','8b73f18d632c576ee89c1b1e92979211'),(43737,'92499c8c0869175c227fb62e9bb8670f','e5ab9a509e9830aa743dec807640e7c6'),(43738,'92499c8c0869175c227fb62e9bb8670f','a66e28e44348067fa52eca6552f87973'),(43739,'92499c8c0869175c227fb62e9bb8670f','d98a939dc3850162efedbd3ca8287b5d'),(43740,'92499c8c0869175c227fb62e9bb8670f','693a2509cf93756f905437dd1fb284b0'),(43741,'92499c8c0869175c227fb62e9bb8670f','40531e63e0aee7042da2fbd5c47d101c'),(43742,'92499c8c0869175c227fb62e9bb8670f','77cadf0d16318096d900dd10bf9be8be'),(43743,'92499c8c0869175c227fb62e9bb8670f','066f88e7750b43eb21d561b1035c770f'),(43744,'92499c8c0869175c227fb62e9bb8670f','d4e5175ba691150d582a8abb4cfead63'),(43745,'92499c8c0869175c227fb62e9bb8670f','32e3601291d6f9dbe211e89c501df080'),(43746,'92499c8c0869175c227fb62e9bb8670f','865bd3f0efab856e83ff9ff20a4ec79f'),(43747,'92499c8c0869175c227fb62e9bb8670f','d224c5881f48b9f65ea1ae19a1a86154'),(43748,'92499c8c0869175c227fb62e9bb8670f','1b6ab8e8bb9f3ac043b7f05b6bf2aff6'),(43749,'92499c8c0869175c227fb62e9bb8670f','1f91fd74e966c9f854b589b65e12d6d3'),(43750,'92499c8c0869175c227fb62e9bb8670f','ea0850d8aeb39b2daab1e6f0d559e6fa'),(43751,'92499c8c0869175c227fb62e9bb8670f','cf7526b6e268701a6b21aaa59a312749'),(43752,'92499c8c0869175c227fb62e9bb8670f','3446f55877a433b4505b7c6ed4e3f157'),(43753,'92499c8c0869175c227fb62e9bb8670f','946a51f948c4b31399d967eef043de73'),(43754,'92499c8c0869175c227fb62e9bb8670f','8afbfd0ffc194149c76915ea09a3a531'),(43755,'92499c8c0869175c227fb62e9bb8670f','4e3334da54db47684e22de78c6d06fc4'),(43756,'92499c8c0869175c227fb62e9bb8670f','7c4bd420c8cc7ab4f794b375510b0f7d'),(43757,'92499c8c0869175c227fb62e9bb8670f','a458f703174f4545e92e896ee8419c5e'),(43758,'92499c8c0869175c227fb62e9bb8670f','492f7d12f89e50c768c12dada855564b'),(43759,'92499c8c0869175c227fb62e9bb8670f','66776a3455fa139e878764b8bb244459'),(43760,'92499c8c0869175c227fb62e9bb8670f','9ed5b59a94cc110c2e9dcad9732f3a5d'),(43761,'92499c8c0869175c227fb62e9bb8670f','bf1ab1030bc5d9bd91632a2f46226c13'),(43762,'92499c8c0869175c227fb62e9bb8670f','cafcb1c769a2c3b75e986854b3f2990f'),(43763,'92499c8c0869175c227fb62e9bb8670f','16acd73a3114976287418bd4a315b8a3'),(43764,'92499c8c0869175c227fb62e9bb8670f','c3a19963ba9d8eb4d4fc40db1ff9e7fd'),(43765,'92499c8c0869175c227fb62e9bb8670f','776842a04a4bd69875852e4e6fded1f4'),(43766,'92499c8c0869175c227fb62e9bb8670f','cbac82a3e4a06df422ca7765c9beddf4'),(43767,'92499c8c0869175c227fb62e9bb8670f','11dfe7781ccb77a3d845ee1cdb5f7c7d'),(43768,'92499c8c0869175c227fb62e9bb8670f','35f17ad685063cf74b4708344ff70460'),(43769,'92499c8c0869175c227fb62e9bb8670f','5f57c6f4872ea5dc34f3bbcbb7ed5fd1'),(43770,'92499c8c0869175c227fb62e9bb8670f','03c83d6d9fa0cb6b52503379c7d32dc1'),(43771,'92499c8c0869175c227fb62e9bb8670f','9e3f90f56cd3458f740ea3d657c895a3'),(43772,'92499c8c0869175c227fb62e9bb8670f','190ddd9d06ccf2331993d760a2718ebc'),(43773,'92499c8c0869175c227fb62e9bb8670f','6a70b93f138b7cfcea807885f506d60b'),(43774,'92499c8c0869175c227fb62e9bb8670f','e1597a567605fd48d5c2b07b739e4a16'),(43775,'92499c8c0869175c227fb62e9bb8670f','680e4b35cc0d798ce0ad7f7641cca1b7'),(43776,'92499c8c0869175c227fb62e9bb8670f','3e29e0a2d3ddeac8a06a8b6e7830e734'),(43777,'92499c8c0869175c227fb62e9bb8670f','29416d3136f18e7c87fa2cbca0d2f2e8');

--
-- Table structure for table `xpay_google_auth_used_codes`
--

CREATE TABLE `xpay_google_auth_used_codes` (
  `user_id` int NOT NULL DEFAULT '0',
  `code` varchar(64) NOT NULL DEFAULT '',
  `used_time` int NOT NULL DEFAULT '0',
  PRIMARY KEY (`user_id`,`code`),
  CONSTRAINT `xpay_google_auth_used_codes_ibfk_1` FOREIGN KEY (`user_id`) REFERENCES `xpay_profiles` (`user_id`) ON DELETE CASCADE ON UPDATE CASCADE
) ENGINE=InnoDB DEFAULT CHARSET=utf8mb3;

--
-- Dumping data for table `xpay_google_auth_used_codes`
--

INSERT INTO `xpay_google_auth_used_codes` (`user_id`, `code`, `used_time`) VALUES (1,'0a67b1fcf785ac89bff2cfd7582a2044',1697199900),(1,'122c9eca4e3a593201ea4da4c95ce6e2',1697180993),(1,'168ea1a99d8e9b9932d9d2bc0e1e09bc',1722326422),(1,'1a643fab7afef5a00b65080b58f09c78',1722932107),(1,'1b7e1ffbefb0c9b821e815692ec2650d',1724156076),(1,'1bb9a08e1360dea0bd0f805a75cb5611',1718971230),(1,'1cf57e6e9f2b390b5da67d402a5adc01',1697182906),(1,'1d1fb8202d9bed3770cb765e36099c03',1697196338),(1,'1e65237ff6f4be622339418d243466c8',1724351979),(1,'22013725affadc3bfb569fc228d528ed',1719907692),(1,'2677d132d625915b2b5e006c86f4f40a',1723788782),(1,'2bd7d191e64b36d01be8f0dfd079db6d',1697142089),(1,'2f72e1df97d6f926c1445797a2ff93aa',1719341198),(1,'2f838c32689dc6b1a5ec90cf99f39859',1697528005),(1,'33440d006dd54a72f28c7ccf7fceeed6',1724973354),(1,'3539df13ea7b1e68e466536e386b9c20',1719910535),(1,'38f4d7177fe3e965f117ae175296481a',1725023399),(1,'3a2ed169836daad3c7111b4bd9bba98e',1724150036),(1,'4c33af538bef24ccd7b463f36197a5e9',1697727543),(1,'4f1f39c107f3b521ec8cabe2d574a36c',1725006854),(1,'5121044c88af95d985493f47546f8270',1719260058),(1,'5165bd4eb20ab3def43cf76c2c2d9eaf',1723096153),(1,'5248765360736ae8441f99d06c168ea8',1724144536),(1,'5918f8325e042ac3280f1f0d77b55e3e',1722916450),(1,'5b2cc96146276d79487ae78c6273920e',1722321179),(1,'690d424d0da24b3f194fc60c27f1eb94',1717749716),(1,'6ce27b524e665fc51fb541602aa99470',1697205700),(1,'6ea63705ad554927c532ad6aa853b9f4',1719320704),(1,'70bbfbf134168b0bb2803d50b1bdd469',1722973768),(1,'72208e31c910e15aef1dc8f8d715df87',1722258036),(1,'75fff07f6b67026e71b52769f19087c2',1719836462),(1,'76a9f67ca2981b40dd6fb2491286b9e9',1697177176),(1,'7b8ce0a081d9ccda7626927c5eec42d2',1697644070),(1,'83c24f2e8bafb7fa55c17ef12ac1420c',1725342093),(1,'8997660df75ee56c52418b6e26256140',1723027739),(1,'90d1f85aacc4b89d153793d571700a94',1719304769),(1,'989ac05c759031f602297765445e897a',1724961951),(1,'a58f0774f7f0406ef9251c79457d1507',1709013529),(1,'a78bfc22a3a7dbe7153a36a761eaab7c',1723056328),(1,'a7d0827be16c3bc190433bab60fe0d04',1723036335),(1,'b02d2589a31a3329555c3709ebcae7aa',1697482480),(1,'b6d56f451b429b1b4f1763e8ca874c26',1719920536),(1,'baeb76be26746bd40df3e5e8b974e575',1719926257),(1,'bb1ff57234377dd62ad5241f832c6652',1698183249),(1,'bbee19f4c84c8cd6c8ba8392db7c9b36',1724303515),(1,'bc987834dde126e573952dbb79ccb070',1697126776),(1,'bfd93a6f0b04114face4bb6d089a9e8d',1722934303),(1,'c97dcb98fccb272a82a66d4cbe762f73',1724141919),(1,'cbeeaac6a27628312c191ef02ae24647',1719908865),(1,'d020ca9cd13ca95c6317914a5a7a5f0e',1719343906),(1,'d447e8d0345473fa625813546bccc592',1717704894),(1,'d56d1542bc8278e7bbaac31041f6a873',1698068111),(1,'def03a37e214c317b3ec9508e2eab0ad',1723625299),(1,'f0938e59a51374405ee8483e6d3cadda',1723011279),(1,'f1548188b016b24811963928e18f1799',1711986931),(1,'f1714df9310c1457ddf687c0525f15d4',1717615173),(1,'f19b820747b6e378c482b9a9885d6f70',1697714939),(1,'f49ac9cbf8e0fdd0eb00f145a8edebaa',1697203483),(1,'f5e9400a0f8a48c6cdf753c7253335f4',1697714838),(1,'f866196819753e4792c4d8593b397eef',1697714398),(1,'fa8e5e90b1c78bc465854f0ba89097ba',1723028632);

--
-- Table structure for table `xpay_hosted_params`
--

CREATE TABLE `xpay_hosted_params` (
  `name` char(64) NOT NULL,
  `value` text NOT NULL,
  PRIMARY KEY (`name`)
) ENGINE=InnoDB DEFAULT CHARSET=utf8mb3;

--
-- Dumping data for table `xpay_hosted_params`
--

INSERT INTO `xpay_hosted_params` (`name`, `value`) VALUES ('action_login','Y'),('action_payment_processed','Y'),('action_setup_pconf','Y'),('disk_warning','0'),('limit_notified_threshold','-1'),('limit_payments_counter','21'),('limit_period_expire','1731787200'),('plan_expired','0'),('traffic_warning','');

--
-- Table structure for table `xpay_languages`
--

CREATE TABLE `xpay_languages` (
  `code` char(2) NOT NULL DEFAULT '',
  `code3` char(3) NOT NULL DEFAULT '',
  `language` varchar(128) NOT NULL DEFAULT '',
  PRIMARY KEY (`code`),
  UNIQUE KEY `code3` (`code3`)
) ENGINE=InnoDB DEFAULT CHARSET=utf8mb3;

--
-- Dumping data for table `xpay_languages`
--

INSERT INTO `xpay_languages` (`code`, `code3`, `language`) VALUES ('aa','aar','Afar'),('ab','abk','Abkhazian'),('ae','ave','Avestan'),('af','afr','Afrikaans'),('ak','aka','Akan'),('am','amh','Amharic'),('an','arg','Aragonese'),('ar','ara','Arabic'),('as','asm','Assamese'),('av','ava','Avaric'),('ay','aym','Aymara'),('az','aze','Azerbaijani'),('ba','bak','Bashkir'),('be','bel','Belarusian'),('bg','bul','Bulgarian'),('bh','bih','Bihari'),('bi','bis','Bislama'),('bm','bam','Bambara'),('bn','ben','Bengali'),('bo','tib','Tibetan'),('br','bre','Breton'),('bs','bos','Bosnian'),('ca','cat','Catalan'),('ce','che','Chechen'),('ch','cha','Chamorro'),('co','cos','Corsican'),('cr','cre','Cree'),('cs','cze','Czech'),('cu','chu','Church Slavic'),('cv','chv','Chuvash'),('cy','wel','Welsh'),('da','dan','Danish'),('de','ger','German'),('dv','div','Divehi'),('dz','dzo','Dzongkha'),('ee','ewe','Ewe'),('el','gre','Greek'),('en','eng','English'),('eo','epo','Esperanto'),('es','spa','Spanish'),('et','est','Estonian'),('eu','baq','Basque'),('fa','per','Persian'),('ff','ful','Fulah'),('fi','fin','Finnish'),('fj','fij','Fijian'),('fo','fao','Faroese'),('fr','fre','French'),('fy','fry','Western Frisian'),('ga','gle','Irish'),('gd','gla','Gaelic'),('gl','glg','Galician'),('gn','grn','Guarani'),('gu','guj','Gujarati'),('gv','glv','Manx'),('ha','hau','Hausa'),('he','heb','Hebrew'),('hi','hin','Hindi'),('ho','hmo','Hiri Motu'),('hr','hrv','Croatian'),('ht','hat','Haitian'),('hu','hun','Hungarian'),('hy','arm','Armenian'),('hz','her','Herero'),('ia','ina','Interlingua'),('id','ind','Indonesian'),('ie','ile','Interlingue'),('ig','ibo','Igbo'),('ii','iii','Sichuan Yi'),('ik','ipk','Inupiaq'),('io','ido','Ido'),('is','ice','Icelandic'),('it','ita','Italian'),('iu','iku','Inuktitut'),('ja','jpn','Japanese'),('jv','jav','Javanese'),('ka','geo','Georgian'),('kg','kon','Kongo'),('ki','kik','Kikuyu'),('kj','kua','Kuanyama'),('kk','kaz','Kazakh'),('kl','kal','Kalaallisut'),('km','khm','Central Khmer'),('kn','kan','Kannada'),('ko','kor','Korean'),('kr','kau','Kanuri'),('ks','kas','Kashmiri'),('ku','kur','Kurdish'),('kv','kom','Komi'),('kw','cor','Cornish'),('ky','kir','Kirghiz'),('la','lat','Latin'),('lb','ltz','Luxembourgish'),('lg','lug','Ganda'),('li','lim','Limburgan'),('ln','lin','Lingala'),('lo','lao','Lao'),('lt','lit','Lithuanian'),('lu','lub','Luba-Katanga'),('lv','lav','Latvian'),('mg','mlg','Malagasy'),('mh','mah','Marshallese'),('mi','mao','Maori'),('mk','mac','Macedonian'),('ml','mal','Malayalam'),('mn','mon','Mongolian'),('mr','mar','Marathi'),('ms','may','Malay'),('mt','mlt','Maltese'),('my','bur','Burmese'),('na','nau','Nauru'),('nd','nde','Ndebele, North'),('ne','nep','Nepali'),('ng','ndo','Ndonga'),('nl','dut','Dutch'),('no','nor','Norwegian'),('nr','nbl','Ndebele, South'),('nv','nav','Navajo'),('ny','nya','Chichewa'),('oc','oci','Occitan'),('oj','oji','Ojibwa'),('om','orm','Oromo'),('or','ori','Oriya'),('os','oss','Ossetian'),('pa','pan','Panjabi'),('pi','pli','Pali'),('pl','pol','Polish'),('ps','pus','Pushto'),('pt','por','Portuguese'),('qu','que','Quechua'),('rm','roh','Romansh'),('rn','run','Rundi'),('ro','rum','Romanian'),('ru','rus','Russian'),('rw','kin','Kinyarwanda'),('sa','san','Sanskrit'),('sc','srd','Sardinian'),('sd','snd','Sindhi'),('se','sme','Northern Sami'),('sg','sag','Sango'),('si','sin','Sinhala'),('sk','slo','Slovak'),('sl','slv','Slovenian'),('sm','smo','Samoan'),('sn','sna','Shona'),('so','som','Somali'),('sq','alb','Albanian'),('sr','srp','Serbian'),('ss','ssw','Swati'),('st','sot','Sotho, Southern'),('su','sun','Sundanese'),('sv','swe','Swedish'),('sw','swa','Swahili'),('ta','tam','Tamil'),('te','tel','Telugu'),('tg','tgk','Tajik'),('th','tha','Thai'),('ti','tir','Tigrinya'),('tk','tuk','Turkmen'),('tl','tgl','Tagalog'),('tn','tsn','Tswana'),('to','ton','Tonga'),('tr','tur','Turkish'),('ts','tso','Tsonga'),('tt','tat','Tatar'),('tw','twi','Twi'),('ty','tah','Tahitian'),('ug','uig','Uighur'),('uk','ukr','Ukrainian'),('ur','urd','Urdu'),('uz','uzb','Uzbek'),('ve','ven','Venda'),('vi','vie','Vietnamese'),('vo','vol','Volap&uuml;k'),('wa','wln','Walloon'),('wo','wol','Wolof'),('xh','xho','Xhosa'),('yi','yid','Yiddish'),('yo','yor','Yoruba'),('za','zha','Zhuang'),('zh','chi','Chinese'),('zu','zul','Zulu');

--
-- Table structure for table `xpay_masked_card_data`
--

CREATE TABLE `xpay_masked_card_data` (
  `payment_id` int NOT NULL DEFAULT '0',
  `first6` char(6) NOT NULL DEFAULT '',
  `last4` char(4) NOT NULL DEFAULT '',
  `type` char(16) NOT NULL DEFAULT '',
  `expire_month` char(2) NOT NULL DEFAULT '',
  `expire_year` char(4) NOT NULL DEFAULT '',
  `cardholder_name` varchar(255) NOT NULL DEFAULT '',
  PRIMARY KEY (`payment_id`),
  KEY `payment_id` (`payment_id`),
  CONSTRAINT `xpay_payment_mkd_ibfk_1` FOREIGN KEY (`payment_id`) REFERENCES `xpay_payments` (`payment_id`) ON DELETE CASCADE ON UPDATE CASCADE
) ENGINE=InnoDB DEFAULT CHARSET=utf8mb3;

--
-- Dumping data for table `xpay_masked_card_data`
--

INSERT INTO `xpay_masked_card_data` (`payment_id`, `first6`, `last4`, `type`, `expire_month`, `expire_year`, `cardholder_name`) VALUES (1,'426397','5262','VISA','12','2022',''),(2,'422200','4235','VISA','12','2022',''),(11,'426397','5262','VISA','12','2022',''),(15,'401200','8884','VISA','12','2022',''),(16,'492900','0006','VISA','12','2022',''),(17,'492900','0006','VISA','12','2023',''),(18,'492900','0006','VISA','12','2022',''),(19,'492900','0006','VISA','12','2022',''),(20,'492900','0006','VISA','12','2022',''),(25,'492900','0006','VISA','12','2022',''),(26,'411111','1111','VISA','12','2026',''),(28,'426397','5262','VISA','12','2022',''),(29,'422200','4235','VISA','12','2022',''),(34,'401200','8884','VISA','12','2022',''),(35,'426397','5262','VISA','12','2022',''),(36,'401200','8884','VISA','12','2022',''),(37,'411111','1111','VISA','12','2022',''),(38,'411111','1111','VISA','12','2022',''),(39,'411111','1111','VISA','12','2022',''),(40,'411111','1111','VISA','12','2022',''),(41,'411111','1111','VISA','12','2022',''),(42,'426397','5262','VISA','01','2023',''),(43,'426397','5262','VISA','01','2023',''),(44,'401200','8884','VISA','01','2023',''),(45,'401200','8884','VISA','01','2023',''),(46,'411111','1111','VISA','01','2023',''),(47,'411111','1111','VISA','01','2023',''),(48,'411111','1111','VISA','12','2022',''),(49,'411111','1111','VISA','12','2022',''),(50,'411111','1111','VISA','12','2022',''),(51,'411111','1111','VISA','12','2022',''),(52,'100000','0008','VISA','01','2023',''),(53,'100000','0008','VISA','02','2023',''),(54,'411111','1111','VISA','12','2026',''),(55,'411111','1111','VISA','12','2026',''),(56,'411111','1111','VISA','12','2026',''),(57,'411111','1111','VISA','12','2026',''),(58,'411111','1111','VISA','02','2022',''),(59,'481852','9009','VISA','12','2023',''),(60,'481852','9009','VISA','12','2023',''),(61,'481852','9009','VISA','12','2023',''),(62,'481852','9009','VISA','12','2023',''),(63,'481852','9009','VISA','12','2023',''),(64,'481852','9009','VISA','12','2023',''),(65,'411111','1111','VISA','12','2022',''),(66,'411111','1111','VISA','12','2022',''),(68,'520000','0007','MC','01','2023',''),(71,'520000','0007','MC','01','2023',''),(72,'520000','0007','MC','01','2023',''),(74,'520000','0007','MC','12','2023',''),(75,'411111','1111','VISA','12','2022',''),(76,'411111','1111','VISA','12','2023',''),(77,'411111','1111','VISA','12','2023',''),(78,'411111','1111','VISA','12','2023',''),(79,'411111','1111','VISA','12','2023',''),(80,'414116','4978','VISA','01','2023',''),(81,'414116','4978','VISA','01','2023',''),(82,'411111','1111','VISA','12','2022',''),(83,'411111','1111','VISA','12','2022',''),(84,'411111','1111','VISA','12','2022',''),(85,'411111','1111','VISA','12','2022',''),(86,'411111','1111','VISA','12','2022',''),(87,'411111','1111','VISA','12','2022',''),(88,'411111','1111','VISA','12','2022',''),(89,'411111','1111','VISA','12','2022',''),(90,'411111','1111','VISA','12','2022',''),(91,'411111','1111','VISA','12','2022',''),(93,'411111','1111','VISA','12','2027',''),(94,'411111','1111','VISA','12','2027',''),(95,'411111','1111','VISA','12','2027',''),(96,'411111','1111','VISA','12','2027',''),(97,'481852','9009','VISA','12','2023',''),(98,'481852','9009','VISA','12','2023',''),(99,'481852','9009','VISA','12','2023',''),(100,'520000','0007','MC','01','2023',''),(101,'400000','0002','VISA','01','2023',''),(102,'520000','0908','MC','01','2023',''),(103,'400099','0004','VISA','01','2023',''),(104,'411111','1111','VISA','12','2022',''),(105,'411111','1111','VISA','12','2022',''),(106,'411111','1111','VISA','12','2022',''),(107,'411111','1111','VISA','12','2022',''),(108,'411111','1111','VISA','12','2027',''),(109,'411111','1111','VISA','12','2027',''),(110,'411111','1111','VISA','12','2022',''),(111,'411111','1111','VISA','12','2022',''),(112,'411111','1111','VISA','12','2022',''),(113,'411111','1111','VISA','12','2022',''),(114,'411111','1111','VISA','12','2022',''),(115,'411111','1111','VISA','12','2022',''),(116,'411111','1111','VISA','12','2022',''),(117,'411111','1111','VISA','12','2022',''),(118,'411111','1111','VISA','12','2027',''),(119,'411111','1111','VISA','12','2027',''),(120,'411111','1111','VISA','12','2027',''),(121,'411111','1111','VISA','12','2027',''),(122,'411111','1111','VISA','12','2027',''),(123,'411111','1111','VISA','12','2022',''),(124,'411111','1111','VISA','12','2022',''),(125,'411111','1111','VISA','12','2022',''),(126,'411111','1111','VISA','12','2022',''),(127,'411111','1111','VISA','12','2022',''),(128,'411111','1111','VISA','12','2022',''),(129,'411111','1111','VISA','12','2023',''),(130,'411111','1111','VISA','12','2022',''),(131,'411111','1111','VISA','01','2024',''),(132,'411111','1111','VISA','01','2024',''),(133,'411111','1111','VISA','01','2024',''),(134,'411111','1111','VISA','01','2024',''),(135,'411111','1111','VISA','01','2024',''),(136,'411111','1111','VISA','01','2024',''),(137,'411111','1111','VISA','01','2024',''),(138,'411111','1111','VISA','01','2024',''),(139,'411111','1111','VISA','01','2024',''),(140,'411111','1111','VISA','01','2024',''),(141,'411111','1111','VISA','01','2024',''),(142,'411111','1111','VISA','01','2024',''),(143,'411111','1111','VISA','01','2024',''),(144,'411111','1111','VISA','01','2024',''),(145,'411111','1111','VISA','01','2024',''),(146,'411111','1111','VISA','01','2024',''),(147,'411111','1111','VISA','01','2024',''),(148,'411111','1111','VISA','01','2024',''),(149,'411111','1111','VISA','01','2024',''),(150,'411111','1111','VISA','01','2024',''),(151,'411111','1111','VISA','01','2024',''),(152,'411111','1111','VISA','01','2024',''),(153,'411111','1111','VISA','01','2024',''),(154,'411111','1111','VISA','01','2024',''),(155,'411111','1111','VISA','01','2024',''),(156,'411111','1111','VISA','01','2024',''),(157,'411111','1111','VISA','01','2024',''),(158,'411111','1111','VISA','01','2024',''),(159,'411111','1111','VISA','01','2024',''),(160,'411111','1111','VISA','01','2024',''),(161,'411111','1111','VISA','01','2024',''),(162,'411111','1111','VISA','01','2024',''),(163,'411111','1111','VISA','01','2024',''),(164,'411111','1111','VISA','01','2024',''),(165,'411111','1111','VISA','01','2024',''),(166,'411111','1111','VISA','01','2024',''),(167,'411111','1111','VISA','01','2024',''),(168,'411111','1111','VISA','01','2024',''),(169,'411111','1111','VISA','01','2024',''),(170,'411111','1111','VISA','01','2024',''),(171,'411111','1111','VISA','01','2024',''),(172,'411111','1111','VISA','01','2024',''),(173,'411111','1111','VISA','01','2024',''),(174,'411111','1111','VISA','01','2024',''),(175,'411111','1111','VISA','01','2024',''),(176,'411111','1111','VISA','01','2024',''),(177,'411111','1111','VISA','01','2024',''),(178,'411111','1111','VISA','01','2024',''),(179,'411111','1111','VISA','01','2024',''),(180,'411111','1111','VISA','01','2024',''),(181,'411111','1111','VISA','01','2024',''),(182,'411111','1111','VISA','01','2024',''),(183,'411111','1111','VISA','01','2024',''),(184,'411111','1111','VISA','01','2024',''),(185,'411111','1111','VISA','01','2024',''),(186,'411111','1111','VISA','01','2024',''),(187,'411111','1111','VISA','01','2024',''),(188,'411111','1111','VISA','01','2024',''),(189,'411111','1111','VISA','01','2024',''),(190,'411111','1111','VISA','01','2024',''),(191,'411111','1111','VISA','01','2024',''),(192,'411111','1111','VISA','12','2022',''),(193,'469395','8411','VISA','09','2022',''),(194,'521324','4768','MC','09','2023',''),(195,'524614','2340','MC','08','2023',''),(196,'411111','1111','VISA','01','2024',''),(197,'411111','1111','VISA','01','2024',''),(198,'411111','1111','VISA','01','2024',''),(199,'411111','1111','VISA','01','2024',''),(200,'411111','1111','VISA','01','2024',''),(201,'411111','1111','VISA','01','2024',''),(202,'411111','1111','VISA','01','2024',''),(203,'411111','1111','VISA','01','2024',''),(204,'411111','1111','VISA','01','2024',''),(205,'411111','1111','VISA','01','2024',''),(206,'411111','1111','VISA','01','2024',''),(207,'411111','1111','VISA','01','2024',''),(208,'411111','1111','VISA','01','2024',''),(209,'411111','1111','VISA','01','2024',''),(210,'411111','1111','VISA','01','2024',''),(211,'411111','1111','VISA','01','2024',''),(212,'411111','1111','VISA','01','2024',''),(213,'411111','1111','VISA','01','2024',''),(214,'411111','1111','VISA','01','2024',''),(215,'411111','1111','VISA','01','2024',''),(216,'411111','1111','VISA','01','2024',''),(217,'411111','1111','VISA','01','2024',''),(218,'411111','1111','VISA','01','2024',''),(219,'411111','1111','VISA','01','2024',''),(220,'411111','1111','VISA','01','2024',''),(221,'411111','1111','VISA','01','2024',''),(222,'411111','1111','VISA','01','2024',''),(223,'411111','1111','VISA','01','2024',''),(224,'411111','1111','VISA','01','2024',''),(225,'411111','1111','VISA','01','2024',''),(226,'411111','1111','VISA','01','2024',''),(227,'411111','1111','VISA','01','2024',''),(228,'411111','1111','VISA','01','2024',''),(229,'411111','1111','VISA','01','2024',''),(230,'411111','1111','VISA','01','2024',''),(231,'411111','1111','VISA','01','2024',''),(232,'411111','1111','VISA','01','2024',''),(233,'411111','1111','VISA','01','2024',''),(234,'411111','1111','VISA','01','2024',''),(235,'411111','1111','VISA','01','2024',''),(236,'411111','1111','VISA','01','2024',''),(237,'411111','1111','VISA','01','2024',''),(238,'411111','1111','VISA','01','2024',''),(239,'411111','1111','VISA','01','2024',''),(240,'411111','1111','VISA','01','2024',''),(241,'411111','1111','VISA','01','2024',''),(242,'411111','1111','VISA','01','2024',''),(243,'411111','1111','VISA','01','2024',''),(244,'411111','1111','VISA','01','2024',''),(245,'411111','1111','VISA','01','2024',''),(246,'411111','1111','VISA','01','2024',''),(247,'411111','1111','VISA','01','2024',''),(248,'411111','1111','VISA','01','2024',''),(249,'411111','1111','VISA','01','2024',''),(250,'411111','1111','VISA','01','2024',''),(251,'411111','1111','VISA','01','2024',''),(252,'411111','1111','VISA','01','2024',''),(253,'411111','1111','VISA','01','2024',''),(254,'411111','1111','VISA','01','2024',''),(255,'411111','1111','VISA','01','2024',''),(256,'411111','1111','VISA','01','2024',''),(257,'411111','1111','VISA','01','2024',''),(258,'411111','1111','VISA','01','2024',''),(259,'411111','1111','VISA','01','2024',''),(260,'411111','1111','VISA','01','2024',''),(261,'411111','1111','VISA','01','2024',''),(262,'411111','1111','VISA','01','2024',''),(263,'411111','1111','VISA','01','2024',''),(264,'411111','1111','VISA','01','2024',''),(265,'411111','1111','VISA','01','2024',''),(266,'411111','1111','VISA','01','2024',''),(267,'411111','1111','VISA','01','2024',''),(268,'411111','1111','VISA','01','2024',''),(269,'411111','1111','VISA','01','2024',''),(270,'411111','1111','VISA','01','2024',''),(271,'411111','1111','VISA','01','2024',''),(272,'411111','1111','VISA','01','2024',''),(273,'411111','1111','VISA','01','2024',''),(274,'411111','1111','VISA','01','2024',''),(275,'411111','1111','VISA','01','2024',''),(276,'411111','1111','VISA','01','2024',''),(277,'411111','1111','VISA','01','2024',''),(278,'411111','1111','VISA','01','2024',''),(279,'411111','1111','VISA','01','2024',''),(280,'411111','1111','VISA','01','2024',''),(281,'411111','1111','VISA','01','2024',''),(282,'411111','1111','VISA','01','2024',''),(283,'411111','1111','VISA','01','2024',''),(284,'411111','1111','VISA','01','2024',''),(285,'411111','1111','VISA','01','2024',''),(286,'411111','1111','VISA','01','2024',''),(287,'411111','1111','VISA','01','2024',''),(288,'411111','1111','VISA','01','2024',''),(289,'411111','1111','VISA','01','2024',''),(290,'411111','1111','VISA','01','2024',''),(291,'411111','1111','VISA','01','2024',''),(292,'411111','1111','VISA','01','2024',''),(293,'411111','1111','VISA','01','2024',''),(294,'411111','1111','VISA','01','2024',''),(295,'411111','1111','VISA','01','2024',''),(296,'411111','1111','VISA','12','2022',''),(297,'492900','0006','VISA','12','2022','CHALLENGE'),(298,'492900','0006','VISA','12','2022','CHALLENGE'),(299,'492900','0006','VISA','12','2022','SUCCESSFUL'),(300,'492900','0006','VISA','12','2022','NOTAUTH'),(301,'492900','0006','VISA','12','2022','SUCCESSFUL'),(302,'492900','0006','VISA','12','2022','NOTAUTH'),(303,'492900','0006','VISA','12','2022','PROOFATTEMPT'),(304,'492900','0006','VISA','12','2022','NOTENROLLED'),(305,'492900','0006','VISA','12','2022','TECHDIFFICULTIES'),(306,'492900','0006','VISA','12','2022','ERROR'),(307,'481852','9009','VISA','12','2023',''),(308,'513632','3579','MC','01','2023',''),(309,'513101','6728','MC','01','2023',''),(310,'513632','1972','MC','01','2023',''),(311,'513101','9989','MC','01','2023',''),(312,'424242','4242','VISA','05','2030','test'),(313,'411111','1111','VISA','11','2022','test'),(314,'481852','9009','VISA','12','2023',''),(315,'520424','2575','MC','09','2022',''),(322,'481852','9009','VISA','12','2023',''),(323,'520424','2575','MC','09','2022',''),(324,'520424','2575','MC','09','2022',''),(325,'520424','2575','MC','09','2022',''),(326,'520424','2575','MC','09','2022',''),(327,'520424','2575','MC','09','2022',''),(328,'520424','2575','MC','09','2022',''),(329,'520424','2575','MC','09','2022',''),(330,'520424','2575','MC','09','2022',''),(331,'520424','2575','MC','09','2022',''),(332,'520424','2575','MC','09','2022',''),(333,'520424','2575','MC','09','2022',''),(334,'520424','2575','MC','09','2022',''),(335,'520424','2575','MC','09','2022',''),(336,'520424','2575','MC','09','2022',''),(337,'520424','2575','MC','09','2022',''),(338,'520424','2575','MC','09','2022',''),(339,'481852','9009','VISA','12','2023',''),(340,'481852','9009','VISA','12','2023',''),(341,'520424','2575','MC','09','2022',''),(342,'520424','2575','MC','09','2022',''),(343,'520424','2575','MC','09','2022',''),(344,'520424','2575','MC','09','2022',''),(345,'520424','2575','MC','09','2022',''),(346,'411111','1111','VISA','12','2027',''),(347,'411111','1111','VISA','12','2027',''),(348,'411111','1111','VISA','12','2027',''),(349,'411111','1111','VISA','12','2027',''),(350,'520424','7840','MC','12','2027',''),(351,'411111','1111','VISA','12','2027',''),(352,'411111','1111','VISA','12','2027',''),(353,'411111','1111','VISA','12','2027',''),(354,'411111','1111','VISA','12','2027',''),(355,'411111','1111','VISA','12','2027',''),(356,'411111','1111','VISA','12','2027',''),(357,'520424','2575','MC','09','2022',''),(358,'411111','1111','VISA','12','2022',''),(359,'400000','1000','VISA','01','2023',''),(360,'400000','1018','VISA','01','2023',''),(361,'411111','1111','VISA','01','2023',''),(362,'400000','1026','VISA','01','2023',''),(363,'400000','1034','VISA','01','2023',''),(364,'400000','1042','VISA','01','2023',''),(365,'400000','1059','VISA','01','2023',''),(366,'400000','1067','VISA','01','2023',''),(367,'400000','1075','VISA','01','2023',''),(368,'400000','1083','VISA','01','2023',''),(369,'400000','1091','VISA','01','2023',''),(370,'400000','1109','VISA','01','2023',''),(371,'400000','1117','VISA','01','2023',''),(373,'411111','1111','VISA','12','2022',''),(374,'400700','0027','VISA','03','2024','Customer Customer'),(375,'411111','1111','VISA','12','2023',''),(376,'411111','1111','VISA','12','2023',''),(377,'411111','1111','VISA','12','2023',''),(378,'511092','0424','MC','05','2023',''),(379,'511092','0424','MC','05','2023',''),(380,'400000','1000','VISA','01','2025',''),(387,'400000','1091','VISA','01','2023',''),(388,'411111','1111','VISA','12','2023',''),(389,'411111','1111','VISA','12','2023',''),(390,'411111','1111','VISA','12','2023',''),(391,'411111','1111','VISA','12','2023',''),(392,'411111','1111','VISA','12','2022',''),(393,'411111','1111','VISA','12','2022',''),(394,'411111','1111','VISA','12','2023',''),(395,'411111','1111','VISA','12','2023',''),(396,'411111','1111','VISA','12','2023',''),(397,'411111','1111','VISA','12','2023',''),(398,'411111','1111','VISA','12','2023',''),(399,'411111','1111','VISA','12','2023',''),(400,'411111','1111','VISA','12','2023',''),(402,'411111','1111','VISA','12','2022',''),(403,'411111','1111','VISA','12','2023',''),(404,'531460','9308','MC','12','2023',''),(405,'513101','5211','MC','12','2023',''),(406,'513101','5211','MC','12','2023',''),(407,'513101','4533','MC','12','2023',''),(408,'513632','1203','MC','12','2023',''),(409,'513101','1535','MC','12','2023',''),(410,'411111','1111','VISA','04','2023','Customer Customer'),(411,'513632','1989','MC','12','2023',''),(412,'513632','9974','MC','12','2023',''),(413,'513101','2777','MC','12','2023',''),(414,'513632','1652','MC','12','2023',''),(415,'531460','7380','MC','12','2023',''),(416,'513101','2900','MC','12','2023',''),(417,'513101','4325','MC','12','2023',''),(418,'513101','7913','MC','12','2023',''),(419,'531460','6962','MC','12','2023',''),(420,'513632','9974','MC','12','2023',''),(421,'411111','1111','VISA','12','2023',''),(422,'411111','1111','VISA','12','2023',''),(423,'411111','1111','VISA','12','2022',''),(424,'411111','1111','VISA','12','2023',''),(425,'411111','1111','VISA','12','2023',''),(426,'411111','1111','VISA','12','2023',''),(427,'411111','1111','VISA','12','2023',''),(428,'411111','1111','VISA','12','2023',''),(429,'411111','1111','VISA','12','2023',''),(430,'411111','1111','VISA','12','2023',''),(431,'411111','1111','VISA','12','2023',''),(432,'411111','1111','VISA','12','2023',''),(433,'411111','1111','VISA','12','2023',''),(434,'411111','1111','VISA','12','2023',''),(435,'411111','1111','VISA','12','2023',''),(436,'411111','1111','VISA','12','2023',''),(437,'411111','1111','VISA','12','2023',''),(438,'411111','1111','VISA','12','2023',''),(439,'411111','1111','VISA','12','2023',''),(440,'411111','1111','VISA','12','2023',''),(441,'411111','1111','VISA','12','2023',''),(442,'411111','1111','VISA','12','2023',''),(443,'411111','1111','VISA','12','2023',''),(444,'411111','1111','VISA','12','2023',''),(445,'411111','1111','VISA','12','2023',''),(446,'411111','1111','VISA','12','2023',''),(447,'411111','1111','VISA','12','2023',''),(448,'411111','1111','VISA','12','2023',''),(449,'411111','1111','VISA','12','2023',''),(450,'411111','1111','VISA','12','2023',''),(451,'411111','1111','VISA','12','2023',''),(452,'411111','1111','VISA','12','2023',''),(453,'411111','1111','VISA','12','2023',''),(454,'411111','1111','VISA','12','2023',''),(455,'411111','1111','VISA','12','2023',''),(456,'411111','1111','VISA','12','2023',''),(457,'411111','1111','VISA','12','2023',''),(458,'411111','1111','VISA','12','2023',''),(459,'411111','1111','VISA','12','2023',''),(460,'411111','1111','VISA','12','2023',''),(461,'411111','1111','VISA','12','2023',''),(462,'411111','1111','VISA','12','2023',''),(463,'411111','1111','VISA','12','2023',''),(464,'411111','1111','VISA','12','2023',''),(465,'411111','1111','VISA','12','2023',''),(466,'411111','1111','VISA','12','2023',''),(467,'411111','1111','VISA','12','2023',''),(468,'411111','1111','VISA','12','2023',''),(469,'411111','1111','VISA','12','2023',''),(470,'411111','1111','VISA','12','2023',''),(471,'411111','1111','VISA','12','2023',''),(472,'411111','1111','VISA','12','2023',''),(473,'411111','1111','VISA','12','2023',''),(474,'411111','1111','VISA','12','2023',''),(475,'411111','1111','VISA','12','2023',''),(476,'411111','1111','VISA','12','2023',''),(477,'411111','1111','VISA','12','2023',''),(478,'411111','1111','VISA','12','2023',''),(479,'411111','1111','VISA','12','2023',''),(480,'411111','1111','VISA','12','2023',''),(481,'411111','1111','VISA','12','2023',''),(482,'411111','1111','VISA','12','2023',''),(483,'411111','1111','VISA','12','2023',''),(484,'411111','1111','VISA','12','2023',''),(485,'411111','1111','VISA','12','2023',''),(486,'411111','1111','VISA','12','2023',''),(487,'411111','1111','VISA','12','2023',''),(488,'411111','1111','VISA','12','2023',''),(489,'411111','1111','VISA','12','2023',''),(490,'411111','1111','VISA','12','2023',''),(491,'411111','1111','VISA','12','2023',''),(492,'411111','1111','VISA','12','2023',''),(493,'411111','1111','VISA','12','2023',''),(494,'411111','1111','VISA','12','2023',''),(495,'411111','1111','VISA','12','2023',''),(496,'411111','1111','VISA','12','2023',''),(497,'411111','1111','VISA','12','2023',''),(498,'411111','1111','VISA','12','2023',''),(499,'411111','1111','VISA','12','2023',''),(500,'411111','1111','VISA','12','2023',''),(501,'411111','1111','VISA','12','2023',''),(502,'411111','1111','VISA','12','2023',''),(503,'411111','1111','VISA','12','2023',''),(504,'411111','1111','VISA','12','2023',''),(505,'411111','1111','VISA','12','2023',''),(506,'411111','1111','VISA','12','2023',''),(507,'411111','1111','VISA','12','2023',''),(508,'411111','1111','VISA','12','2023',''),(509,'411111','1111','VISA','12','2023',''),(510,'411111','1111','VISA','12','2023',''),(511,'411111','1111','VISA','12','2023',''),(512,'411111','1111','VISA','12','2023',''),(513,'411111','1111','VISA','12','2023',''),(514,'411111','1111','VISA','12','2023',''),(515,'411111','1111','VISA','12','2023',''),(516,'411111','1111','VISA','12','2023',''),(517,'411111','1111','VISA','12','2023',''),(518,'411111','1111','VISA','12','2023',''),(519,'411111','1111','VISA','12','2023',''),(520,'411111','1111','VISA','12','2023',''),(521,'411111','1111','VISA','12','2023',''),(522,'411111','1111','VISA','12','2023',''),(523,'411111','1111','VISA','12','2023',''),(524,'411111','1111','VISA','12','2023',''),(525,'411111','1111','VISA','12','2023',''),(526,'411111','1111','VISA','12','2023',''),(527,'411111','1111','VISA','12','2023',''),(528,'411111','1111','VISA','12','2023',''),(529,'411111','1111','VISA','12','2023',''),(530,'411111','1111','VISA','12','2023',''),(531,'411111','1111','VISA','12','2023',''),(532,'411111','1111','VISA','12','2023',''),(533,'411111','1111','VISA','12','2023',''),(534,'411111','1111','VISA','12','2023',''),(535,'411111','1111','VISA','12','2023',''),(536,'411111','1111','VISA','12','2023',''),(537,'411111','1111','VISA','12','2023',''),(538,'411111','1111','VISA','12','2023',''),(539,'411111','1111','VISA','12','2023',''),(540,'411111','1111','VISA','12','2023',''),(541,'411111','1111','VISA','12','2023',''),(542,'411111','1111','VISA','12','2023',''),(543,'411111','1111','VISA','12','2023',''),(544,'411111','1111','VISA','12','2023',''),(545,'411111','1111','VISA','12','2023',''),(546,'411111','1111','VISA','12','2023',''),(547,'411111','1111','VISA','12','2023',''),(548,'411111','1111','VISA','12','2023',''),(549,'411111','1111','VISA','12','2023',''),(550,'411111','1111','VISA','12','2023',''),(551,'411111','1111','VISA','12','2023',''),(552,'411111','1111','VISA','12','2023',''),(553,'411111','1111','VISA','12','2023',''),(554,'411111','1111','VISA','12','2023',''),(555,'411111','1111','VISA','12','2023',''),(556,'411111','1111','VISA','12','2023',''),(557,'411111','1111','VISA','12','2023',''),(558,'411111','1111','VISA','12','2023',''),(559,'411111','1111','VISA','12','2023',''),(560,'411111','1111','VISA','12','2023',''),(561,'411111','1111','VISA','12','2023',''),(562,'411111','1111','VISA','12','2023',''),(563,'411111','1111','VISA','12','2023',''),(564,'411111','1111','VISA','12','2023',''),(565,'411111','1111','VISA','12','2023',''),(566,'411111','1111','VISA','12','2023',''),(567,'411111','1111','VISA','12','2023',''),(568,'411111','1111','VISA','12','2023',''),(569,'411111','1111','VISA','12','2023',''),(570,'411111','1111','VISA','12','2023',''),(571,'411111','1111','VISA','12','2023',''),(572,'411111','1111','VISA','12','2023',''),(573,'411111','1111','VISA','12','2023',''),(574,'411111','1111','VISA','12','2023',''),(575,'411111','1111','VISA','12','2023',''),(576,'411111','1111','VISA','12','2023',''),(577,'411111','1111','VISA','12','2023',''),(578,'411111','1111','VISA','12','2023',''),(579,'411111','1111','VISA','12','2023',''),(580,'411111','1111','VISA','12','2023',''),(581,'411111','1111','VISA','12','2023',''),(582,'411111','1111','VISA','12','2023',''),(583,'411111','1111','VISA','12','2023',''),(584,'411111','1111','VISA','12','2023',''),(585,'411111','1111','VISA','12','2023',''),(586,'411111','1111','VISA','12','2023',''),(587,'411111','1111','VISA','12','2023',''),(588,'411111','1111','VISA','12','2023',''),(589,'411111','1111','VISA','12','2023',''),(590,'411111','1111','VISA','12','2023',''),(591,'411111','1111','VISA','12','2023',''),(592,'411111','1111','VISA','12','2023',''),(593,'411111','1111','VISA','12','2023',''),(594,'411111','1111','VISA','12','2023',''),(595,'411111','1111','VISA','12','2023',''),(596,'411111','1111','VISA','12','2023',''),(597,'411111','1111','VISA','12','2023',''),(598,'411111','1111','VISA','12','2023',''),(599,'411111','1111','VISA','12','2023',''),(600,'411111','1111','VISA','12','2023',''),(601,'411111','1111','VISA','12','2023',''),(602,'411111','1111','VISA','12','2023',''),(603,'411111','1111','VISA','12','2023',''),(604,'411111','1111','VISA','12','2023',''),(605,'411111','1111','VISA','12','2023',''),(606,'411111','1111','VISA','12','2023',''),(607,'411111','1111','VISA','12','2023',''),(608,'411111','1111','VISA','12','2023',''),(609,'411111','1111','VISA','12','2023',''),(610,'411111','1111','VISA','12','2023',''),(611,'411111','1111','VISA','12','2023',''),(612,'411111','1111','VISA','12','2023',''),(613,'411111','1111','VISA','12','2023',''),(614,'411111','1111','VISA','12','2023',''),(615,'411111','1111','VISA','12','2023',''),(616,'411111','1111','VISA','12','2023',''),(617,'411111','1111','VISA','12','2023',''),(618,'411111','1111','VISA','12','2023',''),(619,'411111','1111','VISA','12','2023',''),(620,'411111','1111','VISA','12','2023',''),(621,'411111','1111','VISA','12','2023',''),(622,'411111','1111','VISA','12','2023',''),(623,'411111','1111','VISA','12','2023',''),(624,'411111','1111','VISA','12','2023',''),(625,'411111','1111','VISA','12','2023',''),(626,'411111','1111','VISA','12','2023',''),(627,'411111','1111','VISA','12','2023',''),(628,'411111','1111','VISA','12','2023',''),(629,'411111','1111','VISA','12','2023',''),(630,'411111','1111','VISA','12','2023',''),(631,'411111','1111','VISA','12','2023',''),(632,'411111','1111','VISA','12','2023',''),(633,'411111','1111','VISA','12','2023',''),(634,'411111','1111','VISA','12','2023',''),(635,'411111','1111','VISA','12','2023',''),(636,'411111','1111','VISA','12','2023',''),(637,'411111','1111','VISA','12','2023',''),(638,'411111','1111','VISA','12','2023',''),(639,'411111','1111','VISA','12','2023',''),(640,'411111','1111','VISA','12','2023',''),(641,'411111','1111','VISA','12','2023',''),(642,'411111','1111','VISA','12','2023',''),(643,'411111','1111','VISA','12','2023',''),(644,'411111','1111','VISA','12','2023',''),(645,'411111','1111','VISA','12','2023',''),(646,'411111','1111','VISA','12','2023',''),(647,'411111','1111','VISA','12','2023',''),(648,'411111','1111','VISA','12','2023',''),(649,'411111','1111','VISA','12','2023',''),(650,'411111','1111','VISA','12','2023',''),(651,'411111','1111','VISA','12','2023',''),(652,'411111','1111','VISA','12','2023',''),(653,'411111','1111','VISA','12','2023',''),(654,'411111','1111','VISA','12','2023',''),(655,'411111','1111','VISA','12','2023',''),(656,'411111','1111','VISA','12','2023',''),(657,'411111','1111','VISA','12','2023',''),(658,'411111','1111','VISA','12','2023',''),(659,'411111','1111','VISA','12','2023',''),(660,'411111','1111','VISA','12','2023',''),(661,'411111','1111','VISA','12','2023',''),(662,'411111','1111','VISA','12','2023',''),(663,'411111','1111','VISA','12','2023',''),(664,'411111','1111','VISA','12','2023',''),(665,'411111','1111','VISA','12','2023',''),(666,'411111','1111','VISA','12','2023',''),(667,'411111','1111','VISA','12','2023',''),(668,'411111','1111','VISA','12','2023',''),(669,'411111','1111','VISA','12','2023',''),(670,'411111','1111','VISA','12','2023',''),(671,'411111','1111','VISA','12','2023',''),(672,'411111','1111','VISA','12','2023',''),(673,'411111','1111','VISA','12','2023',''),(674,'411111','1111','VISA','12','2023',''),(675,'411111','1111','VISA','12','2023',''),(676,'411111','1111','VISA','12','2023',''),(677,'411111','1111','VISA','12','2023',''),(678,'411111','1111','VISA','12','2023',''),(679,'411111','1111','VISA','12','2023',''),(680,'411111','1111','VISA','12','2023',''),(681,'411111','1111','VISA','12','2023',''),(682,'411111','1111','VISA','12','2023',''),(683,'411111','1111','VISA','12','2023',''),(684,'411111','1111','VISA','12','2023',''),(685,'411111','1111','VISA','12','2023',''),(686,'411111','1111','VISA','12','2023',''),(687,'411111','1111','VISA','12','2023',''),(688,'411111','1111','VISA','12','2023',''),(689,'411111','1111','VISA','12','2023',''),(690,'411111','1111','VISA','12','2023',''),(691,'411111','1111','VISA','12','2023',''),(692,'411111','1111','VISA','12','2023',''),(693,'411111','1111','VISA','12','2023',''),(694,'411111','1111','VISA','12','2023',''),(695,'411111','1111','VISA','12','2023',''),(696,'411111','1111','VISA','12','2023',''),(697,'411111','1111','VISA','12','2023',''),(698,'411111','1111','VISA','12','2023',''),(699,'481852','9009','VISA','12','2023',''),(701,'411111','1111','VISA','12','2023',''),(702,'411111','1111','VISA','12','2023',''),(703,'400000','1091','VISA','01','2023',''),(708,'411111','1111','VISA','12','2022',''),(709,'411111','1111','VISA','12','2027',''),(710,'411111','1111','VISA','12','2022',''),(711,'411111','1111','VISA','12','2027',''),(712,'411111','1111','VISA','12','2027',''),(713,'411111','1111','VISA','12','2027',''),(714,'411111','1111','VISA','12','2027',''),(715,'411111','1111','VISA','12','2027',''),(716,'411111','1111','VISA','12','2027',''),(717,'411111','1111','VISA','12','2027',''),(718,'411111','1111','VISA','12','2027',''),(719,'411111','1111','VISA','12','2027',''),(720,'411111','1111','VISA','12','2027',''),(721,'411111','1111','VISA','12','2027',''),(722,'411111','1111','VISA','12','2027',''),(723,'411111','1111','VISA','12','2027',''),(724,'411111','1111','VISA','12','2027',''),(725,'411111','1111','VISA','12','2027',''),(726,'411111','1111','VISA','12','2027',''),(727,'411111','1111','VISA','12','2027',''),(728,'411111','1111','VISA','12','2027',''),(729,'411111','1111','VISA','12','2027',''),(730,'411111','1111','VISA','12','2027',''),(731,'411111','1111','VISA','12','2027',''),(732,'411111','1111','VISA','12','2027',''),(733,'411111','1111','VISA','12','2027',''),(734,'411111','1111','VISA','12','2027',''),(735,'411111','1111','VISA','12','2027',''),(736,'411111','1111','VISA','12','2027',''),(737,'411111','1111','VISA','12','2027',''),(738,'411111','1111','VISA','12','2027',''),(739,'411111','1111','VISA','12','2022',''),(740,'411111','1111','VISA','12','2027',''),(741,'411111','1111','VISA','12','2027',''),(742,'411111','1111','VISA','12','2022',''),(743,'411111','1111','VISA','12','2022',''),(744,'411111','1111','VISA','12','2023',''),(745,'411111','1111','VISA','12','2027',''),(746,'411111','1111','VISA','12','2027',''),(747,'411111','1111','VISA','12','2027',''),(748,'411111','1111','VISA','12','2022',''),(749,'411111','1111','VISA','12','2022',''),(750,'411111','1111','VISA','12','2023',''),(751,'411111','1111','VISA','12','2027',''),(752,'411111','1111','VISA','12','2023',''),(753,'411111','1111','VISA','12','2023',''),(754,'411111','1111','VISA','12','2027',''),(755,'411111','1111','VISA','12','2027',''),(756,'411111','1111','VISA','12','2027',''),(757,'411111','1111','VISA','12','2022',''),(758,'411111','1111','VISA','12','2022',''),(759,'411111','1111','VISA','12','2022',''),(760,'411111','1111','VISA','12','2023',''),(761,'411111','1111','VISA','12','2023',''),(762,'411111','1111','VISA','12','2023',''),(763,'411111','1111','VISA','12','2022',''),(764,'411111','1111','VISA','12','2025',''),(765,'481852','9009','VISA','12','2023',''),(766,'481852','9009','VISA','12','2023',''),(767,'411111','1111','VISA','12','2022',''),(768,'411111','1111','VISA','11','2022',''),(769,'411111','1111','VISA','12','2022',''),(770,'411111','1111','VISA','11','2022',''),(771,'481852','9009','VISA','12','2023',''),(772,'481852','9009','VISA','12','2023',''),(773,'411111','1111','VISA','12','2022',''),(774,'411111','1111','VISA','12','2025',''),(777,'411111','1111','VISA','12','2022',''),(778,'481852','9009','VISA','12','2023',''),(779,'411111','1111','VISA','12','2022',''),(780,'411111','1111','VISA','12','2022',''),(781,'486871','7704','VISA','01','2025',''),(782,'486871','7704','VISA','01','2025',''),(783,'532987','4393','MC','01','2025',''),(784,'486871','4992','VISA','01','2025',''),(785,'486871','2421','VISA','01','2025',''),(786,'486871','5422','VISA','01','2025',''),(787,'486871','7210','VISA','01','2025',''),(788,'486871','8803','VISA','01','2025',''),(789,'486871','8803','VISA','01','2025',''),(790,'486871','6405','VISA','01','2025',''),(791,'486871','3346','VISA','01','2025',''),(792,'486871','4542','VISA','01','2025',''),(793,'486871','8815','VISA','01','2025',''),(794,'486871','3896','VISA','01','2025',''),(795,'486871','9038','VISA','01','2025',''),(796,'486871','0060','VISA','01','2025',''),(797,'486871','0723','VISA','01','2025',''),(798,'486871','2561','VISA','01','2025',''),(799,'486871','4153','VISA','01','2025',''),(800,'486871','1967','VISA','01','2025',''),(801,'486871','8267','VISA','01','2025',''),(802,'486871','3153','VISA','01','2025',''),(803,'486871','1368','VISA','01','2025',''),(804,'486871','5556','VISA','01','2025',''),(805,'486871','8580','VISA','01','2025',''),(806,'486871','1470','VISA','01','2025',''),(807,'486871','8584','VISA','01','2025',''),(808,'486871','6260','VISA','01','2025',''),(809,'486871','3647','VISA','01','2025',''),(810,'486871','5169','VISA','01','2025',''),(811,'486871','8502','VISA','01','2025',''),(812,'486871','1259','VISA','01','2025',''),(813,'486871','8543','VISA','01','2025',''),(814,'532987','0121','MC','01','2025',''),(815,'532987','3439','MC','01','2025',''),(816,'486871','5830','VISA','01','2025',''),(817,'486871','6080','VISA','01','2025',''),(818,'486871','3452','VISA','01','2025',''),(819,'532987','7362','MC','01','2025',''),(820,'532987','8494','MC','01','2025',''),(821,'411111','1111','VISA','12','2025',''),(822,'411111','1111','VISA','12','2025',''),(823,'411111','1111','VISA','12','2022',''),(824,'411111','1111','VISA','12','2025',''),(828,'400000','2701','VISA','01','2025',''),(829,'520000','2235','MC','01','2025',''),(830,'520000','2235','MC','01','2025',''),(831,'520000','2235','MC','01','2025',''),(833,'374200','0004','AMEX','10','2028',''),(834,'374200','0004','AMEX','12','2030',''),(835,'540400','0001','MC','02','2031',''),(836,'411111','1111','VISA','12','2025',''),(837,'374200','0004','AMEX','02','2028',''),(838,'555555','4444','MC','11','2030',''),(839,'345678','4564','AMEX','04','2024',''),(840,'655669','9513','DC','12','2024',''),(841,'555555','4444','MC','12','2023',''),(842,'424242','4242','VISA','03','2032',''),(843,'374200','0004','AMEX','09','2028',''),(844,'345678','4564','AMEX','11','2029',''),(845,'655669','9513','DC','08','2029',''),(846,'424242','4242','VISA','04','2032',''),(847,'374200','0004','AMEX','10','2029',''),(848,'540400','0001','MC','03','2028',''),(849,'555555','4444','MC','03','2026',''),(850,'555555','4444','MC','08','2023',''),(851,'555555','4444','MC','07','2025',''),(852,'601120','1277','DC','06','2028',''),(853,'411111','1111','VISA','12','2024',''),(854,'411111','1111','VISA','09','2027',''),(855,'555555','4444','MC','07','2032',''),(856,'374200','0004','AMEX','07','2026',''),(857,'424242','4242','VISA','05','2031',''),(858,'555555','4444','MC','11','2032',''),(859,'424242','4242','VISA','03','2029',''),(860,'411111','1111','VISA','08','2031',''),(861,'540400','0001','MC','02','2030',''),(862,'424242','4242','VISA','09','2025',''),(864,'411111','1111','VISA','12','2025',''),(865,'411111','1111','VISA','12','2025',''),(866,'411111','1111','VISA','12','2025',''),(867,'411111','1111','VISA','12','2025',''),(868,'400000','2701','VISA','01','2025',''),(869,'400000','2701','VISA','01','2025',''),(870,'400000','2925','VISA','01','2025',''),(871,'400000','2503','VISA','12','2025',''),(872,'411111','1111','VISA','12','2023',''),(873,'411111','1111','VISA','12','2027',''),(874,'411111','1111','VISA','12','2027',''),(875,'411111','1111','VISA','12','2027',''),(876,'411111','1111','VISA','12','2022',''),(877,'411111','1111','VISA','12','2022',''),(878,'411111','1111','VISA','12','2022',''),(879,'411111','1111','VISA','12','2022',''),(880,'411111','1111','VISA','12','2022',''),(881,'411111','1111','VISA','11','2022',''),(882,'411111','1111','VISA','12','2025',''),(883,'411111','1111','VISA','12','2023',''),(884,'411111','1111','VISA','12','2027',''),(885,'411111','1111','VISA','12','2027',''),(886,'411111','1111','VISA','12','2027',''),(887,'411111','1111','VISA','12','2022',''),(888,'411111','1111','VISA','12','2022',''),(889,'411111','1111','VISA','12','2022',''),(890,'411111','1111','VISA','12','2022',''),(891,'411111','1111','VISA','12','2022',''),(892,'411111','1111','VISA','11','2022',''),(893,'411111','1111','VISA','12','2025',''),(894,'411111','1111','VISA','12','2023',''),(895,'411111','1111','VISA','12','2027',''),(896,'411111','1111','VISA','12','2027',''),(897,'411111','1111','VISA','12','2027',''),(898,'411111','1111','VISA','12','2022',''),(899,'411111','1111','VISA','12','2022',''),(900,'411111','1111','VISA','12','2022',''),(901,'411111','1111','VISA','12','2022',''),(902,'411111','1111','VISA','12','2022',''),(903,'411111','1111','VISA','11','2022',''),(904,'411111','1111','VISA','12','2025',''),(905,'411111','1111','VISA','12','2025',''),(906,'411111','1111','VISA','12','2023',''),(907,'411111','1111','VISA','12','2027',''),(908,'411111','1111','VISA','12','2027',''),(909,'411111','1111','VISA','12','2027',''),(910,'411111','1111','VISA','12','2022',''),(911,'411111','1111','VISA','12','2022',''),(912,'411111','1111','VISA','12','2022',''),(913,'411111','1111','VISA','12','2022',''),(914,'411111','1111','VISA','12','2022',''),(915,'411111','1111','VISA','11','2022',''),(916,'411111','1111','VISA','12','2025',''),(917,'411111','1111','VISA','12','2023',''),(918,'411111','1111','VISA','12','2027',''),(919,'411111','1111','VISA','12','2027',''),(920,'411111','1111','VISA','12','2027',''),(921,'411111','1111','VISA','12','2022',''),(922,'411111','1111','VISA','12','2022',''),(923,'411111','1111','VISA','12','2022',''),(924,'411111','1111','VISA','12','2022',''),(925,'411111','1111','VISA','12','2022',''),(926,'411111','1111','VISA','11','2022',''),(927,'411111','1111','VISA','12','2025',''),(928,'411111','1111','VISA','12','2023',''),(929,'411111','1111','VISA','12','2027',''),(930,'411111','1111','VISA','12','2027',''),(931,'411111','1111','VISA','12','2027',''),(932,'411111','1111','VISA','12','2022',''),(933,'411111','1111','VISA','12','2022',''),(934,'411111','1111','VISA','12','2022',''),(935,'411111','1111','VISA','12','2022',''),(936,'411111','1111','VISA','12','2022',''),(937,'411111','1111','VISA','11','2022',''),(938,'411111','1111','VISA','12','2025',''),(939,'411111','1111','VISA','12','2023',''),(940,'411111','1111','VISA','12','2027',''),(941,'411111','1111','VISA','12','2027',''),(942,'411111','1111','VISA','12','2027',''),(943,'411111','1111','VISA','12','2022',''),(944,'411111','1111','VISA','12','2022',''),(945,'411111','1111','VISA','12','2022',''),(946,'411111','1111','VISA','12','2022',''),(947,'411111','1111','VISA','12','2022',''),(948,'411111','1111','VISA','11','2022',''),(949,'411111','1111','VISA','12','2025',''),(950,'411111','1111','VISA','12','2023',''),(951,'411111','1111','VISA','12','2027',''),(952,'411111','1111','VISA','12','2027',''),(953,'411111','1111','VISA','12','2027',''),(954,'411111','1111','VISA','12','2022',''),(955,'411111','1111','VISA','12','2022',''),(956,'411111','1111','VISA','12','2022',''),(957,'411111','1111','VISA','12','2022',''),(958,'411111','1111','VISA','12','2022',''),(959,'411111','1111','VISA','11','2022',''),(960,'411111','1111','VISA','12','2025',''),(962,'411111','1111','VISA','12','2025',''),(963,'411111','1111','VISA','12','2025',''),(964,'411111','1111','VISA','12','2025',''),(965,'411111','1111','VISA','12','2025',''),(966,'411111','1111','VISA','12','2025',''),(967,'411111','1111','VISA','12','2025',''),(968,'411111','1111','VISA','12','2025',''),(969,'411111','1111','VISA','12','2025',''),(970,'411111','1111','VISA','12','2025',''),(971,'411111','1111','VISA','12','2025',''),(972,'411111','1111','VISA','12','2025',''),(973,'411111','1111','VISA','12','2025',''),(974,'411111','1111','VISA','12','2025',''),(975,'411111','1111','VISA','12','2025',''),(976,'411111','1111','VISA','12','2025',''),(977,'411111','1111','VISA','12','2025',''),(978,'481852','9009','VISA','12','2023',''),(979,'481852','9009','VISA','12','2023',''),(980,'481852','9009','VISA','12','2023',''),(981,'411111','1111','VISA','12','2025',''),(982,'411111','1111','VISA','12','2025',''),(983,'411111','1111','VISA','12','2025',''),(985,'411111','1111','VISA','12','2025',''),(986,'411111','1111','VISA','12','2025',''),(987,'411111','1111','VISA','12','2027',''),(988,'481852','9009','VISA','12','2023',''),(989,'411111','1111','VISA','12','2025',''),(990,'481852','9009','VISA','12','2023',''),(991,'444433','1111','VISA','11','2023',''),(992,'411111','1111','VISA','12','2025',''),(993,'444433','1111','VISA','11','2023',''),(994,'481852','9009','VISA','12','2023',''),(995,'481852','9009','VISA','12','2023',''),(996,'411111','1111','VISA','12','2025',''),(997,'411111','1111','VISA','12','2025','Wee'),(998,'481852','9009','VISA','12','2023',''),(999,'481852','9009','VISA','12','2023',''),(1000,'411111','1111','VISA','12','2025',''),(1001,'411111','1111','VISA','12','2025',''),(1002,'411111','1111','VISA','12','2025',''),(1003,'00J811','0518','MC','12','33',''),(1004,'6RW848','3404','MC','12','33',''),(1005,'8HL822','790S','MC','12','33',''),(1006,'5UW147','392U','MC','12','33',''),(1009,'481852','9009','VISA','12','2023',''),(1010,'481852','9009','VISA','12','2023',''),(1011,'481852','9009','VISA','12','2023',''),(1012,'481852','9009','VISA','12','2023',''),(1013,'411111','1111','VISA','12','2025',''),(1016,'411111','1111','VISA','12','2025',''),(1017,'411111','1111','VISA','12','2025',''),(1018,'411111','1111','VISA','12','2025',''),(1019,'411111','1111','VISA','12','2025',''),(1020,'411111','1111','VISA','12','2025',''),(1027,'411111','1111','VISA','12','2025',''),(1038,'411111','1111','VISA','12','2025',''),(1039,'411111','1111','VISA','12','2025',''),(1040,'378282','0005','AMEX','12','2025',''),(1041,'411111','1111','VISA','12','2025',''),(1042,'411111','1111','VISA','12','2025',''),(1043,'411111','1111','VISA','12','2025',''),(1044,'411111','1111','VISA','12','2025',''),(1117,'411111','1111','VISA','12','2025',''),(1118,'411111','1111','VISA','01','2025',''),(1120,'411111','1111','VISA','01','2025',''),(1121,'411111','1111','VISA','01','2025',''),(1122,'424242','4242','VISA','02','2033',''),(1124,'424242','4242','VISA','02','2033',''),(1125,'411111','1111','VISA','01','2025',''),(1126,'411111','1111','VISA','01','2025',''),(1127,'411111','1111','VISA','01','2025',''),(1130,'411111','1111','VISA','12','2028',''),(1131,'481852','9009','VISA','12','2023',''),(1132,'481852','9009','VISA','12','2023',''),(1133,'481852','9009','VISA','12','2023',''),(1134,'481852','9009','VISA','12','2023',''),(1137,'481852','9009','VISA','12','2023',''),(1140,'481852','9009','VISA','12','2023',''),(1141,'481852','9009','VISA','12','2023',''),(1142,'481852','9009','VISA','12','2023',''),(1143,'411111','1111','VISA','12','2025',''),(1144,'411111','1111','VISA','01','2025',''),(1145,'411111','1111','VISA','12','2025',''),(1146,'411111','1111','VISA','12','2025',''),(1147,'411111','1111','VISA','12','2025',''),(1148,'481852','9009','VISA','12','2023',''),(1149,'481852','9009','VISA','12','2023',''),(1150,'481852','9009','VISA','12','2023',''),(1151,'481852','9009','VISA','12','2023',''),(1152,'411111','1111','VISA','12','2025',''),(1153,'411111','1111','VISA','12','2025',''),(1154,'411111','1111','VISA','12','2025',''),(1155,'411111','1111','VISA','12','2025',''),(1156,'411111','1111','VISA','12','2025',''),(1157,'411111','1111','VISA','12','2025',''),(1158,'411111','1111','VISA','12','2025',''),(1172,'411111','1111','VISA','01','2025',''),(1173,'411111','1111','VISA','01','2025',''),(1174,'411111','1111','VISA','01','2025',''),(1175,'411111','1111','VISA','12','2025',''),(1176,'550690','3949','MC','07','2026',''),(1179,'1000','0000','ACH','00','',''),(1186,'411111','1111','VISA','01','2025',''),(1190,'411111','1111','VISA','01','2025',''),(1191,'411111','1111','VISA','01','2025',''),(1193,'411111','1111','VISA','01','2025',''),(1194,'491360','2342','MC','12','33',''),(1195,'8VD269','3025','MC','12','33','');

--
-- Table structure for table `xpay_mixpanel_event_context`
--

CREATE TABLE `xpay_mixpanel_event_context` (
  `event_id` int NOT NULL DEFAULT '0',
  `name` char(64) NOT NULL DEFAULT '',
  `value` text NOT NULL,
  PRIMARY KEY (`event_id`,`name`),
  KEY `event_id` (`event_id`),
  CONSTRAINT `xpay_mixpanel_event_context_ibfk_1` FOREIGN KEY (`event_id`) REFERENCES `xpay_mixpanel_events` (`event_id`) ON DELETE CASCADE ON UPDATE CASCADE
) ENGINE=InnoDB DEFAULT CHARSET=utf8mb3;

--
-- Dumping data for table `xpay_mixpanel_event_context`
--


--
-- Table structure for table `xpay_mixpanel_event_properties`
--

CREATE TABLE `xpay_mixpanel_event_properties` (
  `event_id` int NOT NULL DEFAULT '0',
  `name` char(64) NOT NULL DEFAULT '',
  `value` text NOT NULL,
  PRIMARY KEY (`event_id`,`name`),
  KEY `event_id` (`event_id`),
  CONSTRAINT `xpay_mixpanel_event_properties_ibfk_1` FOREIGN KEY (`event_id`) REFERENCES `xpay_mixpanel_events` (`event_id`) ON DELETE CASCADE ON UPDATE CASCADE
) ENGINE=InnoDB DEFAULT CHARSET=utf8mb3;

--
-- Dumping data for table `xpay_mixpanel_event_properties`
--


--
-- Table structure for table `xpay_mixpanel_events`
--

CREATE TABLE `xpay_mixpanel_events` (
  `event_id` int NOT NULL AUTO_INCREMENT,
  `action` varchar(255) NOT NULL DEFAULT '',
  `user_id` varchar(64) NOT NULL DEFAULT '',
  `timestamp` char(64) NOT NULL DEFAULT '',
  PRIMARY KEY (`event_id`)
) ENGINE=InnoDB DEFAULT CHARSET=utf8mb3;

--
-- Dumping data for table `xpay_mixpanel_events`
--


--
-- Table structure for table `xpay_modules_registry`
--

CREATE TABLE `xpay_modules_registry` (
  `module` varchar(64) NOT NULL,
  `type` varchar(64) NOT NULL,
  PRIMARY KEY (`module`,`type`)
) ENGINE=InnoDB DEFAULT CHARSET=utf8mb3;

--
-- Dumping data for table `xpay_modules_registry`
--

INSERT INTO `xpay_modules_registry` (`module`, `type`) VALUES ('Amex','Module'),('ANZeGate','Module'),('ApplePay','ModuleWallet'),('ApplePayPaypal','ModuleWallet'),('ApplePayRainforest','ModuleWallet'),('AuthorizeNetXML','Module'),('Bambora','Module'),('Bean','Module'),('BendigoBank','Module'),('BillriantPay','Module'),('BluePay','Module'),('BlueSnap','Module'),('Braintree','Module'),('Caledon','Module'),('CardinalCommerce','Module'),('Chase','Module'),('CommWeb','Module'),('Credomatic','Module'),('CyberSourceSOAP','Module'),('DemoPay','Module'),('Dibs','Module'),('DirectOne','Module'),('Elavon','Module'),('EpdqXML','Module'),('EProcessingTDE','Module'),('ESec','Module'),('ESelect','Module'),('EwayRapid','Module'),('FifthDimensionGateway','Module'),('FirstDataE4','Module'),('GlobalIris','Module'),('GlobalPay','Module'),('GoEmerchant','Module'),('GooglePay','ModuleWallet'),('GooglePayPaypal','ModuleWallet'),('Heartland','Module'),('HeidelPay','Module'),('InnovativeGateway','Module'),('ItransactXML','Module'),('Kount','ModuleAntifraud'),('Meritus','Module'),('NAB','Module'),('NABXML','Module'),('Netbilling','Module'),('Netevia','Module'),('NMI','Module'),('NoFraud','ModuleAntifraud'),('Ogone','Module'),('PayflowPro','Module'),('PayGateSA','Module'),('PayPal','Module'),('PaypalREST','Module'),('PaypalWPPDirectPayment','Module'),('PaypalWPPPEDirectPayment','Module'),('PsiGateXML','Module'),('QuantumGatewayXML','Module'),('QuickBooksPayments','Module'),('QuickPay','Module'),('RBSGlobalGatewayDirect','Module'),('Realex','Module'),('SagePayDirect','Module'),('SageUs','Module'),('Signifyd','ModuleAntifraud'),('SimplifyCommerce','Module'),('SkipJack','Module'),('Stripe','Module'),('Suncorp','Module'),('TranSafe','Module'),('TwoCheckout','Module'),('USAePay','Module'),('VirtualMerchantMPF','Module'),('WebXpress','Module'),('WorldpayTotalUS','Module'),('WorldpayUs','Module'),('XCartPay','Module');

--
-- Table structure for table `xpay_no_fraud_conf`
--

CREATE TABLE `xpay_no_fraud_conf` (
  `conf_id` int NOT NULL DEFAULT '0',
  `nf_token` varchar(255) NOT NULL DEFAULT '',
  `status` char(1) NOT NULL DEFAULT 'N',
  `mode` varchar(4) NOT NULL DEFAULT 'test',
  PRIMARY KEY (`conf_id`),
  CONSTRAINT `xpay_no_fraud_conf_ibfk_1` FOREIGN KEY (`conf_id`) REFERENCES `xpay_payment_confs` (`conf_id`) ON DELETE CASCADE ON UPDATE CASCADE
) ENGINE=InnoDB DEFAULT CHARSET=utf8mb3;

--
-- Dumping data for table `xpay_no_fraud_conf`
--


--
-- Table structure for table `xpay_no_fraud_result`
--

CREATE TABLE `xpay_no_fraud_result` (
  `payment_id` int NOT NULL DEFAULT '0',
  `transaction_id` varchar(255) NOT NULL DEFAULT '',
  `status` varchar(255) NOT NULL DEFAULT '',
  `message` varchar(255) NOT NULL DEFAULT '',
  `errors` text NOT NULL,
  PRIMARY KEY (`payment_id`),
  CONSTRAINT `xpay_no_fraud_result_ibfk_1` FOREIGN KEY (`payment_id`) REFERENCES `xpay_payments` (`payment_id`) ON DELETE CASCADE ON UPDATE CASCADE
) ENGINE=InnoDB DEFAULT CHARSET=utf8mb3;

--
-- Dumping data for table `xpay_no_fraud_result`
--


--
-- Table structure for table `xpay_password_history`
--

CREATE TABLE `xpay_password_history` (
  `ph_id` int NOT NULL AUTO_INCREMENT,
  `user_id` int NOT NULL,
  `password` char(128) NOT NULL DEFAULT '',
  `key_id` int NOT NULL,
  `set_date` int NOT NULL,
  PRIMARY KEY (`ph_id`),
  UNIQUE KEY `user_id` (`user_id`,`password`),
  CONSTRAINT `xpay_password_history_1` FOREIGN KEY (`user_id`) REFERENCES `xpay_profiles` (`user_id`) ON DELETE CASCADE ON UPDATE CASCADE
) ENGINE=InnoDB AUTO_INCREMENT=9 DEFAULT CHARSET=utf8mb3;

--
-- Dumping data for table `xpay_password_history`
--

INSERT INTO `xpay_password_history` (`ph_id`, `user_id`, `password`, `key_id`, `set_date`) VALUES (1,1,'PFavi/RIz/DdYR+SyxBL4C1u7kWo+aOY:W55HUgYfQFbA7cAu7m0x/mN2IMWqefC2',4668705,1637124433),(2,2,'2rtmqNFmjfRfne4EDO6XsmFXJvAxnVRf:XP+uY4t9/sxT0HFXq2qBHUcl5ARQqgpu',4528241,1637170384),(3,2,'/tIPwNcFRNYzumQllFBtAwugxk9AW+m3:Zr1r8z8HQXH95dxG5evB3+XwLiDLR1ZM',5554361,1653029524),(4,2,'g6dGWSbxzcVxLY7IuO1p+g/IydRojuUS:BKPaplln8mRQ6jpenpRv15aSDqgWy3ZP',1709232,1660737607),(5,2,'nzOBqM2jFovn517rA4dNlkLTpGUR4RWe:ObxgxtzGrwYHXrJrXknUXNGK2XtIEdHk',4668705,1676883651),(6,2,'fUj1SKsZ7uMdk6yBhrth6zFmI/4SaVEz:AW+G14FxudwUzQvfSMnDm/RH8e727JR2',6669510,1676968889),(7,2,'gl0LNQ2JDFOk6tics/hBXBmSX+4lbfTm:McwPCYqkJGOn3bJzeveGJ0j3DrVzX/XW',4668705,1687826430),(8,2,'hHTUMQSHogDXTfVcKc8xNPV2OA7BiCZ6:25A6TX55aESkpcAQxWW2qwPnSRMX1q2O',6724719,1697142116);

--
-- Table structure for table `xpay_payment_card_validation_data`
--

CREATE TABLE `xpay_payment_card_validation_data` (
  `cell_id` int NOT NULL AUTO_INCREMENT,
  `payment_id` int NOT NULL DEFAULT '0',
  `cvv` int NOT NULL DEFAULT '0',
  `cvv_code` char(1) NOT NULL DEFAULT '',
  `cvv_raw` varchar(255) NOT NULL DEFAULT '',
  `avs_a` int NOT NULL DEFAULT '0',
  `avs_z` int NOT NULL DEFAULT '0',
  `avs_c` int NOT NULL DEFAULT '0',
  `avs_code` char(1) NOT NULL DEFAULT '',
  `avs_raw` varchar(255) NOT NULL DEFAULT '',
  PRIMARY KEY (`cell_id`),
  KEY `payment_id` (`payment_id`),
  CONSTRAINT `xpay_payment_card_validation_data_ibfk_1` FOREIGN KEY (`payment_id`) REFERENCES `xpay_payments` (`payment_id`) ON DELETE CASCADE ON UPDATE CASCADE
) ENGINE=InnoDB AUTO_INCREMENT=1196 DEFAULT CHARSET=utf8mb3;

--
-- Dumping data for table `xpay_payment_card_validation_data`
--

INSERT INTO `xpay_payment_card_validation_data` (`cell_id`, `payment_id`, `cvv`, `cvv_code`, `cvv_raw`, `avs_a`, `avs_z`, `avs_c`, `avs_code`, `avs_raw`) VALUES (1,1,1,'','',1,1,1,'',''),(2,2,1,'','',1,1,1,'',''),(3,3,0,'','',0,0,0,'',''),(4,4,0,'','',0,0,0,'',''),(5,5,0,'','',0,0,0,'',''),(6,6,0,'','',0,0,0,'',''),(7,7,0,'','',0,0,0,'',''),(8,8,0,'','',0,0,0,'',''),(9,9,0,'','',0,0,0,'',''),(10,10,0,'','',0,0,0,'',''),(11,11,1,'','',1,1,1,'',''),(12,12,0,'','',0,0,0,'',''),(13,13,0,'','',0,0,0,'',''),(14,14,0,'','',0,0,0,'',''),(15,15,2,'','',2,2,2,'',''),(16,16,0,'','',0,0,0,'',''),(17,17,0,'','',0,0,0,'',''),(18,18,1,'','MATCHED',2,2,0,'',''),(19,19,1,'','MATCHED',2,2,0,'',''),(20,20,1,'','MATCHED',2,2,0,'',''),(21,21,0,'','',0,0,0,'',''),(22,22,0,'','',0,0,0,'',''),(23,23,0,'','',0,0,0,'',''),(24,24,0,'','',0,0,0,'',''),(25,25,0,'','',0,0,0,'',''),(26,26,0,'P','P',1,1,1,'Y','Y'),(27,27,0,'','',0,0,0,'',''),(28,28,1,'','',1,1,1,'',''),(29,29,1,'','',1,1,1,'',''),(30,30,0,'','',0,0,0,'',''),(31,31,0,'','',0,0,0,'',''),(32,32,0,'','',0,0,0,'',''),(33,33,0,'','',0,0,0,'',''),(34,34,2,'','',2,2,2,'',''),(35,35,1,'','',1,1,1,'',''),(36,36,2,'','',2,2,2,'',''),(37,37,0,'P','P',1,1,1,'Y','Y'),(38,38,0,'P','P',1,1,1,'Y','Y'),(39,39,0,'','',0,0,0,'',''),(40,40,0,'P','P',1,1,1,'Y','Y'),(41,41,1,'','',1,1,0,'',''),(42,42,1,'','',1,1,1,'',''),(43,43,1,'','',1,1,1,'',''),(44,44,2,'','',2,2,2,'',''),(45,45,2,'','',2,2,2,'',''),(46,46,0,'','',0,0,0,'',''),(47,47,0,'','',0,0,0,'',''),(48,48,1,'','',1,1,0,'',''),(49,49,1,'','',1,1,0,'',''),(50,50,0,'','',1,1,0,'',''),(51,51,0,'','',1,1,0,'',''),(52,52,0,'','',0,0,0,'',''),(53,53,0,'','',0,0,0,'',''),(54,54,0,'P','P',1,1,1,'Y','Y'),(55,55,0,'P','P',1,1,1,'Y','Y'),(56,56,0,'P','P',1,1,1,'Y','Y'),(57,57,0,'P','P',1,1,1,'Y','Y'),(58,58,0,'P','P',1,1,1,'Y','Y'),(59,59,0,'P','P',1,1,1,'Y','Y'),(60,60,0,'P','P',1,1,1,'Y','Y'),(61,61,0,'P','P',1,1,1,'Y','Y'),(62,62,0,'P','P',1,1,1,'Y','Y'),(63,63,0,'P','P',1,1,1,'Y','Y'),(64,64,0,'P','P',1,1,1,'Y','Y'),(65,65,1,'','',1,1,0,'',''),(66,66,0,'','',1,1,0,'',''),(67,67,0,'','',0,0,0,'',''),(68,68,0,'S','S',1,1,1,'Y','Y'),(69,69,0,'','',0,0,0,'',''),(70,70,0,'','',0,0,0,'',''),(71,71,0,'','',0,0,0,'',''),(72,72,0,'','',0,0,0,'',''),(73,73,0,'','',0,0,0,'',''),(74,74,0,'S','S',1,1,1,'Y','Y'),(75,75,0,'','',0,0,0,'',''),(76,76,0,'','',0,0,0,'',''),(77,77,0,'','',0,0,0,'',''),(78,78,0,'','',0,0,0,'',''),(79,79,0,'','',0,0,0,'',''),(80,80,1,'M','M',1,2,2,'A','A'),(81,81,1,'M','M',1,2,2,'A','A'),(82,82,1,'','',1,1,0,'',''),(83,83,1,'','',1,1,0,'',''),(84,84,0,'','',1,1,0,'',''),(85,85,1,'','',1,1,0,'',''),(86,86,0,'','',1,1,0,'',''),(87,87,1,'','',1,1,0,'',''),(88,88,0,'','',1,1,0,'',''),(89,89,1,'','',1,1,0,'',''),(90,90,1,'','',1,1,0,'',''),(91,91,0,'','',1,1,0,'',''),(92,92,0,'','',0,0,0,'',''),(93,93,0,'P','P',1,1,1,'Y','Y'),(94,94,0,'P','P',1,1,1,'Y','Y'),(95,95,0,'P','P',1,1,1,'Y','Y'),(96,96,0,'P','P',1,1,1,'Y','Y'),(97,97,0,'P','P',1,1,1,'Y','Y'),(98,98,0,'P','P',1,1,1,'Y','Y'),(99,99,0,'P','P',1,1,1,'Y','Y'),(100,100,0,'','',0,0,0,'',''),(101,101,0,'','',0,0,0,'',''),(102,102,0,'','',0,0,0,'',''),(103,103,0,'','',0,0,0,'',''),(104,104,0,'P','P',1,1,1,'Y','Y'),(105,105,0,'P','P',1,1,1,'Y','Y'),(106,106,0,'P','P',1,1,1,'Y','Y'),(107,107,0,'P','P',1,1,1,'Y','Y'),(108,108,0,'','',0,0,0,'',''),(109,109,0,'P','P',1,1,1,'Y','Y'),(110,110,0,'P','P',1,1,1,'Y','Y'),(111,111,0,'','',0,0,0,'',''),(112,112,0,'','',0,0,0,'',''),(113,113,0,'P','P',1,1,1,'Y','Y'),(114,114,0,'','',0,0,0,'',''),(115,115,0,'','',0,0,0,'',''),(116,116,0,'','',0,0,0,'',''),(117,117,0,'','',0,0,0,'',''),(118,118,0,'','',0,0,0,'',''),(119,119,0,'','',0,0,0,'',''),(120,120,0,'','',0,0,0,'',''),(121,121,0,'','',0,0,0,'',''),(122,122,0,'','',0,0,0,'',''),(123,123,0,'P','P',1,1,1,'Y','Y'),(124,124,0,'P','P',1,1,1,'Y','Y'),(125,125,0,'P','P',1,1,1,'Y','Y'),(126,126,0,'P','P',1,1,1,'Y','Y'),(127,127,0,'','',0,0,0,'',''),(128,128,0,'','',0,0,0,'',''),(129,129,0,'P','P',1,1,1,'Y','Y'),(130,130,0,'','',0,0,0,'',''),(131,131,0,'P','P',1,1,1,'Y','Y'),(132,132,0,'P','P',1,1,1,'Y','Y'),(133,133,0,'P','P',1,1,1,'Y','Y'),(134,134,0,'P','P',1,1,1,'Y','Y'),(135,135,0,'P','P',1,1,1,'Y','Y'),(136,136,0,'P','P',1,1,1,'Y','Y'),(137,137,0,'P','P',1,1,1,'Y','Y'),(138,138,0,'P','P',1,1,1,'Y','Y'),(139,139,0,'P','P',1,1,1,'Y','Y'),(140,140,0,'P','P',1,1,1,'Y','Y'),(141,141,0,'','',0,0,0,'P','P'),(142,142,0,'','',0,0,0,'P','P'),(143,143,0,'','',0,0,0,'P','P'),(144,144,0,'','',0,0,0,'P','P'),(145,145,0,'','',0,0,0,'P','P'),(146,146,0,'','',0,0,0,'P','P'),(147,147,0,'','',0,0,0,'',''),(148,148,0,'','',0,0,0,'',''),(149,149,0,'','',0,0,0,'',''),(150,150,0,'','',0,0,0,'',''),(151,151,0,'','',0,0,0,'',''),(152,152,0,'','',0,0,0,'',''),(153,153,0,'','',0,0,0,'',''),(154,154,0,'','',0,0,0,'',''),(155,155,0,'','',0,0,0,'',''),(156,156,0,'','',0,0,0,'',''),(157,157,0,'','',0,0,0,'',''),(158,158,0,'','',0,0,0,'',''),(159,159,0,'','',0,0,0,'',''),(160,160,0,'','',0,0,0,'',''),(161,161,0,'','',0,0,0,'',''),(162,162,0,'','',0,0,0,'',''),(163,163,0,'','',0,0,0,'',''),(164,164,0,'','',0,0,0,'',''),(165,165,0,'','',0,0,0,'',''),(166,166,0,'','',0,0,0,'',''),(167,167,0,'','',0,0,0,'',''),(168,168,0,'','',0,0,0,'',''),(169,169,0,'','',0,0,0,'',''),(170,170,0,'','',0,0,0,'',''),(171,171,0,'','',0,0,0,'',''),(172,172,0,'','',0,0,0,'',''),(173,173,0,'','',0,0,0,'',''),(174,174,0,'','',0,0,0,'',''),(175,175,0,'','',0,0,0,'',''),(176,176,0,'','',0,0,0,'',''),(177,177,0,'','',0,0,0,'',''),(178,178,0,'','',0,0,0,'',''),(179,179,0,'','',0,0,0,'',''),(180,180,0,'','',0,0,0,'',''),(181,181,0,'','',0,0,0,'',''),(182,182,0,'','',0,0,0,'',''),(183,183,0,'','',0,0,0,'',''),(184,184,0,'','',0,0,0,'',''),(185,185,0,'','',0,0,0,'',''),(186,186,0,'','',0,0,0,'',''),(187,187,0,'','',0,0,0,'',''),(188,188,0,'','',0,0,0,'',''),(189,189,0,'','',0,0,0,'',''),(190,190,0,'','',0,0,0,'',''),(191,191,0,'','',0,0,0,'',''),(192,192,0,'P','P',0,0,0,'U','U'),(193,193,1,'M','M',0,0,0,'U','U'),(194,194,1,'M','M',0,0,0,'U','U'),(195,195,1,'M','M',0,0,0,'U','U'),(196,196,0,'','',0,0,0,'',''),(197,197,0,'','',0,0,0,'',''),(198,198,0,'','',0,0,0,'',''),(199,199,0,'','',0,0,0,'',''),(200,200,0,'','',0,0,0,'',''),(201,201,0,'','',0,0,0,'',''),(202,202,0,'','',0,0,0,'',''),(203,203,0,'','',0,0,0,'',''),(204,204,0,'','',0,0,0,'',''),(205,205,0,'','',0,0,0,'',''),(206,206,0,'','',0,0,0,'',''),(207,207,0,'','',0,0,0,'',''),(208,208,0,'','',0,0,0,'',''),(209,209,0,'','',0,0,0,'',''),(210,210,0,'','',0,0,0,'',''),(211,211,0,'','',0,0,0,'',''),(212,212,0,'','',0,0,0,'',''),(213,213,0,'','',0,0,0,'',''),(214,214,0,'','',0,0,0,'',''),(215,215,0,'','',0,0,0,'',''),(216,216,0,'','',0,0,0,'',''),(217,217,0,'','',0,0,0,'',''),(218,218,0,'','',0,0,0,'',''),(219,219,0,'','',0,0,0,'',''),(220,220,0,'','',0,0,0,'',''),(221,221,0,'','',0,0,0,'',''),(222,222,0,'','',0,0,0,'',''),(223,223,0,'','',0,0,0,'',''),(224,224,0,'','',0,0,0,'',''),(225,225,0,'','',0,0,0,'',''),(226,226,0,'','',0,0,0,'',''),(227,227,0,'','',0,0,0,'',''),(228,228,0,'','',0,0,0,'',''),(229,229,0,'','',0,0,0,'',''),(230,230,0,'','',0,0,0,'',''),(231,231,0,'','',0,0,0,'',''),(232,232,0,'','',0,0,0,'',''),(233,233,0,'','',0,0,0,'',''),(234,234,0,'','',0,0,0,'',''),(235,235,0,'','',0,0,0,'',''),(236,236,0,'','',0,0,0,'',''),(237,237,0,'','',0,0,0,'',''),(238,238,0,'','',0,0,0,'',''),(239,239,0,'','',0,0,0,'',''),(240,240,0,'','',0,0,0,'',''),(241,241,0,'','',0,0,0,'',''),(242,242,0,'','',0,0,0,'',''),(243,243,0,'','',0,0,0,'',''),(244,244,0,'','',0,0,0,'',''),(245,245,0,'','',0,0,0,'',''),(246,246,0,'','',0,0,0,'',''),(247,247,0,'','',0,0,0,'',''),(248,248,0,'','',0,0,0,'',''),(249,249,0,'','',0,0,0,'',''),(250,250,0,'','',0,0,0,'',''),(251,251,0,'','',0,0,0,'',''),(252,252,0,'','',0,0,0,'',''),(253,253,0,'','',0,0,0,'',''),(254,254,0,'','',0,0,0,'',''),(255,255,0,'','',0,0,0,'',''),(256,256,0,'','',0,0,0,'',''),(257,257,0,'','',0,0,0,'',''),(258,258,0,'','',0,0,0,'',''),(259,259,0,'','',0,0,0,'',''),(260,260,0,'','',0,0,0,'',''),(261,261,0,'','',0,0,0,'',''),(262,262,0,'','',0,0,0,'',''),(263,263,0,'','',0,0,0,'',''),(264,264,0,'','',0,0,0,'',''),(265,265,0,'','',0,0,0,'',''),(266,266,0,'','',0,0,0,'',''),(267,267,0,'','',0,0,0,'',''),(268,268,0,'','',0,0,0,'',''),(269,269,0,'','',0,0,0,'',''),(270,270,0,'','',0,0,0,'',''),(271,271,0,'','',0,0,0,'',''),(272,272,0,'','',0,0,0,'',''),(273,273,0,'','',0,0,0,'',''),(274,274,0,'','',0,0,0,'',''),(275,275,0,'','',0,0,0,'',''),(276,276,0,'','',0,0,0,'',''),(277,277,0,'','',0,0,0,'',''),(278,278,0,'','',0,0,0,'',''),(279,279,0,'','',0,0,0,'',''),(280,280,0,'','',0,0,0,'',''),(281,281,0,'','',0,0,0,'',''),(282,282,0,'','',0,0,0,'',''),(283,283,0,'','',0,0,0,'',''),(284,284,0,'','',0,0,0,'',''),(285,285,0,'','',0,0,0,'',''),(286,286,0,'','',0,0,0,'',''),(287,287,0,'','',0,0,0,'',''),(288,288,0,'','',0,0,0,'',''),(289,289,0,'','',0,0,0,'',''),(290,290,0,'','',0,0,0,'',''),(291,291,0,'','',0,0,0,'',''),(292,292,0,'','',0,0,0,'',''),(293,293,0,'','',0,0,0,'',''),(294,294,0,'','',0,0,0,'',''),(295,295,0,'','',0,0,0,'',''),(296,296,0,'','',0,0,0,'',''),(297,297,1,'','MATCHED',2,2,0,'',''),(298,298,0,'','',0,0,0,'',''),(299,299,0,'','',0,0,0,'',''),(300,300,0,'','',0,0,0,'',''),(301,301,1,'','MATCHED',2,2,0,'',''),(302,302,0,'','',0,0,0,'',''),(303,303,1,'','MATCHED',2,2,0,'',''),(304,304,1,'','MATCHED',2,2,0,'',''),(305,305,1,'','MATCHED',2,2,0,'',''),(306,306,0,'','',0,0,0,'',''),(307,307,0,'P','P',1,1,1,'Y','Y'),(308,308,0,'','',0,0,0,'',''),(309,309,1,'M','M',1,1,1,'Y','Y'),(310,310,0,'','',0,0,0,'',''),(311,311,0,'','',0,0,0,'',''),(312,312,0,'','',0,0,0,'',''),(313,313,0,'P','P',1,1,1,'Y','Y'),(314,314,0,'P','P',1,1,1,'Y','Y'),(315,315,0,'P','P',1,1,1,'Y','Y'),(316,316,0,'','',0,0,0,'',''),(317,317,0,'','',0,0,0,'',''),(318,318,0,'','',0,0,0,'',''),(319,319,0,'','',0,0,0,'',''),(320,320,0,'','',0,0,0,'',''),(321,321,0,'','',0,0,0,'',''),(322,322,0,'P','P',1,1,1,'Y','Y'),(323,323,0,'P','P',1,1,1,'Y','Y'),(324,324,0,'P','P',1,1,1,'Y','Y'),(325,325,0,'P','P',1,1,1,'Y','Y'),(326,326,0,'P','P',1,1,1,'Y','Y'),(327,327,0,'P','P',1,1,1,'Y','Y'),(328,328,0,'P','P',1,1,1,'Y','Y'),(329,329,0,'P','P',1,1,1,'Y','Y'),(330,330,0,'P','P',1,1,1,'Y','Y'),(331,331,0,'P','P',1,1,1,'Y','Y'),(332,332,0,'P','P',1,1,1,'Y','Y'),(333,333,0,'P','P',1,1,1,'Y','Y'),(334,334,0,'P','P',1,1,1,'Y','Y'),(335,335,0,'P','P',1,1,1,'Y','Y'),(336,336,0,'P','P',1,1,1,'Y','Y'),(337,337,0,'P','P',1,1,1,'Y','Y'),(338,338,0,'P','P',1,1,1,'Y','Y'),(339,339,0,'P','P',1,1,1,'Y','Y'),(340,340,0,'P','P',1,1,1,'Y','Y'),(341,341,0,'P','P',1,1,1,'Y','Y'),(342,342,0,'P','P',1,1,1,'Y','Y'),(343,343,0,'P','P',1,1,1,'Y','Y'),(344,344,0,'P','P',1,1,1,'Y','Y'),(345,345,0,'P','P',1,1,1,'Y','Y'),(346,346,0,'P','P',1,1,1,'Y','Y'),(347,347,0,'P','P',1,1,1,'Y','Y'),(348,348,0,'P','P',1,1,1,'Y','Y'),(349,349,0,'P','P',1,1,1,'Y','Y'),(350,350,0,'P','P',1,1,1,'Y','Y'),(351,351,0,'P','P',1,1,1,'Y','Y'),(352,352,0,'P','P',1,1,1,'Y','Y'),(353,353,0,'P','P',1,1,1,'Y','Y'),(354,354,0,'P','P',1,1,1,'Y','Y'),(355,355,0,'P','P',1,1,1,'Y','Y'),(356,356,0,'P','P',1,1,1,'Y','Y'),(357,357,0,'','',1,1,0,'',''),(358,358,1,'','',1,1,0,'',''),(359,359,1,'','',1,1,0,'',''),(360,360,0,'','',0,0,0,'',''),(361,361,1,'','',1,1,0,'',''),(362,362,1,'','',1,1,0,'',''),(363,363,0,'','',0,0,0,'',''),(364,364,0,'','',0,0,0,'',''),(365,365,1,'','',1,1,0,'',''),(366,366,1,'','',1,1,0,'',''),(367,367,1,'','',1,1,0,'',''),(368,368,1,'','',1,1,0,'',''),(369,369,1,'','',1,1,0,'',''),(370,370,0,'','',0,0,0,'',''),(371,371,0,'','',0,0,0,'',''),(372,372,0,'','',0,0,0,'',''),(373,373,0,'P','P',1,1,1,'Y','Y'),(374,374,0,'P','P',1,1,1,'Y','Y'),(375,375,0,'P','P',1,1,1,'Y','Y'),(376,376,0,'P','P',1,1,1,'Y','Y'),(377,377,1,'','',1,1,0,'',''),(378,378,1,'Y','Y',1,1,0,'',''),(379,379,0,'','',0,0,0,'',''),(380,380,1,'','',1,1,0,'',''),(381,381,0,'','',0,0,0,'',''),(382,382,0,'','',0,0,0,'',''),(383,383,0,'','',0,0,0,'',''),(384,384,0,'','',0,0,0,'',''),(385,385,0,'','',0,0,0,'',''),(386,386,0,'','',0,0,0,'',''),(387,387,1,'','',1,1,0,'',''),(388,388,1,'Y','Y',1,2,0,'',''),(389,389,0,'','',0,0,0,'',''),(390,390,0,'','',0,0,0,'',''),(391,391,0,'','',0,0,0,'',''),(392,392,1,'Y','Y',1,2,0,'',''),(393,393,0,'','',0,0,0,'',''),(394,394,1,'Y','Y',1,2,0,'',''),(395,395,0,'','',0,0,0,'',''),(396,396,0,'','',0,0,0,'',''),(397,397,1,'Y','Y',1,2,0,'',''),(398,398,0,'','',0,0,0,'',''),(399,399,0,'','',0,0,0,'',''),(400,400,0,'','',1,1,0,'',''),(401,401,0,'','',0,0,0,'',''),(402,402,1,'','',1,1,0,'',''),(403,403,1,'','',1,1,0,'',''),(404,404,1,'M','M',1,1,1,'Y','Y'),(405,405,1,'M','M',1,1,1,'Y','Y'),(406,406,1,'M','M',1,1,1,'Y','Y'),(407,407,1,'M','M',1,1,1,'Y','Y'),(408,408,1,'M','M',1,1,1,'Y','Y'),(409,409,1,'M','M',1,1,1,'Y','Y'),(410,410,1,'','',1,1,0,'',''),(411,411,0,'','',0,0,0,'',''),(412,412,1,'M','M',1,1,1,'Y','Y'),(413,413,0,'','',0,0,0,'',''),(414,414,0,'','',0,0,0,'',''),(415,415,0,'','',0,0,0,'',''),(416,416,0,'','',0,0,0,'',''),(417,417,0,'','',0,0,0,'',''),(418,418,0,'','',0,0,0,'',''),(419,419,1,'M','M',1,1,1,'Y','Y'),(420,420,1,'M','M',1,1,1,'Y','Y'),(421,421,0,'','',1,1,1,'X','X'),(422,422,0,'','',0,0,0,'',''),(423,423,1,'','',1,1,0,'',''),(424,424,1,'','',1,1,0,'',''),(425,425,0,'','',1,1,0,'',''),(426,426,0,'','',1,1,0,'',''),(427,427,0,'','',1,1,0,'',''),(428,428,0,'','',1,1,0,'',''),(429,429,0,'','',1,1,0,'',''),(430,430,0,'','',1,1,0,'',''),(431,431,0,'','',1,1,0,'',''),(432,432,0,'','',1,1,0,'',''),(433,433,0,'','',1,1,0,'',''),(434,434,0,'','',1,1,0,'',''),(435,435,0,'','',1,1,0,'',''),(436,436,0,'','',1,1,0,'',''),(437,437,0,'','',1,1,0,'',''),(438,438,0,'','',1,1,0,'',''),(439,439,0,'','',1,1,0,'',''),(440,440,0,'','',1,1,0,'',''),(441,441,0,'','',1,1,0,'',''),(442,442,0,'','',1,1,0,'',''),(443,443,0,'','',1,1,0,'',''),(444,444,0,'','',1,1,0,'',''),(445,445,0,'','',1,1,0,'',''),(446,446,0,'','',1,1,0,'',''),(447,447,0,'','',1,1,0,'',''),(448,448,0,'','',1,1,0,'',''),(449,449,0,'','',1,1,0,'',''),(450,450,0,'','',1,1,0,'',''),(451,451,0,'','',1,1,0,'',''),(452,452,0,'','',1,1,0,'',''),(453,453,0,'','',1,1,0,'',''),(454,454,0,'','',1,1,0,'',''),(455,455,0,'','',1,1,0,'',''),(456,456,0,'','',1,1,0,'',''),(457,457,0,'','',1,1,0,'',''),(458,458,0,'','',1,1,0,'',''),(459,459,0,'','',1,1,0,'',''),(460,460,0,'','',1,1,0,'',''),(461,461,0,'','',1,1,0,'',''),(462,462,0,'','',1,1,0,'',''),(463,463,0,'','',1,1,0,'',''),(464,464,0,'','',1,1,0,'',''),(465,465,0,'','',1,1,0,'',''),(466,466,0,'','',1,1,0,'',''),(467,467,0,'','',1,1,0,'',''),(468,468,0,'','',1,1,0,'',''),(469,469,0,'','',1,1,0,'',''),(470,470,0,'','',1,1,0,'',''),(471,471,0,'','',1,1,0,'',''),(472,472,0,'','',1,1,0,'',''),(473,473,0,'','',1,1,0,'',''),(474,474,0,'','',1,1,0,'',''),(475,475,0,'','',1,1,0,'',''),(476,476,0,'','',1,1,0,'',''),(477,477,0,'','',1,1,0,'',''),(478,478,0,'','',1,1,0,'',''),(479,479,0,'','',1,1,0,'',''),(480,480,0,'','',1,1,0,'',''),(481,481,0,'','',1,1,0,'',''),(482,482,0,'','',1,1,0,'',''),(483,483,0,'','',1,1,0,'',''),(484,484,0,'','',1,1,0,'',''),(485,485,0,'','',1,1,0,'',''),(486,486,0,'','',1,1,0,'',''),(487,487,0,'','',1,1,0,'',''),(488,488,0,'','',1,1,0,'',''),(489,489,0,'','',1,1,0,'',''),(490,490,0,'','',1,1,0,'',''),(491,491,0,'','',1,1,0,'',''),(492,492,0,'','',1,1,0,'',''),(493,493,0,'','',1,1,0,'',''),(494,494,0,'','',1,1,0,'',''),(495,495,0,'','',1,1,0,'',''),(496,496,0,'','',1,1,0,'',''),(497,497,0,'','',1,1,0,'',''),(498,498,0,'','',1,1,0,'',''),(499,499,0,'','',1,1,0,'',''),(500,500,0,'','',1,1,0,'',''),(501,501,0,'','',1,1,0,'',''),(502,502,0,'','',1,1,0,'',''),(503,503,0,'','',1,1,0,'',''),(504,504,0,'','',1,1,0,'',''),(505,505,0,'','',1,1,0,'',''),(506,506,0,'','',1,1,0,'',''),(507,507,0,'','',1,1,0,'',''),(508,508,0,'','',1,1,0,'',''),(509,509,0,'','',1,1,0,'',''),(510,510,0,'','',1,1,0,'',''),(511,511,0,'','',1,1,0,'',''),(512,512,0,'','',1,1,0,'',''),(513,513,0,'','',1,1,0,'',''),(514,514,0,'','',1,1,0,'',''),(515,515,0,'','',1,1,0,'',''),(516,516,0,'','',1,1,0,'',''),(517,517,0,'','',1,1,0,'',''),(518,518,0,'','',1,1,0,'',''),(519,519,0,'','',1,1,0,'',''),(520,520,0,'','',1,1,0,'',''),(521,521,0,'','',1,1,0,'',''),(522,522,0,'','',1,1,0,'',''),(523,523,0,'','',1,1,0,'',''),(524,524,0,'','',1,1,0,'',''),(525,525,0,'','',1,1,0,'',''),(526,526,0,'','',1,1,0,'',''),(527,527,0,'','',1,1,0,'',''),(528,528,0,'','',1,1,0,'',''),(529,529,0,'','',1,1,0,'',''),(530,530,0,'','',1,1,0,'',''),(531,531,0,'','',1,1,0,'',''),(532,532,0,'','',1,1,0,'',''),(533,533,0,'','',1,1,0,'',''),(534,534,0,'','',1,1,0,'',''),(535,535,0,'','',1,1,0,'',''),(536,536,0,'','',1,1,0,'',''),(537,537,0,'','',1,1,0,'',''),(538,538,0,'','',1,1,0,'',''),(539,539,0,'','',1,1,0,'',''),(540,540,0,'','',1,1,0,'',''),(541,541,0,'','',1,1,0,'',''),(542,542,0,'','',1,1,0,'',''),(543,543,0,'','',1,1,0,'',''),(544,544,0,'','',1,1,0,'',''),(545,545,0,'','',1,1,0,'',''),(546,546,0,'','',1,1,0,'',''),(547,547,0,'','',1,1,0,'',''),(548,548,0,'','',1,1,0,'',''),(549,549,0,'','',1,1,0,'',''),(550,550,0,'','',1,1,0,'',''),(551,551,0,'','',1,1,0,'',''),(552,552,0,'','',1,1,0,'',''),(553,553,0,'','',1,1,0,'',''),(554,554,0,'','',1,1,0,'',''),(555,555,0,'','',1,1,0,'',''),(556,556,0,'','',1,1,0,'',''),(557,557,0,'','',1,1,0,'',''),(558,558,0,'','',1,1,0,'',''),(559,559,0,'','',1,1,0,'',''),(560,560,0,'','',1,1,0,'',''),(561,561,0,'','',1,1,0,'',''),(562,562,0,'','',1,1,0,'',''),(563,563,0,'','',1,1,0,'',''),(564,564,0,'','',1,1,0,'',''),(565,565,0,'','',1,1,0,'',''),(566,566,0,'','',1,1,0,'',''),(567,567,0,'','',1,1,0,'',''),(568,568,0,'','',1,1,0,'',''),(569,569,0,'','',1,1,0,'',''),(570,570,0,'','',1,1,0,'',''),(571,571,0,'','',1,1,0,'',''),(572,572,0,'','',1,1,0,'',''),(573,573,0,'','',1,1,0,'',''),(574,574,0,'','',1,1,0,'',''),(575,575,0,'','',1,1,0,'',''),(576,576,0,'','',1,1,0,'',''),(577,577,0,'','',1,1,0,'',''),(578,578,0,'','',1,1,0,'',''),(579,579,0,'','',1,1,0,'',''),(580,580,0,'','',1,1,0,'',''),(581,581,0,'','',1,1,0,'',''),(582,582,0,'','',1,1,0,'',''),(583,583,0,'','',1,1,0,'',''),(584,584,0,'','',1,1,0,'',''),(585,585,0,'','',1,1,0,'',''),(586,586,0,'','',1,1,0,'',''),(587,587,0,'','',1,1,0,'',''),(588,588,0,'','',1,1,0,'',''),(589,589,0,'','',1,1,0,'',''),(590,590,0,'','',1,1,0,'',''),(591,591,0,'','',1,1,0,'',''),(592,592,0,'','',1,1,0,'',''),(593,593,0,'','',1,1,0,'',''),(594,594,0,'','',1,1,0,'',''),(595,595,0,'','',1,1,0,'',''),(596,596,0,'','',1,1,0,'',''),(597,597,0,'','',1,1,0,'',''),(598,598,0,'','',1,1,0,'',''),(599,599,0,'','',1,1,0,'',''),(600,600,0,'','',1,1,0,'',''),(601,601,0,'','',1,1,0,'',''),(602,602,0,'','',1,1,0,'',''),(603,603,0,'','',1,1,0,'',''),(604,604,0,'','',1,1,0,'',''),(605,605,0,'','',1,1,0,'',''),(606,606,0,'','',1,1,0,'',''),(607,607,0,'','',1,1,0,'',''),(608,608,0,'','',1,1,0,'',''),(609,609,0,'','',1,1,0,'',''),(610,610,0,'','',1,1,0,'',''),(611,611,0,'','',1,1,0,'',''),(612,612,0,'','',1,1,0,'',''),(613,613,0,'','',1,1,0,'',''),(614,614,0,'','',1,1,0,'',''),(615,615,0,'','',1,1,0,'',''),(616,616,0,'','',1,1,0,'',''),(617,617,0,'','',1,1,0,'',''),(618,618,0,'','',1,1,0,'',''),(619,619,0,'','',1,1,0,'',''),(620,620,0,'','',1,1,0,'',''),(621,621,0,'','',1,1,0,'',''),(622,622,0,'','',1,1,0,'',''),(623,623,0,'','',1,1,0,'',''),(624,624,0,'','',1,1,0,'',''),(625,625,0,'','',1,1,0,'',''),(626,626,0,'','',1,1,0,'',''),(627,627,0,'','',1,1,0,'',''),(628,628,0,'','',1,1,0,'',''),(629,629,0,'','',1,1,0,'',''),(630,630,0,'','',1,1,0,'',''),(631,631,0,'','',1,1,0,'',''),(632,632,0,'','',1,1,0,'',''),(633,633,0,'','',1,1,0,'',''),(634,634,0,'','',1,1,0,'',''),(635,635,0,'','',1,1,0,'',''),(636,636,0,'','',1,1,0,'',''),(637,637,0,'','',1,1,0,'',''),(638,638,0,'','',1,1,0,'',''),(639,639,0,'','',1,1,0,'',''),(640,640,0,'','',1,1,0,'',''),(641,641,0,'','',1,1,0,'',''),(642,642,0,'','',1,1,0,'',''),(643,643,0,'','',1,1,0,'',''),(644,644,0,'','',1,1,0,'',''),(645,645,0,'','',1,1,0,'',''),(646,646,0,'','',1,1,0,'',''),(647,647,0,'','',1,1,0,'',''),(648,648,0,'','',1,1,0,'',''),(649,649,0,'','',1,1,0,'',''),(650,650,0,'','',1,1,0,'',''),(651,651,0,'','',1,1,0,'',''),(652,652,0,'','',1,1,0,'',''),(653,653,0,'','',1,1,0,'',''),(654,654,0,'','',1,1,0,'',''),(655,655,0,'','',1,1,0,'',''),(656,656,0,'','',1,1,0,'',''),(657,657,0,'','',1,1,0,'',''),(658,658,0,'','',1,1,0,'',''),(659,659,0,'','',1,1,0,'',''),(660,660,0,'','',1,1,0,'',''),(661,661,0,'','',1,1,0,'',''),(662,662,0,'','',1,1,0,'',''),(663,663,0,'','',1,1,0,'',''),(664,664,0,'','',1,1,0,'',''),(665,665,0,'','',1,1,0,'',''),(666,666,0,'','',1,1,0,'',''),(667,667,0,'','',1,1,0,'',''),(668,668,0,'','',1,1,0,'',''),(669,669,0,'','',1,1,0,'',''),(670,670,0,'','',1,1,0,'',''),(671,671,0,'','',1,1,0,'',''),(672,672,0,'','',1,1,0,'',''),(673,673,0,'','',1,1,0,'',''),(674,674,0,'','',1,1,0,'',''),(675,675,0,'','',1,1,0,'',''),(676,676,0,'','',1,1,0,'',''),(677,677,0,'','',1,1,0,'',''),(678,678,0,'','',1,1,0,'',''),(679,679,0,'','',1,1,0,'',''),(680,680,0,'','',1,1,0,'',''),(681,681,0,'','',1,1,0,'',''),(682,682,0,'','',1,1,0,'',''),(683,683,0,'','',1,1,0,'',''),(684,684,0,'','',1,1,0,'',''),(685,685,0,'','',1,1,0,'',''),(686,686,0,'','',1,1,0,'',''),(687,687,0,'','',1,1,0,'',''),(688,688,0,'','',1,1,0,'',''),(689,689,0,'','',1,1,0,'',''),(690,690,0,'','',1,1,0,'',''),(691,691,0,'','',1,1,0,'',''),(692,692,0,'','',1,1,0,'',''),(693,693,0,'','',1,1,0,'',''),(694,694,0,'','',1,1,0,'',''),(695,695,0,'','',1,1,0,'',''),(696,696,0,'','',1,1,0,'',''),(697,697,0,'','',1,1,0,'',''),(698,698,0,'','',1,1,0,'',''),(699,699,0,'','',1,1,0,'',''),(700,700,0,'','',0,0,0,'',''),(701,701,1,'','',1,1,0,'',''),(702,702,1,'','',1,1,0,'',''),(703,703,1,'','',1,1,0,'',''),(704,704,0,'','',0,0,0,'',''),(705,705,0,'','',0,0,0,'',''),(706,706,0,'','',0,0,0,'',''),(707,707,0,'','',0,0,0,'',''),(708,708,1,'','',1,1,0,'',''),(709,709,0,'','',0,0,0,'',''),(710,710,0,'','',1,1,0,'',''),(711,711,0,'','',0,0,0,'',''),(712,712,0,'','',0,0,0,'',''),(713,713,0,'','',0,0,0,'',''),(714,714,0,'','',0,0,0,'',''),(715,715,0,'','',0,0,0,'',''),(716,716,0,'','',0,0,0,'',''),(717,717,0,'','',0,0,0,'',''),(718,718,0,'','',0,0,0,'',''),(719,719,0,'','',0,0,0,'',''),(720,720,0,'','',0,0,0,'',''),(721,721,0,'','',0,0,0,'',''),(722,722,0,'','',0,0,0,'',''),(723,723,0,'','',0,0,0,'',''),(724,724,0,'','',0,0,0,'',''),(725,725,0,'','',0,0,0,'',''),(726,726,0,'','',0,0,0,'',''),(727,727,0,'','',1,1,0,'',''),(728,728,0,'','',1,1,0,'',''),(729,729,0,'','',0,0,0,'',''),(730,730,0,'','',0,0,0,'',''),(731,731,0,'','',0,0,0,'',''),(732,732,0,'','',0,0,0,'',''),(733,733,0,'P','P',1,1,1,'Y','Y'),(734,734,0,'P','P',1,1,1,'Y','Y'),(735,735,0,'P','P',1,1,1,'Y','Y'),(736,736,0,'P','P',1,1,1,'Y','Y'),(737,737,0,'P','P',1,1,1,'Y','Y'),(738,738,0,'P','P',1,1,1,'Y','Y'),(739,739,0,'P','P',1,1,1,'Y','Y'),(740,740,0,'P','P',1,1,1,'Y','Y'),(741,741,0,'P','P',1,1,1,'Y','Y'),(742,742,0,'P','P',1,1,1,'Y','Y'),(743,743,0,'P','P',1,1,1,'Y','Y'),(744,744,0,'','',1,1,0,'',''),(745,745,0,'','',0,0,0,'',''),(746,746,0,'','',0,0,0,'',''),(747,747,0,'','',0,0,0,'',''),(748,748,0,'','',0,0,0,'',''),(749,749,0,'','',0,0,0,'',''),(750,750,0,'','',1,1,0,'',''),(751,751,0,'','',0,0,0,'',''),(752,752,0,'','',0,0,0,'',''),(753,753,0,'','',0,0,0,'',''),(754,754,0,'','',0,0,0,'',''),(755,755,0,'','',0,0,0,'',''),(756,756,0,'','',0,0,0,'',''),(757,757,0,'','',0,0,0,'',''),(758,758,0,'','',0,0,0,'',''),(759,759,0,'','',0,0,0,'',''),(760,760,0,'','',1,1,0,'',''),(761,761,0,'','',0,0,0,'',''),(762,762,0,'','',0,0,0,'',''),(763,763,0,'P','P',1,1,1,'Y','Y'),(764,764,0,'P','P',1,1,1,'Y','Y'),(765,765,0,'P','P',1,1,1,'Y','Y'),(766,766,0,'P','P',1,1,1,'Y','Y'),(767,767,0,'P','P',1,1,1,'Y','Y'),(768,768,0,'P','P',1,1,1,'Y','Y'),(769,769,0,'','',0,0,0,'',''),(770,770,0,'','',0,0,0,'',''),(771,771,0,'P','P',1,1,1,'Y','Y'),(772,772,0,'P','P',1,1,1,'Y','Y'),(773,773,0,'P','P',1,1,1,'Y','Y'),(774,774,0,'P','P',1,1,1,'Y','Y'),(775,775,0,'','',0,0,0,'',''),(776,776,0,'','',0,0,0,'',''),(777,777,0,'P','P',1,1,1,'Y','Y'),(778,778,0,'P','P',1,1,1,'Y','Y'),(779,779,0,'','',0,0,0,'',''),(780,780,1,'','',1,1,0,'',''),(781,781,0,'S','S',1,1,1,'Y','Y'),(782,782,0,'S','S',1,1,1,'Y','Y'),(783,783,1,'M','M',1,1,1,'Y','Y'),(784,784,0,'','',0,0,0,'',''),(785,785,0,'','',0,0,0,'',''),(786,786,0,'S','S',1,1,1,'Y','Y'),(787,787,0,'','',0,0,0,'',''),(788,788,0,'','',0,0,0,'',''),(789,789,0,'','',0,0,0,'',''),(790,790,0,'','',0,0,0,'',''),(791,791,0,'','',0,0,0,'',''),(792,792,0,'','',0,0,0,'',''),(793,793,0,'','',0,0,0,'',''),(794,794,0,'S','S',1,1,1,'Y','Y'),(795,795,0,'S','S',1,1,1,'Y','Y'),(796,796,0,'','',0,0,0,'',''),(797,797,0,'S','S',1,1,1,'Y','Y'),(798,798,0,'','',0,0,0,'',''),(799,799,0,'','',0,0,0,'',''),(800,800,0,'','',0,0,0,'',''),(801,801,0,'','',0,0,0,'',''),(802,802,0,'','',0,0,0,'',''),(803,803,0,'S','S',1,1,1,'Y','Y'),(804,804,0,'','',0,0,0,'',''),(805,805,0,'','',0,0,0,'',''),(806,806,0,'','',0,0,0,'',''),(807,807,0,'','',0,0,0,'',''),(808,808,0,'','',0,0,0,'',''),(809,809,0,'','',0,0,0,'',''),(810,810,0,'','',0,0,0,'',''),(811,811,0,'','',0,0,0,'',''),(812,812,0,'','',0,0,0,'',''),(813,813,0,'','',0,0,0,'',''),(814,814,0,'','',0,0,0,'',''),(815,815,0,'','',0,0,0,'',''),(816,816,0,'','',0,0,0,'',''),(817,817,0,'S','S',1,1,1,'Y','Y'),(818,818,0,'S','S',1,1,1,'Y','Y'),(819,819,1,'M','M',1,1,1,'Y','Y'),(820,820,1,'M','M',1,1,1,'Y','Y'),(821,821,0,'','',0,0,0,'',''),(822,822,0,'','',0,0,0,'',''),(823,823,0,'','',0,0,0,'',''),(824,824,0,'','',0,0,0,'',''),(825,825,0,'','',0,0,0,'',''),(826,826,0,'','',0,0,0,'',''),(827,827,0,'','',0,0,0,'',''),(828,828,0,'','',0,0,0,'',''),(829,829,0,'','',0,0,0,'',''),(830,830,0,'','',0,0,0,'',''),(831,831,0,'P','P',1,1,1,'Y','Y'),(832,832,0,'','',0,0,0,'',''),(833,833,0,'','',0,0,0,'',''),(834,834,0,'','',0,0,0,'',''),(835,835,0,'','',0,0,0,'',''),(836,836,0,'','',0,0,0,'',''),(837,837,0,'','',0,0,0,'',''),(838,838,0,'','',0,0,0,'',''),(839,839,0,'','',0,0,0,'',''),(840,840,0,'','',0,0,0,'',''),(841,841,0,'','',0,0,0,'',''),(842,842,0,'','',0,0,0,'',''),(843,843,0,'','',0,0,0,'',''),(844,844,0,'','',0,0,0,'',''),(845,845,0,'','',0,0,0,'',''),(846,846,0,'','',0,0,0,'',''),(847,847,0,'','',0,0,0,'',''),(848,848,0,'','',0,0,0,'',''),(849,849,0,'','',0,0,0,'',''),(850,850,0,'','',0,0,0,'',''),(851,851,0,'','',0,0,0,'',''),(852,852,0,'','',0,0,0,'',''),(853,853,0,'','',0,0,0,'',''),(854,854,0,'','',0,0,0,'',''),(855,855,0,'','',0,0,0,'',''),(856,856,0,'','',0,0,0,'',''),(857,857,0,'','',0,0,0,'',''),(858,858,0,'','',0,0,0,'',''),(859,859,0,'','',0,0,0,'',''),(860,860,0,'','',0,0,0,'',''),(861,861,0,'','',0,0,0,'',''),(862,862,0,'','',0,0,0,'',''),(863,863,0,'','',0,0,0,'',''),(864,864,0,'','',0,0,0,'',''),(865,865,0,'','',0,0,0,'',''),(866,866,1,'M','M',1,2,2,'A','A'),(867,867,0,'','',0,0,0,'',''),(868,868,0,'P','P',1,1,1,'Y','Y'),(869,869,0,'P','P',1,1,1,'Y','Y'),(870,870,0,'P','P',1,1,1,'Y','Y'),(871,871,0,'P','P',1,1,1,'Y','Y'),(872,872,0,'','',1,1,0,'',''),(873,873,0,'','',0,0,0,'',''),(874,874,0,'','',0,0,0,'',''),(875,875,0,'','',0,0,0,'',''),(876,876,0,'','',0,0,0,'',''),(877,877,0,'','',0,0,0,'',''),(878,878,0,'','',0,0,0,'',''),(879,879,0,'','',0,0,0,'',''),(880,880,0,'','',0,0,0,'',''),(881,881,0,'','',0,0,0,'',''),(882,882,0,'','',0,0,0,'',''),(883,883,0,'','',1,1,0,'',''),(884,884,0,'','',0,0,0,'',''),(885,885,0,'','',0,0,0,'',''),(886,886,0,'','',0,0,0,'',''),(887,887,0,'','',0,0,0,'',''),(888,888,0,'','',0,0,0,'',''),(889,889,0,'','',0,0,0,'',''),(890,890,0,'','',0,0,0,'',''),(891,891,0,'','',0,0,0,'',''),(892,892,0,'','',0,0,0,'',''),(893,893,0,'','',0,0,0,'',''),(894,894,0,'','',0,0,0,'',''),(895,895,0,'','',0,0,0,'',''),(896,896,0,'','',0,0,0,'',''),(897,897,0,'','',0,0,0,'',''),(898,898,0,'','',0,0,0,'',''),(899,899,0,'','',0,0,0,'',''),(900,900,0,'','',0,0,0,'',''),(901,901,0,'','',0,0,0,'',''),(902,902,0,'','',0,0,0,'',''),(903,903,0,'','',0,0,0,'',''),(904,904,0,'','',0,0,0,'',''),(905,905,0,'P','P',1,1,1,'Y','Y'),(906,906,0,'','',1,1,0,'',''),(907,907,0,'','',0,0,0,'',''),(908,908,0,'','',0,0,0,'',''),(909,909,0,'','',0,0,0,'',''),(910,910,0,'','',0,0,0,'',''),(911,911,0,'','',0,0,0,'',''),(912,912,0,'','',0,0,0,'',''),(913,913,0,'','',0,0,0,'',''),(914,914,0,'','',0,0,0,'',''),(915,915,0,'','',0,0,0,'',''),(916,916,0,'','',0,0,0,'',''),(917,917,0,'','',0,0,0,'',''),(918,918,0,'','',0,0,0,'',''),(919,919,0,'','',0,0,0,'',''),(920,920,0,'','',0,0,0,'',''),(921,921,0,'','',0,0,0,'',''),(922,922,0,'','',0,0,0,'',''),(923,923,0,'','',0,0,0,'',''),(924,924,0,'','',0,0,0,'',''),(925,925,0,'','',0,0,0,'',''),(926,926,0,'','',0,0,0,'',''),(927,927,0,'','',0,0,0,'',''),(928,928,0,'','',1,1,0,'',''),(929,929,0,'','',0,0,0,'',''),(930,930,0,'','',0,0,0,'',''),(931,931,0,'','',0,0,0,'',''),(932,932,0,'','',0,0,0,'',''),(933,933,0,'','',0,0,0,'',''),(934,934,0,'','',0,0,0,'',''),(935,935,0,'','',0,0,0,'',''),(936,936,0,'','',0,0,0,'',''),(937,937,0,'','',0,0,0,'',''),(938,938,0,'','',0,0,0,'',''),(939,939,0,'','',0,0,0,'',''),(940,940,0,'','',0,0,0,'',''),(941,941,0,'','',0,0,0,'',''),(942,942,0,'','',0,0,0,'',''),(943,943,0,'','',0,0,0,'',''),(944,944,0,'','',0,0,0,'',''),(945,945,0,'','',0,0,0,'',''),(946,946,0,'','',0,0,0,'',''),(947,947,0,'','',0,0,0,'',''),(948,948,0,'','',0,0,0,'',''),(949,949,0,'','',0,0,0,'',''),(950,950,0,'','',1,1,0,'',''),(951,951,0,'','',0,0,0,'',''),(952,952,0,'','',0,0,0,'',''),(953,953,0,'','',0,0,0,'',''),(954,954,0,'','',0,0,0,'',''),(955,955,0,'','',0,0,0,'',''),(956,956,0,'','',0,0,0,'',''),(957,957,0,'','',0,0,0,'',''),(958,958,0,'','',0,0,0,'',''),(959,959,0,'','',0,0,0,'',''),(960,960,0,'','',0,0,0,'',''),(961,961,0,'','',0,0,0,'',''),(962,962,0,'','',0,0,0,'',''),(963,963,0,'','',0,0,0,'',''),(964,964,0,'','',0,0,0,'',''),(965,965,0,'P','P',1,1,1,'Y','Y'),(966,966,0,'P','P',1,1,1,'Y','Y'),(967,967,0,'P','P',1,1,1,'Y','Y'),(968,968,0,'','',0,0,0,'',''),(969,969,0,'','',0,0,0,'',''),(970,970,0,'','',0,0,0,'',''),(971,971,0,'','',0,0,0,'',''),(972,972,1,'M','M',0,0,0,'',''),(973,973,1,'M','M',0,0,0,'',''),(974,974,1,'M','M',0,0,0,'',''),(975,975,1,'M','M',0,0,0,'',''),(976,976,0,'P','P',1,1,1,'Y','Y'),(977,977,0,'P','P',1,1,1,'Y','Y'),(978,978,0,'P','P',1,1,1,'Y','Y'),(979,979,0,'P','P',1,1,1,'Y','Y'),(980,980,0,'P','P',1,1,1,'Y','Y'),(981,981,1,'M','M',1,2,2,'A','A'),(982,982,0,'','',0,0,0,'',''),(983,983,0,'','',0,0,0,'',''),(984,984,0,'','',0,0,0,'',''),(985,985,0,'P','P',1,1,1,'Y','Y'),(986,986,0,'','',0,0,0,'',''),(987,987,0,'P','P',1,1,1,'Y','Y'),(988,988,0,'P','P',1,1,1,'Y','Y'),(989,989,0,'P','P',1,1,1,'Y','Y'),(990,990,0,'P','P',1,1,1,'Y','Y'),(991,991,0,'P','P',1,1,1,'Y','Y'),(992,992,0,'','',0,0,0,'',''),(993,993,0,'P','P',1,1,1,'Y','Y'),(994,994,0,'P','P',1,1,1,'Y','Y'),(995,995,0,'P','P',1,1,1,'Y','Y'),(996,996,0,'P','P',1,1,1,'Y','Y'),(997,997,0,'P','P',1,1,1,'Y','Y'),(998,998,0,'P','P',1,1,1,'Y','Y'),(999,999,0,'P','P',1,1,1,'Y','Y'),(1000,1000,0,'','',0,0,0,'',''),(1001,1001,0,'','',0,0,0,'',''),(1002,1002,1,'M','M',1,2,2,'A','A'),(1003,1003,0,'','',0,0,0,'',''),(1004,1004,0,'','',0,0,0,'',''),(1005,1005,0,'','',0,0,0,'',''),(1006,1006,0,'','',0,0,0,'',''),(1007,1007,0,'','',0,0,0,'',''),(1008,1008,0,'','',0,0,0,'',''),(1009,1009,0,'','',0,0,0,'',''),(1010,1010,0,'','',0,0,0,'',''),(1011,1011,0,'','',0,0,0,'',''),(1012,1012,0,'','',0,0,0,'',''),(1013,1013,0,'P','P',1,1,1,'Y','Y'),(1014,1014,0,'','',0,0,0,'',''),(1015,1015,0,'','',0,0,0,'',''),(1016,1016,0,'','',0,0,0,'',''),(1017,1017,0,'P','P',1,1,1,'Y','Y'),(1018,1018,0,'P','P',1,1,1,'Y','Y'),(1019,1019,0,'P','P',1,1,1,'Y','Y'),(1020,1020,0,'','',0,0,0,'',''),(1021,1021,0,'','',0,0,0,'',''),(1022,1022,0,'','',0,0,0,'',''),(1023,1023,0,'','',0,0,0,'',''),(1024,1024,0,'','',0,0,0,'',''),(1025,1025,0,'','',0,0,0,'',''),(1026,1026,0,'','',0,0,0,'',''),(1027,1027,0,'P','P',1,1,1,'Y','Y'),(1028,1028,0,'','',0,0,0,'',''),(1029,1029,0,'','',0,0,0,'',''),(1034,1034,0,'','',0,0,0,'',''),(1035,1035,0,'','',0,0,0,'',''),(1036,1036,0,'','',0,0,0,'',''),(1037,1037,0,'','',0,0,0,'',''),(1038,1038,1,'','',1,1,0,'',''),(1039,1039,0,'','',0,0,0,'',''),(1040,1040,0,'','',0,0,0,'',''),(1041,1041,1,'','',1,1,0,'',''),(1042,1042,1,'','',1,1,0,'',''),(1043,1043,0,'','',1,1,0,'',''),(1044,1044,0,'','',1,1,0,'',''),(1093,1093,0,'','',0,0,0,'',''),(1094,1094,0,'','',0,0,0,'',''),(1095,1095,0,'','',0,0,0,'',''),(1096,1096,0,'','',0,0,0,'',''),(1097,1097,0,'','',0,0,0,'',''),(1117,1117,0,'','',0,0,0,'',''),(1118,1118,1,'','',1,1,0,'',''),(1119,1119,0,'','',0,0,0,'',''),(1120,1120,0,'P','P',1,1,1,'Y','Y'),(1121,1121,0,'','',1,1,0,'',''),(1122,1122,0,'','',0,0,0,'',''),(1123,1123,0,'','',0,0,0,'',''),(1124,1124,0,'','',0,0,0,'',''),(1125,1125,0,'','',1,1,0,'',''),(1126,1126,0,'P','P',1,1,1,'Y','Y'),(1127,1127,0,'','',0,0,0,'',''),(1128,1128,0,'','',0,0,0,'',''),(1129,1129,0,'','',0,0,0,'',''),(1130,1130,0,'P','P',1,1,1,'Y','Y'),(1131,1131,0,'','',0,0,0,'',''),(1132,1132,0,'','',0,0,0,'',''),(1133,1133,0,'P','P',1,1,1,'Y','Y'),(1134,1134,0,'P','P',1,1,1,'Y','Y'),(1135,1135,0,'','',0,0,0,'',''),(1136,1136,0,'','',0,0,0,'',''),(1137,1137,0,'','',0,0,0,'',''),(1138,1138,0,'','',0,0,0,'',''),(1139,1139,0,'','',0,0,0,'',''),(1140,1140,0,'P','P',1,1,1,'Y','Y'),(1141,1141,0,'P','P',1,1,1,'Y','Y'),(1142,1142,0,'','',0,0,0,'',''),(1143,1143,0,'','',0,0,0,'',''),(1144,1144,0,'','',0,0,0,'',''),(1145,1145,0,'','',1,1,0,'',''),(1146,1146,0,'','',1,1,0,'',''),(1147,1147,0,'P','P',1,1,1,'Y','Y'),(1148,1148,0,'','',1,1,0,'',''),(1149,1149,0,'','',0,0,0,'',''),(1150,1150,0,'P','P',1,1,1,'Y','Y'),(1151,1151,0,'','',0,0,0,'',''),(1152,1152,0,'P','P',1,1,1,'Y','Y'),(1153,1153,0,'','',0,0,0,'',''),(1154,1154,0,'','',1,1,0,'',''),(1155,1155,0,'','',0,0,0,'',''),(1156,1156,0,'P','P',1,1,1,'Y','Y'),(1157,1157,1,'M','M',1,2,2,'A','A'),(1158,1158,0,'P','P',1,1,1,'Y','Y'),(1159,1159,0,'','',0,0,0,'',''),(1160,1160,0,'','',0,0,0,'',''),(1161,1161,0,'','',0,0,0,'',''),(1162,1162,0,'','',0,0,0,'',''),(1163,1163,0,'','',0,0,0,'',''),(1164,1164,0,'','',0,0,0,'',''),(1165,1165,0,'','',0,0,0,'',''),(1166,1166,0,'','',0,0,0,'',''),(1167,1167,0,'','',0,0,0,'',''),(1168,1168,0,'','',0,0,0,'',''),(1169,1169,0,'','',0,0,0,'',''),(1170,1170,0,'','',0,0,0,'',''),(1171,1171,0,'','',0,0,0,'',''),(1172,1172,1,'M','M',1,2,2,'A','A'),(1173,1173,1,'M','M',1,2,2,'A','A'),(1174,1174,1,'M','M',1,2,2,'A','A'),(1175,1175,1,'M','M',1,2,2,'A','A'),(1176,1176,0,'P','P',1,1,1,'Y','Y'),(1177,1177,0,'','',0,0,0,'',''),(1178,1178,0,'','',0,0,0,'',''),(1179,1179,0,'','',0,0,0,'',''),(1185,1185,0,'','',0,0,0,'',''),(1186,1186,1,'M','M',1,2,2,'A','A'),(1190,1190,1,'M','M',1,2,2,'A','A'),(1191,1191,1,'M','M',1,2,2,'A','A'),(1193,1193,0,'P','P',1,1,1,'Y','Y'),(1194,1194,1,'M','M',1,2,2,'A','A'),(1195,1195,1,'M','M',1,2,2,'A','A');

--
-- Table structure for table `xpay_payment_cardholder_data`
--

CREATE TABLE `xpay_payment_cardholder_data` (
  `chd_id` int NOT NULL AUTO_INCREMENT,
  `payment_id` int NOT NULL DEFAULT '0',
  `name` char(32) DEFAULT '',
  `value` text NOT NULL,
  PRIMARY KEY (`chd_id`),
  UNIQUE KEY `pn` (`payment_id`,`name`),
  KEY `payment_id` (`payment_id`),
  CONSTRAINT `xpay_payment_chd_ibfk_1` FOREIGN KEY (`payment_id`) REFERENCES `xpay_payments` (`payment_id`) ON DELETE CASCADE ON UPDATE CASCADE
) ENGINE=InnoDB AUTO_INCREMENT=1212 DEFAULT CHARSET=utf8mb3;

--
-- Dumping data for table `xpay_payment_cardholder_data`
--

INSERT INTO `xpay_payment_cardholder_data` (`chd_id`, `payment_id`, `name`, `value`) VALUES (757,1119,'card_type','CHD0f2e8132d5bbc2dc4117e3bcffe98fffj/Ravc3Q4J27EKK9xiyfXU6c1m9mEvYwjHA6bYDX1Ogfcpf81ljC9++gTWX6DCvlj3LJ7VSdDag2IaJdp/BZoVAKrMBBgC/syt/D1VJSWWOeT2I4fYlRrYfVQ3rsqMzGjKr3K6ldiw0BhMDNBQQPUeioOz+HhB+o1pMd7DDfqBTQOW0lYUgcQ0WKv2CXgXjn9orXgJpwgrkoti+4BYzeb3VmabIisbtugPyot6phR4HivfyNxpgspHYW3jkodsuXiyz3XzQsNeqDVbUsfijHioKMVLWlKVcfwcD3RwDg9lPY2NrKC8AQFAk8NssRAt3WB6zeNCnWn4PCkRvv0lefRw=='),(758,1119,'card_number','CHD0f2e8132d5bbc2dc4117e3bcffe98fffus7Wk8ZVc0AVPoU4Sc/AuRPiuGmQDUIIc4zm4hqggmmf1sORc5lp3ZMZ5b4BS2+NbBzjBvIu5weTiLO7tKsyoXN+fasqkCJdrpnXivKC7AN/ppSDRLexPlRHHRhjrKxqHbEWEeZ727E0xzvokAIO4BVHKqyTTik5lJBdqUBle3To/bEC7O5MVbtd/zmFFoZdMY5M1Ybo6jIaT3KN6kSB3ECTeMRtArk2by1zO6g5Y/YepJbQH985zgL2zZo9z4TubX4uXRMCV++Gew5bDNSd54Dfjnqu1c27+bPFMhiuaz5E5vDNvS0PQS/xnunmo15hQ94MZ5e9W1FSOQmv1isxsw=='),(759,1119,'card_expire_month','CHD0f2e8132d5bbc2dc4117e3bcffe98fffZaAo+fxl30AgIm1tDB7f6Hzd1SLXj2SwVFRRmayygzpuCv40L6weSSbH1kBeJY8ekgA3+AR1xXfRiI/24Gw7ugB2a8FphVD1xq351vU1kgELIHSJhj2IIgACi27f9fqJj0NR6eqaWDCysrSzNNNmVker2YBmBkZ9UFY7mAJCTK0TAMKUFi+20mSdjejr1sDGl8u3wmePF4ZCxSXOz2Nl86p2mZf3isxfB4qixm6bk3dTxIDvNmjSWbtGkFjxmrOXURQbv2q2cgr6FvdLZtPnc9wYnmMKsZ/BLNffDOcvGfgDEY7ja1BWLtwN0HzvdPzDFtLOC5iv/cZTewZrYDxM8Q=='),(760,1119,'card_expire_year','CHD0f2e8132d5bbc2dc4117e3bcffe98fffUFPAqsh2bw7T+01/JF+jbp92cxQVpfNxoZnjnU3Ow0f588NOoyqOW9UcN8uJPIxuQAV/nmdQgx63tYx0GSJjLzXlLi1pSxhCMHP5SCXo3P2sye3SeddtlbrbIq8y+ngcdx75RsS6ykKQtyH060lCJREVcdS8T6lC4qcTxZW5E2vqipCxAfv6ZZTfe+GiUREb3ZXxa/ooPycuAiNAbEsxj9BAEzABIUHWPg1glMdljxa8wjP4ZzWq0PV2wcusWA7EXOMssCde2PEMD5wCqcVGQeJvOoqwTKx9v8ZS8KiRo2dz6ewCAZEhbgo+JntF4uYmpTDqU+a0Z4ah3I7r9aVThQ=='),(761,1119,'card_cvv2','CHD0f2e8132d5bbc2dc4117e3bcffe98fffH8sEHXoYxFiRCqvAbvKPSgebfsf16beaPmr6xGodZ5on8kbC00yzdkELSGB4YELamJeIqe3f52SEdS4Dtz8biNAS7x6R8pJJS7xhD+MBecNSWjc2Fd3THlMagbCfC9/hxM0XDIa34LcpukJtHmQzAis7uCAYwca3M3wwaZm8IKg+tmOq/BfAkyRi8Vg2aRPGjCsikXcmbkYTThPOGoHikfJEQd1ifwHbT7tDOMtGrGMiJaI4d7cafmGkmJ4w1tNBjlcIl5VhlJd2bCD28JiNycTmMaZQMBLVrirl0234T/c009dI3M/8qY5P5v2kUNIW9NxnbK7ppw8HSWK3Szmrtw=='),(762,1119,'card_name','CHD0f2e8132d5bbc2dc4117e3bcffe98fffU9YKE3zsRcd5H0xQxXVI0yKibcJobrZbrsTOOjuSu7xZKSmuKhEp+rrbAG/pnXQyOISIiT0MK+q3XRW258O+G9vYOboGYJNnOjAECJaoA9XC48RDXzE5BcFJJS+SB2x0Do6FiaNWfwHrTc0yUlDJfJhESrtC53CzZ/PGNzQuWv9ViJG4J8aJdN/Z7fHN89MxYtKNk3cHkiQhSliutIuPA0qqpvX08kvXAgN6wnLLtB3U2U0jFWvbOclNwfR5DE0uZOQN5QIlvW6zq+nhC8WjFX0IGEi/3FbAp0wNlqPFrPOW5o/mVzyv5Y3L6UMcya7ngy1zc3QhQmTuLcDGN2CpSw=='),(763,1119,'card_expire','CHD0f2e8132d5bbc2dc4117e3bcffe98fffMFPYRYTuqSQXm7xSzQO3i1tNUed8yJIvcapEwIsdXssGVLmuKJQQCSOA3xhpR1sXKgwHqew0oRUH1YQ1avHLxFSB5iRveWxyaLwxm1HBYrI8CjNY1N1aDTbatbvca8UELeKComcIH0aW2jiZ61HmeIsvcTNij0HETf/jWz4+eetYFXxZiTxhZYRv5Eb0qo6zrvspqgrasHGkcxSbdHZohcpmlPKSu2oqUkz66WFHdk0r5jicV/kSdxvbU1f+n1j9aX/bFxnIEMy0wuHRuK9PbxA8BUxm2QvRv5JsAbFywDL0+04X/Biq9oZhbhWufXEzejAgdQC/YwCTrEV860m7qA=='),(778,1123,'card_type','CHD0f2e8132d5bbc2dc4117e3bcffe98fffMG5hs9gt5bvcQa1+jdq8xR6QeTex5hNkaQfOUOY6bh+jw2FolUcUTpuEGXRbk4F3pbDodV5kCw3i0ut7MXFsPbggQbFAvv4yAUq/24vUYpFZeDJssaYfgy2wxYYLcdZw5hh6e0s24boa7izNUS+Jelmkba6CUlaAXCIR+j90W46bWdH5tSKvTprDGJEG0PzZZrFuxqDay4VGiRJGloJ4sXRCGQN9KfiX3FhKrJukcMY96Wedg7WFgr/iYlySdYmWpma+y368Ba6qwqfROOpZBz/Ps/80nRQtCxVVaQA4tDUhyOUIFgD72V/JpGZqwaMSwt88NBjCEtOHbW6B7Yo/kQ=='),(779,1123,'card_number','CHD0f2e8132d5bbc2dc4117e3bcffe98fffvHZmNwAbFFrpJ3qNq9/WdrnDWzZwZELMRVwpOq4T5g2cv/KSCFkcj8+6y6nEoGiJrLZAqEXwVYTy2pwpyjDDMpTfDOq6c5HNXUZhjIPE9R9A4iSc4tpQk5OKjlUKkq4ahrLXxutpbgBNDaIeS8i7cLo17/qmUb0tFQGL8dXE189x2Pb5WA/4OzrV7Acf/oFarBtOWg53eOvar+TobZC1XpXWls35vtl37bUVdrP2M/q5QpcUnnaNRbUy3pDJIZItIfMOiIs5yxdNNertU9yGzv2DS/p8kR4gKp/hmMIgxIjD16rJngwwSCgKeoknBrve94blipEFFZp2ikdFCQ/oNQ=='),(780,1123,'card_expire_month','CHD0f2e8132d5bbc2dc4117e3bcffe98fffvf6jtmht4XvIeHhe06Hktio7B6xwq2Z6WrO0kOMQv2mzMwkkoNoyZKDAMzemsJSH7yfcMJiaDtL6+In+cGRU4GgBLMjY4agqUOKdnK37ka9OCeZlY94yOZljEgi8oJNrOcgz8Ys+zbaBT65lx6f4dtHhQv5biLjFiF5z4LFe6AmlXFmwacs1GEUxtmH259Dnj0qDdUFiVRuDiePwqwNacfHzGx2t0Eq3rTa3JKchYJSo7AOEm94GVKodldZWtkSLL+5xT2ZSBr6h6MBaRey5iDQLVW/SOFb3h7G5b7QZoSG8X42lYcwVvD1QX3PKyfPtDacAWBbTuUOVVAkGZpiySA=='),(781,1123,'card_expire_year','CHD0f2e8132d5bbc2dc4117e3bcffe98fffy+/v8TZv3rnsu5yhGuGE29Vai/zj7WCLrmkrroYwn0vG7nIo8NQL/bdZDo1ndLt3e63dJ2NOteZPJY3Rs3kg41R2/mTlf/nIW+JjPJ/yZyu5u81uCEafKCdmHqVkKfU3JDOX4lMskrcR0CWUhzMS+AwAAkATp7z8EJjXQMBmtruCEk4BnyJ3lfoR81L0wdnJZbElh0Q17gVZ3oqkYLrLBJj80LVt2apaeXJAXOLBCjliUbrnmdQkincvFJ9cQ8RTYCFrAKuclmrcH8HBdCeYmd8qtP7EDte/EfcpNYKuC2gOqIXeYINYcwR9X0l/FXWAPwedtFrX0N75zX6xJRPP7A=='),(782,1123,'card_cvv2','CHD0f2e8132d5bbc2dc4117e3bcffe98fffUrxUTg9B0zDxFi/3wNibO3hLRN/IlKofrVjmZ+cQGUg8IgsW/ATLR4yTBHTIDCZhBTIjuW0ocUwVOnfuyo9Cv+yw1JQv5K/aRFSiB6TABjT1mZZDFUE3CxDEd5AbD6B3WXRdX8m2g+hX4cArszFMB1MnEn6VM0BgAloJfEIZQ24HPAEFaPE3SKHflfWoevS8Xhhf9lNE3d174luVu9/SsMOCKfvVuyHYRxMUkLznLlamTihRYBsJXcIy5UZi8zGOmasMSMYFu0XUyIiIsgYcMLKDA2hXNiTIjucMRhnYbqPsgDENDZ0Xv7r71T8TerD74/ZYA5vYMFKL8BVrHkVWjQ=='),(783,1123,'card_name','CHD0f2e8132d5bbc2dc4117e3bcffe98fff2mO1U3sr8lGKH8RwnWQW6guM12xeDX0/+S0qGaTbWnhzM0XzWTK+1/RDBEHXtN+ULp4U4CnuF+fOhTKZ7DgRDzP9WjoRCHaLeD3pR4d9I9wki4IqbztMw3j8ONZr+NtKZv4UWZKxrUgZXoS1vaTOZC0UvQ2qDtwyMOkw5AJGbLVtJDhD4+gQZrphaW38ENn8gqHLaUnNLfqW5Ru0AHpS62OMTSm0u2nktUnXfp20xL/8n8/LAuvB3y0F+mauNGwfS13ym8rE2fsXQNfrl8exzYZW44j/SUoiB0aMWCTCqNBW2xlJT6JBWGy5MoZvqyeSNwXXBSNJg2K+EJRpcVcz/A=='),(784,1123,'card_expire','CHD0f2e8132d5bbc2dc4117e3bcffe98fffeHCtSukB/6X15SOjN7Q5BwAvwbnzovy1hsAQH8y7ay7p7zbUY70wHScs8WmwQTiPCfmJZnfrUEY3ebRSTlAq4ZzRPuMqRRB2rTTepiERawa7bxjTlURtSMq8//voLpTS6RrrgPom4/PuZ1b7oKqV4Qjps6xj/GFV/6PeGKb2V9d1W8Bek/InOGIiXipSm4oLCSP+ohKkA8KGaGyzfAk+/dB8obZ6UL9n014CHErqjWho2otw/e1UmfzYRueKiy08sU0M0UIC1d+vcZd4bVY5WIWkOixPvpuBGPwC8L8jw/UU19ENX0wgD2qHrN9MhaY9dgm1LnyYaBanyXxWkUrhhg=='),(792,1128,'card_type','CHD0f2e8132d5bbc2dc4117e3bcffe98fffVZgFr8WheEJ5LmdxKTA9l5JEQcmOCq8p6KHnkcl50sQUpT4lffXvL2F0hBykTfQzX3G9NessoeXLG2CuVq979sH9uxxWLy+XewkIEzxEHcORsuL5aj5peJmsYiBfM/KndZyzyZsC6WMedldPGTrXawI0ed0q4vQlO4Z0AZOp95tV7FQH3YI6JphS6997sVnIwYr9wah0Oo2JuUkMIDbwbgt1jDBoJZKfcVT4d/1Md5lQiOu1r9pGwQveRLt9hLp4l4pvAWeh4Tg8EUiUaq2dJWVpxCBz29AQbewcgBxthnFz+gnkn1v/FEeX04eADfFYfE60EeQyocy3Yr/3w9tsNw=='),(793,1128,'card_number','CHD0f2e8132d5bbc2dc4117e3bcffe98fffHe3q/ja5bSNlcW70jFmDiQllRfvs9BKHK+26BPBn5IyNKWLTgtRJRMO/GDNINBaWq+kKJqKm0NYpbQThrrvOPrcSsNaFOKC4pMwpdz2993fFC3kWocl4H5yvcLYWBdoqAKEAWk5VgDAGJW/xwYDC/holhmEc2ywdPCbtUyx7qa7mUpSdDOgQxoI1Vr24Aj4fme8eVHzbzdDmvlcMtL+fJQ1bAVFS+qK2vdRMuN8L72u7ccg1l72FzbD9mvZR2X67vOOvlKNZbd2rIHw9+FgWUsEMBbuA7fq+5r7TbXn/yNnMpcgwlWddSnU/N74+fja7D3S7ZPqwfGBJaLkyvOfUPg=='),(794,1128,'card_expire_month','CHD0f2e8132d5bbc2dc4117e3bcffe98ffftuSHcoNfEl6/Sb9NVUAD91qH7e7Hj12XkbcxxfjuA3/kg2l6PAJtTpgJB4sM2h8oU622358/PRWkhNJdgMgqyNgB4TVUgMms76JsWyuhyxjmdxbE9Es3aWJGLPoqcrSryExUNwFqDyK0cV4UxcG8TrGlCRPGVnG/hpelRV1yFwKCbuhdzIcSmc1jda2V6D3ZCtVMGMvNoKSL2hNs+LTicc4br/C44jhFF3qZe/zwogvDUrzSh5oIuvNEjxaN6J4w/e/XK42NEMlyAfFvJER9qg7TF3psLXrDJEklhG0l2vNB2HxxvYfYhDLFwMapvghluiSoQMgw/1J1t0VhUp81AQ=='),(795,1128,'card_expire_year','CHD0f2e8132d5bbc2dc4117e3bcffe98fffmrzMHBfSONp72MdX+oo4cS1BB0QVPwkEKrvIpGHWp4PYa+p1H7rSX+EC9dYDR3m1aXcESFouJ5Q6JPNxUpxNGYk4uSZDH550er4UW/ss8/YBrhUw2+/GBdjhbzroouJcMZgaVpoR8pHmnPLoocmsoC2i+pUTc1w0zvy4+Br1qWnFIbdNn63hbjssjIaJw6AVbB9h9zdKxmtUGrCt+E622EUbifnta8ug19MQoUM9rDxvdheXiXxno+dNmnG9W5R1JsaxELED6gnju5U5se91UCUQzLjUAMsNbXcYio6Lo+m9Uc0P+G1WwCZYO053kj6mkJubXlJlUMNUEK8vl0ANOg=='),(796,1128,'card_cvv2','CHD0f2e8132d5bbc2dc4117e3bcffe98fffikQF1wwzSqcg/hQRv6QfJ2xA0hO0E4nMnmzWizm+8tk9LHN9cgtrCqM4C/HpzwWezF8kBEgwhSjMvUSD9U6SiQbAUR6YDusuG9o+SfxJtFQ7Hb/EEJay4rL0E0aO0DR2gC37g2t6WerFvhlxmCtjjORZY+WXubqJ6l553AP4geDR+sxDkpiCLf085SU43yhqWCjRdgg/Wb4xzNs6PQyqiK4R7pjswGtS2XtxkWR2Zgj5syfHR2tIpwsoNaXlREPXYEF1E9NC02lFvmDyA1yqth/eITyMPlWwb/KkOP+osMlE1S8tbU8PemEyqXs+5M4b8InYTxK5K+vXQOqVGMh3CQ=='),(797,1128,'card_name','CHD0f2e8132d5bbc2dc4117e3bcffe98fffaK2Swyz9rMsxyTV0xtBx4soUb92FWOmSSS8JDReOKF0MhRyNc8j1I7xfuAgVmtA5w5mHCxQZzkWmWj1KwyoqP6uI+NykBvTsjt5q9OqALvph2/2FmlAXDzYEoT/pxc5e6yx3DctC5PyD+uOAONqV8ez7kyY3tiAzOhq8ArN2YpwcI1bOXo6l6Y7oRBujLUwxil/j/IDTGYG/0YrC7UlK3ljPQoEEtjGuwdNNqGXgYh5a0afz18wHRZnbJxSsKtXNvN7yVbHbBCqorDtpPrKvEHxSAM2c7Fwo/8rmJF/aGHNPxqNXhOtNjV/buwFQZCmrobbH7+PLsqXO6/KcMmKovw=='),(798,1128,'card_expire','CHD0f2e8132d5bbc2dc4117e3bcffe98fffD65fS0acTgH5gFMUb9KDYOStVTBD6NJQU78ok/u6u3RcOiNbB7jNvOIX+1eppIDqTy2fNQJAnbuayARJi97+cSTLWiXaJoL+iFT437/AZJUJcTkuzRbDgdAqJ1FmG9XYT1Nk4nN+/QPipjD4fl5/ELnEbQs3zlcOwbaIn8yhUmPO2Up5XTAe+z28j8PNM+/cNrHWvNtDkUPYjzNFTB3DOKX9YUpX7fjq7lY7X1hss8U7fBJy0Hh9Qy5ke4JKpjJmcoh3xFNUha7FNaaHoCoL/Bs6lc83mphmicxJL3nmTkMzQraGmD8cjuAAFvQ8ocx5S9Jb+nRTgGdCapRhh1k37w=='),(799,1129,'card_type','CHD0f2e8132d5bbc2dc4117e3bcffe98fffyb4yGSG9qe7UWkET/p1MycRNcVNicS9oJQHhhxpXEK2wi2gl0S5RHgHp8qIqyaiC0ou0KkI2u1WFXN9+2L5wbmBfIMxH4AVt966qtIlOwAeU2u6k9MXRbAq4LnJrCHJuJqAg+TX2B9C3h7uUcss8bRq+kQxB2oLebaCoxHodpLR/COOAN3YMRH0MPI778MuP7YESQXCqeyn6BANArZSzjpZYQBgQ/lnz4xIqIqN/onixEHfTcJqBHUCCG4u7Ol3t5R5RxyYnauti5PmoVs2Pw1XwwX8LGb92d8VBHxJArOF0NWXQQ4Ryfcf4zmi8KXnW5gnUDkeiS66EtnCHGd5Iuw=='),(800,1129,'card_number','CHD0f2e8132d5bbc2dc4117e3bcffe98fffP6SR9uSGDE0pTGBmWEb/rb6Rcq1HqoEfzsCu59omn7e8OSYmwm3BVKHPUkTGOsev8QAS5yQLinEa6lCIzWAb+Lv9yCFrVlYexGvwlmBHRC0fcOmDz0wL/pXv69mD/HK9EO80ktY8Z1leN5dD14/Yu39q7qQtRlzI/C81a7prBDcjf0HP8D68COJPdRueKq2jRZaeX4WUriJDMF7wQDNvYC1QZFufdgl/gPM+ulpyPY1IYFD/QgdHooL9l6I8hf9ZIRMs5N3iWK2NjtPFIb1/eThxsUEuClEcOkW90kcBqA88lxDbcLFJt1blbNbPQnBqfVFtL8IORMcbIDc1sQvZqQ=='),(801,1129,'card_expire_month','CHD0f2e8132d5bbc2dc4117e3bcffe98ffffchismPmG+NnUHyCbXj6PdpnhkKalfdeqSYHVUUSh2ixgohMf/bTJe1RXusgdsLUpK2KpuFSaAZX4DHO5f8X/Y9miuB/qiO+YUoH1e6UsFNJ1f0LiDdUGAb1QnpXNAzpEHE/ASKE0bbIUSvL0k0jnzrqPp9rHrQzr8yajUo+0ajt9S+bWjNW4AuDoimKlNqZ7hgL8oFQN2/yJe7SjnS2VyEl8+TFarKQ0FtQK13+FG80Qc8Ibmvhy2f6fe+GOoee1G96TkXQQ6GzfVXAfLhmH+EGQUdhwUhVi5QweIPt0CwPW92dnUWNfAvWLHojieJ28DLDuUyPxEkkjcB01bpi8A=='),(802,1129,'card_expire_year','CHD0f2e8132d5bbc2dc4117e3bcffe98fffO+2d7QKeQclfiHcleP7Yutido7Q9qYfX4pTC5IhcajmvVJlzM0OLMg86lyavWMv4y1bRWMR7Nsmi1EXS5HhGJv5BG60F5PfZIUYW5hXljQRVPUZFxKusxZ9D08q5P0iHjjx3yVxbGldBjFBI/cDMjYW/9F4qPGBVRrCqVbTOgmC+2NI/ldQBpeP74GzrR46rJZJtI67NACF32OHTOrJ3SV6Ec4SuB4GanAny6KZkPmFRHcdRW5WWd7Kro2guSLPsLYL5rIXsTqCqwuMorufDWphnFEEov3tPFXipcPfN4cL6WBC42mozIXVh5vnNNap3dpqyoYzu7skMApwGLViFew=='),(803,1129,'card_cvv2','CHD0f2e8132d5bbc2dc4117e3bcffe98fffelMoj41o8V34s6tp10YKHI4gGXPOZVdu0L+yaNNsbOQR3n3O7duA6fUjhSYxPFrqSr9/aWBmIxvf+F6KYUjboBbN6RYJZyaBCY8MmGzMICvhe+x2mEDVNZD/SjSnyB9HGyiSmudkxPZC9WkisYONMVXF6PgyOdareqmimpoY6w5uk6uuuxcIFFppoqxn2kow5g39VfnXi6UJwGbAYU6SI8LgBiLnwI6ugG4qKO5d4j3LoH6SNb5tdyi7CXh31ppmGmGWws8TCf1vl4fyKnPh5Y8ILqds4bkRGOK5hNJuKmX08tsTJSGxUwtmKmXjqC/47e7Vvc/jnmUl+6oUSHdZ+Q=='),(804,1129,'card_name','CHD0f2e8132d5bbc2dc4117e3bcffe98fffQpTGPxBtKpnnIEbcOQjBiuyAwCeB0MoSldw1wqCgWdnj7GmhSgt6H7JQZMizvVUHIwVD/Xg9S2DxJu9OtlKcIRp2LzPw1HD9UreMJEDV4EMGFqcUUIL4eLjvFcqM+3FF+jE5IQDankycqar2NC9/qLeiamxrlozGTmYSeM4s5rO8carvbP8D2f/e7RgDVTXnGBEoLkcA7aUmm2Mr02qewKweJf9VCPrSX/kbMNRpMdPH8DsodQYVPEwA7T8MKDMYs/Xwk9JdDmWZUS3OKtUc0R+k6BTGHXksAwRuh3bIvpMVUQzVchWKVploQahV3eE1xxcH39QzdFaIACACvx/A9A=='),(805,1129,'card_expire','CHD0f2e8132d5bbc2dc4117e3bcffe98ffflR56WctcOJ5SqfiZ8CoCGAllQVIz0V3of4g5lzvgGOZNoEdd4Cq5gvbNeX1mrNwGAhfSSYKFveNmvjnOuY7aI8F/SSTmMo86mmNXIaxqSNh+/bEOmIOGAGtbA6I81CT1czCckgRZf7mYa3prkfiE+Qqt5Anfid519DpxqL9ZOLMQuxHZsEIVrVWDdqzhAAJisKJdmjgVgVEvh6r0LxAJ0EX3v01mBpCVhMCYzQFyW13XQ4pbgK1JJxSzRVvSsDmHFMoN6UtptM0qTBzR5dkR3lDj1vm5vRzzhp6eouRXtJLgsqRSPHCovqlTGNitgyCTl84Bz0zgzpqkR6yksDkh4w=='),(813,1131,'token_pan','CHD0f2e8132d5bbc2dc4117e3bcffe98fff1UO6Cl1gQbyviUHM9f5vZfZBA/WXvNH4op/zUgrmBEVyZM5E+OHjm80YLWn2vQhJbqd50VkR707hxs5nBEv1tNEXBlcjTN3L0PLrkpRQusYmT+D2az8SLFxNX//leuX8vqZipPGSy8fY4aVfTaeWf3wijCg8e1bVFL37OnO6G8dZ3BdqhcH5pCmOesBQ3NCwAyBKwWsTaaAYa+sN6LZgr5P74RyrARoN/fClcqJMMAtQQVs1D+Ck5S30G8z7OqrK9cK43XFEArTgUd6AvZjghABV9Dslll1wezwzzgLHUYmDdkVJ2Um5H02LrOBOidVBdNKHS/lhO/zZtBnmZ1OV+w=='),(814,1131,'token_expire','CHD0f2e8132d5bbc2dc4117e3bcffe98fffaL56o43VoS17j6s525gxPXUWQmCBzPuxdSK1lKqzhP6vMKdGvq6B+pmkEwSdnO2uKk1oSTdCX6jmNtK7Z9lDCeAmCShw+PjOhWTYgu95zx7/hb5KWbgsHdDUKPxAVtwDboQ00bbJ2cvS3hkzByih+jjoTbf33/rD1tXePcxPnPL0otf7eZVPf5lXwsUEP1YKmRhtiJAurfKjjTi5fuqXutK5k59NrsOMiLz9O6V+yBq7K3lZur+w88gWzoK7NQ+yfPqbqL42TrDc+uNi80Xp66pt1cxkp7VVmw01OZ09mNeYukj0cbpL0DRe0w/wZl1+rt/sr4gJxcyqcO9dn0d1+g=='),(815,1131,'token_expire_year','CHD0f2e8132d5bbc2dc4117e3bcffe98fffuKgCmQ48cjst8j658dLi17WJ6mvPu5fOkK0Xpn+ItbSOSf2gJcN+ykt1hXw5V0uv7SRHsEkPaoJQ1kUAhUwwDcNR0sKj0p8NMqbd53riLlT4PVyaH+vIS8dQN1rSB8kcH56BUaVSRL3fHlEDAyAZHTw18ZsPuheUt2PuNCjANYqXJfFeQVLAOjr0FoGUAm5h1bEDcrOwqwBo+6oT0aITOCxEPgFxCTPfX0ZecbSv4twsVGOrQTNUh7w7Ywx8EhpXwBn5/6K7vcdRwhyeclhnFoKHDqgQ/F3UlYrM+G3sV0TlOy8yTqJLFLMR3+s5GrP1P8gkOlzD+D9q42PC/I/2sA=='),(816,1131,'token_expire_month','CHD0f2e8132d5bbc2dc4117e3bcffe98fffCs9wxxviqVerzGjLV3d7cAfN7fCI92CKqTosGp+fPRDVNa1h/7n81NvSIdaLWg2JSYsOHPPbW4dfnwhDDMJtIdiuJs4JeY25HdI4iZUvbf0qbpTLIucvjNJapNVPO+XUHaTtOV9HljrZRA9lf3UpgHiaQYPPR9JlNEE/hQB6JN1ltipp34d5mXeJ+GfvAn/ya3uMjhZOKFfdT7u9gfm+Xb5a40Qs5yKo5fGZU/ZIDCCTn0d2Zes71OCu+UyValWnpBiTjBge87wk7ddyo4iGwlDhToa0bM4b3yceTq3jc7hcjB6surxiqj16R0C+Jxfu+UUJlnZWDhp6c3gx9WvqAw=='),(817,1131,'token_cryptogram','CHD0f2e8132d5bbc2dc4117e3bcffe98fffqLakag1ume482EEIXE3779ySpkAsgWox+ZuC72lmLvTRbmR+6bBuKd2EQvt9iC4nDSAI3PCwKQ2AxmVwVQS2r9s30YJkzn9tFzKNkCzgyiu0NL01UB6HgXzZVs8JPLTlWYSB7+9jepwV/d01c51aMZQK9goZvh9etr5xH20Zgy2uSePVTmylU9qvcBFV3qYnbVNboaC/eMzjbjmueDJwDBIkGojslH8OcXSczKmTJ2X5lo4a1qf4TSow40E3lmwmwdv8CSYI8BwttDcpZvh4eGweMP1ZfTpHSpWgbkYzSYIIySJBX6rC2kz43MeZhpwDV0NitUw3+2a5OxDahKGnRA=='),(818,1131,'token_eci','CHD0f2e8132d5bbc2dc4117e3bcffe98fffeTrq7PedHE4Rf2lK/7O2dMk4Ru5wunThMP1tD6YBLANphVeuF8FrZgMbQiqu0zxWeuw6pPlztWHY4eyn+0sewZDjsMP8Yu8rZN1zpVQI2rC7/GaeE3gDtV+RUYq9XwlNoQ2ZfhColXX/sr2SZOSZMv1as/4QWqEmGkhSH/5KyunpajoEVy+hd5RNcK7YVf0dUw0JBonAjab9TvqAfui2VKOcikYZ2cMOJHvmYIY9Hjry8vk9MXUIEsJZGhT/dYs0GnSMrn9WPtB9lt6oWssm2Rm2Sm8adev8iboKBWFoJeWRIShEtvPZAdHWkFNJ5y/iquUvCUIBTQfaJmZflvphgg=='),(819,1131,'card_type','CHD0f2e8132d5bbc2dc4117e3bcffe98fffoOlDOQHK2cuWHsfAqDhtrtKNdq4wnKf94Oalk8guGVJUcV6ZW/Ou1IIZbEGl0iviHra9d+U8xFahWxjiHBekU+Q3VtTeZxGmu27UrvyXkIRmvpnQPxHWeSb3ZUoe/xd5FWAc1go3mPc2I75vr5iXjpyWnPL/FLQKmrhJYQ3VMkE9U3IPzHJJMlHFyOYms1oYHhAszVGJRDScPnC1xVNzgN1rTapAPxCcB6ELGNCSX6K6P5rTGli14rYKLKCEhVWYomqoOdWpQlBOtGNA0RD/t4EqF/Hfc2qamh5tMnY8KV52OS4IKaEUY181Hdl0M+JCXfJeLLorKS/XnCrvKvCJfw=='),(820,1132,'token_pan','CHD0f2e8132d5bbc2dc4117e3bcffe98fffxWLoLJiqswWaNBBbGu/UOI7gBBW2MeHoJgOBdF2NCTkNeyTP7DrTyZIZCtt78g/BN+6amO/Sd49uO9/0HfYIoaGY3YyKGOpA6xwOf2ptPedz274YiIbeNzqsFAmgSbXsL0SjhDve+H6/AWaLAkkRzJ/3X6tteLhddZmoFpE1Z5j3QhzLXS9g0WKc0q149Wz/Nni0z08y1Q+nKxy/0Nz4+C9Np8rN9nucaBu9/tWjVJGRfEE7H+hMd9Idj8XzUznIMtHxep44xxaA07RmLqp1sUa2zsoNT2QPWIUMao/Xnj1KTwbRs7vcIy3W98/LA7s32BcPXEHrTOKHHXi5SPU7gA=='),(821,1132,'token_expire','CHD0f2e8132d5bbc2dc4117e3bcffe98fffRt7vDhRCgk49qg9YwH4qHZJsmqY8eGhh6+mwaimtzEbYDcNjxmLgxu1LvfGO/lKZi0xWf6Gvc8E2vrPsn2AVfscJu90o2kk4mJEZbXPZQ3e0pU7UKuUE0b3SHMHTRw45dlM/4EEOd54pP0wP9SygjvEpPLjjtxBSmDIiGj+I+Bv2KpjmUOrQiOsKTLiK0rDhdadKThueNrTEquv/rFTLQp/mgmzOeE+FxZSbi7+UJnhQIF6OWTvv+xQv9G9G+l6Qzx3CysCGHgeyifVl1F6OXq1Q5IEQX7PB9Y4h+ZHcKHdLjVnA0Jlkbp676/Au7T4XbaSnL8/IMP7Gn1f8B890Cw=='),(822,1132,'token_expire_year','CHD0f2e8132d5bbc2dc4117e3bcffe98fffqMDYT39Epxu1xAViFt/l9yiibAJgf7kdXfVNJ8NFWZaSwq/Dg0noerRTKr2HrgV9D0z6U9+Ao+sDgb6vvGz79ljGTJDesNKCMFM5Q+iD5VwFRGaxgjyLE84DF/NbgmuNdlKazfE0U9jO5fXaCn0GAxtYUOCtK+TmmMsTF+EkS/vkytyer3DVafKhPNexnOOISS2YuuDrtQvR6tsK7KjB/vj7vVzPQQ2TEzhRW7P2yokH4YKLRYWO7StbQZhHhl+0th6qBiFxEJcHDh6TzNWinNago99E0ik3iQsC7nbrKGJcRmEZaUwWQ+T2JbPuHrxoUedH4k1UNreHK+BSibmksw=='),(823,1132,'token_expire_month','CHD0f2e8132d5bbc2dc4117e3bcffe98fffzOJjGs9rPRs2Ny7okFoOSBdqzPs7tTIyYVg1Fu36e5sHPQL+g3YbnxPEw2bPlthrc5nx511WXh5PQ7o1xY+3sTwnf9eRVD4uA3yQ0V3yFNb8qaz7gu/XWSbRSi5/Ze/DEZ++fxi5yn2TQ7DYgcbVxWPEK82AsyYlk1xfvgWA8SAcnFf3b5Uat6F8zDI90zGbE1XdyZTIMSDWArlHlXdsvTrjY2yv5AysggZoB+V7Kh7My842pZAVc4KR+T591nL9gtll4fm/aZ8kp6w1brr1rKm1C2flyz4BsDjMZ5GCl/z/mb382IxN/3D8LyPMGFSYDuXcGmYx0lGyeO/EhGXXvw=='),(824,1132,'token_cryptogram','CHD0f2e8132d5bbc2dc4117e3bcffe98fffoiBfg2UWF4jhPW67S3QWUn3chbTXp3JfyMDxXvK9UnwGjqt1sPgUPHL8cinA5PbcXdCYErKK34k69u6g074GV31AzCLadjwhcHLM/tSsW5jsfIOeTVrWqIwf4B3p0T+KjkGXBF3T0vey0afK0s74GmWwvUIA6WnUGJmqKlAr/NLwy0lKNlkYQZsBf4pSM1vtuqpXXyei1ypH5OH6m1PCYhYnA3+LiJPE16Q1jsyFlJgxlrVjq3CprrM4fCjTgzQTeOM175CVYb6jhf71dFzKQqVaoHvfGPhec9xFuUohSD2wLXbn7JL7RI2tmAKJh99haBVVh5wVXTsAyIWd7OfKAQ=='),(825,1132,'token_eci','CHD0f2e8132d5bbc2dc4117e3bcffe98fffIUn0x7SOIoCxB5/cJicJOirHMw3SVtfORWu5xOvAHHtHmN0WHGlfvfYv2BIsIrCfmEtM0VzkbUAOfqzZdgofMWQw9GyVDiEcZgjgQp6xkQ5xH+C7U1BjX9gcKHSdkDDfvP7bDspcIMG7UEujBbN22x0+wyZMtDEVIYqvZ/AIOdcBrfhsEgoLn7vSYfW9TDJzFq0x+YCTmxma7MVCo8xX619+i+dq0eNaK7jefVmDsJ3YntO17yxn5GRQdj+DHiqIu0+gkG0MrSNbH/emjw6EMho5OEHZXdIWFIog1fSfZeSqe4a32JMbxtpY75nQGIPWNNUTZi689583APrYlNMC6A=='),(826,1132,'card_type','CHD0f2e8132d5bbc2dc4117e3bcffe98fffr3Vv6atj9Y1SxYfyqKWR6DK0jn1Kqx9az+L+1axqDO13B4I5Jwlv49N/fvwXeOGSAWy5lSltP3OWv02vl3pxN/eHyH6XWfSGxrtZmbhz6mHtlSfZu75CCfPaqZyZx/A0GMyKJM6N/gvjwvjgluXJ787m5/p+eYeTwMbqZnCVuSW3KoZlhgUd7tdyH1TYCQMhRCXHuMJR0l5myO9/LG+7twKGHtnWCaK76kIy7NkaP6A0Xrn6Sxti+ZaT0MLEt4LMs/wBNeKCCudEXNoFMl6XD17qvllnms1Csy31aZqM4GgDUXsoMCjkxSNKvrEQ6cM6anGojPdd99ZS4HprplcJWg=='),(841,1135,'card_type','CHD0f2e8132d5bbc2dc4117e3bcffe98fffFPzVss4Y4eWqOPmtA8jjfv0uw/uukmlbaXbNHPhcSuaWBzroHSv8qVy76e1oyeqJZDt7EKDqoQ2z5IdmDIf8o/h178v78ZrxoiZFifhln2LzzuMRYQdTuRvnp58QCoItHgZx2dreYMoJMmNyDedEuNtAUKQ83XDb+hBoT7svbxUnkik33XJNfx4AOW9wmRiDAHhoUIeqaEmyoRNhyW5QzLjzANGn4FvIEDjcAHAkvWC6EZtPzThSK1cxRbWzroFcezm3LTIOnp2S8U+TYksqyklJS9WWRemsVAi/p26VomU0M1q5520LMaX+WTF35sHZ4PZaG04R3nSbQ5tU0TxPmQ=='),(842,1135,'card_number','CHD0f2e8132d5bbc2dc4117e3bcffe98fffvR7+zs9OMcqMDTcBSgut5haVQqqtORxZUqLtTWX+DgnEOPNI8bYc7fo0Aaw22orq2JKGJUo9maCXFXQaA5lWolUhwmNc/ULh6W5DwQMkj3y9p6/sDVZiQVwX+96w0fy8h+bClnN29wm3SHC5iG8NsgdJ3BnG3hgqNvyigw9EvGrm56FCHHZepq2wKo304CArv79sFBCC6g3HMur3UPNDth5G98OrfzPozJaHrwSi80qFYh0teTtpJ9Akeq4Lc1cQyZ4rMe2JHj3TFvq4W/TdWJUHFCmBWY0t8vyjzBsfNO41Hx2caWICYg+phO5mJEzuFsOgExVt2Jb7Eb1FwUapSQ=='),(843,1135,'card_expire_month','CHD0f2e8132d5bbc2dc4117e3bcffe98fffW+1C9H6cJlzIfS7dupYnfpR1BcA7jJwRTf8ntTzjnD9wxkaIH6VZdJR85PNkc/YIqeINRUOOkK/0Bx7QYw7rZQrfrQytU17j9CUipE5b+Gsc4sF6xvIOAonqj0KZJgsScexh9gPTJV2wbq04L0Ite2+cVwWX1N8J4mWNxz94kuaelg2SZIhh3AMAhhbGjjr84v+b7Z/bopoPi34w79eJo30zBuQGoIyTAxxdo3Mp+fWyy9avO1HMHEUpQ2xDueZai4i387c3zK8AN0afxsTCtRpOO8dFyvpLSo4PGI6sbAb48l91S713NMqhp4VjiVMPX5aP3K6tgbWeOEAhkaXLkQ=='),(844,1135,'card_expire_year','CHD0f2e8132d5bbc2dc4117e3bcffe98fffH07NXYF9vANP/ECLAbNwK21MuABgaRreew2DaXkEO5ID26GswWHq+QD3XnFYG5k9lcFebKernkm+S/H/5Dc2kp03quK28pSxQqfKzDNYYjk8kyFjThvvbp+BqJcwIGFD0GrRE1bBHSvQUcs/mTOIGG/3u0AAWZ5xFFbtRJRTpJDMl+XNWgninC/kKgp3aebUgpPpmTh6QqkvA2wntIezS9iUeID97vAYGzycoId63wCa6e0dJIzrODwWuk79k8MkAtThR0DFfxLui465JcEebaAkSjPFFiaeCvBnOg8mvF4wRJdjtZYzzQUq4PNKboSosEFESeI4IZAEa6/JlMsgXQ=='),(845,1135,'card_cvv2','CHD0f2e8132d5bbc2dc4117e3bcffe98fffYq6drRJbb+u/VPXnkuSoddDZOoVhkRLuJSEXN1odkAZ03Tkdrx6viz7St/JzwEf/v9LYdQu/OJ9nVmFl1fl/BM/uu0kDBxdTmzIs4iqAZkMNF3YyKxWQ51pTJbyIjcmX32g8jsrnmaKjbdozU99qYdeFicaWqjSEx9XNPulB9epHgEGgNHGsuz/8cgikbXVpq1zQNG492oH8HHpaOItqI1ajn3Fa7Yl/dPrIThcW45hG7qJaGoY8CRS1hVmWmewI5sNAkLovW6BN24Yja30Yvx8GcuBksPAUEvfmCOuAHjwxPq23WG06DdttI3Me00jsll9cb8jQiJqPVTg4dZtkCA=='),(846,1135,'card_name','CHD0f2e8132d5bbc2dc4117e3bcffe98fffRfEdVmJJmbtng/ViUCGzlO1EryIz6EOPr8SNbOvvc1LDfVmtkkiz9duOSCjY3YyiVAsxRjkgYcyVGne/XpeTOhlgviCtE7BGp1UQTM+tscDrfzQom9Qs4ByH8hJzFO/OBdKoufst3jojaHJNPEqY6lRLGWVf6D+l6KRdj87eywM1o7CdkpehAZUftxBxuk7fNKTPGNIEkN16ZwBmisBvX+ZAcf0ga+QQePtlWP5gCwxk8AZ5m5fS/U57TB5BuXnp6bCEVHPc37ilSh2QlsOPWAZdJZi5AzVuqk/BrSsTlnKtuD5AyZHxjXo47ipVkppFgsPntBj6HvdjJI+3DAAYpA=='),(847,1135,'card_expire','CHD0f2e8132d5bbc2dc4117e3bcffe98ffffyeYxqPqVpz8iR519soSIB99puD/Wu6ak+TuFB4ZE6ZiL9Cp6M/mZ7fLJLF33HnGiRrKZzMFARmEQpI98eWzx4F+x1+fO0p3XrFEvejqrGnTz0kztk/8CQJER0Wpv3N2YUbJ3ZQulZPRYeCsWgJJeAW9LFgDasldz77wQLjFBAugwL3IxB90wv/cb8u8pFE7RT1NFHnldkGmG5WkJj7ygUF8dIiONnBt0nQfS3YVfwGVUpE64dRRUs3uanX1Gz/kMgoUfbr8P1iYu9jQoRzHH0+3J35O0xQashaxXQpGzMWlByaZjn05uvE2jsJKSLZrjgPY80lE9/wE/CtI5PQPgQ=='),(848,1136,'card_type','CHD0f2e8132d5bbc2dc4117e3bcffe98fffv996ZUdzO3MJSPtvWecR/k89u/vx49LVRAcJ1E0yReLAbmpxe7yphDbhOBqVDx0Bde7Oj/IapCWUx38/gypAbdvomreCepLNRHb4fzjSwckUdce4/uvCLlVTp44goL9VUU1QyvRMplT0WigGiVysjLf+NCYwuOXMMnR7Ht/GaPZ2q4Yt/7liOQqxyZ/bfyxZmrAEseSFiaj19hzN+e1U647s31RfPvZlqiOU+Wjcq+ba1al3yvnML0JOwfW2V2LDgJZMH7oUbhX0abY3yOfmfksQ+wBnjCOe7DVlBvgfeFrCHulm5BtecMK+TgW5N3AkdpVT6k8J+pBDVtFLmAElUQ=='),(849,1136,'card_number','CHD0f2e8132d5bbc2dc4117e3bcffe98fffhSquScgQNx+NrNQ6GdVAPFlf9xHhb1BwNp3u0l56PGwW8nGcr4LX/Ly1mu7P3nhd7tUsXrmId7RiuicX+Fb06TGD71HFEvxVCyX8ryu/eOaX8nz9yBkDSb35gCzTe6J/SBDdb7+cJgRTqLm/YYrR0EH93PBe+4+0FEVif05LO1UTcpHX16TN22oT/p+oTXfjdDsmRS5e8KTNg6zZh0kFvTfucfbJ4WtSw/qySaooT6YlScJ4xhumgzDJxwYiw4FOG9EvvIRyiQWwz9B2fxLeSSfzkr95yNmHebl+lcmjpHM4oKXBrdbNdhGEWJ946WV0vAVHNavpiD5gQiG9iBgahw=='),(850,1136,'card_expire_month','CHD0f2e8132d5bbc2dc4117e3bcffe98fffWAmx+MpVU6OIjOIfwez8SdZjqsCMZ4eK/kdiozCt39WvfFf3+VcJtrbDwaywDTe5U0muQeIsNc7+boTWFxuJbmgboezfxDA0bWwozwO1SCEpyF56j8NiJs1tLeQeitannJs7J1/6fhagN/Uy9MkZXFN3eQkgkkTSzeAjp7AUMuasF2sgl46IkBtLnu5IU0GnIQq/chsFE+MTvR5YAhC+nQIyv3yVjrFEQ8RAB9p3PqCvwzKlQSNoLLFLgZs9xtY1mJQfzdtXsHMQz6f1vSvMTI9Fx/6c7/vZZeWMuAI8n32hZtfdNFDMHkxGIKM+H2i2bUKfE/dSuf8My9KTPmZXqg=='),(851,1136,'card_expire_year','CHD0f2e8132d5bbc2dc4117e3bcffe98fffmRlTgL3Bzmeawsw6JJd1BR04infb4onsqJdQLgXKIitRIX97+0ou3CtMJ4M9lEz4mIHB9EDjX24mE8oK78IAT4bW0BCA68vZkewwnt9xeicCDXSw2QX+igIMDIMSEmWp8bqMWRuUdGPjH+n5rNrnV+mYEIRtuQl+b5fMBmc14BYNKvj6eCoW8rDBFmXFcXnKGaEwRl5SK5Lfv5ndsEtOETL6/lNwWDBQ+8Xhfe5jWXDpbcNmdpKnlNHjqflEj+5k82wCxBs+u+kFphOYQkqORxeRR27pOIbJiQbzp4n9iLrmSOhXjAT26wgKw+qrSGNDZpuZTgxZ9w/smnePv8Xz4A=='),(852,1136,'card_cvv2','CHD0f2e8132d5bbc2dc4117e3bcffe98fffCdqbIGejV6iA6dzCbO4Uwibm7JiNkMIR0eJw0PaTLjRMV+JojFdjmFixyUm7v4UWo2+3pq7Z+PBsAfogudIPiKxKQ/dm4T3qoQupMaMzRb+EUlr8k1bC4Aj7ZX4S/b7TDn8OpweElIvyaWwlW7p7gCb2o/K1lNW8XaGpE2CMGg1g2BmY+MKqWTNH4dcVYKivSz2dP9bQRqs2yHE3OERAXharpf5TpM+sTUPnEn01W+NeIr6++UrZTB40WvyuZ9040OLq1iFb70p2fxA+rFEn2brmi5fA7wawpJaxVNFf/KWo5bnmPA09+IMIhqjetzZ5IkoD1Ul6oq6iQOYDUIKTeQ=='),(853,1136,'card_name','CHD0f2e8132d5bbc2dc4117e3bcffe98fffR1A/IJ8ziS9bWQaxLdyYl81+pKo/DOnpSpc56C7DJG/Wkdr76VDTFvIjEpepY24FHnFw9y5Vkaq8y1av6D58Nwxj9SaahwTydPa7zKL+1zovbQCp8OtnI70DC2j29cWvqkXdQey1S/cu7UpIB1bvK+ZBrLH5ePs9mYNPuD34iaoephKPZMtdI/bekcmk7bcM7xfIwfM42NNO8j+dSrUJdvL9uKuWNx1qXJ7qoAvYi3ThdijbdSxpKkTE8QuAk1HmC3WkLU+yjsXRiAc2bx4Gnt+qMc28Wu/u2W2gPQ5CwBmRWixVWAky1TKS0Z1kpuw7UqlzEC5o6YYml7QiyggKPw=='),(854,1136,'card_expire','CHD0f2e8132d5bbc2dc4117e3bcffe98fffEIbZ4KV/8aGtep3Dt7H8gpXeBRBnyNnpSX83KbLraDsehX8Q6q3y4untcL4L79+7N2VTG9gvUK7XhPGtov/j1BgN2wT/yoRdPCTxb6EGweTZ7JRQ5KD7WkaTpfkUNndtELBHcNYIvQCd02OlLuDgdt+jBJEgUTUJBKUMePSJMlpkhU+dPmT/wQbA01WbQM3zEq1oCeCobz6IF5dRTYo8zVVJBerWaoFkbaOGH0UaKnNdnVgY3say2xwnwDvDjMl59kTEtOgnivuG7/oYlJ8viNiqb3uzvyomAzoOnJ+WFjvjyPHRP/LSOHmwZToyBV5+Otq6bSiVEn5fpmbI3/0cFQ=='),(855,1137,'token_pan','CHD0f2e8132d5bbc2dc4117e3bcffe98fffIRPswz1+ia+UuiogSISAz2cEUHdWz+l3RWvUni8gSDpHr6TcYL7Z98cMgMzgFEKZbFQEk2dDNJvv1hagEhtDoKk3ptwmfIiW7of/IuohneWxMQUnkglNFwBErK2vso3ZhR46yE+YYgX3EvnnTx76sj1i6U+MnmD6ZZPmDas6wB5IbSJt1zBaY6Qg/tajelf3r19mFVjDK96Te1mrDKKS4kKLxcZRxlR7YeMGrLl6DsnzAl8CZ3XNnQjaTDzbKz6o0GwfJqLz58Ef8zU26wBb15fudSOog2zxub7PzdAxLlQdA28ZOJuvE95LZo51PXTO5rQTRGepwkwNWsvpJJvgxg=='),(856,1137,'token_expire','CHD0f2e8132d5bbc2dc4117e3bcffe98fff2ByEXZEQ2Lx2Lxk83Wvm6IhS66JmaUT9fo4psbM99BgfonFIXZLWfMArWawc+sjpMHEVE1YVgc1GdlooFv3FB31z0tbsTcgU+TQcuLNPy3VTdwPhUeCJwBEitmHsP9vNgOeYK1BYYj6yba39odHvg07E8cFGpeLauL4byBQ1W6AI+7ntlo2TnQ8Hap0FUK9ZbuB8aG4ipESqwwkf/saDco8KKqFY84HtjgIxKfsAE11VAz2hzsDgM8a9grqInMfbwnB1Mo2TREIm1/2wuz8dvNVfKhX3moMxyc4da7nMZJFM6ABq6H6jGLBkIrgQhA3d7AG5hbn5zIrrlXj8ZHWRtw=='),(857,1137,'token_expire_year','CHD0f2e8132d5bbc2dc4117e3bcffe98fffmXSb+S9HncfRSENEq8d8Sx6oG/HH4Nnsozlvv+165bv+3VdVrwKY57s9hP1N1rfV8BjGASPdJ9+RMGCjd1kN/VoasepGKiC/gClaE8SzaLpWpH9QjIiUNCQSRQs+F+Q2/I95BCsXUEeTrSg4Gs98B+8ROJOeStW5hzYHzD2bjTkTzjZvkpsUzZvHdsbtWvhdiJZTDDGTXU3z2xrRwFVwbcSBJU8KlnfkimC37xqS63RHZMBqvGcxMWLwrxIYSYXKkg66COsCJFebZ/dYgKyc3lI+Vh27jjgd9N/vRmOCXR31QrX75FytxhCXbLC00TUHis+focZ48sW2MYyRD17PiA=='),(858,1137,'token_expire_month','CHD0f2e8132d5bbc2dc4117e3bcffe98fffBr0mAM1gxuJXZNincB6kB0e3hO0W/pxa0tMcZirnC0H0Gj3kvgdkAyqTMGn2ePjbgHLAmbS9QOKMtSVmJ1Ezhn2zbUd/jEy9cRiw8y5KhfuaP6Xu/AJ06rhB4gMLP8i/vd77+uTBjXwpEjZEylyd9jCFiZZq1ozelc6ZrJ/5wTzjCklJOnit0y/07txJhgqdEb1yJT/oxgLdXVJnXEbrQXOazSo9D6Hd+VG15TotpRDn7DPEUSHUY4E5QLR4rrfoLI2iG4OM5p7ryV70oVfqTHDK6ceasJoDazXdzlfGyf99uzjJUKLoXy9+3ceLA2gm+qXRWR+pE7x/tYw4KcT0Ng=='),(859,1137,'token_cryptogram','CHD0f2e8132d5bbc2dc4117e3bcffe98fffIm2WV56cdxrKjCPZPNRmpAgi+8GmXVwEwjh9sBYQ2gxrXPvFkFqIOBb0b5yfkx+KxKwnDrHx6jkjJDLs7+PQUvuGXwBcByTLExXaYFF0L9u/pugvPmESsruJ0Llz5+HZfl5BRYaEiyf0zYFNjFGX9xuy88FEMY9upxpT0sM5YzECq/FB9gO9puYr7gPRdSbVhv6NJjYxvQF+Sg2MbnPMk192xzZ0hSHHJnYVGMU+ek7nsDov1glHl9eKlpI5IcZ/NVOdiIx8qsxTn3dOGJ41gIaoRju6D2Vd22HLOtygnvh+4u35gDTeyLpnpq/FeeNZTpvHvIWGwk2+rGOYioTGkg=='),(860,1137,'token_eci','CHD0f2e8132d5bbc2dc4117e3bcffe98fffkmio5li152NIOBiWEZSbRTAH9fAVzjVbgsSWcr7dB8DYKd5leHoZ5X9vbazpFtEkOzm7qC/xXNtV0MIGH/jelQ7mkpkXgxjjDrb/bJCHBWsTED7X5ZSh4EABF3m5C7+Z97LSfuTxO1i0UYDwEN0hB78+QtZV8r0PSu6UhTql/OZuYYcAoUmgafSrbhl94G/s275WDAVqPXhpjYqTdwR+9VYDMomL5vTOhciXXiZ7fpxdOALGahduQph+PNn8y6pcJBhtyVF8hn4LjkwtSjx9yO6p3yx4vE9M0N6LunKjlmDm1r5C43LlptqERtVmsQceH5UlGG8+6FsvmCeYeG+hBg=='),(861,1137,'card_type','CHD0f2e8132d5bbc2dc4117e3bcffe98fffdk0JgDKUYVyGgzr+kFeT16rKY6f8wN8ZbmIv0PzfKTi7yUUAUX/Zo7dbo0M2ceE1vJFuc91dxEb4xn5bXQY60N68jEckMJy13ZNXSUOUBiHqbraytrMEkXDOFamsGngxEx/m3Gz+Hvt00m+PDDgH1UfNqWhzknMr94m502r++/XaH9jQHpGpywkQWG0z8z33EEF72X/1r2ypVPLxCtQCr64dqeCq95894XhCvfVfnjFE2qHTHdVyw5r4XU+SHtklwKMXLmUO44DRTS0qob3c/sLLcBOm1kCs0LPeXNZ0uTIUyK4HsMPeOvzKP2+Up6yMl+B3apZIS788M3BdLJbhIw=='),(876,1142,'token_pan','CHD0f2e8132d5bbc2dc4117e3bcffe98fffIopBMV9bs+5X6vldB9a5+cDeNcIIOT9Vkq1lsqidvrP8VIAEqJ+oji2p5nBLR6RmXrTZs+5ku+PgbQD8QehBb4dBQO4cvH/ecrneaL7Lfc/jqtM4+UO5PjJOZeeYakTqSQM72wgeaiXm+tfXSYT5FenMtHAnmjiM0nnRNl3UMjTjaJG0Jf+iflBjsIxEOjR8i/WiDFuDSEk6iNOcM+k1yVCfEFYYldYk7a4BGUGUxgKVUjref4d2AD9bfxSfDAOBeGNxHCVqNgSU2VXHOtTt0jWAFcSGimLSr/0lPqV6GwkzhVf6AH/A3RBaHb+xlj0xl6GN1xHhJVNuQOljz8gB+A=='),(877,1142,'token_expire','CHD0f2e8132d5bbc2dc4117e3bcffe98fffjS4LkdMcbjTq8uJf14qtigcE0NHCijD6yaDM67TXmNLO/SJWRjLJuavSN0+4C1iFw9bJO4/HwLpaVUg7EWCGOzLHkgKt9g/+eRQySyvzeC0fGz/DlufTtzrDpkspQ3/CcdXByt9vBvJCs7TiHlwWNOohLDiyBC4KQl/UAqd8EHtTxyoDzAPhkguhm/UNeJSBEO6n9TtfGbO6Og4J0KQGwNOIuwV1PPxrw0zXiR/KDv7SkzU8yfGHsEVu1bclFTw3bwe7W7b/fN8VSW4y77Zv0jSwmW21//zlZybPxQ29fWkaiq2AQpLV258EI90+1EWHi+tNg9RNr/ubtjMJ7nW3gg=='),(878,1142,'token_expire_year','CHD0f2e8132d5bbc2dc4117e3bcffe98fffAMV6pKDv7gG7srXVJuZlanSwWJsFjw6Ykh2emT2QvzG33ncDYndJ7P5OltRs/dT8FOsqusXGA+r9vHX44/6Al2qN3y+EHx1WKU65/o0lRJFF+Fq6VJrgMu4ypoIzimwlwDCfuOU3jy1y8vYJHV2WidrZ1jfaxvNOBuGxvdOub6nfH5Pyn6E5GXiEEcj7jScFxgnMms0ssiT32pFVz7YalieoQR4xUBpA1VCeaF6vRKY3DHku2MdmRw6yZ2XxFCzOIHk55nuqnfQphcLp3OV2FZNN4CEpQjaCB4yLbJGrWhvZrQwKp/5vTIN6+8aQ+P8P3vTbJ2vQdMLcqZCsSK100A=='),(879,1142,'token_expire_month','CHD0f2e8132d5bbc2dc4117e3bcffe98fffga1yw+MrWgcQbkUTQnKFU46TThJRuru6yIdNxBl1NQjWsPqDmAJ+3H7SZts/ACOXmoQNE8hG16ui8FinimOnHiluq68b8IyCq7kxrshxL4wusPU/3VMNq9SC4e/zoLcyf9nTdrlDKmR3YdJt+FJy/ITcdidXvVDKQpXVSiQD4qPUPUZVxizlGL65ybdZXfOCXH/mQg+SGacJqOiZrjuYNLvGfu/Y6Tvibx+eocX8HwI/9UYbQayAG4bkTX46qyIOAy0MIV8uAydrso8wY2ljyTmq2wVrWGB/H8LH7VzGha1t2Br8hu73xhWSnRSGZiaG89zHQtd3F73iZq1lp7KFUw=='),(880,1142,'token_cryptogram','CHD0f2e8132d5bbc2dc4117e3bcffe98fffMQaqdWPqucMPirmnmG2XD2H44iODuMYhWEFu3Zsce8hfnR0emN6f+eojBO5iHk4ebADA15KAxm9bO7oJR2HydK8HPYkL7+aCr8ksvgUnwKz0esutABmYOD1X+ULEOi1GLAqsR2SorQmDgsElXGSsfeogUhYnvVKbj9tColgoXnL/qb4x7VqokpB2kvG7mJlvgwvPecCLZwyvZuLSu87b7OMkiijBhAN9uSSIIFTeclI09+3iskbj+V0CAsd0tJyn0UCpEhbPIzWhjVEqrf2nXVH91C0ewiq3a/X41ql9jblXBYL5Xqw7Gnn1BUe9pTAEUfljtWJ5VeWzP8hinpSPCA=='),(881,1142,'token_eci','CHD0f2e8132d5bbc2dc4117e3bcffe98fffdlgV0JN03tIpRb73Ee7GvAjMDH7ubys89sTZ//hE8E9CX2NVBGO7K77tP433WtfHG2SNFCxh2FcWjYf6Ei9MhIAcd4EC+pjqMc78WGbxYJT2fpC436S+Cb17KKh5x1r1/g0YYeoA+AuG3rj4bO4S2jXkhr90Na8HmQBxQOpjTsnbShHh2Z20+ZrGdzLpheuBE5dMNOq767TJY7oufAFUrgjZL54pv1jR3h+cyuWBGlRRFvAk7amgenwUqDErKOw3ydR2FKGrzu37tM9jVEoh7/FTnNY9JzENHZz3q1sZJyU6VFaXbevUFqib2GTMP429NbRKHmqipvUy+1GQPILwkg=='),(882,1142,'card_type','CHD0f2e8132d5bbc2dc4117e3bcffe98fffuFmrRU9glOO0idgZR4TElAvanaA7wIZAbJZtX12cavYJXm2mNoBW/JOHheyLliqcGKWAxXt8kUdgyBZYC6q65lvrYpech8JeXxS19B4kIGHROh2fPxjbtWW9jKTCMHSD11ewk7wto8CKf6lYFff+4oQBJxUvDv9tOkxWFpwiRY08QOJxHDXU0pS1XzSuocWyqUodaM3W5Rw7936z8yK2I9oAeN76qp+3vDuI3J7olHR8qCCHviFt+IGpV9tMwtEkPRq08OOSmJSSoQ+zfEz26KftgQ9sfXizFZuuqhXdKXqUhq/nneGQ2qg3auW0ZcgdlTZYRPy+FF8LtwXhyAQnkA=='),(925,1149,'token_pan','CHD0f2e8132d5bbc2dc4117e3bcffe98fffWIx02d11IRFzK0J28m95TrnUpCmJEh6yBuHwoEr4E9YyqF+WoXCRMvRW51ue40Rz4V+JgCLSzKAhjcWowP0iXTkrAS+C/P5XiOOx3Sjy1v6dM4pFLeqwfgCaDRaywXev4kfznE3I/uLv/DhEHVJkugy0/eVEnwt6avg5Kc2x8EuXAYZ/QAkSShoKqP75Np4NDddJSOIr1YA5UZcaybH5EhmVXrvgwuR/atVFuVBBuaZ8tCT+qwPqyYeS3kuHw1HYkWuWTBkD8Ofe08SF5eHdaRAg1bqYOWZibksIMT8d+BW8hvNKPNEQln248LUy3GnhTkYxV4alpTVX/XARIWXUzg=='),(926,1149,'token_expire','CHD0f2e8132d5bbc2dc4117e3bcffe98fffVwcpf+aGUZ913n9oPnLJAXoJQjeTsJXdLJj98wwhhDXjQcosNBzOsbsTRR/luOo7JKKN5saN0eu6KjELip8UOTg2CRw3HmtbjpsdF7mfstoEHxYVIglauVEja2AjrPJek0A+xQPteDW1UNBOUTZDQU6t3chboil1cg9B0P2FqTkSCXtiI85PJqmoaZK+g1ozrg8seYOKZMDsf1G9dbJTPPP4FFHdKbr2bZVI9fLNFBljyb61BMcqmTEFZlCapNdppi/R7m+xM3ZmoIjSrSGP/Sv0yM8pCidKivhhVu0dCPg+rl52w8aXKD8t3WatzFdwQS/rStyaYbQNQ5Ra5AvrBg=='),(927,1149,'token_expire_year','CHD0f2e8132d5bbc2dc4117e3bcffe98fffepYN0xFo8ytZQ9CqD5zJOTgBGOhB1+d/AehrWF33yGThub6jCwUBhVtAIH/UjZUH15xyC7gPCzw9IVygf8p3K8vZWUSbaLfvWi0ykDxdPSnVJd8Jr7REkTFLVweVVFauvBG2b1KI27hTJ0dTXNeWCwQstRFzKqD+K6dzLf4w285W4HUGpAL8hqQA5JTNXS2pNsiZidnU3wIn75sr6nxwWNZkoVmK0FS+61AVMFe5SQ6UP+P6gTRbclzSvQG27Z1KAzAkLCqyPGuKukIqUoAh4vVvpZI4M7qI/wUyiJV1IPakJ2ln7N8JhR5Lx3m/yb8fBNWr47YpUssdr1vcSvMJEQ=='),(928,1149,'token_expire_month','CHD0f2e8132d5bbc2dc4117e3bcffe98fffSWB9wj/N3lCYyzTzW1K1y7cmyuKroLAbze5tzP1JGHX2Y9er4sGrmZhe+KeEVMgrK+Lb35Qu5yu4T0xhAJI6IbmZCexKqX4WOoFpyROeaRnwcFOuVhs5W6qPoyt/SLkfU1FZ+OZtZ1TrtdLv8lg7b/h2X4QyeU0qOSD83KYIZWtHoZ6V832kpHBEZFct2ukeYlIBYjllMoFosCmzOZy4XuypwzCYXeFxo+YxvhmNGlSrDC7PRCd8bV5YYnhBSf9oJngKcQa3rAL5sPKkY8icte97tbQHhpqSTUNNNUZBNgkJW56Q5E1lo1QEE6Q5YsaynJrwDcAbWqg0x5aE6CatEA=='),(929,1149,'token_cryptogram','CHD0f2e8132d5bbc2dc4117e3bcffe98fffqeAXLUF5QfR77AvrVk+IxaaiI4uo57IkNgm75p1e+23+uqRs7jMzTFxRgHWShxG82PfL5HMjSM6bRxWaXuM6kx/q3oqbR6KCGObOSesS1VBJA403EFPD3aShmYZSxnOe+SaV2flsUZOeTZV/fOelmWoMocTLaZYNHk1XA1BHBcQ2mUTncEvJQn9faNzP6ZgAcRjJ1//+m2Uwiw02Q+XXJNuVaj9AFRkyjgsQ1PqY8BTbvul0LW+i2tW430mw2mKc4KCaR3O5W3himej/eUmpWXuQSeeUxrN8z71AUEt70o9gPam6JIkcMFxV5KJB1UltTPL62GsvEaUO9hup4JBoaQ=='),(930,1149,'token_eci','CHD0f2e8132d5bbc2dc4117e3bcffe98fffUWKYE+SSG2hDzfPKeeYnq6kyXEbpGpQTRmm6bCVCNoWv6nTg13yDFawpxHmXlQshESY65zbCrdD8U+diXuV9Rqcg39oPd8OAvIdWRLI5VZh1YI0ryIveZL8G88T5j/uMdO0lphPMKgMaa17GId4nj2iZJMbdBgRRIoZnHPLVX2abP8Bx/yl2NocrAi7aMrx3cSAon4XR9wO/GSPYp8TGBPzakA+LpUjDzcrkkPafLF4Sy5D3JY3H1U/hmcttcgXa9L/7JCfY3SiFATs4yjDhULQn7QrAvDhDdY5cS9RwRWp/Q3S46Bo52CimD1XPX8dF2QXaIJx3UQkYQ9HicNqJWw=='),(931,1149,'card_type','CHD0f2e8132d5bbc2dc4117e3bcffe98ffftAGTXDZSUpl9EWK72RLM20iLZuTvtV8ak7ffbnORNmyRanzhrXK0Kg9ib/0Pci5N2HDhORogFqGxRSMgn3WO6SkkOsGLGz7S3FYV99bRDfS0Ta76ODeeaNN5ZuvJ7TD+sCvO/uAJ8Kfs/yllyr4Y/tnYjW79ct8Joqb/riFMiTjOisxwL/bVe+QU4tM+wqjzbAEI3iPF7ySGSiezPq8INdqfLE66nnOvL0J1xqbL94KVhjRJDJoKAsR0xrtHzXFWPdDg5rvj+LZ8WETc8byQgV+TlFR+A2dnmV/XuAOtH6zI5bBOTveLryRML91/0Pe2FnMLfW9pqIquD3mQ2ejWYA=='),(939,1151,'token_pan','CHD0f2e8132d5bbc2dc4117e3bcffe98fffccdUhqWxn4QB1a44wVe0rF6ETaCP7sCtU8PHdXCt45mMKM2ijH3afeZ6H7kX9i1webwxKmOImSCizlnBb+piUdJ/K0QIxNtvbRgucotAhW51uwXoS/VYc3G97RnnbG/DHN4xO8quBDY623y/PCTQNNrH0ayxfUuq1tMmlwJvjXHgq7Ik6POY/shNHZad+mQBKvYYCHWa4DHE82UzRitd5AzoS/g5Ey38F8qYMJ7aLri6vR2+06jRJEuQDOHPgtPmcqPbw5R2VCwWaF98ugfXtby0LT/UzkXyi2gy8dHqauTf15/6ftJQtBtkoYBGyxdOf0/PDkiY/kgFvuVl5L2QvA=='),(940,1151,'token_expire','CHD0f2e8132d5bbc2dc4117e3bcffe98fffYEz213aUtYxV934SxAo38wktK6jIkmgKh2N6evfMZBDe6zMUYiQjLDt23ZoeAQOdvFaObtGDe8u3nKdkeZ+8Hgbv4Ji3SuQvdI43RumBWoHx6rY04nVYUaMahM0L2JDBB09aBg6AA7cBY34yhTHVmEJXZlJKsuy0uELir9Psx1MNdwzur8NWgEpvTaTBS9I44+7wx3sUiAUrKR6yQ7S96pafq7astNLXvNWKBokCTDgR0LoAijNweEIrKsDnhLq576K6jVsELsgCYosghFIWvoSQhdHFTHF84pnUCTufHrP86h2JG/5JzNSpAzxg6n1jAMJuYJuVoVX5Ea3cPkX/jw=='),(941,1151,'token_expire_year','CHD0f2e8132d5bbc2dc4117e3bcffe98ffflsgom0b3Rv2CiwJHFwWfUVAMFtGr8mHMb9MrYQ3SEXNN+LiZ26omH3OOoaXmL3DPG9YXBkYFCpj4A27gOxoNUcC+XHbqOZRrhLszgzV+YIunkQ5XWBBGJFdKb+0CrJHrzvxTEPBRoqNpjhUEmYbAZ8RZ/XOwjMYlaSiddCIeGGmf3xFf6HoA3HAHUL14ulw0ekyY92yYOGoUI/oQH3aBfZzXhsI4GDND8Twz5kRjuP9ZTaUMkXptx0pICIiGrShgLogPDS5VB2hYQG11kAVNtxhGTvsPVxlgkXb35uIK9ps/22wQdn4HSJWo0YRVLvNSW6WVFEV9Mt0t+pbj0b2Ajw=='),(942,1151,'token_expire_month','CHD0f2e8132d5bbc2dc4117e3bcffe98fffD2a4CuzDRVkXlG+FxPkcQd0AS/+WGkHoRCA31LmVvQBBPv+5hsdXKAP3opdAtZN3ZYSvoi21asITL0bXrZxQAybbrDDanyKhE+2EA9pW26Oz7JBuDIOrNX9Q8FPqWOiw/g5PwFQlWzjDpBxfEYOjQImWboFV9P2VtZPjvha9ef1VNGKnsFnUYLvJJ4YAQVY4Pk12i9AXkp7vCKmq+5/PO6yoKxmgARqHGw5PVl5/nYpXQganPS42l9ddL+hZHQly/mJQVyXR78TerGtlbdmU2+3S58mBOCAW3SCz8LgT2UlZ67bO4Vgy9VSs+GzuI1orE8e+Icbn7cEOwZABNXlr9g=='),(943,1151,'token_cryptogram','CHD0f2e8132d5bbc2dc4117e3bcffe98fffiiPzgfVLizt/eKHzZZ4NVwk/BUml/ZzFkN2cmhoSmr+prJeHoKBOazsmiaGmKRh9QFw5u0+TJFi437dKMuY2QXt8oxywoOPll59UvRehYKbeTdqz6JsHMwIqCZEGMCgjlcehJLZ4xvX84VJ2nr0uoW0x0AOmSEnKtJGEoGa5Ct+WrsyeWPVrV5oZNDFKlF5NHyeaOHoTm1ZrSxX2+PMEzEq1mOYbIJi7O5DVYz4aAGvM3FOvswqIyuQyP44+AmVkeMB1p4GPr0i7FeThOhBTcug3iBbTIx7CiR50BYbmhOvkaasidvQD4SaaQgymU3ara2+PestGiGDLlZrg1vWMzA=='),(944,1151,'token_eci','CHD0f2e8132d5bbc2dc4117e3bcffe98fffuPV4gdgHWEKcLY0q2bSkfxAwiYlCTwhBiYl2bVQaaxl9pEiQ/naypgk5bSk89CpalLEDB6xSXxLbMNjJX0XaPmRReut+VACuA7hbk9hJUDBF9PbQXp0E9mPZvimhmLtAxIigRnbrnc1H+hb7GbtJoT42MtKE67GbwKqd8Fw2lV2medTG3N62X7SkKAu+f+kuOrtofeTz1qa8flSu0wf0AY8XcionHWoGZk35I86NOLiEqhqlRI0wLVPqbXk88Ep8fFk+3AVv9iJQDC/iRgBHypRRhSdo8SqFukdVdwNk8fIrNEu27UXjApHstICkz1E1Dp7QnDdWWaQLBusrml41Og=='),(945,1151,'card_type','CHD0f2e8132d5bbc2dc4117e3bcffe98fffxXQt1Su+RBQmc2wRKox6r8pty+JO8DJbOaTnknkKETVOVlsD0WuNA+Mpdm6/6DOboCZAGuZW5VkHskbZSU7PZosZtCYgTWsRMUYjrDlKkvgncejUuvLzXQ2jIPQg0sfMQwl5FUa+W0KaN8ePColVWx51ymSKQwJdp8FJgGqITQKkEZNJYQz4I0N8guCb+92yDqL8dnBF/MRRmnXBWRTLYsX9miBsAbN/FhV1ZQb7ovh/idsKzt5msZAIOccWCmkd7kj2OWmeWvYur935Q1wUl9rdEG3bCI8AJMuKHGgNTWMoxn/qs4RKOIgc92dWlSFRBIi0H9LGO1zo8veWTzsBzA=='),(953,1153,'card_type','CHD0f2e8132d5bbc2dc4117e3bcffe98fffFE2ovGg9q4wCa4G+WN0UT4TTmKi/RCBUxUote1kxK9uHv+gX0EufyNTSQmENWEqaJZ1r/u38ywKyXniSSAC90qGA73oyBvmO0nNZXsg6ee/cI47drK2UnwSToTlmVCE43HtWZ8txuDN5L13rfDGh+TLd6Z3dUCx8QgvIShD+6scdaCzy/9G4BlWk5jnDhwCDEAb36u7I6DpYNqRUzOLJjO17KcONGV+8dqaDegZXSFCKAZhw5B47uatVczdU1gx0vIh5n4mCL5JNKZ1KHXbrRl2pmOZb/kdV1jwH8ZNfv0zSHfMwTH1l/aSAWhRZ6VPEjuN1ncW3aoY0GhBROFAi3g=='),(954,1153,'card_number','CHD0f2e8132d5bbc2dc4117e3bcffe98fffqmmRnUFHvfYt2qJ4lnaogJVk8iHSmrhKBb/un7rOXhAnc5GhOtdU/Kr1IecfMIUgmVFCTcLUz8599gDFn+EcOR/5GKAD8dYYZD2nrE6ryL1P/9cgYGgmrG0GzuLTs/sCwUJh4AXOsef4W4oSJPoSjCGatXrb8WvnYIvQa2rTjB+BU6ES1OUmHFpBbvYyeTdRTpnHs1YoP6Wg7Qew5Jr5byRuR2GEOauTzoOwiyucXNdSyWf+KhhG1tzU/l+uN0yonnGTjooTPRl1+MEWdwtq0N1JlFgiD4vfx3fDo6woLGPowhVDX5M+td+kQ2wu4TBO38KeCQOc8sFtTEJcPOEzuw=='),(955,1153,'card_name','CHD0f2e8132d5bbc2dc4117e3bcffe98fffYSxH4I1vMGSk85ejUblohKOxdnGHxZUGxXuE60D6WmsZgi00cLdahMzziSZEVEG37UFUy7yNRWRN/AM2vgMy9LeTenNXcXSj9Gq81QHZZDIf38rh+IheDybsJzgmNuvvRtcEs9vSaM7dWtFK7Zq815wv916JRuwzyTAo0yVUYeboCPcEMjD3hmILnM36cCiQx6GwL4W9z5S1YW3y5TZ3LLQ+HHuQt3ldN+ae+UpNoMzztKCDkNsYQElsPB8UFVtV5+FIDzeln1naAX6bg2hBOxZD6VbqiU/InITHCYp6gEpLZNz+WN5RRJOsaThUSqal0n1V1xa+I46hRTY6mhf5GQ=='),(956,1153,'card_cvv2','CHD0f2e8132d5bbc2dc4117e3bcffe98fffMCAbhaSBdOqVrMtjxs6+zZlrflTvGBLVuRplivmv+G9MW6t8Dvb8iMxqbBnUMJ58lmxj7DJig79vzA+HyXc5xuCcuGs/i2f0tSupjSb5jwb9WJdHsnytf/RPmfPUyPj0Uucn+KR24pwLo/dkS/3ayc8838AVXU92A7R3RUw5VIXc+ifEEa9ULX1eTDLJuomngfavkEbvh/Q0n+1oSZSEokIwrm9WkzNqSvZ6p7j+fS3t/d+nHVcfUg05SsnV4vjkpkOhzSL+L5t2/D+0V2ODaoo65bz36liP1rgNmdTvcJNHwz3e5gfHO1I/rnkJWTeL1LFrrm9gl2jhGQIrIBRtzw=='),(957,1153,'card_expire','CHD0f2e8132d5bbc2dc4117e3bcffe98ffffpA6SpXtuH1fbMeygPN5rgRB4D1CFGsiACuZOmGYSM7m64HbLmrgSpmV5ajrDjoIXDhsBvbfnd4xXbziUZWD62xJ1YphX0uUkDA9d+Kvz0Zwb1ZWHmun34XD2l6nHm1Lz8dL4EhUo6iqovoKaHNLcZSt8LuxS0tVDqyrQAStNhDBaHfI1+VkPOk/F6+wfYA+hF3V+2B2hYqX/fo97Mdls3gcm+IZfiurklfRzaZ/ciJO+HFvW6o2+rdolDt4uoiEZGpUryXSSeK296ww0/GWqVLTTBNp24tRGpqMDAseuUJ3lH0iaGOs4q9a46nVzrBPIVemMaxbChv7/qfg6pk+XQ=='),(958,1153,'card_expire_year','CHD0f2e8132d5bbc2dc4117e3bcffe98fffBTJBcWT55Omm1KGuqicJSgck3iNqcS9EzAIGot6Uo5ObQkWPtBQuuqoVOk3mKbCL0ueJQ9u2Hrycu11UazG3DIKCBPoMAFxdCPd7xx1mba3BEr4cKfikRnEmY8+VBVbiX5T5gS+ZeccqLnkXFqeSHw0Q8gBFNr0BIu7gWdAR+GDKWY0yW0Glz4XCFBBUz+6OqSFlUlzBjTRlXUJ/pZZwu6SJ/5ErVDDC0agf2gnBuChlDoQpObmHU8g/jVqtlhh/dO7HXNn1o0CvNlD3XtlFk864zj6/dXCXQA/HzLeu7kX0KHZYm4j+g2DEv/p5vJK2d9sMgXiz0/CiEWEyCLmRDA=='),(959,1153,'card_expire_month','CHD0f2e8132d5bbc2dc4117e3bcffe98fffY+jOQ/bwfPjslnksrbgtQo9hKTeexW38TDtEy9bdQTgvFyxwc75wu52iqpdx9TkpJHQJxFYYaO8J3+b6EVKkXPpJb1eLvZa54I1GOvzj/fLliwCdBKlrwEMliNLBf3RxQJ2ECI1tZF70V/kXmc3qKqmLnAgEjtI85sMF/R8+9EiPWHpwOKocIJSJqr7KpZHJMzJKTQOVBylz2fVnI1gg+gyquYXoVeEhmWdX/Ni85NdMJYSaMb+M/zGaqw25P0otpUml+EErOuTs6UOU2tPXD9KsOt/fddAN+3qcHY4aHvlDVyARM0Dbqg+sFLMVhr15W6Eyp7o7jzZQ//t+AmZECg=='),(967,1155,'card_type','CHD0f2e8132d5bbc2dc4117e3bcffe98fffHdRy0xvlEFYAE86Th2mcovz5NZInzgqGB3XekxCBkbbCL95SWnuk075DTU3qDrO+S7AbCHZVK0zsvMSf4+gLmQviMGJ8nuA+PKvTUeh7n7QmnQWPhPpLgmMnRSGAc3PrlScJs94NE2zdWpCIlD2thsOR/FmouZD7+s3mDpSwyGNAtkd0sl5D6XOWCk1BJp2CGdVUU+y49SnBVO5jnhgvBKxr4X6ACSdKN/OwCMy4dyL4t+8NWNiE/JysvIXiaiqYiROnJqaiPw7ky8DZ5OOEtf+GL9CuMlbP0GG3qNqj8zW136zgHMlZlRnMefzeMVRqTrLdSIMi73kExA3SuU9y/A=='),(968,1155,'card_number','CHD0f2e8132d5bbc2dc4117e3bcffe98fffddT7tucBy8rYUnX9+JxlARx2gd0v7dNKccoWsD0qejcRnDzInbKyxl8SeT4khSCFeNYjlsEk6PQgdnLXeZhjo8U3Z4mggN3SS/+aH3EJ2Ij+7pXO+TtF+AtV4b0OOvcWcS7K4bsmbCpwaGf1fduaHbjOK67DJIJhsLx+SeLqsebdFZH4j2b7M75mSc2uuoi1YvmL5zyqbGaN2CMcuehuH+HhZDWcaf0/TL6pvWQAvr4Dc3J8E6f6F/HRK0HXeMnKtyyVVBOlAkYk4UGxdI8nMG1zl1PUyHJCMeozBQJ86WF0k7st6ZIGSeBWRZnIfItKt2M1SZejE7gjyjN3DabEOA=='),(969,1155,'card_name','CHD0f2e8132d5bbc2dc4117e3bcffe98fffYSEvaT0i26/Cdnn0mYAG7wnrL02wfHHbNLodAYkYimnH6y30bcN/DnqqgqKw0etIMsxn+abCXJkTJUzQ1dkV5i7M+XIt7hrWzQFaFJ/wXXRyYJOFqGl2QMvyroFbLmXK55RI6KTWSUoQS/oIg/6CFqTwj7mhmVFs5FyFvlqVM7PrqgiqSZmrTwk90Sm8C+12Po0NrhkFe73d1u4rMvXVmwI0C0h4b+nqUvZaMHpkmGQ+lQ2NhrReJfG8y3y8UcCJi5Jegd4OplTK/PFI/upu1BJRHPVWjVlMvKRc/H/SZ2DRLadvbsmbV5EVuvsc/+52c/+RaY6XLZlUKFeUO9CkuQ=='),(970,1155,'card_cvv2','CHD0f2e8132d5bbc2dc4117e3bcffe98fffNHHmrlWr+rFKu6pGYdJSRab0tDR3eOfJsjTBgDSQ99Z2gQok/JM6fYLCYQzop8Q3ARAm4o7Vc2+sjhL//oHAixWtLh++9mjdawY8YIm3ZgqRrlw42t2MJvZSSebLX+D5hMPQ5eunnBop6KHdefCGE/QacsDbCMNThwzlMqAQidkWP2g0Xsx062VdkePNRcdHHmt5X43CvSu5k163PRbSHWW2sti2W7sTJvP4DvaHCajwFosjxVNCCC5yqOkP2jH5+7c1TF3Z6skL4OJG7kb76ipA6aDkdkz99dor3CRIYGqsOBD2p+QJ5GwZ+H/C6XsHPCjHfwtubAl9y59CvjaNnw=='),(971,1155,'card_expire','CHD0f2e8132d5bbc2dc4117e3bcffe98fffx4TtG5x2lnYfTA329TgMlJI+3o4PAR52WJs5ZVYjy4/HISkxRcQ7dZyctgadna99C+HrUXBAatz868a3g5SKaOMCptTSXK08EwuXAjko8PM36DJR3IOj3Mk3vZguJcVHDbK94BU4naDiC+2F1Kb4pHpidOSzCLRhXHPuOmavSi0iAJ2nKq4+r3QoEnNZwCD15s39tsepS2EQ18xPjMDUqyUNhfMMMCKlhcq0kKWiNtIj8Va1peyUuguAhOMvo8iOurxmK0v94iGUqx7vBUtVVNGkEaT/9fF916Xw2tyJSC93F9LQ04aPWTYHfWoGvWxF4zz4s7unX2532Mk0TPWPCA=='),(972,1155,'card_expire_year','CHD0f2e8132d5bbc2dc4117e3bcffe98fffmBverA/nu5tGAeV2jFS8AYGDE4KCnYmKcq/kTWdlEHAuA0Vv7ugxMfMylysnudxSTAAQ14wB+Mo5lKsk66lVu4IqdUbiBmRvzZMoHE7CQDwcYlBvpXeWKJJRFpFtCTiQbMQ6CLNY/ewg9j8g+i5nVeBJ7qALU+hwz/ZufcMKXQzjSh78AxA2NY508l8pWv8MLUaLqLLKKZ9zxb+do8GJizqXGimk0ca94XaTTHuseuzEFy+ygUpiCwgppM88NnQl8czV2eZWxbSgXyiCiXM7Gi4pvA5hNI3FH1m879+QQQvmoNUb51nnlo4BXwbErHmXoIb5wujqHdKc/FFofyPV4w=='),(973,1155,'card_expire_month','CHD0f2e8132d5bbc2dc4117e3bcffe98fffNrYrHuK+3aXZ73ysiquPrwtFpIpQP7JtHany+NfSj1qYHIMpZXlWuuxl9qiA4yT0wvBr+mzAnUnrmS5IGb5WvX2eO2kSR4p8ykCnYjNLS3nVUVmuDaoKzvx+KtwsoWndO7XpaA8PVvSlBi50dDduBOR9hWSd/aG1jjM72qKxUPLuPEQdzQuJXReCMCNvPyy0nNBIgAT57IfZtMU76PPXRjl+6M9AxYq3PbOTZUrdNdjQ1slcXvbdlajjV0sCmdjUdZrh0DLzKWAnsI2AFEV6hkgFsr8G2qc9j57njSWkbW/lOyXbdATvOYNMnsFpv6nyqgHJ0WEfwtFlb3CYYwd4Gw=='),(995,1159,'card_type','CHD0f2e8132d5bbc2dc4117e3bcffe98fffrszqhH52KcIoMExu4oPR5TXu1Wr34Dtor1P23g1CQUxijA7hXbyvq8vQ1x20bRVLIgyJ51RZ11+aQVxjwU/V6ZYAuVm/nQVgUbwqaIQo2zW/HndXgQXAl5IatT4Ur664bUJbaCQIlOskLS8YFiZYVcbvsQ14HXqiWufa35w4z67P8SC2RWk/zdn+bHrKyO3h5/2lt53GpbjTN2GReeGrFttiW5A9Z4/31qXRkxfQ+2vNqXGMjS8+N1UnKd534Ln0cG+YnCebqBccGuxX6XJmkw4OqkT0zwoPdEo3gmp2yQbeTVNc3JoXrG4ILWkKiPHWFgOKXh8tyukcVgLam5KR2A=='),(996,1159,'card_number','CHD0f2e8132d5bbc2dc4117e3bcffe98fffeuUU9QCRlGKKtylbdgEwk5vl9yNF6pLqAa6nV9TOZfX0YSL7C6KY6G8n9EJhwT7BkaSswGLpsGmMpCqWRSWlipP304Lo44qGzGecM7kCWDxIpgDCCjH7TSoy7uQVX9tcpVnQwhNJMJ1+6l92v6IV+4eQd3O/KgwHYK2vOzF4iYT5vl3BaLLJbraRK8i803gvLOf5tkzzZCgEMVrdGgErCgAzd/mritwI/rslab5dpgT7knvwKzoU+NpltLhqMLsyG3l8f/ty8Ad09mIJ5byBZA9LBSypTcgJooHF+H+IBSyufdJ3m3CbygnQ57n7EZ8yArmc8xscvBRM7EQy5TcFmg=='),(997,1159,'card_expire_month','CHD0f2e8132d5bbc2dc4117e3bcffe98fff2SGvHK53zXAC/WwfNvq/k2dVB49W4RhavEp9y6121yax8u4xZt+jMpLcUIJCy61aS7l7pv9QoWFKNq7PGjy3ljDFZMEgVC6xrieBKdTtjHp91Y8BY6/ksXsbxML0wpEpQ4gwFnH6XhkOleSG8V9wJQjrYKXYKyU9YJFvbMNL4P4HdjF866ufpkAPR7M8l6kENYQueAObrLRtnYM/yI+Is7eVPrB9vE+u6v2t/nJI0PecY5RdA7PR7x+Ld/RumdDyvN/tV4TPm4mhu7Fjrl9MDyTEofabWtXNbO8pPddRQ4iKrAJpoLn+iDEZVXeYI2dJUZrLIq6Z89Xbr+QllreQSg=='),(998,1159,'card_expire_year','CHD0f2e8132d5bbc2dc4117e3bcffe98fffu5N/KyxR2bE/+YHNstHmWuGG/cHeEZvMZnT4Mbe40ZPMesuOgsOLH8I/CtfX6B7lb2Cd39qHjDaYobh148k/gBQ4s0htON3xFLovFSGgxKFIewLvWYEfj1Ee8AUXc9ghT42hPCQwaLiw0VHVn+uKq4h83952w1UPA1Gk4V8nnDJV0k3+Kqm0tbnORRQ9ew56pvlQd/l6DYpYOVDewdsalr6JLBxb6venPLxD8sWNPM5OQRZkO9wZ/H+Me2VrBvY8M4kNwkyg57q4aF6saO4XueRoTNTAaG6jeHLdSkkkb66PEPPwisZJ7E3cF91K5cnVdiXKXPsxw4f4QYETMO73bw=='),(999,1159,'card_cvv2','CHD0f2e8132d5bbc2dc4117e3bcffe98fffPH1Rxw3yb7GINBjP3FtU+1I2x5Rs0ohLQaOud56pHJJI2LdYOWlEv1rTFyI7paydbHt33alNCCb4VQHivjKmi4LEsBjrDqFYWrZ0HFFJg8hk2t83yYwc9IVhvXG+uLL5q+F10oUakmS0kB2XKtXMSvaOSiPJ2uGrFUWSXnxsuW7DrdjYc60b6e9tydZUZfnAxRtLnbAk1n+UlqtTuID06HFF/Le4IEXlMj80fUQgdnE5ZKhTnXyeLE/VZ1bWn6AGI61LnkGLjZA23jwtcJ7ziuycEl86DEuQ2o6Egqcb0hAwPSEZynTH1GFnQweOwqXin7rUzOgJois5EhV5gXgaaA=='),(1000,1159,'card_name','CHD0f2e8132d5bbc2dc4117e3bcffe98fffEdaTsiS1AJj+nO9qL0OjxUIEBf7om14np+6T9YVABDqA24jSE90cwoAvOzaxXC0dpx3BP5gsNVG36eezCgR5tB/DBEX8dtFCbu83jcX/0L0njW1njpHh7IcuAtHk6XmkCMuH0mENs/RDINOXjN/YkvYpAfC2QFoeEG7LIUJ7Jy29SHz8vSl5QohxQQwujUs+1ZvVTN5S185MZDswPm8PRym77BdEFLduTv2nHCBrzJ5U6fl766VzVQL7Lu9Hzvdq4nCwsNZw53frqltbOFBIIkH3ofGaduTHXAdbpCPsJNsxMg6FhzpJNIO5bES6QxjITiXpgyL2sD2GVYEs0ebXFw=='),(1001,1159,'card_expire','CHD0f2e8132d5bbc2dc4117e3bcffe98fffsecpKwGWpQ24Xwy+40RhwRrmD7tg04LJBxszBfXg2qT3uSyUdr/eQgextH555TL8CnefVDWyUGS0bJbxYPJjV6w1rY41RPY4MhXhP467gIzdcgba+nO1DzYn/Qr/ltW/TKWyZSXNSs6rGKudAw7E6ehenzYuZqWmNEwQG8qxRq4wmeqW212R4EqOLSadQgBYW5XDPa0rW/cRncan7WJ0Bv7KxnFaud4C+mxVHtreVjs/Vx8YiPjEuU+Qm6eSDviOBQkurzATPIsHWvXm5x/TLWuT1Fe9Hm6TzFN98AuuRzxdUgUQKoc8d3JE7we48KPVKLvoBxnDtZ1kXNGNKPjmdQ=='),(1002,1160,'card_type','CHD0f2e8132d5bbc2dc4117e3bcffe98fffuA2Fup/H7U8ptYEXG9d/99E8MKiqE5wXHZpP4hTAylqZjf65mRjMp9Nofi1WiYZWfctAyh9AXehvgb3anU8bHaQoUGrel1RCnpcQpCdeHvRk2muY3Dg/TUrVKYYolqVvpJSZMJpSdXHtu0htSnsp1N5EO5Ni7yntLUZdDYjSAd7dxfZVckLFgpOvbIP9SC/lf/6WSrUoCYLClEtnKcT9S4M5C5u4J7RqqnZB1UGERLp2kNyIQwM5MCClF/ane7FPFbddttmG28YtagdWALui3p1VfdFxNPe6XXwsDU9H1bnvLu+JeyGHOkMUBpFma9he5PJkkDiZ4pXtzkmNPQ8vXg=='),(1003,1160,'card_number','CHD0f2e8132d5bbc2dc4117e3bcffe98fffbb7K1+CHuzhhZJ6bBN4DvwCc5JDu+j+jWOdsKN8FB8/gyP6Q55fsJwKkB9+boo5ht67m4nEYMVNmqlPOgUTQvRVB7Y1up5ndhJvXJHZ/DaBFqwllvVecU6YuIicDdVgPlQmwFE3D0Z4DF8USPaYh1KxNKJ82/ebGWkTdNXEdcVxU2ZIkaSTFL16Ty6ujiFRcIRe8ZtbwhUeJ9N8gQbMydD6RI86FeXaBn5+DqSF0RHZ5LydmudIn8gurRZSp7tZLgC3DUINWt+K7KRb8kYQwNWIbj/+/K8JiHvRQHcF6YSddp4rBX7SRj2hAfcc/BObI6hfc2fO+QydS4DD8MZomZg=='),(1004,1160,'card_expire_month','CHD0f2e8132d5bbc2dc4117e3bcffe98fff12TzpGD1hAMfwVXs40AtWn9ggT9+SznlpU6ROTMF59l6dUCQsgGTXAyFjRynUPcn6gTX6JfHn2ZOp1GzTfSss3JFCN++BnvYQwiZbNq3yHC2OCwW37/3Xn6DrmqTg8QLuhSOddx5HQT/1WNAnu8iIjfy9wJmIsQdQAiAXu3C20oNvgC66rToJsnu7BbmkpCEa4kZjLFRda/o1aHvSfNLNA6nzUcZmL0iyeS2n+gVBOvJYtPwiC8Tj9cOGfUA4QOROre2sOHaFpHtm+MMUnWYxYnqZOgzwyUQ94ukTxZKQnqBvsG0hC0UMU4vV5olOmfHLHCHvWEraDRKxR2ihFFFDQ=='),(1005,1160,'card_expire_year','CHD0f2e8132d5bbc2dc4117e3bcffe98fffzW8BFEde3O1rFFURaqd0y3wHASYi7UwP3GgZobjYp6/qmcp37oQo8dsFbEYRP9koCIcw8alO/y41SCAEOK0UK5cN1e3iW3krlMOAgawVwVrA887OxM7HS4VKllf9aeDDKReklj7jesFYue9j2KbFHMa0NdP4p8h70lFyCfL7XP/KR81dji7VI/9VkpCt60zO+K6jCsK7JtNfKYhHilJQsiGU2yAhe1sCChJfxzN4hDgrWy/rYbXJYOEX4bonogUaPvEROts+rm3Xr+fnTp4twAEVQSMDGbIUGI3Lx1HcdRZALqxk13UgkZK9dXPTzTaem35A5UG5QEuQCbPmHT5M4A=='),(1006,1160,'card_cvv2','CHD0f2e8132d5bbc2dc4117e3bcffe98ffft9CyXVJSlKatku5vOD/3+Xr6Vh0z3q24ZBwUMfyj0gF4MQ+bRxYEi9ibbmFxnXkKgvcvpi+Wmt4FRC0/ONjdcwRtQKHVa6ZLGsZKpuFZJrY8fjPJT5qpI92K7E6QU9lPbwE3j4yYSluUA/Z/1t4BrM1FTSzJs6zmLUUCl9WmqIImwqa+mLO7vaeCAITqbnK+SHjhqPPm6r3OQxvVHlB2ISQxb/HV7iY3G83chhRAg/GuDYR01pYtMBRY2gXX+jDYdkgShrEai2zYZ2InSr19HPoKztWEfxru1FSpxw63qjhiHb242XV2wqpzRheDTF0VIVV+YrxghlExw2dZ2RmOdA=='),(1007,1160,'card_name','CHD0f2e8132d5bbc2dc4117e3bcffe98fff14zodk44tKWCcyjiTUA+KqCT1X54JSNJZGCZEcz+luZKM43WEr0ItKij/iMD3Yai4htUByKv8AyKvv5vWjEueaE+qna5HmJ73K8tQVezl3nq8aoLk1kliRuK3vqEKYVWT19hiHIZm9bd4YrNr2jMnPzygdyGokWznV3jnXH6KLaCnH16/5au3T1gNp+OZnWIejDH/G2R2W7GcH+V1pTLb/p+oTzRxoaeThNZ622a3ZQo1gbzzmti7jZnfjuxsGFRx41m0iaPB2hQ9Z+sH17c3G9rgxiPV74B0gQ0ecqtEIb15hFNz8Y/SyeChtVA+cLYFO4YTq3YaGEmzv6Nf67mcw=='),(1008,1160,'card_expire','CHD0f2e8132d5bbc2dc4117e3bcffe98fffwWSjOSGaXB2m1UTh9M9YK/IicI3bcnMgnpJnKElfWCMhbRZUHuiZEhJz7gVSFOkDv4AQAFDnHtvpqMZCM+yflYAG6/lRV1SwbCbWqZUHSE/10g/9CrmEiaApIhqyU9MrPiBYcMy6jBfMmfC0JCoEcDn72Y2fqFJwSDEN9DMkme3KGHyVoWoM14dhofgL/bsYeJe5v6yAZteJXHBoWDnPBniV83uyiwTK7hP15oWFUXjYm3+gHsgqolqBKUj6Yn/PCBlUTxcNYMOg/yM5QfxwUTxkMxh+It81/pCzqXXzpPSYX1wzDblXkjrjH4AOKtyT43jhFJIoCrEYjjPI5OqmWQ=='),(1009,1161,'card_type','CHD0f2e8132d5bbc2dc4117e3bcffe98fffeNZe9T9y2Er7wbuPz7f0XeeKuPjiKlUmPS8NiI+TYTWN68nIyI7mX3aUyt2QQJyayESqYqNW7roGGj1xs04f8W9TpZ7g5cUAdjM21YBOob/RLbqfnVPB6B9KycoW6FyGD9fWKIBesiFPps7LeFvhKsqDM4Fj9XSvTzlANL9D5Rn5EdbH3oPlFo62Uv43Q4/wRbCSL4oeLbDhIZsFhNx36+HZyIO46bneKh2NOoHvea75eHSA1Mht7wzpW/jGfeD4kf5vDwyAEMmP2MQM+tNgikqf9/fx6XQ2DVhYb/05WWq0ok9/+BWnKpgvPy0vyYxNwM+YuKncc/mLm6E4OGbXOw=='),(1010,1161,'card_number','CHD0f2e8132d5bbc2dc4117e3bcffe98fffcyyfjt0x6pbVxGzK84Xs5zWufLkz4jg82kiEg9KC5gvk9tA34leD5MezHnFeOczbQntIKebHkSo6+oblb1q2FuK3VNzGPM+mXnOnAtBehAbC25ZjAWz2XC8fFEDMvI0TJ7gWm8RlgSyjkk/aWYUOnpiVM4xUg2rfWF88twpOBN92LyaKh8CmW1U5TFrDT4DEmI9zaODfVBuLkVzWS9l+fbbIGWkOhhgumTI9zHmHL58VLrGSeMDsgEB7kXSSqxFa1MkfPj/JZYYPnKEDxQwuerW3EXZPEBYHY5CwNwIwldy20FtfkNWGh9KU1KpCIhauwHFLCYeSouMC0aBrspG59g=='),(1011,1161,'card_expire_month','CHD0f2e8132d5bbc2dc4117e3bcffe98fffAbjtJ8TyLkI23zGYyhZPnHU6l+J+DU2ihp7UOvqoKqyNMhV4T7mFqabytx9gCX6OK4LW4hB0iykbsl69Bv92n4bLt3GbFs8l/csrXaPVhX1Ed5x+XfeemHBGvoYPoF7qSfI08qBnlq2vWWyt+Nddui3jT82US6YExAJ2xGQ6BjDI9fVYTunkOlwSdpZwF2tuI4NlEtq2WMnSxcdDM8MkLRaNlmKYflbE3HNDqSE8hY3o8AHrjkkgyKRW4kwCoLvPmoAMBCobV18cBmq/kVlIXiH9HvX63lxFB07Ea8P4coB//ePOiTEZmPwpUuoxbeJTgSkpJOg1UJvLmTlEkyJacg=='),(1012,1161,'card_expire_year','CHD0f2e8132d5bbc2dc4117e3bcffe98fffJSP1XtdNPkit2HuLtJgiFR8cab3excoy8p76xOzNZt95mFpVJ3cThr6iIZhuPQdb0Kn5HB4XTxZTisa0OCu7OV1NDqO32mqVuGJn3wOWEoS19q2hjTLnnlHqX3O0/qZO9CT8u5IV35DBwfHBhC5MXAJ705DvdRg9falt/FmeKC/AkPO0PVMvRyQEhrn58JSvK8JzraJFZg7DqpJMV48TulEeQpc7jDl+Zqmwys0rbK9XX7yuchQrUlw9x9fAqK87DYV8iZIN9R1mNPTc4hxe5WoAPKqR1LY75M4gX7SYolKz+h6mJnIc07MvEwDMhJ8uSIirTWKvoDbKXdVGhJ9y7w=='),(1013,1161,'card_cvv2','CHD0f2e8132d5bbc2dc4117e3bcffe98fffCsFWWtpEvdB3peOL6jO9BgXuD5FooiDYbJl+/cZzuQH6R8LlMw5aop0PU2tzBmaaD/aAl1ZevKvNHeRah+xCKMIIxQXqQ/+vljBBCxeJ7S1s0lxgGI9yL49rPAEaQdrUdrH20sFJL9135MMHQ/dGVDClWRDk4HZnQcOZkpVIzC7UDZqV/DdNj2Jvv05n2XaOC5Ao7+i98ybEHfg23FxHewSv1iIJqryewS+Q0X/XDFITmnjjMRPr9id3wxLYiDff1DuvFhJjHs3hV8+7xysdEa25Nwi3HCE5XFtPx5+x3PUOvBt92c/doEH5K+3GwOE1c3Gmp9r0sOzgiBW4KaXu9w=='),(1014,1161,'card_name','CHD0f2e8132d5bbc2dc4117e3bcffe98fffXPVRU7agHvSZCdYDWpMYoYsmHfle3PHS34StRqZjFJWXkN0z2fRroAHpqR1XwYTZ0gkSDphIJ5qhEhUVVJXcXkUMNARo03HPNENM3cLN+38s0FYaKBeM2VWuBU662AV3dz5OeTMlKYcGnhGNVE1MSf3ZLqkCKz7NQq09TOJTubJFfZjdm/Y3INO/4AeYBrag82JjTkMpTZGkDG8cChQD/DsM4MYVSEJ0ppYuSsFFyW7OMaKiuJdtOACjGb7mqfrHh9Bp4h0UVK69XfpfNEEzCaISH8fnJuBz6CPUFeoTVs6LWCo4v36081J71OXkih7SVLAhCnnO4tzKiUDJqbQ8Og=='),(1015,1161,'card_expire','CHD0f2e8132d5bbc2dc4117e3bcffe98fffsMpNUU/r8mS28vmrAaCZ97F7BWd/SX1xesYY1KM2X1Lc8gXmXS3XpTgJMOZMJktfpl9edCO2ddgCYq9F/Nkjr+BWveVt5pm9oEWRyNN3CMB+kTQvmroCYRjQMZ+5Z4k8OqzqMa3j4+Fyou79ooAN0hID93dZv8PQzU2R1W2q8oQ3c282vIMqo9aUQFmqCfWDcLvlZxosaQG+xaHzQh0H1aYMgOisgYq+pbr5TYD1LR+3v66+o1t/zbN3Gn2/sJeXlU67uY6NbBZ6ucdj/I9qRliK6438BeSkrZTn9etD2Ejscz4mMAObSeUXcBp28rw4h+2RX5Kfry3nMwb6nVV0MA=='),(1016,1162,'card_type','CHD0f2e8132d5bbc2dc4117e3bcffe98fffIvRQpiHg6q+prbQE/BH018ChjSOpPOvcr1+POHCNg/dEBCmsK9uFt5xquatumLFxNPGmt9JbOXbRforMjcYY+yZjoiyV5tgQZathWAkJh1j/xUXLLLP8oHwVVu3cYqy0M5wkjeNTl10Cm4TAEqGyGs7/C14iAl4Y1WMV6s5cQX6dXgiNHN2h2nsVc7NpCxGHeyFLDr8o4e1WJIwrVRRJtYArqLKt2EzPSKRWztTOZQ9yw37UH5LPm1MGl52+eRDPUb9g24nzrbehXBiM5ANTJ9/eJU8vDx7LPem4IBTc1POZq+4TvNw2c0GAX+S1JLSiHMGozV8IdY8Amve7tIbg+w=='),(1017,1162,'card_number','CHD0f2e8132d5bbc2dc4117e3bcffe98fffpbKRvNcg93uKnJcHuWWY28WRCdqFyvJuzRJiL0hb/MyRqC7Tjji97kVqTv4N2WlQa0p501ukyKrc0DrlRBf+rk7TchRaTeLQqaMaipVrZHHeDPGC3iu04wSiOhNIWNrFYUcnJ4qI71dYCqLnsdb0kppmVuF8gs5oLkq2G5URTn+bD2rDxzV8OQki4ByzQuantT0ZQWQDwLpIMnTM/WH2Srnmkuzreh26BO466M8T2N7W8nKpeFwg8hpoCHf8U1Lpfay3uh+xGqxZCx20lIeLnSqHFKD5CMW9pCfd0ePvGGs1WckuXR85PUfbWdWNlGHnwKfGQ/mchluT9I/KJ0CY+g=='),(1018,1162,'card_expire_month','CHD0f2e8132d5bbc2dc4117e3bcffe98fffbqW4W7rC2XDbU+McRdSGTQO/ilarlYz5xuUnZLGI8MTtGOICe8PWAjs1rg/wrFq1DSkDZnR1z0WAZZYis4osjcmbr+oNFmN7gZA7ehjF5XnMMifmocSROwH12EJCtUAv1Kz7RR4z+C3JUppsoB8wnJmxRARlW6AYxYd4RiTNl2nsmb+vu/kduJDKncUpnNhn45x7BnjgVM96AVXIdf6go/C3wKcZi2AVvyAg+jgPNWboHlyZiDTEWGUzkFz72+UNGiXEcPM+b/kD1M4epOUn4aUZ6HOqWRscPyJEQ1OaVqJ3kzci6xgqBYb05TotaNwAeQ+CP7IYmaY2OGfGEuNYoA=='),(1019,1162,'card_expire_year','CHD0f2e8132d5bbc2dc4117e3bcffe98fffBdLxySQhGdqV3HoxchzlL7vJA8YQvMC+dBSBmwyiNJNT+lVUAQH+pEPJOBHujdCRG0RTMjQiU5CWzIenzGDPKi08FiZIj96MomN7H4ngxozyRcVTH7LOujhgDKsjR20Nbtsx0OrqwugP3yacWz3o7loGpHBiYlIE9PPtRDxymyGTNLzi6Lm68fAGsksNEtsGmF8CzfrWOHTHuYBC4M9Ei+I0wwsi5NaT0+F/wsyxt7S/XuSoVUEBKiv/3mJDrBSWT/yF4goZMjgFKDNF4UUif0cJzU3yoemGOD2jZaSG0gYSYOQ2CV3M8dZdGiAAPuYtdgJxU2vvjCUijvBVwAB4JA=='),(1020,1162,'card_cvv2','CHD0f2e8132d5bbc2dc4117e3bcffe98fffPLu/0hIlB5udU8cXXkUvKUHk0THFPwTjn2faA4JnbuVnfq6/MXuILUtlYfTrtFZlFKlFuoAovyrpd1UvdKqtPQ43v4v785nBO73b2kqBu/I1//48c4eAbk6KgwHGQypMo0uj0B40nA292Zet2KyCL0us3w+0Dw8ejAQhSUpLa6MG9kytCQiTIKmmPdD4oVrbZDZ7vNgQVj3bF2H3Ng5ttFcznRBgUDnx4R0dylscHquHDY8BaAkgzg1evV0VHiC9vQ53txRukKSa5/yh9JWDEZwy+ZAM/XKPDNA2U+SwijyJ9CVxe+TkRTdiqpn7pPd/ZapFLxApOaiDyp3It5yTpg=='),(1021,1162,'card_name','CHD0f2e8132d5bbc2dc4117e3bcffe98fffdBOpEOtNJhOWxVxhLRz5RLzeTh7p8Y8uEfy7naKliizbSUFfjD1EcpBO96qr1qYqbBSBTFtEq3O+ih2yId56G27stjd9oHrRhxT27n2r0oGu6GRiA3jf+48Q9RBKB7Y0avHYIHrAAteJ9K4HxbK9AW37bfz08E1B6y9TdB9gWSUbBRKn8pzcftmjL4u9Sw/8qTLY2sfLWs+c/h8AECKcdg0mk6nSJvk0+2bM1ga+4t1Qi99qZAf0jq6eDa840N7Fk9xJmrk9X4/q98u6nLq2stA72frLTVCQCErznGqjk0cFfkE+8o+VyONg+25zVWdFg+oq3qmbwW6NlPdFebKFvA=='),(1022,1162,'card_expire','CHD0f2e8132d5bbc2dc4117e3bcffe98fffQGibUsuSs4rVztJE0n2azHvK0CRVRijNmUYd4EMlongeXWP/2De0u/LJE24Ox3moxCP26ncTMNrP7kGKMhWBjH8t2dcnO7v2mFGSmlAQCjL3vjrAe7GIDnM0tWRnCcbpW9i9Rb1a4d4VyNrPxAyqkAeeFhlCp3k+7Xom8dfdVVadQKDa9WUuLAxLffDrjuyRjtW/d4NOfo8jVLB7/A68G7bKOtvGDSuVIcXeaUdV/KJIrkzcbDN67seByW1zcrqJwvIWU1BGLMHa2ZbpNS/xN+GEpSLQ3yKiuSJKV+n3eLX6HrltUuEpwxkHBv0qkkqBDDDw9DyKta/EPxMXEDG1PA=='),(1023,1163,'card_type','CHD0f2e8132d5bbc2dc4117e3bcffe98fffFPRIGByeILIAgS6F3lQMskoV+w3qHdtKEccOGqGn23pIEK1Hl6d9t7wHGqXQBWlIIWkZCO3K/SPW611p/gRHWaJbfWrP8Zt3m8iFpuAM7lQC+L451vnqx5gvMFw6vTSY5fzV4BD8LnRUMxeNtJiaTUT9LJjD/HVz1uyiL0PGlePJukOWKnaJJL8ZL8NUSIjrP87LN+HH8kZBrnTBUb1vMZzNolY2P1dbR+L14W9VYE41OVdcg1kOwTCY4UpJHZSDTK86dZLh344tx/+rtgfom4RQd3X8NNuR7H99cTZuVQuV79Je7SLJqXmI3kltoDYdseY34z0luFSze3/9+0QdvQ=='),(1024,1163,'card_number','CHD0f2e8132d5bbc2dc4117e3bcffe98fffD1XFKg8W0uzwxJF0G1yilpOsYk2BTOvnbjX9I3JzPX4VG2EIWrB0iCGLQarGJw8uy1eIwIB/79jks6YOVWOdRaLBL69yeYMP4Uq3vM/2P7s1gb7ALd6jEcmhZ8cGXcWJCiTFugLpfLm/5sXOtgO6pSWTz4NTUBvuklwyL9E9tQCFNog4BnSmt297LnP4ckB973CFjjkU5LOakJobBDfiWGdr0dqVB/KhYn5fRnAey36drSBHEFG5whfRD39mED3A0SQ2WifuUASGawO+groT5aGGAuhWafEe9Ok5V7BSyB4Xxmu2INae4ye89VRzD1I5B86Ku99yGVajvOWlVnmaQA=='),(1025,1163,'card_expire_month','CHD0f2e8132d5bbc2dc4117e3bcffe98fffdJMjkhb91QKFhaYNPs8ziYBY2oAM+wc9EWwA55n6HxnkrPuuMsZA8IeHnzzfh2NfNMd+dGxUrTP+FPphez3FHHlKW0yrAzXjwNdmPH9NwvxpXqA+MUN3L6VoCOp1hby1YSNoLRuQwxfZxN6ViLjnUeqLKhCMGaLfua3S8jPz88LiS5iqLpXzAzdyBONyPzUK2qeReaqiyt4jVe0+gE2Jy2c+Cik6NXHtMpDziuCTcPCD8/i+hWWdKaGMbZOYx/DGdlPJO9ga7ldfdfugP8bX5UxJpMNsnNiX3prGE+3KGPNBjMM1UwRSDhHeNLeQTyxACJOQIsJrv2LBq3R1NhsYVw=='),(1026,1163,'card_expire_year','CHD0f2e8132d5bbc2dc4117e3bcffe98fffAGCrvrZiAOGSTv/bPQnGDlCR/hCxVX6BMp3QvcYuAdfb35q4XpuogIGSat9c0PwGk4RsuoAKgGO7Tv4rpyVzjT9tgy0JtS8qiArfR2OHQNXBEWu+4snqPrHDiYETlG4dWbYsS9KmsXE1NvXXAHyib9cKF8pS4L0apaK0+yNh9FtptG5T8fljlZ3dtk9lpLHVMJOacMApJaE5Ynn/6ebL47E5yXmx0t0tkCIiibr/zA2Gnq6ca+zvaQZA/fvQNglf0OsLRjGyzYmQp+SHpSs0oc675tv6MPY9qKj87hXVjl4ps6Iy4Mohmn17fgPmU9a5ilYfA6BAIV+/BPdJ4z1lIw=='),(1027,1163,'card_cvv2','CHD0f2e8132d5bbc2dc4117e3bcffe98fffff3hrCgJ+Q3vavEDDMVqFVS9QpPLAmTFu/EDAiRh4omSGj3ykTBN15gpU9vqp0QxaUPqMOxSbN+77lvw6u3/Am+RvUCr+52SrtF7kq1RttFEm1F+OZE0022o3+FEIi+/QBH581JL1BExK9jnPCWOoHuTZBThskuIUS92X+4qSBiYbZQ5fSAzVadK1B5e7Br5Fb/oCIJsgKldyA6FwD6zXe0rIA2pUGI+CqScNCuxFbAhpBXGFcLwMbTJF9fqjOFpEBOQ1azh1XbwlWpaM28W9PFBlQZePfzYrp9bIRIpwM7bC2CyMzil8UPqjTf7GIVBRcvacqCeVVyXStM9RgZBtg=='),(1028,1163,'card_name','CHD0f2e8132d5bbc2dc4117e3bcffe98fffj0jBe+ylVHBZms1lOL2Rd0xBIrdHzTq52lM5+0lVr4CFNWU3us09TN0OcJSELy3Fu3QUw656Y3OFhJAcQOoEO54SI3a6wc3sfPRBtkip+w7CVz5ZSidU6WfIR9hj0qc78mKogrHXbDoKdjwa/n23d1/BVAjbRo/Hry7nbyHkkYiaGa8b4rvgnEfpm/66CwqzCf5pufG2Nxond+NRtcv5wWOeM/qLgfo61Ji+vGmuhlV6S3bS8j+erfvSA93+2C1U/FTNEm0/usNWMEAObOqjM6kcuuPBWrZ9HVlCI3jeZnVg0v90GesBiQHpfUDfLsHHzEETyBLd7mYFYVmysHvepw=='),(1029,1163,'card_expire','CHD0f2e8132d5bbc2dc4117e3bcffe98fffI6qjvGaN6od/mHw7UPWicq65lpDsvgyeXyzY43Lohs03I9XBI4niy+pft+SQsGEU34M0BcJ1wG3Pi7MArx6zOUaq+/LokNn2WRux2hJHQP//1EIVAoOSBoq1w257ZFx2dNoHmjGvKZXYQM7iMUtw0PA5vW+D3dP6YOxt4o27D1Vye2qnQEdG+U4HgN2SkMX8pL+D5vshL0gDZvmXVvqVogXqu8VsfQIz2xJuHSC99R8U2dWLiN6wwpAe30gdk4aChxszemWy6F2AAj2NXxuw2SKcO2rmJeYeD/iezvZfnxnJ4uzNCBqnVsfLhnGjnu2k+OQeyK7je1Tzf8ufEWbjHQ=='),(1030,1164,'card_type','CHD0f2e8132d5bbc2dc4117e3bcffe98fffP9rvRpKLKvJBCW6lbPiFGWed58PH8CWwNT/uUOnIuZ4k2zvQjMYKkNAViWLYiTpLf3GgSj1FlPbgVTuSNNDJbL7Gf6lvQNWz3HIRrvH7dkMuwE50Hx5Nr7pedv/8WhXOYD6+6cJauJ3TLTkLU7oZdJ0/BwMgi8MrEpI4fJLTbid7fhZbTkbfDjJNKlvJ+Ek/A2CR84pZIHoDh3L9rr3GinNUR94Y21m21K8AfU1RY5Dfjbntih91n6gkRlB6Kvci9W616/8/KqBeV02zunIYA2kgsrcZVTqIVh8GEUJphp/4H4UwNeH+BsNobJj6AH8ywRjQeWBMjP/Recu2/YyxjQ=='),(1031,1164,'card_number','CHD0f2e8132d5bbc2dc4117e3bcffe98fffpbw9izpvTsun3JIC0WBhegI08oexOdqi4kl0qwkcRJrF0Nle3EbGbpEBJ9CazSTQxU7zAb3xxsnGMGEhpS/adSKQoFJ4gwwkW+ufdKuIXm+5324ZY6ZmoD+UU6DwMnAqFxjDOimXSnRxO7BoX34X5s59oU6YBs2716ThrNK/56QpjG0UH0LnS0d3u86PagisSZdd2kO3TfKVIMTj9kGMsFQl7Fuf8erMLEedCzcooRV1JsD6SYJy6mXuK1HpSVgSg05/RLKX6/zk1acRK8cDKZRNk6jmlbcNA+voZ0i0SiuDyA91oXetaTMuaIiaEdaZ0s0sy1cyV8zGabDUZiTvqQ=='),(1032,1164,'card_expire_month','CHD0f2e8132d5bbc2dc4117e3bcffe98fffUMjKXBJXsIO7jzPJkc4N1Jwz+scK1cagzNuN3Ik5yz1VSZBslBjhljoY8vLlpcy2MTO83gV8QAwChnexElJyeQio7w8kOq9kaGqEuCKg+ZIh+fBud9BIfbJx3om951EHREa8P6UJd0xI+te5e7Do5uppXg6M120Wu7EawkPW1otIDFdVnFAh7xryieBj49PkhGx8FrzroJwQGtCZJYod2RNcmqYePmppA4cObYtXstjqSvlKnZA/Gh7KGZpoqOOUh+cuef5xT1ju2uMg63Sz0mnI68akr0zTGPCCyUmtJrKHVQrWAf3CwYzr38LXw8aH6H1BcN21c5wNzS9UBYpi1w=='),(1033,1164,'card_expire_year','CHD0f2e8132d5bbc2dc4117e3bcffe98fffqA9Q5juuEZk1JlO/4GwiCiA6vAxleOd8aluCZf1N+jFyVzqy/W4N3/H5HsqxpQOM/aNCpnnOdPss+EkV1EGJTb2RqX61Ree4yBmxRiYI9ufaMsNUkCPEFKF5uI0ybvWMhK+TKD4I34hpXqWwU/ZSHy8iL7/6rH3JIMANADc1/0Ki4fAOcSr829AtbzIbKgmofeLGoFOUGet8UGZ/7R65EGo+zZE9vhqbyD/7S4TQkpViHDZotiacPljYSE5Stez+BhITqub0IxYO8EfldeBCDgr/vX5fp3os67sXnajzzVow+jPRh3Zp125AvCW5zNiA2dJc6scGkQQeooYk8EFz5A=='),(1034,1164,'card_cvv2','CHD0f2e8132d5bbc2dc4117e3bcffe98fffy0WpZdreWywlqDOz/X7FenuJ7fXgukUD1bFZp+PupNnKDurbG+KmSNSp7IcI1Uw6bD/5MAzYrHfVQ/Rnrn/fLEHjWxw/GTXRYj9LQO1dXciEn7WQHcSNPAUOX347+FIPUndlCuseKylpeRwWvwEWt/voZ8BLQt2hYCXOJwSeEEzyxH16B6WmHr3e7M4bP7tYqefkg0uUzlp6QXrkisItYbMwb91kZ7arzXMC90/+03k5/WYy3Z2BU8IuDI1GMydMnFnlG95ioEIA43B7FFvpazwO+fVICzWMBzfiwqL0QytlZfFiaRsAc/LcK/lk25YXpLMigRzTe2Bm5tWCOHM7JQ=='),(1035,1164,'card_name','CHD0f2e8132d5bbc2dc4117e3bcffe98fffV7TbmGslBm0n3Vnxu+qyGAjN3SGlcO0x+DT+As8XSA89cfnddvpvwx0Z2U6BNaP4zt0p58/YEDuBQjAVQLKkklBMf5saafwMDQaxt8jgQa4RYM45K9WjeUJ5psidqBiaNC+F1EuZa9GFc8KgYQs6D71XqA69K5KpYNuETyyCFtNGX53D498vOQawECr7NOB/KyOGwAz9g9xtkSGkgfLrlKU/OvbeumCZxAPZ8jS4l3Js2Bo16/sRU8iuoJC+2Ok2iKF7STCP/Fda2jEoZzQKJBwz6lJgFSOudtFBTXlWrAoG4gMwegsW9aYSvhM3h3DV26y9YDxfN+/sfLnlk9nvzQ=='),(1036,1164,'card_expire','CHD0f2e8132d5bbc2dc4117e3bcffe98fffZ+FwWKU09hfxmQ8aMRrQLWgBxba2dWibiMharV0AEmqrGtFP7tvSy07YzpYMxpGOTpoYJYql10au6JffeBFqEs1Bs9RDLsRb9bGEqeRGbYh2dj71nv9etcEnwqHExKXaIo2vKbXim+HQOsOsvm0xC5/cvlKPd2sQOB9mAi/f8YOX+rX0LRcToRRqDHcsdwWnCn5Xge/cDnXHfeo57UxN3bOALOklpOkMirMrkaHJb3+JQbsLQAiO7kyiQtXTZ/IRjZlV4CYjk+1Nx7YH/AiENfGgU0y0erROittWBhSB68G8Og7IpcTkheI9EmtJVsktIHgSIHVSEGXNgK88JoSrYA=='),(1037,1165,'card_type','CHD0f2e8132d5bbc2dc4117e3bcffe98fffqgQk+5v20Yc+y8NAnf+OpKSmEbVUam04ylkTQcjZosdDPjt0+tFM3LamRiimQwWUuw2NmVm4KjmSbqjzShuwLocmJAW0Hy/y4d0Qy/5kP8wRLpEzG9am7yulaWFY2hvVr/AY+EOZnUgdp8Q+KLI5qpoQ8lH0E6GoLzFUlqPN5HyjtZxp5VnT4ecg2MrsoHKpZJodg76pOd7SL2Tzw7Bwu5GgLDggcdBECcAA9NgF5SjdVsLPkn68+SQTT0XBT23kT1PY2rcB9+By7AAMVGSf7eSv8M9O5BaL/hp7b1idTIVptg2TklB6liTa7jZV0QyOxDNDtxivyTz8m1MM8DB0lQ=='),(1038,1165,'card_number','CHD0f2e8132d5bbc2dc4117e3bcffe98fffELBUtnmbJDPVmyynmC/9mpjbGHvmaxQ3R8FmfozgjHBy87iZex2gZuFKtHlT3Bu3rjHJsyyQtCi/eFRDqrf2/+hityUFxcOFZk2sH0ogQr9sslCObl80um59GwZb8KlqcnYwfvfYCVaiViptqIm3Om1jgJe6wnvc1dNG6FWHGSGYd2ADsIMzao1tu8RScH9Nxdg3d50ABuKfSswAyc4iJQzoIn+mhDoxQ/49T7ylLOwmB0EVWFt6t9TYAQRA1TQzGP+JP5RWDN43Eq3S4g55r/7LPZTwZWAw2GHmM/bFXdBglsARVbxg9UrSbwduYS12CgD/4klCeft7bVhi6OTdbg=='),(1039,1165,'card_expire_month','CHD0f2e8132d5bbc2dc4117e3bcffe98fffUUsV17nIKNR8Uiv8y6btShyJaVA+awxMnbHMilOSUowmqKi8NDpCu/yTl824B02wgsOHIDmryAkNnrFc6/fOfMT8aRLPexZ2mQjHK5zHHPmrUrex5ZNFRb809L85hZp6bBiQ1G/eWQchV2h474luwRcf6jnE1Jz4wZcOAekb870X0AvIFQfDiulTrK9v1vbwx+qs9eR94v2TIRv7gn6unNfU0k2PhuKpCryTHniWPcZTTdqbOcfYocb/68HiTntX51GGPDv1DlMeWPfO+NUfTvxr4EN9NFCFPZ8Fhy40vZ2+YnXRZHEwJnnTWxyQhh/BF6QjXZBZ7gcdjPlafPhOmw=='),(1040,1165,'card_expire_year','CHD0f2e8132d5bbc2dc4117e3bcffe98fff2DTUpT/gu6zcDCSkh4wk4TMWfHVdMorCf5TNn6BaIMNV8hlmXXMHyqCGq48LXVzT3MBuC3JzTXJhmX7ii4+K+pEDGibHrWzu1raUc17OmeiyH3cnFmwvqpsyC6CvzATE/Fq2NgKiC7Z9cLY2JSBKg1LYbhoumvPi6uux/r9raKpx8oSbfeaKMt/RiFGEf8mqoZVOFaWI1deRTEDYBz5OzWi45rRMFAbnm4LrFHjhuiYwdr17aVXw/xGY/krwe5DeL3dIMf8EdD90IoJQqE7bjEukkRTXJDpBRnN/Bb/kGjeAXh3zNWsCNWo8H50TRVddYC0oaVucXc9iqbU0qJB17w=='),(1041,1165,'card_cvv2','CHD0f2e8132d5bbc2dc4117e3bcffe98fffEx1+gzAGQvOzJk+EttP3djsXaQMSspF+Y8o3YujVR/hRczyN0U5x44sLAbR4ie3bl34f7i9t09wDeCdWux143iq4nUTo6bEiYgZPnvH8v+IoVNWlcQQlMisnpyCaGEthtJP5edXnATO+GYC95uLIgbenxpPQB12mkJoTD5WctGrGwuOSxDYawi3c7F3+mhV02LpNsZsNPwJ3eO84yKRbT3DYn64JeR6ZArvaKEPxWwSX5GvJIOkliQ2tj5boe64Nkg+EaqMKh/73FWijYu8zdvADPM/Xf+cpkwpsSptH5E8N/1YOnazNeGF48Fuv9a+JD6FXIIcYY0ovJS+WEzvGIA=='),(1042,1165,'card_name','CHD0f2e8132d5bbc2dc4117e3bcffe98fffhT7Rtmwmr2VGFzfqcKzPNghS7KL9mIOZoKANHr5huYdaDEBeTyx7m1BItRUfbFAhtf+IrmKnKKQJ9oJM6XB5QcZ5hgIX9BGGDkIyl5s18CPuf8mFe/VgZ1eF8QFuVrJKM1fbr1DEG8iuk37lyrQauAmsFz64XH8cyhEtCASzlxMqLIl2IhD0rVXCjkKXBeYTX8zxuuPSrf8p6K8DFBX8khqqG6Iu+LsksGClykUSHCdAFyVZ2WJJn+UyGVe5FMlSaFHCyW3bkD6KPFZYbLCatqpCq5/aCujMNlJcN1Wyi+7LB9i8eHA+5vZ2IBCdPtEN+vOEd+t7r2DjAXXVdf3Quw=='),(1043,1165,'card_expire','CHD0f2e8132d5bbc2dc4117e3bcffe98fffUaFchAu3EJ83g6tc3qPR/ZE+rHYcz2GiaNDAIh0kM47RBGzhb8cLFc7Ia5qmZ8lwG6oySbb3IYBg+HhMBdDN0F2Fkn0SSNy6Mnfuyr07aGTIy40lm+xFrsioGinCk3joJtzKAP3PU3fnIoSju2wyHbDlns7bhsOl4faZeDmFtAK0yO5MQkiosAEEGi7bvdhJ8B/CWx5B69Dxet+doEsNOU3fmiaAGR0TRJHV46WJCxo0BdSCu5qqFLRUyp6OSlx69ysVXjYTkzBzavS/Sny/Fx3y36vfWFVoltC/cU3dSusPVQUYDpZViTGRrPzwtEu2IxxUcNeaaSUsE5//6gzc6g=='),(1044,1166,'card_type','CHD0f2e8132d5bbc2dc4117e3bcffe98fffbXK6NBiKJB3L+gubtOdVISFpjHLfZ4KKbTLJ7ELqdDcWpBnATOxUql/+3OJmrBkV59nrw5d9xk2CIx2ybbC3zel4WbMJ3dffPIiJjXFRltFkuVDt7gPyzYG8wFh/PrQQ17w9vIcwVNEFnO3abwP9K6+oCaXr12n/KdQVSWS46aiCp+uqv3N/aBOkF3kKbiGEVT96EQMFFwShJMRY1/b+pEMucI8oD5nlXMPTZKBbeCO71U07n/0QjiPFR7HPSUPReM+JmOCupWShYHyc/tOxd9FfcQhgDbKGQVbqg862vQqp+ZapzbwJOnWtZ6h3FE+1IU2pukU6wHGvft1kVeHytw=='),(1045,1166,'card_number','CHD0f2e8132d5bbc2dc4117e3bcffe98fffFP6Y2rMPv8gGy1uszfDtn6UGQOqbrPXs3g39cmuiM048Kk1WK1n8qT6DrFJY5CKFmzb6r09kjjoo4zFvaHaA7ghgwWX2t9M0zhEMfxd+aD1kjCDzW2juKlQYWKVTQiyrEwt/8NVS5QptIT0qLR0LCfCtsP+t/0ENYyejtS7k/tCRyOyd4mj/gF/Vaj5LpszQcz2+agnCZdRxmJgPpfDsnBKEkClMCkiqSC/bBzdPZeWYjd4rpJIwYQeZSsEG0Amsjn9QCmsU57MkwoKPBwEeJeknEq6HxITM3GMn0g1xf9/LN5U4YKmSVkg9z1KfJsYUjOltqVak+dT/gb2uOLEZVw=='),(1046,1166,'card_expire_month','CHD0f2e8132d5bbc2dc4117e3bcffe98fffyz/oyRn8P1I33DYzYCC3btvt7hliIgPI/4riywESVpfIuDjgZLceEIeztHpgCdd9gOsyCPn++PZgnGMRXy3xmad/Km80jYPpiGJornT6+WPAdIzVL6wrMp5trUxQvCja82H8ESQaiqdhIe8FRfA4yPBDFZqxyA83Gu2WbbGMTsfb6R6EwBWwdpseLlPHNStb38NCdxaAqX5yC+68tzqnb9DGxtYOZ/2G+4lGqpRQekzG7Y9cRxDUavWz+W5EiDg1oBFuTZutrpfe2JZvx4QIy+Rw3nFel+8A/S4oiOJXYQf9U0ONsqLfQMYINbpdm4teCIHyEsLlED3D9UQDASuu8g=='),(1047,1166,'card_expire_year','CHD0f2e8132d5bbc2dc4117e3bcffe98fffv9QnV435EfxqaBxzVWk4B8IO3wuTlK6YgzebTO7OQJ/EgABZG2/poSpdGzI7QKPA+nIUVfG4Qfkybg5BqZEcEJ/2brahdzKnUCyU7wN2rWeVDdpwlVFPzrGyhCh0lPDCwO9Y6lNST7OK0Unzk+W9+D9B62mC3FJAQdMxv0DNMta3wx1LTeLhpLpLQfdL4iUnQAhpbKY2nIILYP6h0yGV9pW2lpY7vf9Lz0qrAUKqepS/apQ11OqpUiwJVNPmuB5vtAhw7JLGpyLU4kP+LbUCGsQsBLYpr+wP7SqebWh61YllPcCXXP07ATGsv/7jJ6vYeVsItPtEUCH9S+bbSf1sLg=='),(1048,1166,'card_cvv2','CHD0f2e8132d5bbc2dc4117e3bcffe98fffE9M38TQqj4uZvUJo9O7kCg08CXJeWoC9elTtmPQPuuVF7ezTv8teiFUAbUsOS5SNXejTjw+w5O8q5FhBRYXClXsDc/sWbRM5E4I/O9BnZyyZVdz28n7WCVZRL4Qmgi1IYshcIm0/kMi0snBql+FYDYRQkYOTcFcmJ0IUMfeRUIjpBbsWd0HW016ExyOF7MV0v/h4JthsP2PF4QA6BkultRsE8mIM9sGMHzHudK9aiuaMxsManojDKgQGGa6p9zPtATm8ZF2jouc96H36Smm9uQdZnaSbhLNj/UwDf+PZ4ZmhGbBabc8jM7AxduNa4d7lIQZPmGgTcwmWRkktug/0WA=='),(1049,1166,'card_name','CHD0f2e8132d5bbc2dc4117e3bcffe98fffqrjNr9NpcqmWrVqwWiGrQPQs05/m4s/K17JsXOJZqB7yxSvBYF98TvzmlJZj1cL9G5gYC0X4IaYAudu+JArHYN6boU+MQy3ychTvk5PfEUrQ36W5NPJ4+WoDPWNIB5VOTPrzPrcgpYyfHiyOywDoEY6C7bkBKRht+CW1KtUplnyJ+65TcbAaw4H/uw5ctCo0EMZ0sGRvnZirSWi/iHXqFH28Lk17zpCzCAJ69DtEUc1QO7ICHtwh8G8NMlIRRTDE/ngl0c2HyFluXuivs7t2L5AJYEgti2YcapyFkhrxJf0owHqJ+ovHQBM8ktNYZ+CcWfFDoG3alAO6nerj6C3weg=='),(1050,1166,'card_expire','CHD0f2e8132d5bbc2dc4117e3bcffe98fffwAaYmeF+pVSITtPONbMCkrUagMUyzK8pYQBUF8E2Y34IbAheq6SUtny6cLMcL2t1jXynkJvnB7AQywJ9rYtD2ZvMzzjUUylw4iuf6h9Wdg+NNS/FtK9+S4yyLtXKws3l4ZANhUhHDQBvzEH7P/QhyTX8YGHRvcu2SagCaZ7WzMBJqa7xraWuGLMhyQy7/KGSdpIImE5lTKHEFn2BXCX7Ei99VtJdHHSuBvdCrt5a8YfGN4osj4rCRRnuIlAn9+K255YOpiCZfn5YaSiHyijTXM+FxA2Y/p5jbrsg1l9bqrMmgmR38cdNWJ91Q95Hwm03PqRXjje35XdqT9qxmS1TxA=='),(1051,1167,'card_type','CHD0f2e8132d5bbc2dc4117e3bcffe98fffWWiAyHRbzo1b4T7c4WG+VCIvHKnJR1Ws1AaNktWZADBOf245NE/LB8yimqUNJjwTLJqJ1Oah5iFffE5ef1qnztMPvFVRpoOtT6Q6KMYI9R3e226hAWAj+cMUPgoihlPvngGCI6dy6BrxgzAMM0MBnXHKbqwVN7ehhZInBIDHSSg7ZdI64Q6503x3gRBWDd03V+YErHNUiFKpV9q4G6IJyu2ycclwKO4+hl8ezmB1tCblfRa1oKSu3H9mXdhlmXWf5bnhqTVp7/4aFsM+Bk+oIArYJx83nYOh3JYo7ZmRdc+Q7Co30DTMD1iKvCdysbMdNLRffpHxk0NO+pPAe3u5jw=='),(1052,1167,'card_number','CHD0f2e8132d5bbc2dc4117e3bcffe98fffC6Gqx8U7nF7JURYztkP/l1hWzecebABG65lFaxKnXck2CH+0TpsuYOa3hedcpta//SDNGhWWEPwZihtPuUREENxUfoweZ1YY4bfj4U0kRu2+R4Vq1gXgcjbWT30muGRzgXQXuze5owt5rjtpPxyScUweZtaIaGheHbnd8F3ZjvJq6ubouIrDmnMbCVeyMlSVNHG7+pRqFRWHLCBk4kg4HbDrCl5n/0PY5ZvqodpJfmxm2KoiDDqSEx4yhDx8huHWMQS5ttw6Rdsw4sGYcv+FmOkoIqFREDa0FI2KjLAC9CF6cGcMgK9tgU5JRn/QtjczIM+6xcKh5lIkc4WXNhgmjg=='),(1053,1167,'card_expire_month','CHD0f2e8132d5bbc2dc4117e3bcffe98fffXzZonfNN4Wl4vJ+FOHUnUnhjXcQKcqWf9nvuI4KVbe0jPmhaRX4nL9x6A7FUQKpnaqH87inlQk2DCw/tZZNWkaHcWWsLswd90b7Zqt4KZEyhFAAKVbq8hlDsRtFEcw97463Ui4FjiJ3iwfXuPeE+li+8I5Opxc5t6++3GyAZqFPtOJCYjCSh4Kc6qCEjoxK/6ic/cJgWKlVoxbdIcVmk7YFHcEEqCRWRRHgXgh1jASGI2Et97rRXSaBVsPQ1KbYGVi0wcLhm+R3pdLF3U7XgHZvYgSt/LWOrl1LtWgcrzcXp4tI60DoQQ/Rg155l3amt9z6nmMSV6FGxvg/ouQ4Ftw=='),(1054,1167,'card_expire_year','CHD0f2e8132d5bbc2dc4117e3bcffe98fffK9R9byb1QCve2T0CMg4VznVjEC7BiR52A4A4T0tIWjWTzB/INGK/NpTc+wZpeAaK4lbskimM1SgcjnBr2lsv88Fa6JeGLlmb+WNxkdsX+Y3P/J4Sb3Uo0R701YerUn18jzgAIWMjZRUvlp2MuoV4XnD/bApmFrOHD40QfkE0y3SqgK9CDKqoBaijZb4DeMP9qcsxBKR5YK4fsl7Zp6Zb0lQtmuS6f0T/dN6oEvIdKrPRmcI6XTImATpIx7QjVNzbrkfKke2/88q4LWaeES1FS7xHGRNTcWoQZaYJL0mEtyLGspyKteodQUBZOqOA5eJR6vqCx+3qYA8aLAmx2GdghQ=='),(1055,1167,'card_cvv2','CHD0f2e8132d5bbc2dc4117e3bcffe98fffBmoJYQ3yBJ4nciVr1r6euIavGR9AwAjfdMBwDoWp06lkzNaLt1Cz4FC9CjEZ13qaFZZStGudE7aPodW2qSw2KemCGstaEjjJq2bWnI0CEYZptSmsN2k4DbTgMnPEk4OrC4lY28iFVpBsTOzN0G1qUoF3OcCS027bKwItboxvNM7Zapa85NeS30dMbHHyjlTGuK2jouS6RmEVvBE2eQX6pOFy63xBkx2sek/+RIgtAAUPmeAb0sAjdqkmcNRhjD1/enHsmpzk/wyv4VRAK5Xq5WsM3q9+uEonYvFyV0FqX9U16RIPjzCaUW3bqCVvZXHTbRrrbZ/EYwipzaZO/3l0jQ=='),(1056,1167,'card_name','CHD0f2e8132d5bbc2dc4117e3bcffe98fffagMOgC6JVsCe3CA8rUByWDdawS5OXvsrocIBW6eQtL187pJ/tQRN8OKJyDn2IQ6pjEpkOTh5YlgjYzQzNGDyBJvc34J0CSUiCTkpfCPaDJzT722B2n+kVx34iPacsFKuZnHRSxfAAftL3QHaJGzQ2eLT+Td1wO7apF0FgNo4UmG1q3fEEODpj00rs0UjeGDvvGTCO4YpTy8XLbwHHGsgpNwKM/npPtcOx2iKmzbAK++AO4FnKh7jg0Bo9IKNa+4e8OXQWA7eTscZ24EH9maUKGdAxikCmIvfilttgBlmyrjJuH+BxHavcON6JZqLfqAhM6iEBK681kjd3GOkReTxzQ=='),(1057,1167,'card_expire','CHD0f2e8132d5bbc2dc4117e3bcffe98fffRQ3xGsjRQr6mCWQpzsDNMYTpbLarXjbZgsz1BIng466K+4gEXUSD7mMngk+5R5yky34v7PlT1nACmcJnHDyLGQ5vsTO+LV9Zx6PBgCqf9+QnLUFYFBWonhWWGYVVP9tytyVYlCDLOkEYXne+9l433n8G6H/Hu5lO/fgsv/kHRtn2/LWHH1mJZ6MuduZmsNuSAOt548xv1+KIPwJRWVZNRYbTzaPpD4Rdf+xi/NeXM2t2TjN2LZPnxAcIAYNEcOwe85L0HjYAiVo/A4H3j8A+dLeCxe4fgXgQ1zESkx3OAod0CjAQRFkP8FKgSmNFmeUs7zyBKwDHhvpMECxmzuEWAQ=='),(1058,1168,'card_type','CHD0f2e8132d5bbc2dc4117e3bcffe98ffftodxD1x9MerW51H63dOykatGmJgnIek2hIrZ+9rMNheJb7ARMAgOW3u8hVOdsHpGO0KEaAc7QWb8JdGRRLhYodzCCt/RJNRWUQeAzFA4mEFmO1UdKrat3qeLGmSOLuce3jtUdlvudEFi/0x98BMVmpJAdyM2OrFDiFH2IHz3ak5HfXyJGpR9LZ2bwvF4RC4ALdP6eo8bw4VphrUA6wmoK2OP8v05XMBT90LkYGGKOmM5OI0/SNAAzzchoev2EdtURPioB6odHNhfBonFxIN1VjaLkrZfrlZoTv4e6+D1Tink8FyGVq8xQPWpvWhmbvwLBv1mhsNvSiEtMBcITd48sA=='),(1059,1168,'card_number','CHD0f2e8132d5bbc2dc4117e3bcffe98fff2lG+FgsZHdKtX7uCAJgKljpO5HmhOMq9j5z4Pls7R4Onid30qszFoA8g2sJVTOiRXrmGL+n+4cKEx6G5fJ1DGWzZK5Hly1u0w9iyXswfcVb1DFkqwMMfLFyrz25PzRIH42Mh1gfCkCLcFuBladKtomwz4dqXfRYiA9VGEVs4PPVHa/cxNYIEBdV5n1HEWNSlIJ0lcx83eHRYqwsk7gogkuWD3DuFGH/tVdRQoh+i7rquq4ZiEK/mTMa98iGeftBQLFuGC6HyNB+wt8VJLR01By3RamqJZB5jFS/rNoAmBy/oSq/2ceZgMd6gBwf3jdkz7trlMjv8KHYr2tnZouDSAA=='),(1060,1168,'card_expire_month','CHD0f2e8132d5bbc2dc4117e3bcffe98fffIWn0QIXT8Ri2nR86wKGYayo8EcvxLy8P9gPQl8jb9vyMIsCT7ZdwfXCd33Es90I/i2i4kvILuRW6BX02FXWBjbD6XFkzZ6ntyb7fY11WLNYcPlW4mNQkkgR865OA4TwcQ/2D6nUUhyulZTZCb+4SEYkoba4kDIntj4I0km2Vy3OAVOfKKC1YwNINty5vaIicF8VddOc/0RNtgaqjI1koesYk27nwjrLl2z4q2BILYA9KlzWODYZSEmE5S1A0hCQJVXcPzrA/h4v+FYNkn1dYvPz5MGR//FQRAc2utYkrl+wLCtOdJoH2o2vDmDI6HsDSh56JwsA7vy2fXsNs+7DoAg=='),(1061,1168,'card_expire_year','CHD0f2e8132d5bbc2dc4117e3bcffe98fffc1zX4enLIHpg1GKPCokhrwVthF1H7opufaHg3hLNzL1GTLTH/p99J5btf4kWdYASu5WEVZpJzRPXDC2KOh7i2sqNKZ0bIE2LylOToIRR7SjiBXmmuV274Uq7yshqg0mg42qEd2R2JI6ug103wnv6repK/BnJcQfXey75vFZZNGGy2WK/BJoI5Wh+EO+Rvqn4cPkhqOJceTD5ElfBPwIXcPs1vpgtqqiaxC9lUOHZH8eEqfAKvBgLOntvRB4/2Ypp57zO46qN1/H53IXiNpVwtlgy8iCaFDfI/dowpDWalwBcgf9rBepAdwCc+S6S34lm+WcfkI8/MZt1L9o3P4nipA=='),(1062,1168,'card_cvv2','CHD0f2e8132d5bbc2dc4117e3bcffe98fffHCaZWEyhLiaJfdsrDtSJbCdwlDrg1DPaaRm0hI8KFIYXVg5x3MRpYUo/kmfGM9MJoIjWtQQWet5YpmBIUhQ8K6cc5Ud98Y5KaLWE1w1bbnKn5mxwS6OohDWgLNHcaMaD3NagTMmReovPhA094AP6fT/6pj2SSE+kJopQoJYKYMnI6E5QRN1YGo0BqueyWI9XA2vJjHH4mZYV87E4RIIUBXanzPnXHThZRE8Ouz8aNLxZg8MPSBGzsgMhub/RzgkAshVd8eFhWewyhhQvOCGHVnIWjK/TB36nibuD1hq8njsif5Elz8C3caoClKGvY7wuv2A2am/UKpFDBs7hpxLZBA=='),(1063,1168,'card_name','CHD0f2e8132d5bbc2dc4117e3bcffe98fffTZYjytadOnusJyxBWWFggwCu8TqyRC2SiL9DnQ0+AA58yCjB+FYGBhO/wpocdml91sOnN97tupjxXdelUmth9N6fI7B52LSwqSK5BOKwzGNdIUPvzvPOFi5qiMy3ZoUgzXrvOfIEFKIfmmQ2JAMYwNz8xE/BpQUfWxtVBKESVY9fYcR7R5Rc2uecE2M6bEq7PwDOq8tFSEDV9tAIzBBMSMeUpX66AIS2oD/vH0e7164ZkR9XssASgrTIDKhZddTMMauiCFuhsl6eNwL5rT/aem+RvJDpRm7WpXEdl0ty9XdK/TGNYwSznZAE02wZUmTIhaO98DmkkPaf1CakyNvI2w=='),(1064,1168,'card_expire','CHD0f2e8132d5bbc2dc4117e3bcffe98fffJWbB/xT0pdobu/pitdi8tLKPXh91Inwg34mp7Yzbo7BAoBGyHlvJHpcjwwzCX1y7q7mEtSsm7F3G72i61x+ANJF2ZWvnPfxh2YUkTPohOmqhQpCcZVCAuGPrf1B2XPMEBOQs3LvfQg50iu/dP+Ns86UqaXS2rHp1xWDHgR3DlaQBqzm9b6b+C4bNeyLAH0c4suIPJYdqWLsdFwqNjMV7aHFmj5DiFMkwUWpl62Vu7HLNtwePvyMU4L6Pccu2HI3xnWQ2CQSbU6YsF8JlBawQaUP9Uo8oCIwFlXltVd3JFCikzkrvl0NxHJBSR0sVPsH0hppjUnxtEkXhLU6C9MDZbw=='),(1065,1169,'card_type','CHD0f2e8132d5bbc2dc4117e3bcffe98fffCJ+H29FLr1tNA3RTuLkxnV1688l7UFB/jWoz162PEOtR+ki73hV2OlL5FH1iWHM3DFpQ3SnqMpxnM/ymOMEDI0F9JoOrEXqJxopSgMbitIFrumT0UoIzV9q3G305KoZsjcYryGvZXV9MpliQWcOD7B5JFMQzPnCRqmS5q5e3rJsYJT9x8fyPVl2cd/NZ4uJgopss+BKmmbDwzhDNCcWm4qEGRMBV3WwNTCFhIHv9JJlagddIWmoGTkSCegldQECCZ503S11LJI8I21XwBW7koRuPWN1qnhf/9UsRjMtXrHhJdq5m0T0H/7GRJQ2roYXBYUML3/tdHTRa1ARhk9Sx9Q=='),(1066,1169,'card_number','CHD0f2e8132d5bbc2dc4117e3bcffe98fffr+wYiI0im/emKP1QuMte2Gtduc66XH1d3Xm1nIOj4OfQ9xqbull7A0DKw2ken5WHL2sRo63UusiDCbWaqZU9t07EnGNZ4AhMxQZ4Fw8NyfFFWtYP8a//KeOP6nHWXMtwtlNBWUGNkjQCm/74pav+DM6s9UXpIOqzMOJRk9zRu8IFvBkY1dvLzd0WCyYHcMUQxgh+fwuwzI555T30TOkxqkxZ4kM5HBFaNvvXnJvlIs5U5cEkwb3qOFRMGbZCPYu39XazixTProeog/8aOFaSp8cUOp8UAvkd6ZZAH/Uqe7oW7FkeqeEmJLMHoHrmuIRPmSoi/glyqekgb2UX2KfKAw=='),(1067,1169,'card_expire_month','CHD0f2e8132d5bbc2dc4117e3bcffe98ffffwtkCBe40R1uo0WBtO7zCnHQxWoVSNpdzu+iC7Te8VjwP/yssxwh8BNxm9YgNjahUqW8i9VnPvvDh0Gcm1TmNa20EUwk0QyvN7KuFZm/+BOET4vEN1QxDjw8Ia/5fiiKqp5vLr9xxTMrmSiNvcB4JemJdeiVdIpuXL1BtLnT0xjZ/VFjjEwmHyGWBmXVXXp5FVi/JEPjIKr+UUWApzp43EjU/0cthHze0TVNSLTjnsqCR8tqUZ/Ch/gSAptGf3SqE40DIOKBwPIysMRyta6PARJXhlHK5+aVCMMuNlOL2NKi0JKWMRZHxo1czVcAUXn/kUsBeOJInJv8b+swkKesUg=='),(1068,1169,'card_expire_year','CHD0f2e8132d5bbc2dc4117e3bcffe98fffduV7anY+1bgA/HtybcjUxg+hpf50OeWKuNaeEXxcETnBqZiZbPSXu067qrvGKVZ9cJ+8RHLScgdE11cntUFuwoTaIUobZtrUZLfNBDjUkNRGqwdp/WJ/CmD7gpQh3pDnuGL+qWGLawkMek5/S/0T9Jk6FXl07attCXiW4KDFXNNwVTnsPSBBj01bNwsMEdj8m+4VZgnm2SEPaS+ekSUBrJ710lIZvwfku4rRWRVewNEc6Y9mQY0Pc2l69DaSHL+2M1Rh3ze3gHp3ylm/t7BdZ/5G4qm4et3/nm5bMeDrG5wGb4ev8T/XzfKofztWMK7cLTdncFkKbvv1c7O9aM0Ecg=='),(1069,1169,'card_cvv2','CHD0f2e8132d5bbc2dc4117e3bcffe98fffuqA7rciAsQ4Gt2/EJo5//so5rwGMAj01CEjb5M2Lsmm3fq620pCzL6SuVEFUo4O/5dm4RBkxZUm/9iNLhG0QZDzHjrDCpWweolBQeAproxYd0tV3+iAgIKTsTPstWVUUt8YWxyCN90gc4dKHarWuWNp5CxLD9qUHtMPpETdKRo+KHipuUuFlRj0rJfdPs1ofBtFiB6htnZ/vE5QywN9yU3dkTahLbce71plF29HPyBNXx+EJu1esbhZMaCoQDrbipCsAgOAMNV/dQpfvei/pKqEPpy/gn12B4Ru3BC9GTRTNMyz58F/pY6ShWQWj//3nE9cwIVF5DMPFHAVpzFQMsQ=='),(1070,1169,'card_name','CHD0f2e8132d5bbc2dc4117e3bcffe98fffo24SpXayKU8Lebqo5vqf4wmlRJmSFXaIe0KASzzCbucvEUvrKGXhRbCoBuFLFu0yUetyqjaJevE27mpEDt29fnUlRegBtPKxVSKCSfzM+KMXTK9yTgrIj9Cy0fwQjO6GTWcb/1HaXzcw6IiiUgdZW58mbA/RlQAVUg70tyk0yHM+uMZTjs0nmQjtIB+hCX52VbFr+TqwhrF9HmNBRHfOsl8ZfZ2gdbYkPy5HXeXIecASFuOT6QBBhct419LfbHSHZXGOmFCZhfxDV1cCIDuu95fy/QVTJ+ACTdQKwkP8uqa1+UqgZ2HXs8FGgGz5+tm6nr5vaClZU0foc4PpS5q4TA=='),(1071,1169,'card_expire','CHD0f2e8132d5bbc2dc4117e3bcffe98fffeziVnkaZCkXIlgdy0TqXMYGy+2WjEu+r6OwfVyjue9kKbCAfKBHmuLK5n7P1I9LRcZoeLIXUvZvl75qt5EiV9FO2qB9nnMbnLuXoiZYv/A+ZAKBCTpqYezZbJNIhBuhlemq1vRAyaixObVb/Y8nx8Z1XixUuGH71l7wsmmSWJ//as3429cYqnuUoharehReAhXhh1S/OYRUYWQOduHEsni2IuhV/WvHFKkmZycdwrb6qdwQih6VI8Fh0AyxXbsDIHFuTKG9FFdvTkTMt9OpTGyhYsnN/Mun/KS8ElEZznE4lnI/uQd7L4X38mEXm51fJ7gByhTEoPhPn79ZP9A33vw=='),(1072,1170,'card_type','CHD0f2e8132d5bbc2dc4117e3bcffe98ffftu6DeecJ0VJZicsa/zfoZFRavz4vsVETqhJrOb006E58QrygQ5hKkmvoJLP8rmIqV9BhbMvdmslTtf+hsd0r6A8PhrWeCmT69B6tLhagRZV+rohxqQoPFyo9QLnizgw28lVBiFAjLhl3NuPCTx7/miClX/HuzmMaGy/YCXruqXYn9UE9+tDosTulqtbbcbCl2XgZMqCy1eL+f1lsDU00E8trTufJNK6c57NzI+mqcDz6vZWNE693PsAVR3yF/DC6cyWo5TGT2wkUiv20zYGMPqNgE0+Ll+/PC33UWFUSLBcIqdnaQ31KPQUlB71uHnCckwIih38Vm/pco2hUuD1cPA=='),(1073,1170,'card_number','CHD0f2e8132d5bbc2dc4117e3bcffe98fffKpY1XeUTDjmSVrsROfQ530pfxzQ90VoUR60NaREG68XQOCmpG/xDhAbXDHI8Llktv+by+nut+fdUQbv8xeyQNFqfDbF15Ex2TRLoHcGvabpvYTvGVHmWhp3MrrVZO3T8Si7c8YENLkXRmIM5KK0px9ZLnYwgnOxKgEcz/WEdfgMVkK0GN7tp/2FfSYSPW1dPz4ntXIb9HvdeAVbh0bJ8cCivBVcuHuuZg9uAflDLQo+mCYXPwlgR1btVBMR4BDwjkGVnQ7x5IT8ZZbsfiNnlpmUIEy7fPv+03ptgWkCvChWSn189WqAANl5EPnH6fnavVphCFK8FtuiH+uMlzGsmWA=='),(1074,1170,'card_expire_month','CHD0f2e8132d5bbc2dc4117e3bcffe98fff1Ap874t7Z9SNhACH3rSDIEmqU3xDIM2MiOscQb0SPhB3O08FRRJbQNrwBVef1H3ZW7Oee9sOjBCSF38sOB2fFoQd/sq4yjv/RYkvPi8z01AbJLJETfw/d0UEw/VD+pxp50WJjjMyIBDzQcX7bLNIZ1SmiZioLZGcx1bpmawCm4Vz1Fngk2+W0RRl/ljbvc19oY5BfxjhTgY698VME8rekdpQ7kxGExhRUgnsncKxK3xgB/525pVF9Gwtb4ohFl5GHYtEcb9SmQbV6Pe8v49J8SoUvFSGb9G0g4yqG/iRVgPmPI4o+a7jBcFXEonGr5VXA5rGEBX2mQ0k12f6syAGAA=='),(1075,1170,'card_expire_year','CHD0f2e8132d5bbc2dc4117e3bcffe98fffYTHwTgHwMxiNdhI5MAL9xl65NfxxCZgctoaXirz2UMw5HnPzruJXdJqqOo0rt0FLf1//UwBGMYwl4/zbqIpbq6dLB12tIzjeo0KpbZFLCEC9i2OZmHwh5eFUBjwCx3pEk9GtdUni9zVpxEVPMcKXMwazgO/qkdrJAf/TE25Pnfsqv+DDEWGo1viYxE0xthHoYQNdSwPnFph8KGZ9cRgJVcmd0npZMDMSjsvb6YGK6rg8ZW1AFf+pNCPlAjA9gJe1xB8tALtjLN58Rs0dMiKeBv5P9Sjmh8E4AZcfUzmTxiHr45uYXd/XPmrYdYXZrfwoLwcbNwX5gsh9KaFSsfdPtQ=='),(1076,1170,'card_cvv2','CHD0f2e8132d5bbc2dc4117e3bcffe98fffQanbNN5xQUOAeK2Xy7lhqkO/16rduDDSp8C1DE+Ys3G0bZ2Ap8DHlMImldpoATId4XQndLUk50akbEXun8h3l65bYkGa393F3fdLXTiQMrXAaBVenEEWa8wldbQ8aCS7Vw1CTkF1oLRN6lG+xTwLNTi20b0F5eugWFimzQFNrH/rSHIx1EoF+duVw/FGFnIKrrLZZcBhzZhJTBHZOeBzjtXKNhS1QfxtSRnT7DRxahFArKzvO+BMcxL80mUH3iU1YKrO/WNSmariKr4gBnNESVKVvlU8u/pDoFm53UlDNA8R7q9DdifFmorGkfBYIhNlOQXF6ELGb47NStbJrtcFlA=='),(1077,1170,'card_name','CHD0f2e8132d5bbc2dc4117e3bcffe98fffxGFh8W1ITOsWiSHkfeRoccHXHV4RP2zcbV+hb/4ILWvaSxPUjWfyfioeA+zO+0E6wNctU7e1g/DMyGR6mEEibCmtBKGHJXdDUS6BCvPele2PpHXIZTY9qKwJIUPMCqg0USodiAYWkBIp5NCRwj6FRklXvhIBjl1PcjEiTJnndDnA7dJwZJcxSXnvhGQTPvpvN1uf3X7eZP9W6IvudnCY22wMkhuvgO6+KKUBUO4xvEcLeFNqpELRc4d1jMzYi9XUmhaQkE87JxJsN1qI8ZLHcNY3ppegPnK5KsTBYzI1XOaj7wXU5P+r/78fSIFuoTp/CFXEcKJFQdvl4LdpJpVIhA=='),(1078,1170,'card_expire','CHD0f2e8132d5bbc2dc4117e3bcffe98fffWHtwC7SfIX5rz3xT1mt/EIxhmLhPEq8ZzE5AM4NcD/MRJEEVjBckKa5SAaBZw4+E3m/IrosKxJLjqm2jVAXNEQdhG4/+YMq8qvsIaFNs24ZU11ic1owCjSCk/XQ8+dpmt03mmiIUuOSf74aogwCOW5tAgsi1t3ECgDpBATI5eoPee3F3t6CzFoYyzPb1uDbJwS1tDSkeIv67ewwmc+9njZYrTc0jLlf1fVxVb7hmUI2J8+D/DfbyfN0Ucs6tDtW7+HCaPSvK9l/EOgwyODRoDeeiti59piJu7gFYh5pMvSNklok++5BzT6t92DDGhxXK/dDxm+9XmIWEy/KCDlq0Wg=='),(1079,1171,'card_type','CHD0f2e8132d5bbc2dc4117e3bcffe98fffhJmBp8/rfFgS/TovbPypkF8kjf5huQOcb37QKGa8pxLJ/RF7mr1BodPPqxymJwD8usqacabC8tG6V3/GCVWYw2FHTYOqdq97QmRXufDOrSld/IJH9c9cDWcD9WTdG91KEmm+iH115SA3Fe8juCv0kN2SVcIpgjk8K1pscai4GBPca4PaLJNjHKLJbf2Frn+Ivj1Yuk4YGg5kRun+xWIvmVDnyp5bKh0+FhKa5TtUmGtJ0ml2Z+NccQiXCcfd4Xk/CjMgveN7p36vbrmArq8UARzWfmTb9WkXSyis8tb9YAkIPai4t4MBY97cR6VI8C0/oh9Hm/3UbCVN2pQe3B3W4w=='),(1080,1171,'card_number','CHD0f2e8132d5bbc2dc4117e3bcffe98fffjcHZ8PqCnT6/qiHRAe62qX63z44uGlEYdyVAFHCUjvxBb+hcAaumUENoNRowWvcQxyQHBoBXJqw9jyeZ1IZwDbjZc8oXvArQcZZH8nv8gxTxNA02PI+yfWVvTF14dXQ9w+UbQtrPe2xbZb4YgJ05Dn0IfE1+0xUnbsSbj5h/ErsWbhnhz3JLeUGr8QCnKTObi0W4Z1NmvqN694zEB2nsKcBFpdiLfq+ZrfxcyJBEjoOgoCk88Oj9eE4fR+EOea4HVqDt55L2ek1NIdQ+mtG/uObRbc7tRuTVqCozWRWWsiMSoHZQlLDjAR95lWqt9uTxR9rLPxGZWx4hxYK7sFd/ig=='),(1081,1171,'card_expire_month','CHD0f2e8132d5bbc2dc4117e3bcffe98fffR0D8nvthhJExzEo2irKZeaf5g5io8zZkRXvzHGLEF4JcA1ZAKKeIh0QrRhUBuazkW0d4/VW6KBz4u59kbpNxvdUYTeBIlj8a8S3UuIZvXUncxfvfsEq6btvUGQsxhpefLNc9OX+wk0Hfl7mt7UujZk79sQCaFODtYOGHeJe9yJ4rCj3cHTrJ07cNEwHrS34sfY+toMnZfKQfP5eoeWPpiqlT5ghj1hFuMRXSJrf4aE8XjUztk1q2RoIdFPh85UZeNyhmWyGAAfza+mc5OykxjB2Kok/sdR7ze4IdSr7P4XUd409etKhaW8DXzW7QPpTnbxAGa1BZEoZS3IS/onNxfg=='),(1082,1171,'card_expire_year','CHD0f2e8132d5bbc2dc4117e3bcffe98fffce/LeBGd7W+hFcf2kHzi5MqHNmRLMgQJ75g4WC1bVs67Rviuol56tAf/+mWWQwLgPWBAQ7Qug/Xsw0W9ysx860kDOzSUOu0x6hwyYp2NSVYpYQyqacAZ34k7roLLb/RfrTf2f9Y2UrWY4aMZ3U7Hz/jXoO3leXrdczTFjXRjqDn4PipEA7gxiu7Bmi/STt4AbOw9MAjdkf2V8/b4DfscPzRnRtPgUVYA96muQE2OxgoXF7ylYMr/T4PubsNogLHl5P7th3Sxb23QmnhWOzzw0JH6rTNRVH3oIf/Bt9OQbE12FLpbUks0utZRwSJgW4Y2iHJ9IJZNxV0pBjOSIYfDzg=='),(1083,1171,'card_cvv2','CHD0f2e8132d5bbc2dc4117e3bcffe98fffX8eindjk5rHHMoNnmHlehsN97GPbMXuDDUOlP8FY0lju8A9KObtGZW9zoEaUgmYyFB5x+8743rPpwHe9r4aKegDO1qVgN9tjIGQnC2iMK7FO6e5ja/VM8UKJQrCR9Pw2Vg6Aif1GEPMzHeIMQQA5omL1Nyv2qVKPu8vDuuUS7RL9i61Ji9TeqHim8Pla9XGHCnb5cH/NzZRJM95tJRUY9AiFNBtlportaO+3kMrpdIaa1Rke0n9M6OpECcBQO9iuhuzmCTXv5XywxbJ12P2YXEctmf+ahHK4JU/x3Fs3cbv9LM9VxhvpLB1IlQM7nSVJcS/EqoH4nfE8zpMvTPqQWQ=='),(1084,1171,'card_name','CHD0f2e8132d5bbc2dc4117e3bcffe98fffvwj09AvmiGSpNY6A4GR8iHfscepLlkK05lT6cDDQPwwVjgZN371oVjRWH4QOu+mXStebiL9TIA+JO2pHN5U/aS8Dj0VEVzCOBfjTi0tEyv5N+qJ4nP5ew52BRIcPK3wUJjOfH5GepLCACiprKgB6lHZPseWUIfS1OHuri2XMqv4nG+yp3jvi5PLsIBQZ77enM0cvqTwpyIGD5QkZEEc4Uwf5p/JTGjZ6Cs/TJdQ7X6AN8Tdz+zUTs5RqjSAvZJvwJ4Aq7wimm6kIvI4V+68l2vhd8P2LPldYAK3bkQyv27cGDGEY4R2t7MysI8XFQhG2EPDWYoH/l+OOjoWZtnO/rQ=='),(1085,1171,'card_expire','CHD0f2e8132d5bbc2dc4117e3bcffe98ffflhi5SqUKohD5bCxi4z5J9r0dxZAmt/jo8neIDlGAUxoHHXRAkm8O2BU8K/5VvNmLCkms9qOrrgNppXj7/PqUALeO33jeaWbKU0uZ8QTYQlmuVahjaW7tYdwwQcf7DoznUDVFW+qWs//Orsxyf6upem4eOXf0J7crrvRUngiVt5xY/OUwS8H8+z/FW2rk/0AE70mSQFaPZTXA43PcZbPQ1myQEvWfzm0EadMWVua0O8et1G9keHKnzi7Za2FkKwIzUzVFS8WebFTkCUBpmO9Hlm0l7hiNKmaUbegxKMH6xfCzNqB6iSsELJgkGE1VH+IgG+DET1jVxXmWYJM5zCvSLA=='),(1143,1185,'card_type','CHD0f2e8132d5bbc2dc4117e3bcffe98fffNw1z2RhyiHhDf6Vwsax3aRdbkWj7Wx6qqX/V0w/ADOb92B92MXY7NjC31pfa3liy7r8ZxThbV3e9JteN4EZsnnHM1guHFktidGYCHAm8gFqffniu+K0PIo64aR++JR5KB4gFEf9eqWPyRRP1fY+a2kqXZ4FLdsV2B4pJSur5khT/Og76I67EUpvheRoUHHZxd08GtMY3Jt+Xzhu5R0T5TQOCuShTfwxqagIUua2hgNv8mGWb+sAllxueT+bH00+tGS2A/knGAWMcaKrOWBnme7yefS5Ku/hi+aN/d09uJIve58m7K7vNanSuCkXwvYjylDnq4HwAms1+nPg6KipviQ=='),(1144,1185,'card_number','CHD0f2e8132d5bbc2dc4117e3bcffe98fffL+pgtixnk+sC4whxZbxoL0weB6KNMrdWz/UGKxhJTheIhFrLuMPUJxsIB1xIxmnXiXrtYW5RgZ3gdDkVpqjetQAJje5mEvowhyXSDl0rChCMm76flxcB0KTvjvssOJsSO/ocAyeyvXaqLG6VwTFeAObl9gYZtHdZS6bU9ZEiK7keiXM0ZxkRzk5pZSQPvE4IQQyAN/CsR5OuAJjdapPkzt6kLPA7PJZwHrN4yzBguuGqwm3TXkL0m9xOqj4LNXe5xeMBFWd/ceOIIxN+BKWqNNjJPiPS/dpviYTEETBTMHB1sUbWRRMMbCl9Ixrmq3wMykH/f77EcumRjTcGyZQazQ=='),(1145,1185,'card_expire_month','CHD0f2e8132d5bbc2dc4117e3bcffe98fffuR78zUyfSoomb8O43SvSoxJoTzlzfhnDPd5daCErY9luVRoarT2IL9NfN9HSLgy/9NHw35R3nYUVgNuVZGHVXu4BullEhmILC+rKAWb1F7KZflXX5MAvKwqM+LE1dX83F/4GR/Q0AYoJ9RTxpB0VkP9tOQ6NXqSOO4BzSySfVccCyQ2O5DIY8EDUGTVZUqidFfexv/T3/X84wlnCbki6BfzV7cmz72pXyqUn95vyN546XEWdcaVo9PntqG/YhAbXM32I1RXVgfNMqfc1XxwqYl1poQrGIGteH8tIPXuhoYBdCNhOz42SE3flGWQ0HgyW7rBSgWj2lYFDyOnZB7w1OA=='),(1146,1185,'card_expire_year','CHD0f2e8132d5bbc2dc4117e3bcffe98fffOHN77BFxDarn2zpwsXt+2tcvmLDRnjt2u+kTZ1GqJCmNgQYBoWlpv54aBg1POQA1qcdTjnmwGufBtJFtD8pgEbjNH8pNuvgupB+S9BUIRoMuPXRrefd99jP1iRN6Ztqzd7jhjNLlL0PrJ4Bph+W5f5f9hZANFlZppwRdNzwJJiN1/5mqXn5REwx7TXwfxRLnqvq2nZak5lDEpemU7DLBNTDu2DpebAe9Uu/WM8+UyXeFjC2pEO86oZzVOizlp+/wux89qiK8U0hzBinH9pcJ2wcoDDmZMKRk9mgkxWhctHxP5LT2DUIpNQjOZRZUJrjvQrYyVm8MV3L+FG+kKnHFhQ=='),(1147,1185,'card_cvv2','CHD0f2e8132d5bbc2dc4117e3bcffe98fffohv3AizxGpiFL29tOaXWb7Ve917z+2pzWbunwm3Dxu0zXivxMia34HHX5ezWYl7lxiofhEUDj9Fu/hGQ0cMkH19pP/UtNQgtgqMneGRri0KjX9I7aXT9ICMEkVhg054djPjOpc3MBC3pYmMgba6RWNrESjcxGhRCUmwou6HZSvU9wA/M3HMKL6BxOWa0yDYt6SiS9BaZR/as3LHG5yJMZgGAchkeABhBqeXIbXyVIiY4uEbzV2bbwM1BgYlg6bT96F3vvRsKOwg0JoocaM/FGNtwX9IusDufv8q9pSD1HL1JCYABNdPB9pqYAAMomtNwagGeP2VDuoc7BSXYU6J33Q=='),(1148,1185,'card_name','CHD0f2e8132d5bbc2dc4117e3bcffe98ffffNp0ycDXVYaFLfKM2h3QQWb5fGyr4Oq/QFA2Vt15C9bqgjIN2X9jFuPVcrSASffO42vLZyxllKLwsbO8ga6iWPtp7hURIP3DznWleKHESB3+FjGn9tEqKXv2CrcjcwPfFJh/M16IPlxePIdHobc7ArjBDb5LUSFZvZijCEGhdsaEhJd44yD1l+2yJzkbTG4gi6+uSfOHusivUUrheElSzhpXrHr6dVWig9lndIqUe2n3LGXyB5W4HdcPH+GKQQeT/rl9ZRhIzO1eGqU5UaxGcRbcshTkrNKcJootIVa+oIb3M3OWLhoxJWYZ5mcAO2HmQENlGe/l7Tk2kilJ4s+3Ow=='),(1149,1185,'card_expire','CHD0f2e8132d5bbc2dc4117e3bcffe98fffiUi4+RSp5mWZAXBXA0p6bIA8LoK2EL+cIWX0WVdknOFnE+IkVBlY76n65+Z36V+EeEyZHGdFyIn9mvD8zKi+d6crrppGeMaeMVmAMVvwTlWuJw0MgL1FeAxrhc5mwmcbB/i51tvuNO3Y8jljl0WUPTpe0ZXgwyuVOn6JBu/8+bPojP+PO15JPBxF99gISTz4fdDK/V54Q928mpD8byjIYEY035kE5aF1JNy5gzdH2FwUi0RpSrUdddqV300WFQV/49+IQ/8ybCC5FK0WDgEYdHE/9sV0wjCWNjyJ6hDNuaxwbbfX5seO0AO4XPaxuLoQXck2rT7tOMWOSyHVmGGpzw==');

--
