DROP DATABASE IF EXISTS `givi_xp_cloud`;
--
-- Host: localhost    Database: givi_xp_cloud
-- ------------------------------------------------------


--
-- Current Database: `givi_xp_cloud`
--

/*!40000 DROP DATABASE IF EXISTS `givi_xp_cloud`*/;

CREATE DATABASE /*!32312 IF NOT EXISTS*/ `givi_xp_cloud` /*!40100 DEFAULT CHARACTER SET latin1 */;

USE `givi_xp_cloud`;

--
-- Table structure for table `xpay_antifraud_result_data`
--

CREATE TABLE `xpay_antifraud_result_data` (
  `payment_id` int(11) NOT NULL DEFAULT '0',
  `name` char(64) NOT NULL DEFAULT '',
  `value` text NOT NULL,
  PRIMARY KEY (`payment_id`,`name`),
  CONSTRAINT `subhash` FOREIGN KEY (`payment_id`) REFERENCES `xpay_antifraud_results` (`payment_id`) ON DELETE CASCADE ON UPDATE CASCADE
) ENGINE=InnoDB DEFAULT CHARSET=utf8;

--
-- Dumping data for table `xpay_antifraud_result_data`
--

INSERT INTO `xpay_antifraud_result_data` (`payment_id`, `name`, `value`) VALUES (104,'auto','R'),(104,'errors',''),(104,'geox','RU'),(104,'language','RU'),(104,'network','A'),(104,'rules','702642 Review Network Type\n702650 Distance from Device to Billing > 1000km\n702656 Billing Country not equal to BIN Country (Visa/MC)\n702662 Billing Country not equal to Device Country'),(104,'velocity','0'),(104,'vmax','0'),(104,'warnings',''),(105,'auto','R'),(105,'errors',''),(105,'geox','RU'),(105,'language','RU'),(105,'network','A'),(105,'rules','702642 Review Network Type\n702650 Distance from Device to Billing > 1000km\n702656 Billing Country not equal to BIN Country (Visa/MC)\n702662 Billing Country not equal to Device Country'),(105,'velocity','0'),(105,'vmax','0'),(105,'warnings',''),(106,'auto','R'),(106,'errors',''),(106,'geox','RU'),(106,'language','RU'),(106,'network','A'),(106,'rules','702642 Review Network Type\n702650 Distance from Device to Billing > 1000km\n702656 Billing Country not equal to BIN Country (Visa/MC)\n702662 Billing Country not equal to Device Country'),(106,'velocity','0'),(106,'vmax','0'),(106,'warnings',''),(107,'auto','R'),(107,'errors',''),(107,'geox','RU'),(107,'language','RU'),(107,'network','A'),(107,'rules','702642 Review Network Type\n702650 Distance from Device to Billing > 1000km\n702656 Billing Country not equal to BIN Country (Visa/MC)\n702662 Billing Country not equal to Device Country'),(107,'velocity','0'),(107,'vmax','0'),(107,'warnings',''),(109,'auto','R'),(109,'errors',''),(109,'geox','US'),(109,'language',''),(109,'network','A'),(109,'rules','702642 Review Network Type\n702656 Billing Country not equal to BIN Country (Visa/MC)\n702664 Device Data Collector Missing & Score > 35'),(109,'velocity','0'),(109,'vmax','0'),(109,'warnings',''),(110,'auto','R'),(110,'errors',''),(110,'geox','RU'),(110,'language','RU'),(110,'network','A'),(110,'rules','702630 Score > 50\n702642 Review Network Type\n702650 Distance from Device to Billing > 1000km\n702656 Billing Country not equal to BIN Country (Visa/MC)\n702662 Billing Country not equal to Device Country'),(110,'velocity','0'),(110,'vmax','0'),(110,'warnings',''),(111,'auto','R'),(111,'errors',''),(111,'geox','RU'),(111,'language','RU'),(111,'network','A'),(111,'rules','702630 Score > 50\n702642 Review Network Type\n702650 Distance from Device to Billing > 1000km\n702656 Billing Country not equal to BIN Country (Visa/MC)\n702662 Billing Country not equal to Device Country'),(111,'velocity','0'),(111,'vmax','0'),(111,'warnings',''),(113,'auto','R'),(113,'errors',''),(113,'geox','RU'),(113,'language','RU'),(113,'network','A'),(113,'rules','702630 Score > 50\n702642 Review Network Type\n702650 Distance from Device to Billing > 1000km\n702656 Billing Country not equal to BIN Country (Visa/MC)\n702662 Billing Country not equal to Device Country'),(113,'velocity','0'),(113,'vmax','0'),(113,'warnings',''),(114,'auto','R'),(114,'errors',''),(114,'geox','RU'),(114,'language','RU'),(114,'network','A'),(114,'rules','702630 Score > 50\n702642 Review Network Type\n702650 Distance from Device to Billing > 1000km\n702656 Billing Country not equal to BIN Country (Visa/MC)\n702662 Billing Country not equal to Device Country'),(114,'velocity','0'),(114,'vmax','0'),(114,'warnings',''),(123,'auto','R'),(123,'errors',''),(123,'geox','RU'),(123,'language','RU'),(123,'network','A'),(123,'rules','702642 Review Network Type\n702650 Distance from Device to Billing > 1000km\n702656 Billing Country not equal to BIN Country (Visa/MC)\n702662 Billing Country not equal to Device Country'),(123,'velocity','0'),(123,'vmax','0'),(123,'warnings',''),(124,'auto','R'),(124,'errors',''),(124,'geox','RU'),(124,'language','RU'),(124,'network','A'),(124,'rules','702642 Review Network Type\n702650 Distance from Device to Billing > 1000km\n702656 Billing Country not equal to BIN Country (Visa/MC)\n702662 Billing Country not equal to Device Country'),(124,'velocity','0'),(124,'vmax','0'),(124,'warnings',''),(125,'auto','R'),(125,'errors',''),(125,'geox','RU'),(125,'language','RU'),(125,'network','A'),(125,'rules','702642 Review Network Type\n702650 Distance from Device to Billing > 1000km\n702656 Billing Country not equal to BIN Country (Visa/MC)\n702662 Billing Country not equal to Device Country'),(125,'velocity','0'),(125,'vmax','0'),(125,'warnings',''),(126,'auto','R'),(126,'errors',''),(126,'geox','RU'),(126,'language','RU'),(126,'network','A'),(126,'rules','702642 Review Network Type\n702650 Distance from Device to Billing > 1000km\n702656 Billing Country not equal to BIN Country (Visa/MC)\n702662 Billing Country not equal to Device Country'),(126,'velocity','0'),(126,'vmax','0'),(126,'warnings',''),(127,'auto','R'),(127,'errors',''),(127,'geox','RU'),(127,'language','RU'),(127,'network','A'),(127,'rules','702642 Review Network Type\n702650 Distance from Device to Billing > 1000km\n702656 Billing Country not equal to BIN Country (Visa/MC)\n702662 Billing Country not equal to Device Country'),(127,'velocity','0'),(127,'vmax','0'),(127,'warnings',''),(128,'auto','R'),(128,'errors',''),(128,'geox','RU'),(128,'language','RU'),(128,'network','A'),(128,'rules','702642 Review Network Type\n702650 Distance from Device to Billing > 1000km\n702656 Billing Country not equal to BIN Country (Visa/MC)\n702662 Billing Country not equal to Device Country'),(128,'velocity','0'),(128,'vmax','0'),(128,'warnings',''),(129,'auto','R'),(129,'errors',''),(129,'geox','RU'),(129,'language','RU'),(129,'network','A'),(129,'rules','702642 Review Network Type\n702650 Distance from Device to Billing > 1000km\n702656 Billing Country not equal to BIN Country (Visa/MC)\n702662 Billing Country not equal to Device Country'),(129,'velocity','0'),(129,'vmax','0'),(129,'warnings',''),(130,'auto','R'),(130,'errors',''),(130,'geox','RU'),(130,'language','RU'),(130,'network','A'),(130,'rules','702642 Review Network Type\n702650 Distance from Device to Billing > 1000km\n702652 Bill/Ship State no match; Distance >500km and value >$150\n702656 Billing Country not equal to BIN Country (Visa/MC)\n702662 Billing Country not equal to Device Country'),(130,'velocity','0'),(130,'vmax','0'),(130,'warnings','');

--
-- Table structure for table `xpay_antifraud_results`
--

CREATE TABLE `xpay_antifraud_results` (
  `payment_id` int(6) NOT NULL DEFAULT '0',
  `class` varchar(255) NOT NULL DEFAULT '',
  `review_id` varchar(255) NOT NULL DEFAULT '',
  `status` char(1) NOT NULL DEFAULT 'U',
  `message` varchar(255) NOT NULL DEFAULT '',
  `score` varchar(255) NOT NULL DEFAULT '',
  PRIMARY KEY (`payment_id`),
  CONSTRAINT `xpay_antifraud_result_ibfk_1` FOREIGN KEY (`payment_id`) REFERENCES `xpay_payments` (`payment_id`) ON DELETE CASCADE ON UPDATE CASCADE
) ENGINE=InnoDB DEFAULT CHARSET=utf8;

--
-- Dumping data for table `xpay_antifraud_results`
--

INSERT INTO `xpay_antifraud_results` (`payment_id`, `class`, `review_id`, `status`, `message`, `score`) VALUES (104,'Kount','DDHP001LMQPD','R','','43'),(105,'Kount','DDH709RRJMD1','A','','40'),(106,'Kount','DDH706VMPW5V','D','','44'),(107,'Kount','DDH70X552284','A','','44'),(109,'Kount','DDH7096Z2GK6','A','','38'),(110,'Kount','DDH70J15110D','D','','66'),(111,'Kount','DDH70B031G2T','A','','66'),(113,'Kount','DDH70HLNZQN8','D','','66'),(114,'Kount','DDH70Q8RP7D2','A','','66'),(123,'Kount','DDZ50G5YWBJ9','A','','44'),(124,'Kount','DDZ50C7ZXS9D','R','','44'),(125,'Kount','DDZ500KY786Z','D','','44'),(126,'Kount','DDZ50500Z7PX','A','','44'),(127,'Kount','DDZ5011LV0GR','A','','44'),(128,'Kount','DDZ50WC2B3SZ','R','','44'),(129,'Kount','DDZ50H0M790Y','A','','44'),(130,'Kount','DDZ50GZSHMND','R','','43');

--
-- Table structure for table `xpay_antifraud_settings`
--

CREATE TABLE `xpay_antifraud_settings` (
  `name` char(64) NOT NULL DEFAULT '',
  `value` text NOT NULL,
  PRIMARY KEY (`name`)
) ENGINE=InnoDB DEFAULT CHARSET=utf8;

--
-- Dumping data for table `xpay_antifraud_settings`
--

INSERT INTO `xpay_antifraud_settings` (`name`, `value`) VALUES ('api_key','eyJ0eXAiOiJKV1QiLCJhbGciOiJIUzI1NiJ9.eyJpc3MiOiIyMDA2MDAiLCJhdWQiOiJLb3VudC4wIiwiaWF0IjoxNDIyODQ5NTgxLCJzY3AiOnsia2MiOm51bGwsImFwaSI6dHJ1ZSwicmlzIjp0cnVlfX0.jSwrRDjLATG-Q-qxPAX797CmF7IGzzks8XkZvL2nQ7o'),('class','Kount'),('config_key','1b^jIFD)e1@<ZKuH\"A+?Ea`p+ATAo6@:Wee+EM+(FD5Z2/N<'),('decline_mode','D'),('description','test'),('error_mode','D'),('merchant_id','200600'),('mode','test'),('ris_update_mode','U'),('site_id','DEFAULT'),('status','N');

--
-- Table structure for table `xpay_apple_pay_domains`
--

CREATE TABLE `xpay_apple_pay_domains` (
  `domain_id` int(6) NOT NULL AUTO_INCREMENT,
  `domain` varchar(255) NOT NULL DEFAULT '',
  `verified` char(1) NOT NULL DEFAULT 'N',
  PRIMARY KEY (`domain_id`),
  UNIQUE KEY `domain` (`domain`)
) ENGINE=InnoDB AUTO_INCREMENT=6 DEFAULT CHARSET=utf8;

--
-- Dumping data for table `xpay_apple_pay_domains`
--

INSERT INTO `xpay_apple_pay_domains` (`domain_id`, `domain`, `verified`) VALUES (1,'giviip.myddns.me','Y'),(3,'yakoff.x-cart.biz','Y'),(4,'santa.x-cart.biz','Y'),(5,'givinext.ddns.net','Y');

--
-- Table structure for table `xpay_backup_codes`
--

CREATE TABLE `xpay_backup_codes` (
  `code_id` int(11) NOT NULL AUTO_INCREMENT,
  `user_id` int(6) NOT NULL DEFAULT '0',
  `code` text NOT NULL,
  PRIMARY KEY (`code_id`),
  KEY `xpay_backup_codes_ibfk_1` (`user_id`),
  CONSTRAINT `xpay_backup_codes_ibfk_1` FOREIGN KEY (`user_id`) REFERENCES `xpay_profiles` (`user_id`) ON DELETE CASCADE ON UPDATE CASCADE
) ENGINE=InnoDB AUTO_INCREMENT=11 DEFAULT CHARSET=utf8;

--
-- Dumping data for table `xpay_backup_codes`
--

INSERT INTO `xpay_backup_codes` (`code_id`, `user_id`, `code`) VALUES (1,1,'CMX00945fffd15e1e03c713d4f9684d4bbcea332ea319694d63f01511b4e35960ca2002d29d8ab7be2cfca63dccb1f91aa2888c83ec1f7370c452e5ef2942c22acacbe00392b2f79644f75938c5ed3d601358be7665e353c1eca9fcedbcc183739d7c20c08d534297598cfcee94b5635984671c69c1137b072c07e7d8539533cbf8f8d97070a4dc4737ca52f92f6feac8d07dd69cbde2824fe8d11458a5298468167a7d2984'),(2,1,'CMX00286454709372d2ef653c37689e735b69e7c37fb566bfc6f2f2350e4cb3ddbc940afd387d1862f480b611e8e893edf6bd001a379e15191b32c19fa35274bf9509665c7e71878818182f2f683df25bd11b3346d0ec4fdd4029d10cfe42f3e10824ebfce8ca7b4e4f5b43a84a5463df7a1c72b6eff35dbddcdd43f37a055aaa16b6bb4ef316654e21b855c63430d106bbdd5b3f34c4e721508973f40b2e57c2eb120b1002'),(3,1,'CMX002864547c7ae96d336454d4b8c46bb28c54253ff72105e1cc81062f03cf7055eb64b13e84ea31e695d8a80138644c41d50167adc47c19216de5550c9de8a4234a3fbae97f015c99be417ca9d1d4aa8c44dddf8cc2d29999274631cd602ac1c31b2e7dd289e6b106b6492fdccadadcb7cb21445708483bbc6b7b4f0a87f9d17303fbaade58cd6cfbf9e09bd924b230a38c393c689e3957bc4430d6adc24630e0e38d2fea'),(4,1,'CMX00451871f322839e1e26aa8b50cca64f3192cbb0095ff10170db5de0f175389109366d6375fadfc781eea9f1001c004070b06ac079c5a8637d4eda66d46d6d79642e8dca2dd7d57b23cf2cda8a5162ebdfd71fe53c9f82dc2267170655002bd67d5416bff98a8abf2a2a20460dc8b01556370c2b5c935b1eee10d028d5ac2cc1e9d69ccc64b61ba49e1ed7b48713240b83a370e60fe86d7d5ac61bf1fd12c3693956d0df'),(5,1,'CMX005b4d23c385502b3e4a5f9b7327300776085e020657b2dc2e235343932e1f57c04e86089a9f3bc4096565683743dc4158b945e86e4a05ead180063c2a2935f6165719d2eca7e3dace2a131e8400fa33921e8d225d32a4d6059fa2176b69e676705d42c689d80818b762c38b905e6ec485a9799cec059612b43bbc86e7e9bd25c218bea2de47f25a6e31aead78187db1915dd6bfac0de9957fd1b2410ced516dfb2800cd'),(6,1,'CMX0065c4c6571cc85da480295b881577bd2b6fecc80da7917d08718025066d3fbdda0effbd6ac55125d54a920b600f6c53e7be081cdfc47a6d43534744d937aad4d83b5e0759abe24266bc1029d9c7dd3c44eca8d9240c8d7d38c24fd9cdac4ca1a691327f7fc05f86f53eae646a3f8e9a4489c8a6d2c09980f0b890633415836f7aa190d190d579746745bb033331ebc8ae621c12460cab879eb28e012dab4b72345724dd'),(7,1,'CMX00945ffff4e3c3d63e23fc1b32d25b0618effe9ab9ce1d51df6c7133c948f6fa8acad0548d8b868e025f8fb48541a4986a20eea6c093ea2236b4ebd93e4ec0bc7fe7578910841478c9a811574eba0cb65bf3c6adc43319371cd836580126f6beccb767e360ef945ccb5345a766efd19ea92898abba44c8adeda1060b9b4703a03f4e6d9709e0d530d171fe014919182d7a608aaec835ee468966b35f3a19776ab419f58d'),(8,1,'CMX00582b318478ae004bc7e3fb7db4591b92d8d44b5541837698c98baf149cf62a07a5cb915ccfd5cce7e7dc16485b98e7c0b8e5e3d75b3bca7879fc71d64aa0df8711317655045daee435d73a208599a00ff6b3acf339199d14e2039aae43fe189a4ff150726575bc1dcbd6b362c8d4e32bd9e447b82c0196878617c217beeff34e075b1c996dad48aaa267155580be5d52a963644cf8e19647ec626be7e62f6de530c8af'),(9,1,'CMX0023b4d0050b5db7f44e18834c80a26c8335c3728c4a06800b3bebae026209c28e242ee0d1dc4b451c865372b7049f5346ce7b3f0ed6109a9bb8944baf95c344de2045e9925cda138189ce0aa441d0ebab9b73b267c0dc260bffaab0adec31fe6bc75c949c450da70e35ecb8553eb0cb2c7a65615fb8312ce598e5e4e4bb9136ebfe895cf8397ad861070ef6c3d72f07d6e9b49cc7015f8c9b95451d49edb2a9053b1e7d'),(10,1,'CMX002bb11fab849a14bc94fb564cd8369cdc43ddf2fd9046812ad3af00f793683ee1cb99bc3a9e000309aa6cc9b99846cef1837681f20482f8e683b0ba651f99bd43d7a8d027e4768f237e57ee8b93f1818b8f1864bd75f40946b51394cfd1c1f7ef73121442e83e34e0ebd752c848731a42f6918270df404a5286021857763a32d0cf6b6c04488dcc963ae77541679312ffbcf4052cf17345f7f64916c1e0072be7b39484');

--
-- Table structure for table `xpay_bulk_operations`
--

CREATE TABLE `xpay_bulk_operations` (
  `batch_id` int(11) NOT NULL AUTO_INCREMENT,
  `public_id` varchar(32) NOT NULL,
  `operation` varchar(20) NOT NULL,
  `status` varchar(20) NOT NULL,
  `total` int(5) NOT NULL DEFAULT '0',
  PRIMARY KEY (`batch_id`)
) ENGINE=InnoDB AUTO_INCREMENT=6 DEFAULT CHARSET=utf8;

--
-- Dumping data for table `xpay_bulk_operations`
--

INSERT INTO `xpay_bulk_operations` (`batch_id`, `public_id`, `operation`, `status`, `total`) VALUES (1,'ljTBSRsejg6v0HsUgrmpItETc20uIowS','capture','finished',20),(2,'hb08wNyvHiZfTdl3sp6OIm850BtChV7d','capture','finished',25),(4,'q9qr44mH1dWzWQ5t3a65KPbWXfqRhKUy','capture','finished',25),(5,'HJfiw7jOimSLD6P7ZsyY1WCttCyPU0gt','capture','finished',20);

--
-- Table structure for table `xpay_cardholder_data_keys`
--

CREATE TABLE `xpay_cardholder_data_keys` (
  `id` int(11) NOT NULL AUTO_INCREMENT,
  `key_id` char(32) NOT NULL,
  `pubkey` text NOT NULL,
  `privkey1` text NOT NULL,
  `privkey_pass` text NOT NULL,
  `owner` char(1) NOT NULL,
  `created` int(11) NOT NULL DEFAULT '0',
  `expire` int(11) NOT NULL DEFAULT '0',
  PRIMARY KEY (`id`),
  UNIQUE KEY `key_id` (`key_id`)
) ENGINE=InnoDB AUTO_INCREMENT=23 DEFAULT CHARSET=utf8;

--
-- Dumping data for table `xpay_cardholder_data_keys`
--

INSERT INTO `xpay_cardholder_data_keys` (`id`, `key_id`, `pubkey`, `privkey1`, `privkey_pass`, `owner`, `created`, `expire`) VALUES (22,'ee997ac50e5495874de5c08891bc2015','CMX0023b4d04b08383e748e3c1584cc66aba20a984d3866d8056dcb1a6efab2cd93e2b19c4143122c360162224f9eb7c064edfea03a27851a85f9e78d4850221456c7cd01c73afa4de3747aed9b775ad350105010004015aaf26c49463f7ac5da7c10c6da4124ad3e449e6f6a55caec8232af0ee9850c06451991a27b52b725db698924c0f68aada2c61fa0ddd1dba197b2c5f69003600f9464dbcbf3e94bb0b128915399bf212f56bc801e83ad570cc197f2ba94e1fbf9a8585c8158398f5fea47ebd013f081b51b6859eef8dae2cdc2029dc01e22332a847873e4a6b80c0368fdc1223164ee374f4aac25339edf88466370d3fc76ee99484f3e5900b07941c212152f784ab04d58d52a50251696ff056fe072619d2f3ccf8da534581881d892403044f387e3460ccd0458620c29618ba6c463ab326636a7e5a92b8355d897030d3c15341caac6b2010278eefcb32068dc2e36f3473384d86ded53f1b9a79298e6002f33480cec118e9ee0dd4ad01cd3b29540a527a4ea8670469b14af15c90996b3fbc62fe47b89af3671c2080f8bcc707d4fe1c8a59bbfd356b438b1226706e8a9ce57e808a6161d10d0f417847ad1342eface3ff2bccca859d94b55103f87f8faaeabad36f3bc286e3bd82c64c76d5365219322798b6b31ec8f1cdfef8c604e44037c8c11fe1ce410d0454f0ae5a0bf871c627d0105a76fa9bf8bf66fcc79aa8e14d70efc615d09cd7c44b261b8ecd2b1883928b5b41472b89e59a91213b1052fc6b732c1efd8660128d23d56b67fbf8315cac6d2ae6a0a78ea2ca77e0f3b0fb29c71fe997d6e09201a754702a4e2bab12d291acb8a42d01941e4acd8180a0b04b3abb61562518cf3e85ec21943d9b685eaacc15fcef766eb0453486b160f7e66bdba491823ea351474fc2f10a021846cc9764a9fae2f6b4f894df617ac681aed3f4b1ba539df987060efd5b50df19068646042425094aec72810aa1689670189a26b4614fc9fe7a1a586b3859c48bc6d58a9cade32717a4a1ea9c3ee382c43e015c836dec1e394c9601cc3e98be559c37546e7a5037bc8a5cdc9a4e1ee926b20ebc76933426a65894d35b4e973bf0d1d89c51bbce2046999e2f0f7af1a7959fe7dc99fb727134ace6116b4bdd5ca1d3074ef52d7a8a061e5af4da0e584705b5e86df297ac1efca255825e12260f85dadc9852abd0250b595bc4c0d3480b569c74ffb4ea582d4f6037d1f52d957762ff94be23f6f732c4575ee1ab2f1227ee50e4b98767ed57fab0ccf813304e732e6f3e4608c8a46860f16caaf97f66b96029aa3f6d340af7935b9b58a217195705d2369834848079acf2aa1e4798924f5a35dbd054bc6a897c7f9d61e3705b9895badde8115a6abb3c424dcd3aafb50c6b98d055867e76a07c8b615b065499fc1fb15ff64a2418d0158a29242f7ce90c496d0f2c3231ed9a355ed25908b4cbbac6bf619fc3daa0faed03ef7b9c4bc05af7a9e8e82761e5c210134deedbf998b8d3b2a6bfca96e6b059d5ad9fc6826c74a93a8b5c0df6dba0fb26e86f7f6362f870dc916231edba73f1d435a938d1041347bda95e6ff58e0094611f47f5d1a038c21a5f135c4cc2b1d449b68a4b175c74726b3bda6f3f4c26daa577f9b74326e3d76c5e622af60ccd47978e4400e5f76d69868e3cd96cf3e0e472a14de9e80a378c12fc4b4d2b0fed38a93944651f511ce83a1a18c10725b7abe1093b5609c0e64700cfb3c1f3eafa67e89e3c285ff199c3654b5b82834946f6ac9524bfaf3e86874d6056f0c3d8a27157e5e7aaf536df28115663b0f8a1cec4f1012ff4e068543c074048dd0ac7b1939b5b3666488daf0a3ba9140b3fd432257967e910d0ce59365e09bd19a71be5ca8f4909db4ed95a313de8dc94e00ed423a306e5a355ae3f7f2e21ff76e286a7561878dd797decc31bd7d56ab491054297e261d6c948ee4fd8c58f9dde95f845f0e76832630c3ae2653bb4c1c724458bf18e55ee5a17cbef5652a58b5e5eafb57814e764b99d4c83201945485b29d7295ddb26333774153058ace7f8e16232eaa9fbda698e2dd9de106e1aa4943e3f8dfa7a5ec124f5cad57830a351f4f2f0bc7b0e2acdf1b67e5a3fd98fba926c894d380b6566b4692b49049dcc98862f2b211565f180452adb889b4113e43d2','CMX000f59c561c159f7dd7ebc71feca3f92cf1b147e8dd709aa251a4950e59606ddf1afeaac61ea0784a8562d6523c4efcc9f17d497b94db9dac10949436a0e2aee17dedeeda9593d248949b7ab62cf13e7d11cd4b63af049dbf9188bb8fd49c6abb0582819e00c9a148ede13bead299d4927a1fa3f03db67e42b05e0a3d239dd9ed689c478b0074b145a667a77d1564230e9a76b8db8cdd1fb32a7a14d493aab9962c42af55619c17725093cae9f626564ef90b5fe180a0fbe196dd387c217c9e9d4026b1e7553675c4c381e00f5dc5af8661b7b9fc71c9cf2751ff6bb022bc8c96894a8b1e8bc44b7d113c869d6dbfff31920006c421a71e3258a04ad70dc2650584ec53e29e721f56f7d5a2e256a99d1dfca723c4e30d7a7d8c2ee8aa206ec9b450a827787a683387f7c18879ea879e366386c8f7bd9e5b3bc7a72f7d19530e321e1d14dcbbd369247a9574a711250f0b953e3147178eb8d45681f218bb5dad449ce1779543c447f3bacd98653a583576201ddb70fc9c85fc34486aec3833060b2d047d66515c19714f4392355ab0dc807a202e7c82fa64f9799abf39896c56f71a15e99833c1fdb9668f33ffb5d7fa16919fccb805a1e10397d2acc3f543e6fffc9b5df17bac860c8acc8cf735d9df542f63036d982a53202372ff34cd2abd265492f92a14b0575be2da2c46d0d1772a6207dfab326804b801aa1b2a602b52eabb5552601fba328c8fa9ae9d9038c7244f66b396ff7ec60d021c3024dd271d4236433f4ddc520ba8b59dc30d4ff71a052606bfdf705507d5193bc91d1b4d39b4bc630c76b0614c285792b81f156a480e4d866286c40e54b354d2e1dddd8d21e077f53c053f92adaca363fbbac77a38c457f380a7499f3732ea36bf675c92f77b167faa7b6bdac2b1eb5e914a3835f94d576ad7a9278eeaa9a9ec865bbd99e01a675b8f102c8ec8730ec6f0d1b776aeccca4fa56a4be03502379a2706060cc247e8f4bc47661b96c5e3b6d9520dda84754b03ae210fda86c47820b5aef3e7e4a6f65a716e5de967b88b2c090a57167ccdf10fddf57603991e7e1582d11da409ff3934e2a2f174867af5d88a0bdae680ce437259143bc6c85d05ac3dd5688fe1276c7e5cdb366ea7b3febfe1b7d19ddd5b4cb3963a4da8cef6be92ed9d5031ef9a51fa52ba6ba67661fbaddff8c9a26391db4c9cd142e2f880eb7f4c5a240673d3b8e82cce375742a07900a21d87e1f1074e9c4c80d648097a06b9d05b7eea4a7990cc51a03ec5d49d36d63fd1c98f1bf313e72f32b95e85313f5fd62faacec2dafd2e274c3badc42638df8eab19e515c42e241188c5b8a19fb6a540d5421c9f49e1b9092d7b7cf32aaee41f0386c6f0c20334e97b44d015c328300eca72d64203791f74628c097c09bba450dee87b53f7ab97d6b8e96814e988653c5135ce7e29f51db5c10b09107a1f7c67b0c93fa322ea34a84c263d97efe1ee8fe290c75720752e9bb6a08132970b02dae011428470fcf076f8fe5c99ec3dfaf1fffa55ec89aa9e4cb','CMX00451871a137117e7976ce87d1662a4f4fe4065a0110e17f120f73149d6a71a653118c237614309e37a89690adf5eb46d50b26b36f99270a216852b66580fdc1406ee0d7d729c08833dc9add35aaa5e338f49c2836d2a7a1d47d86335904e822ace207f8928a2981a4b8f560aaf9f184d95f6d80bc438c1f0546b69a5462430edabe6eee0766a9ee30c6b49ffc002052a8f2e7e16e8c8a837495f10c4f7fdc3b3384d94d5fc6934a23f8f1f48b693235866194d1fe422dec4789f26933656237384421a2','A',1711986943,1714578943);

--
-- Table structure for table `xpay_cardholder_data_subkeys`
--

CREATE TABLE `xpay_cardholder_data_subkeys` (
  `key_id` char(32) NOT NULL,
  `privkey2` text NOT NULL,
  PRIMARY KEY (`key_id`),
  CONSTRAINT `subkeys` FOREIGN KEY (`key_id`) REFERENCES `xpay_cardholder_data_keys` (`key_id`) ON DELETE CASCADE ON UPDATE CASCADE
) ENGINE=InnoDB DEFAULT CHARSET=utf8;

--
-- Dumping data for table `xpay_cardholder_data_subkeys`
--

INSERT INTO `xpay_cardholder_data_subkeys` (`key_id`, `privkey2`) VALUES ('ee997ac50e5495874de5c08891bc2015','CMX00638ba03e27cb86fcc2ceb3c7e5a4242526d7ccc24bcdf3f2ec4dd76195f96d7844fcf20e546085fb3e41564335edfdf33ce925e1a178e3432228cf82fcc4b1292d6b57c247fbeb4eb45cf64736886808aefd6f343584e89b6355e5ce96cf335e9693a12eeeeec3c81ed85922f05a7aa5e8788a700b0b21fd1c409fe5d664a99414d6dbd1ad6d12e66ff4c84a22f82b3b8442328e6de4a5db4a830b8885d46c2a790cfc71296c8aaf35ae16a4ba0d139b9e7641f3dd7eb4c6c0bdf72dabbce399d7bcd4d7d7a3ccc190f76ba03567a33071a989cc0bc2eeea9b10823d92fae8e69c86e1d9a4f1c524c35f50111f501a1939d4533c07ea4270bdb07d09367440bcfb7a93f7c2db7aaa868e819557870703f259e6846cfddf18b1aedeea66f3aa17c26ebc16f8dcf4e05df740949fbef87adb7e7993f8abc4d119bfe09568f59195461e96dc0538d53923287e968aedf4dd3ab48628d29a26fefd7e3416a74d3157a68128173725a37c40dbcf52b0c95d5a92a69733d3bd75e909cc42687e7c1af579289ea12942b4223fc06e13cfa270fb241107e3320e6f914bc78e1fba92ebd7debbef0603ab1743fc8e88d0a6b5d41421e83f922bad45fa95a7b010ac7c276f8bdf31404869e1fdcb87b862cccdf5106f43da3ae285e8f600773a95b72b5c1aa3ceb9adbc4a6e330110fbf5ce7f83db65190d124d1a3a84edc2cb663f2e83014a645757f13bd68210d4ba8a065a3b99d327e1979ff714a75a8cd4a5fdef102673682a15afe58c1deacef289fe45d2d0d7604afcf1013d471b68af8820730b35b57cf4eb4f4e931a43a6a50c3c500a0d285c88a786414ea3703c0f51fd6d4f1899c08631b79971c068a5fdc187255e4247de3d4abe3937f2c48e97ef0628bf5493c78a9dabfb524ba32492915c9672c853e4f6dec863d1e40b68b839c7d2d1f109f39a5e4ded4bc927a72c4f1b7190e9ddf7ed1ed000c22377889acfa540c0c8c40d88168dc79ad7ebe39878b66e8ad4d8cb95b7c3a5f4d8f11e9bff958121377d02027cd4f7cdfc8413c375ab2dd978ccfc680e33f877e91e49da7c82e312f98363f30122a2ca11d75a5875feefe37d74e050229a8f509a8b872f447aa3cf5d9e174210376af2b7008b605004e3f1fc3f2f9272676090f0b55ea142153e661a082feaa49500009146c6fb70e31fcd7abfcfd5ccb0f95ab53fe19efaa4ecf09da455c28847dd4618eee41911eb23966438f4e44ef99b238558d321ba519c54533a6cf532ae45895d3c86798302dc4101b49fd7e97ef08c28b3b2d237a86b8951c4dbdc350f4ef77063d34b7d6e2e083c80ebcb62d8d6f5e914d4d78a3da378c4e04d8f6eb5ec27070d8135b5f06602af8478159cd4fade5e9a7cd61d720c2e0283a1c09ffc6b26359db15b0441682c53c66fe31ea16d430af012a9281da6e1e658d3f3f2b89b1b5704abd28f213fa97ccf8641bdbb1f8f98f506db60b1c180b48e76e0968d606c6a6dee880ea59b59a487dbc96e33d8b85e0f00faf941ba1a098e6978');

--
-- Table structure for table `xpay_cardinal_settings`
--

CREATE TABLE `xpay_cardinal_settings` (
  `name` char(64) NOT NULL DEFAULT '',
  `value` text NOT NULL,
  PRIMARY KEY (`name`)
) ENGINE=InnoDB DEFAULT CHARSET=utf8;

--
-- Dumping data for table `xpay_cardinal_settings`
--

INSERT INTO `xpay_cardinal_settings` (`name`, `value`) VALUES ('api_identifier','5caf35d7c11b9205586aed13'),('api_key','0fc36950-fca4-42c5-a729-47f1b9da31f3'),('merchant_id','xcart3ds2'),('mode','test'),('org_unit_id','5cad327b6fe3d10dfc3af7d0'),('password','12345678'),('processor_id','482'),('status','N'),('transaction_url','https://centineltest.cardinalcommerce.com/maps/txns.asp');

--
-- Table structure for table `xpay_codebook_active_keys`
--

CREATE TABLE `xpay_codebook_active_keys` (
  `key_id` int(7) NOT NULL,
  `created` int(11) NOT NULL DEFAULT '0',
  PRIMARY KEY (`key_id`)
) ENGINE=InnoDB DEFAULT CHARSET=utf8;

--
-- Dumping data for table `xpay_codebook_active_keys`
--

INSERT INTO `xpay_codebook_active_keys` (`key_id`, `created`) VALUES (166598,1637124333),(187230,1637124333),(1006021,1637124333),(1372378,1637124333),(1658462,1637124333),(1709232,1637124333),(2218031,1637124333),(2340048,1637124333),(2647124,1637124333),(2863391,1637124333),(3301589,1637124333),(3917541,1637124333),(4115740,1637124333),(4262443,1637124333),(4408335,1637124333),(4528241,1637124333),(4613846,1637124333),(4668705,1637124333),(5446407,1637124333),(5554361,1637124333),(5778225,1637124333),(5983523,1637124333),(6523808,1637124333),(6669510,1637124333),(6724719,1637124333),(7980079,1637124333),(8316191,1637124333),(8656850,1637124333),(9723903,1637124333),(9966440,1637124333);

--
-- Table structure for table `xpay_config`
--

CREATE TABLE `xpay_config` (
  `name` char(64) NOT NULL,
  `value` text NOT NULL,
  PRIMARY KEY (`name`)
) ENGINE=InnoDB DEFAULT CHARSET=utf8;

--
-- Dumping data for table `xpay_config`
--

INSERT INTO `xpay_config` (`name`, `value`) VALUES ('api_key','xoUs1yTcrZczDIghoPsT5DKT1h7ryKyb'),('ap_merchant_id','7dd365e55681b2ce708f2e30'),('ap_paypal_merchant_id','HSY4FM3XADWC8'),('ask_cardholder_name','Y'),('callback_api_version','4.7'),('enable_fraud_prevention','N'),('first_operation','1637124433'),('installation_date','1637124332'),('keys_generated','1637124333'),('last_cron_execution','1697051217'),('notification_days','3'),('public_cache_id','447005'),('rebill_attempts','3'),('rebill_attempt_period','1'),('save_card_checked','N'),('secret_key','QWmMxzHqpPaLa0mqbSKel6K4Z8PXtYt7'),('show_nofraud_ad','Y'),('show_quick_start','Y'),('template','legacy'),('template_dark','default'),('timezone','-0'),('tokenization_enabled','Y'),('tokenize_card_amount','1'),('tracking_id','7dd365e55681b2ce708f2e30'),('twilio_from',''),('twilio_sid',''),('twilio_token',''),('use_cloudflare_ip','N'),('widget_key','Z0atDVEwVwZCcT2dT4V9S96j5OuOHwP8');

--
-- Table structure for table `xpay_countries`
--

CREATE TABLE `xpay_countries` (
  `code` char(2) NOT NULL DEFAULT '',
  `code_a3` char(3) NOT NULL DEFAULT '',
  `code_n3` int(4) NOT NULL DEFAULT '0',
  `country` varchar(255) NOT NULL DEFAULT '',
  PRIMARY KEY (`code`),
  UNIQUE KEY `code_a3` (`code_a3`)
) ENGINE=InnoDB DEFAULT CHARSET=utf8;

--
-- Dumping data for table `xpay_countries`
--

INSERT INTO `xpay_countries` (`code`, `code_a3`, `code_n3`, `country`) VALUES ('AD','AND',20,'Andorra'),('AE','ARE',784,'United Arab Emirates'),('AF','AFG',4,'Afghanistan'),('AG','ATG',28,'Antigua and Barbuda'),('AI','AIA',660,'Anguilla'),('AL','ALB',8,'Albania'),('AM','ARM',51,'Armenia'),('AN','ANT',530,'Netherlands Antilles'),('AO','AGO',24,'Angola'),('AQ','ATA',10,'Antarctica'),('AR','ARG',32,'Argentina'),('AS','ASM',16,'American Samoa'),('AT','AUT',40,'Austria'),('AU','AUS',36,'Australia'),('AW','ABW',533,'Aruba'),('AX','ALA',248,'Aland Islands'),('AZ','AZE',31,'Azerbaijan'),('BA','BIH',70,'Bosnia and Herzegovina'),('BB','BRB',52,'Barbados'),('BD','BGD',50,'Bangladesh'),('BE','BEL',56,'Belgium'),('BF','BFA',854,'Burkina Faso'),('BG','BGR',100,'Bulgaria'),('BH','BHR',48,'Bahrain'),('BI','BDI',108,'Burundi'),('BJ','BEN',204,'Benin'),('BL','BLM',652,'St. Barthelemy'),('BM','BMU',60,'Bermuda'),('BN','BRN',96,'Brunei Darussalam'),('BO','BOL',68,'Bolivia'),('BR','BRA',76,'Brazil'),('BS','BHS',44,'Bahamas'),('BT','BTN',64,'Bhutan'),('BV','BVT',74,'Bouvet Island'),('BW','BWA',72,'Botswana'),('BY','BLR',112,'Belarus'),('BZ','BLZ',84,'Belize'),('CA','CAN',124,'Canada'),('CC','CCK',166,'Cocos (Keeling) Islands'),('CD','COD',180,'Democratic Republic of the Congo'),('CF','CAF',140,'Central African Republic'),('CG','COG',178,'Congo'),('CH','CHE',756,'Switzerland'),('CI','CIV',384,'Cote D\'ivoire'),('CK','COK',184,'Cook Islands'),('CL','CHL',152,'Chile'),('CM','CMR',120,'Cameroon'),('CN','CHN',156,'China'),('CO','COL',170,'Colombia'),('CR','CRI',188,'Costa Rica'),('CU','CUB',192,'Cuba'),('CV','CPV',132,'Cape Verde'),('CX','CXR',162,'Christmas Island'),('CY','CYP',196,'Cyprus'),('CZ','CZE',203,'Czech Republic'),('DE','DEU',276,'Germany'),('DJ','DJI',262,'Djibouti'),('DK','DNK',208,'Denmark'),('DM','DMA',212,'Dominica'),('DO','DOM',214,'Dominican Republic'),('DZ','DZA',12,'Algeria'),('EC','ECU',218,'Ecuador'),('EE','EST',233,'Estonia'),('EG','EGY',818,'Egypt'),('EH','ESH',732,'Western Sahara'),('ER','ERI',232,'Eritrea'),('ES','ESP',724,'Spain'),('ET','ETH',231,'Ethiopia'),('FI','FIN',246,'Finland'),('FJ','FJI',242,'Fiji'),('FK','FLK',238,'Falkland Islands (Malvinas)'),('FM','FSM',583,'Micronesia'),('FO','FRO',234,'Faroe Islands'),('FR','FRA',250,'France'),('GA','GAB',266,'Gabon'),('GB','GBR',826,'United Kingdom (Great Britain)'),('GD','GRD',308,'Grenada'),('GE','GEO',268,'Georgia'),('GF','GUF',254,'French Guiana'),('GG','GGY',831,'Guernsey'),('GH','GHA',288,'Ghana'),('GI','GIB',292,'Gibraltar'),('GL','GRL',304,'Greenland'),('GM','GMB',270,'Gambia'),('GN','GIN',324,'Guinea'),('GP','GLP',312,'Guadeloupe'),('GQ','GNQ',226,'Equatorial Guinea'),('GR','GRC',300,'Greece'),('GS','SGS',239,'South Georgia and the South Sandwich Islands'),('GT','GTM',320,'Guatemala'),('GU','GUM',316,'Guam'),('GW','GNB',624,'Guinea-Bissau'),('GY','GUY',328,'Guyana'),('HK','HKG',344,'Hong Kong'),('HM','HMD',334,'Heard and McDonald Islands'),('HN','HND',340,'Honduras'),('HR','HRV',191,'Croatia'),('HT','HTI',332,'Haiti'),('HU','HUN',348,'Hungary'),('ID','IDN',360,'Indonesia'),('IE','IRL',372,'Ireland'),('IL','ISR',376,'Israel'),('IM','IMN',833,'Isle of Man'),('IN','IND',356,'India'),('IO','IOT',86,'British Indian Ocean Territory'),('IQ','IRQ',368,'Iraq'),('IR','IRN',364,'Islamic Republic of Iran'),('IS','ISL',352,'Iceland'),('IT','ITA',380,'Italy'),('JE','JEY',832,'Jersey'),('JM','JAM',388,'Jamaica'),('JO','JOR',400,'Jordan'),('JP','JPN',392,'Japan'),('KE','KEN',404,'Kenya'),('KG','KGZ',417,'Kyrgyzstan'),('KH','KHM',116,'Cambodia'),('KI','KIR',296,'Kiribati'),('KM','COM',174,'Comoros'),('KN','KNA',659,'St. Kitts and Nevis'),('KP','PRK',408,'Korea'),('KR','KOR',410,'Korea, Republic of'),('KW','KWT',414,'Kuwait'),('KY','CYM',136,'Cayman Islands'),('KZ','KAZ',398,'Kazakhstan'),('LA','LAO',418,'Laos'),('LB','LBN',422,'Lebanon'),('LC','LCA',662,'St. Lucia'),('LI','LIE',438,'Liechtenstein'),('LK','LKA',144,'Sri Lanka'),('LR','LBR',430,'Liberia'),('LS','LSO',426,'Lesotho'),('LT','LTU',440,'Lithuania'),('LU','LUX',442,'Luxembourg'),('LV','LVA',428,'Latvia'),('LY','LBY',434,'Libyan Arab Jamahiriya'),('MA','MAR',504,'Morocco'),('MC','MCO',492,'Monaco'),('MD','MDA',498,'Moldova, Republic of'),('ME','MNE',499,'Montenegro'),('MF','MAF',663,'St. Martin'),('MG','MDG',450,'Madagascar'),('MH','MHL',584,'Marshall Islands'),('MK','MKD',807,'Macedonia'),('ML','MLI',466,'Mali'),('MM','MMR',104,'Myanmar'),('MN','MNG',496,'Mongolia'),('MO','MAC',446,'Macau'),('MP','MNP',580,'Northern Mariana Islands'),('MQ','MTQ',474,'Martinique'),('MR','MRT',478,'Mauritania'),('MS','MSR',500,'Montserrat'),('MT','MLT',470,'Malta'),('MU','MUS',480,'Mauritius'),('MV','MDV',462,'Maldives'),('MW','MWI',454,'Malawi'),('MX','MEX',484,'Mexico'),('MY','MYS',458,'Malaysia'),('MZ','MOZ',508,'Mozambique'),('NA','NAM',516,'Namibia'),('NC','NCL',540,'New Caledonia'),('NE','NER',562,'Niger'),('NF','NFK',574,'Norfolk Island'),('NG','NGA',566,'Nigeria'),('NI','NIC',558,'Nicaragua'),('NL','NLD',528,'Netherlands'),('NO','NOR',578,'Norway'),('NP','NPL',524,'Nepal'),('NR','NRU',520,'Nauru'),('NU','NIU',570,'Niue'),('NZ','NZL',554,'New Zealand'),('OM','OMN',512,'Oman'),('PA','PAN',591,'Panama'),('PE','PER',604,'Peru'),('PF','PYF',258,'French Polynesia'),('PG','PNG',598,'Papua New Guinea'),('PH','PHL',608,'Philippines'),('PK','PAK',586,'Pakistan'),('PL','POL',616,'Poland'),('PM','SPM',666,'St. Pierre and Miquelon'),('PN','PCN',612,'Pitcairn'),('PR','PRI',630,'Puerto Rico'),('PS','PSE',275,'Palestinian Territory'),('PT','PRT',620,'Portugal'),('PW','PLW',585,'Palau'),('PY','PRY',600,'Paraguay'),('QA','QAT',634,'Qatar'),('RE','REU',638,'Reunion'),('RO','ROU',642,'Romania'),('RS','SRB',688,'Serbia'),('RU','RUS',643,'Russian Federation'),('RW','RWA',646,'Rwanda'),('SA','SAU',682,'Saudi Arabia'),('SB','SLB',90,'Solomon Islands'),('SC','SYC',690,'Seychelles'),('SD','SDN',736,'Sudan'),('SE','SWE',752,'Sweden'),('SG','SGP',702,'Singapore'),('SH','SHN',654,'St. Helena'),('SI','SVN',705,'Slovenia'),('SJ','SJM',744,'Svalbard and Jan Mayen Islands'),('SK','SVK',703,'Slovakia'),('SL','SLE',694,'Sierra Leone'),('SM','SMR',674,'San Marino'),('SN','SEN',686,'Senegal'),('SO','SOM',706,'Somalia'),('SR','SUR',740,'Suriname'),('ST','STP',678,'Sao Tome and Principe'),('SV','SLV',222,'El Salvador'),('SY','SYR',760,'Syrian Arab Republic'),('SZ','SWZ',748,'Swaziland'),('TC','TCA',796,'Turks and Caicos Islands'),('TD','TCD',148,'Chad'),('TF','ATF',260,'French Southern Territories'),('TG','TGO',768,'Togo'),('TH','THA',764,'Thailand'),('TJ','TJK',762,'Tajikistan'),('TK','TKL',772,'Tokelau'),('TL','TLS',626,'Timor-Leste'),('TM','TKM',795,'Turkmenistan'),('TN','TUN',788,'Tunisia'),('TO','TON',776,'Tonga'),('TR','TUR',792,'Turkey'),('TT','TTO',780,'Trinidad and Tobago'),('TV','TUV',798,'Tuvalu'),('TW','TWN',158,'Taiwan'),('TZ','TZA',834,'Tanzania, United Republic of'),('UA','UKR',804,'Ukraine'),('UG','UGA',800,'Uganda'),('UM','UMI',581,'United States Minor Outlying Islands'),('US','USA',840,'United States'),('UY','URY',858,'Uruguay'),('UZ','UZB',860,'Uzbekistan'),('VA','VAT',336,'Vatican City State'),('VC','VCT',670,'St. Vincent and the Grenadines'),('VE','VEN',862,'Venezuela'),('VG','VGB',92,'British Virgin Islands'),('VI','VIR',850,'United States Virgin Islands'),('VN','VNM',704,'Vietnam'),('VU','VUT',548,'Vanuatu'),('WF','WLF',876,'Wallis And Futuna Islands'),('WS','WSM',882,'Samoa'),('YE','YEM',887,'Yemen'),('YT','MYT',175,'Mayotte'),('ZA','ZAF',710,'South Africa'),('ZM','ZMB',894,'Zambia'),('ZW','ZWE',716,'Zimbabwe');

--
-- Table structure for table `xpay_currencies`
--

CREATE TABLE `xpay_currencies` (
  `code` char(3) NOT NULL DEFAULT '',
  `id` int(5) NOT NULL DEFAULT '0',
  `name` varchar(128) NOT NULL DEFAULT '',
  `symbol` varchar(8) NOT NULL DEFAULT '',
  `mantissa` int(1) NOT NULL DEFAULT '2',
  PRIMARY KEY (`code`),
  UNIQUE KEY `id` (`id`)
) ENGINE=InnoDB DEFAULT CHARSET=utf8;

--
-- Dumping data for table `xpay_currencies`
--

INSERT INTO `xpay_currencies` (`code`, `id`, `name`, `symbol`, `mantissa`) VALUES ('ADP',20,'Andorran Pesseta','',2),('AED',784,'UAE Dirtham','',2),('AFA',4,'Afghani','',2),('ALL',8,'Lek','',2),('AMD',51,'Armenian Dram','',0),('ANG',532,'Netherlands Antillian Guilder','',2),('AON',24,'Kwanza','',2),('ARS',32,'Argentine Peso','',2),('ATS',40,'Austrian Shilling','',2),('AUD',36,'Australian Dollar','',2),('AWG',533,'Aruban Guilder','',2),('AZM',31,'Azerbaijanian Manat','',2),('BAM',977,'Convertible Marks','',2),('BBD',52,'Barbados Dollar','',2),('BDT',50,'Bangladesh Taka','',2),('BEF',56,'Belgium Franc','',2),('BGN',975,'Bulgarian Lev','',2),('BHD',48,'Bahraini dinar','',3),('BIF',108,'Burundi Franc','',0),('BMD',60,'Bermudian Dollar','',2),('BND',96,'Brunei Dollar','',2),('BOB',68,'Boliviano','',2),('BRL',986,'Brazilian Real','',2),('BSD',44,'Bahamian dollar','',2),('BTN',64,'Ngultrum','',2),('BWP',72,'Botswana Pula','',2),('BYR',974,'Belarussian Rouble','',0),('BZD',84,'Belize Dollar','',2),('CAD',124,'Canadian Dollar','',2),('CDF',976,'Franc Congolais','',2),('CHE',947,'WIR Euro','',2),('CHF',756,'Swiss Franc','',2),('CLP',152,'Chilean Peso','',0),('CNY',156,'Chinese Renminbi Yuan','',1),('COP',170,'Colombian Peso','',0),('CRC',188,'Cost Rican Colon','',2),('CUP',192,'Cuban Peso','',2),('CVE',132,'Cape Verde Escudo','',2),('CYP',196,'Cypprus Pound','',2),('CZK',203,'Czech Koruna','',2),('DEM',276,'Deutsche Mark','',2),('DJF',262,'Djibouti Franc','',0),('DKK',208,'Danish Krone','',2),('DOP',214,'Dominican Peso','',2),('DZD',12,'Algerian Dinar','',2),('EEK',233,'Kroon','',2),('EGP',818,'Egyptian Pound','',2),('ERN',232,'Nakfa','',2),('ETB',230,'Ethiopian Birr','',2),('EUR',978,'EURO','€',2),('FIM',246,'Finnish Markka','',2),('FJD',242,'Fiji Dollar','',2),('FKP',238,'Falkland Islands Pound','',2),('FRF',250,'French Franc','',2),('GBP',826,'Pound Sterling','£',2),('GEL',981,'Lari','',2),('GHC',288,'Ghana Cedi','',2),('GIP',292,'Gilbraltar Pound','',2),('GMD',270,'Dalasi','',2),('GNF',324,'Guinea Franc','',0),('GTQ',320,'Quetzal','',2),('GWP',624,'Guinea-Bissau Peso','',2),('GYD',328,'Guyana Dollar','',2),('HKD',344,'Hong Kong Dollar','',2),('HNL',340,'Lempira','',2),('HRK',191,'Croatian Kuna','',2),('HTG',332,'Gourde','',2),('HUF',348,'Hungary Forint','',2),('IDR',360,'Indonesian Rupiah','',0),('IEP',372,'Irish Punt','',2),('ILS',376,'New Israeli Sheqel','',2),('INR',356,'Indian Ruppe','',2),('IQD',368,'Iraqi Dinar','',0),('IRR',364,'Iranian Rial','',0),('ISK',352,'Iceland Krona','',0),('ITL',380,'Italian Lira','',2),('JMD',388,'Jamaican Dollar','',2),('JOD',400,'Jordanian Dinar','',3),('JPY',392,'Japanese Yen','¥',0),('KES',404,'Kenyan Shilling','',2),('KGS',417,'Son','',2),('KHR',116,'Cambodian riel','',2),('KMF',174,'Comoro Franc','',0),('KPW',408,'North Korean Won','',0),('KRW',410,'South Korean Won','',0),('KWD',414,'Kuwaiti Dinar','',3),('KYD',136,'Cayman Islands Dollar','',2),('KZT',398,'Tenge','',2),('LAK',418,'Kip','',0),('LBP',422,'Lebanese Pound','',0),('LKR',144,'Sri Lanka Rupee','',2),('LRD',430,'Liberian Dollar','',2),('LSL',426,'Loti','',2),('LTL',440,'Lithuanian Litus','',2),('LUF',442,'Luxembourg Franc','',2),('LVL',428,'Latvian Lats','',2),('LYD',434,'Libyan Dinar','',3),('MAD',504,'Moroccan Dirtham','',2),('MDL',498,'Moldovan Leu','',2),('MGF',450,'Malagasy Franc','',2),('MKD',807,'Denar','',2),('MMK',104,'Kyat','',0),('MNT',496,'Tugrik','',2),('MOP',446,'Pataca','',1),('MRO',478,'Ouguiya','',0),('MTL',470,'Maltese Lira','',2),('MUR',480,'Mauritius Rupee','',2),('MVR',462,'Rufiyaa','',2),('MWK',454,'Malawian kwacha','',2),('MXN',484,'Mexican Peso','',2),('MYR',458,'Malaysian Ringgit','',2),('MZM',508,'Mozambique Metical','',2),('NAD',516,'Namibia Dollar','',2),('NGN',566,'Naira','',2),('NIO',558,'Cordoba Oro','',2),('NLG',528,'Dutch Guilder','',2),('NOK',578,'Norwegian Krone','',2),('NPR',524,'Nepalese Rupee','',2),('NZD',554,'New Zealand Dollar','',2),('OMR',512,'Rial Omani','',3),('PAB',590,'Balboa','',2),('PEN',604,'Nuevo Sol','',2),('PGK',598,'Kina','',2),('PHP',608,'Philippine Peso','',2),('PKR',586,'Pakistan Rupee','',2),('PLN',985,'Polish Zloty','',2),('PTE',620,'Portuguese Escudo','',2),('PYG',600,'Guarani','',0),('QAR',634,'Qatari Rial','',2),('RON',946,'Leu','',2),('RSD',941,'Serbian Dinar','',2),('RUB',643,'Russian Ruble','',2),('RWF',646,'Rwanda Franc','',0),('SAR',682,'Saudi Riyal','',2),('SBD',90,'Solomon Islands Dollar','',2),('SCR',690,'Seychelles Rupee','',2),('SDG',938,'Sudanese Pound','',2),('SEK',752,'Swedish Krona','',2),('SGD',702,'Singapore Dollar','',2),('SHP',654,'Saint Helena Pound','',2),('SIT',705,'Tolar','',2),('SKK',703,'Slovak Koruna','',2),('SLL',694,'Leone','',0),('SOS',706,'Somali Shilling','',2),('SRG',740,'Suriname Guilder','',2),('STD',678,'Dobra','',0),('SVC',222,'El Salvador Colon','',2),('SYP',760,'Syrian Pound','',2),('SZL',748,'Lilangeni','',2),('THB',764,'Thailand Baht','',2),('TJS',972,'Somoni','',2),('TMM',795,'Manat','',2),('TND',788,'Tunisian Dinar','',3),('TOP',776,'Pa\'anga','',2),('TPE',626,'Timor Escudo','',2),('TRY',949,'Turkish Lira','',2),('TTD',780,'Trinidad and Tobago Dollar','',2),('TWD',901,'New Taiwan Dollar','',1),('TZS',834,'Tanzanian Shilling','',2),('UAH',980,'Hryvnia','',2),('UGX',800,'Uganda Shilling','',0),('USD',840,'US Dollar','$',2),('UYU',858,'Peso Uruguayo','',2),('UZS',860,'Uzbekistan som','',2),('VEF',937,'Venezuelan bolivar','',2),('VND',704,'Vietnamese Dong','',0),('VUV',548,'Vatu','',0),('WST',882,'Tala','',2),('XAF',950,'CFA Franc BEAC','',0),('XCD',951,'East Caribbean Dollar','',2),('XOF',952,'CFA Franc BCEAO','',0),('XPF',953,'CFP Franc','',0),('YER',886,'Yemeni Rial','',0),('YUM',891,'Yugoslavian Dinar','',2),('ZAR',710,'South Africa Rand','',2),('ZMK',894,'Zambian kwacha','',0),('ZWD',716,'Zimbabwe Dollar','',2);

--
-- Table structure for table `xpay_customer_cards`
--

CREATE TABLE `xpay_customer_cards` (
  `card_id` char(10) CHARACTER SET utf8 COLLATE utf8_bin NOT NULL,
  `customer_id` int(11) NOT NULL DEFAULT '0',
  `payment_id` int(11) NOT NULL DEFAULT '0',
  `is_default` char(1) NOT NULL DEFAULT 'N',
  PRIMARY KEY (`card_id`),
  UNIQUE KEY `customer_payment` (`customer_id`,`payment_id`),
  KEY `customer_id` (`customer_id`),
  CONSTRAINT `xpay_customer_cards_ibfk` FOREIGN KEY (`customer_id`) REFERENCES `xpay_customers` (`customer_id`) ON DELETE CASCADE ON UPDATE CASCADE
) ENGINE=InnoDB DEFAULT CHARSET=utf8;

--
-- Dumping data for table `xpay_customer_cards`
--

INSERT INTO `xpay_customer_cards` (`card_id`, `customer_id`, `payment_id`, `is_default`) VALUES ('1YcZKip5ip',154,773,'N'),('3aFLA9hLZW',1,20,'Y'),('4KuapXfm0p',14,83,'N'),('5TL04t2SIF',220,1114,'N'),('5kgZf9bhNn',11,74,'Y'),('5zfmNBduti',220,1126,'Y'),('6PNwviPtLr',2,29,'N'),('7JbKQXb7Hm',29,114,'N'),('7XEPMrAB6e',181,986,'N'),('7cDn6DvoxI',126,708,'Y'),('7pSMUYuKha',29,112,'N'),('7yBdnFz08R',122,410,'Y'),('8PZ7fLAE04',2,39,'N'),('8o83IkxSPH',29,130,'Y'),('9R2xtT4haU',155,777,'Y'),('9wfYm0PK5I',169,864,'N'),('A3Dvq50J42',143,737,'Y'),('A9fNmGtso1',1,1,'N'),('AjzLuBsoV0',118,397,'N'),('BEZ2xILYvI',123,424,'Y'),('BddVc0BdlC',181,987,'Y'),('CUFAHUh5lG',3,44,'N'),('Ch5TgD1k1z',211,1059,'Y'),('ESxz5MJlYu',219,1098,'Y'),('I0NVSMD1dG',151,768,'N'),('JMKkynz986',216,1082,'N'),('Jh4HuzL0K2',120,403,'Y'),('JjZwjwGEbc',150,767,'N'),('LfB9Zhmr3m',214,1068,'N'),('M34twZ4KYb',1,17,'N'),('MAr9vzvY0h',14,85,'Y'),('MP4qw4YJzC',3,53,'Y'),('Mbbfq4kcfH',220,1118,'N'),('MjBEGaI57V',125,701,'N'),('NY9Ctab6Ik',216,1081,'N'),('ONEUBNnDSD',1,15,'N'),('OUSvpiUGyW',221,1130,'Y'),('PD383LGoEQ',214,1073,'Y'),('PlV4RquNw6',180,981,'Y'),('Qns8z5DNJi',150,769,'Y'),('QvLUmAqGI1',118,394,'N'),('S1vSMA74TV',226,1147,'N'),('T6sMhILxkH',2,38,'N'),('U7wwNuw3rS',2,35,'N'),('UJQlYAKq4Z',203,1030,'N'),('UmndClJkqf',146,742,'Y'),('UnKXnHkLhC',174,968,'Y'),('UuPoNoM4iI',216,1084,'N'),('V9su1vb5uF',1,11,'N'),('Vjtnr4JCxZ',2,41,'Y'),('WBfGxDldDG',216,1085,'Y'),('XafBrnFcE2',2,40,'N'),('YvcW5mgVfh',220,1122,'N'),('ZhPqf5VZ7Q',212,1077,'Y'),('a7S2dxYhaV',169,865,'N'),('bGBgLBcln5',2,36,'N'),('bHCPojqMht',121,423,'Y'),('bHp1VyahG0',202,1027,'Y'),('boZ4pMQzhS',125,702,'Y'),('dFHgoKNoqb',29,126,'N'),('ex8dwXgUPf',3,49,'N'),('fLuBJvMNoN',181,985,'N'),('gXo1469zWk',29,128,'N'),('gjblADDVfk',199,1019,'Y'),('grup5um8To',174,967,'N'),('hAMl8xQFMB',226,1157,'Y'),('hInaLPXfCG',29,127,'N'),('hq9HmV1Mwa',212,1075,'N'),('hs7QXNSEnO',172,905,'Y'),('ildHmHOCGY',29,115,'N'),('jniISyWrQ6',154,774,'Y'),('kCls7MDXSL',217,1088,'Y'),('mJZty0wMEa',118,377,'Y'),('mgPqJv2mf8',29,111,'N'),('muwASsUg9A',198,1018,'Y'),('n8nePPxnjN',8,65,'Y'),('o3dUHktUXz',203,1032,'Y'),('pHwpZ2xldo',148,763,'N'),('pM64mdRqtM',15,87,'Y'),('pu6iQe7e0q',214,1069,'N'),('qQ2kbFBfsw',2,34,'N'),('qhsJXGlecY',145,739,'Y'),('rvxHGP3FLN',1,2,'N'),('sIq6nzuC4a',142,736,'Y'),('sQAjhuoS4E',29,117,'N'),('ulxI7m0Ecz',2,28,'N'),('v4OOtcmjzs',214,1071,'N'),('wTtuPtn6dk',144,738,'Y'),('wdyGR15Som',29,116,'N'),('xUJMbr1gb6',197,1017,'Y'),('xWQX70sYV7',29,129,'N'),('xw7fN33nPd',151,770,'Y'),('zCwHC6lKV7',16,90,'Y'),('zu5CNpMWnf',147,743,'Y');

--
-- Table structure for table `xpay_customers`
--

CREATE TABLE `xpay_customers` (
  `customer_id` int(11) NOT NULL AUTO_INCREMENT,
  `public_id` char(32) CHARACTER SET utf8 COLLATE utf8_bin NOT NULL DEFAULT '',
  `login` varchar(255) NOT NULL DEFAULT '',
  PRIMARY KEY (`customer_id`),
  UNIQUE KEY `public_id` (`public_id`)
) ENGINE=InnoDB AUTO_INCREMENT=230 DEFAULT CHARSET=utf8;

--
-- Dumping data for table `xpay_customers`
--

INSERT INTO `xpay_customers` (`customer_id`, `public_id`, `login`) VALUES (1,'I75SyvnycPQpOs7b7p9lcO3ZnbzewCRX','admin@example.com (User ID #7)'),(2,'RVcW1V2VrCoU90j5LERXGp6I8v5ZjJe0','admin@example.com (User ID #7)'),(3,'G1ZcQeKvnhw2DkQck9ACoQg4j0rIXxBG','admin@example.com (User ID #7)'),(4,'36yqcTfF1iKDMLD0Nmt2phzciZ5eYPn3','Givi@x-cart.com (User ID #9)'),(5,'Fd1Z9nKsXilvHGpBZtFOirAeTRvPerQq','test@example.com (User ID #11)'),(6,'FPxZoRN4fp3pwZQs3ZUugj4KqFwuSjao','test@example.com (User ID #13)'),(7,'7HyhywqfpHwanpYAwuQcSGXBQtp5O128','Testst@example.com (User ID #14)'),(8,'XfEdE4vsS8ciZetYR1f3VFnKg3rRbagE','admin@example.com (User ID #7)'),(9,'I0MrUTYrzY5NF5hSmY3L7vhvri4wtsuO','admin@example.com (User ID #7)'),(10,'5GuGjXYSnmMSR2CxP5CLDwSsA5mEgug7','givi+3@x-cart.com (User ID #8)'),(11,'Feoe1gtqoKSrvaQsiTSL6O58Yo3QmUuo','admin@example.com (User ID #7)'),(12,'MlX1a5Vbr1gjiOTV49t1vfeWdct52zJb','admin@example.com (User ID #7)'),(13,'PFncIqznN7cu1R4pwsrpJKFETwcEPhsV','admin@example.com (User ID #7)'),(14,'I7gDsnJN2y6xLTNf2FEI66yqeuX6K0FX','admin@example.com (User ID #7)'),(15,'kvwBkFnbtsLlLNRKlvuQRDCcvTDleUM9','admin@example.com (User ID #7)'),(16,'7HxBomKL6xzKQukfO4RlkRrBFjIubk9i','admin@example.com (User ID #7)'),(17,'ROo7RGKn9YLhBh3YBzQu64zIfAPgfjHt','admin@example.com (User ID #7)'),(18,'oIK4GXKORfMxG79vJYEgY8e62USn1xn9','ipgivi@gmail.com (User ID #8)'),(19,'l0kuDDvY7cseyJ84MoOhEtQJDY3Dv9OQ','admin@example.com (User ID #7)'),(20,'JSalVNb03pSVeROxQdGijL6TXM7Mp3oC','test@example.com (User ID #8)'),(21,'pa6RBTRxVgNcP4qkfTOWxIKUtMcPmFx6','test@example.com (User ID #13)'),(22,'h2G2jj4SGotl5A7OnxLPuS1Ed1WG0bgp','givi@x-cart.com (User ID #15)'),(23,'SzAN7G2Z4j2lISM20SLaQYuak4hHBXM2','admin@example.com (User ID #7)'),(24,'q7dJv6bbk1Sf5ZayIjWtkKJnievsjbZd','admin@example.com (User ID #7)'),(25,'lGWXCSjCXhCl4wqtPoaGHbANw5nSxLRD','givi+1@x-cart.com (User ID #8)'),(26,'5kL8UeNEn23rIFaNSDrQ0ZBcpnVedxUs','givi+1@x-cart.com (User ID #10)'),(27,'mB6kTifL9KPCLQUblOv34AjKLfACsiJ3','givi+1@x-cart.com (User ID #11)'),(28,'QyKNXr5VI30EdeyQbTO0fPNxOrVjxf5n','admin@example.com (User ID #7)'),(29,'tFUZMbsHnDSgeYDaYk6Dw3bHhh7x0Ws7','givi+2@x-cart.com (User ID #16)'),(30,'sRjT5s3JqyGDQwsk3VxZLnnm88neEp0W','givi+1@x-cart.com (User ID #22)'),(31,'54fLWY5y7RAlezyxOvCA7MpcCW4h0Mls','givi+1@x-cart.com (User ID #23)'),(32,'hubuVLBdriSXT065juPbyvILjzMy2mRM','customer@example.com'),(33,'l70Ez4ajR2jTUZY6EKLsijLOQ0Zplepd','customer@example.com'),(34,'nSxEO8PRk9edxSd3xT2mLaZVzKSLmBpt','customer@example.com'),(35,'1F5L87QCeFrUb8E4LRBZyT02BiWJ2C2L','customer@example.com'),(36,'ESDYmbBRTrmeFByndZh2QzZaRRYvXKvi','customer@example.com'),(37,'WihAW86vg5dLBUzSIhuCRvkdwMVMFRtS','customer@example.com'),(38,'iQ7X1UKwiwyyQvbiEx7IXf7kMn4RN2Rp','customer@example.com'),(39,'7bA8fbGb5LBEgtPKkS53TzSTVITnehID','customer@example.com'),(40,'PwaJMro6YhIIUt0calKx0mlz5PXU4GLD','customer@example.com'),(41,'U7jcSz0l3jQX13cMxqJi9SDjqsU5nOlp','customer@example.com'),(42,'ylysOB4sTLqr288rdohpxq0iSWbjKeC4','customer@example.com'),(43,'wjtTTkIKXsVvo3xPkejJcMevLBfxLs5H','customer@example.com'),(44,'CG24zVelR6OV2kTXKW3u3yLI17REkVzw','customer@example.com'),(45,'sTdOpuin5A5zKwuetpJ5Y59yhy6EB8AE','customer@example.com'),(46,'BdUDk5qjWnvdLTn6MWzC6dV8chaHlGyC','customer@example.com'),(47,'eb61CJmLzluMTsF4ixxZGXVJU38SOYvq','customer@example.com'),(48,'MdQL60kuYrKkyXLzKkbPkqkJDRWX2yd2','customer@example.com'),(49,'c1PHsPe5Za7qnQb164ttvYcaztwgYYLv','customer@example.com'),(50,'FIvecxTAAYCDfHLvXFGShUqjbYczII7V','customer@example.com'),(51,'EoxnoXbuQtrlifSSO1TESVeoNUWbtVkK','customer@example.com'),(52,'qzCx7O7jRSIMAJJbvR30XPPPQi0DaDTJ','customer@example.com'),(53,'imIx2fZ1U914U0D8j7tsC9otGYV9nWdz','customer@example.com'),(54,'rOwXyh8c2Yk9ZecbufrW1LCCVTj7wkEl','customer@example.com'),(55,'2rq8RgCawrXPMsNIUitghccsGEc2NeWq','customer@example.com'),(56,'k6Z14JCQV7JRyw1qZeaCUHcAUjOXlyX3','customer@example.com'),(57,'hi8LUbMKcoVL8k7RQyI2DieuQ8vGzenx','customer@example.com'),(58,'2Wuj0MgKNwXoQRWuh87J1ZaPMO0siyuL','customer@example.com'),(59,'8dHPZDZRtcsjDPSIVOx5uyoSv24vTaJ0','customer@example.com'),(60,'whkKwz8zR8D7vmFt7yLcx3AlbDXvSaK8','customer@example.com'),(61,'cMV7xMzhxugBeo56Vk51A78fFLH3WIOL','customer@example.com'),(62,'kcrf0LVfVQEwSY7gTqTcMjnfUElygfZD','customer@example.com'),(63,'t77MqhIyD17QnAca64zyWrElpgmhFYAg','customer@example.com'),(64,'S7bpWBnT7gGIrxoWGrpisUVmRtpjgKgC','customer@example.com'),(65,'zilmhxsm6owTsFeDz1IJbbARQjllfW2a','customer@example.com'),(66,'Y6LIZD76pi61MSDVLCvsDspAMOeAagSY','customer@example.com'),(67,'rIYD1QpTtLbWCGVgbZ9vKZoj3CAuSmBk','customer@example.com'),(68,'892Mk4K0PgzmIlxPX5swiq9b2BYr3XYA','customer@example.com'),(69,'tVi2L8m4x8TyMn8ZMWxOkVy1e3rsh6pB','customer@example.com'),(70,'d8elLuPlGoV9AurlNXGVTrW8hMUIbH5c','customer@example.com'),(71,'M73NaHMb7Jevuobnn3zpEJwAOSSqCEXV','customer@example.com'),(72,'K311JAG20DWQdxa7DqbLrogQpbcG3pqB','customer@example.com'),(73,'7hzGKLK6HKDruWqG9tD1SNmab1W4vG8e','customer@example.com'),(74,'RvkGpm8xcNKDsRLaE7tJH79VQfsJ6leO','customer@example.com'),(75,'AMsLK3rsNbwenXwmCnrOWzYfBoCFR7MQ','customer@example.com'),(76,'5gzTVf04gJEk8KNVmZ9C5q9tZWmeLeJr','customer@example.com'),(77,'7GiRyZF3uFhIagdC32ZCcAUNYWgQ4Gy1','customer@example.com'),(78,'YpBEys6GsHN6YYVp1fezsioQyCWhMlRF','customer@example.com'),(79,'aCEevih27N8lz2NVY7woSoWL6fkXmmEN','customer@example.com'),(80,'yXx8OgHBytg06MXEIrgYYh6mBYu78NOr','customer@example.com'),(81,'HDf9MqHJwYlNroGj4JWk58l8M2ehDH7s','customer@example.com'),(82,'YGsUYfhIVoxv0HeIXWFrprdHR1EB15if','customer@example.com'),(83,'FGL3NG4K6kOvI3IhbeiIQ1AL2eV1yXiN','customer@example.com'),(84,'yCjHO853N6mqox7lVRekzMWfQnhy3kEZ','customer@example.com'),(85,'XUQn0GlJfk06wgnkbxUan8Qyu72djSWT','customer@example.com'),(86,'yXe4koXIBZjxXYIQT0f0ERTJ2bZF3xRB','customer@example.com'),(87,'gSj7MOxlYGcWdW8oEOS6e3vV8f7CyGpu','customer@example.com'),(88,'8nUxD61qU0KL4qfMaMdgwtPZcXuyoyVv','customer@example.com'),(89,'Sayjj1olVVjZW8XxDWECGIM7PvotFLvf','customer@example.com'),(90,'MmnjGx0FdTUqWSuRetKncuC4DRZJ01gi','customer@example.com'),(91,'jAZgnFXqwIkTyZ7qBZCTC1WWT8AAIttI','customer@example.com'),(92,'6YbXCLll14v49jLbNZCwIBH8M5LxEM6w','customer@example.com'),(93,'twwLwkLo6x8p2A8LmvR93am69GxYpgrv','admin@example.com (User ID #7)'),(94,'k3c3VPokN9cLXcnzTNhZkTrBfEqziwOa','joss@x-payments.com (User ID #12)'),(95,'ytQNP2lVlaF6wTjH38LaBwCyHw5PwICn','admin@example.com (User ID #8)'),(96,'M2mqHYYmxBLoT3UunqwfaXIqRlOXaSoa','admin@example.com (User ID #7)'),(97,'cXZYboOYv9EmfiENezLFMXIsi6KBKwfk','test@example.com (User ID #19)'),(98,'SpJzRwvq4WEhZoJBTbL2eem4PkBScjQO','admin@example.com (User ID #7)'),(99,'giE9JssR02d55W7za73fHHeBadMXfYJE','test@test.com (User ID #9)'),(100,'UA8XkmXxoyNcJwM2e7P2XnOvUDixLAUd','test@test.com (User ID #11)'),(101,'RrE4lgHcfKgZvNl3Ki8rxz1RzhHPxPoe','test@example.com (User ID #12)'),(102,'e5JcNIOJetpvX4PhlfbBwF8oN716QLX5','yakoff@x-cart.com (User ID #14)'),(103,'JleYFmVQgZ7DDBKv3dniir9joMyziVxS','test@example.com (User ID #14)'),(104,'0ObrBZwdsS2eZVZ3fRvUq6Ml9sTyvy9Z','Test@test.com (User ID #13)'),(105,'yh3DWVqj9D0w1KerqfIA4TZ0qfziuM1X','test_user@x-cart.com (User ID #15)'),(106,'7ZtRyNrE2tPNWigDHrShdpTkr6b54fq6','test@example.com (User ID #8)'),(107,'e0XHCfUzzie9TYP5UkAFvIBgeosG8uDn','Givi@x-cart.com (User ID #11)'),(108,'EqpjX8ekEf1vRBIvVYvsGCGropyz7ycW','yakoff@x-cart.com (User ID #108756)'),(109,'rZXwgG6qahuzsHgaR8ums8jplK1EjsHN','yakoff@x-cart.com (User ID #108758)'),(110,'Ktfr8XKTB1oQezj3YeAoaUmgrBN9YYQF','yakoff@x-cart.com (User ID #108759)'),(111,'zaHCoTLKrJ8Y1eWS2Tcd9Z3GuOtDbdCN','yakoff@x-cart.com (User ID #108760)'),(112,'H0uT3V4zEKEYSdFi3IIzYwT5ky4ONVJm','yakoff@x-cart.com (User ID #108761)'),(113,'GvOSnDHdUVNzheabrfMeuu2mou8EsbV8','admin@example.com (User ID #7)'),(114,'kJ4DSeeU2OjDe6esRP3h2qpqMHOxGaRC','yakoff@x-cart.com (User ID #36)'),(115,'s4i8QZtCRsccwzfWCnho0ATrbjk2djF8','Givi@x-cart.com (User ID #40)'),(116,'zzsBzrewIJv0Nxdkc8PuCOmaOEx6hVf6','yakoff@x-cart.com (User ID #108762)'),(117,'Upu89kRhO6WToKeonXH49T12vzJUZ5kD','admin@example.com (User ID #7)'),(118,'HRINKtejLzigBhRKnKZaVk3GMsZ3QmIF','admin@example.com (User ID #7)'),(119,'2egapTlznb9ESIlf25YO52VGt0pp2bZq','i.dohtur@gmail.com (User ID #9)'),(120,'bxqckuPgkwzR4Uc1P3nsoGi4EOn6kNnK','admin@example.com (User ID #7)'),(121,'Ew2mLoKMaWliF32LOUmkmMdRbZo4Q0hI','admin@example.com (User ID #7)'),(122,'ngewVQ2UBPy0U2UwriED2nT3N9wqFrsM','i.dohtur@gmail.com (User ID #14)'),(123,'X5zWydWlRDaJ0eVjBAfJwEkmS5sba7FZ','admin@example.com (User ID #7)'),(124,'1G7jjnfPRlp3yHPwJRsDDyU4ja4wS6Sc','test@example.com (User ID #8)'),(125,'XauhhC2h5b0NWQeoayRJjR54KJ1Kv9K6','admin@example.com (User ID #7)'),(126,'CDrEHOuSDbfuNk6g2OBKZ622T1RXBTqX','admin@example.com (User ID #7)'),(127,'uAQ8y7A8R9f6UcXEMiOfbJ4X8dk7wSjx','admin@example.com (User ID #7)'),(128,'lOD2zBgeWazbnVvMumjbSPOuWlTxCtrn','yakoff@x-cart.com (User ID #8)'),(129,'QQbH9FYmNcT7B19va0TejXMKJSdTsOqN','yakoff@x-cart.com (User ID #7)'),(130,'h7sLvjBD2jy2Wkgol2tOXZ6sbe38EW7N','yakoff@x-cart.com (User ID #8)'),(131,'HjND9FpJwGIlrAhsAYxTPASErbVCu5H9','yakoff@x-cart.com (User ID #8)'),(132,'eORaNClwQuLDkYfkoFaxyg4zCfZjGDYd','yakoff@x-cart.com (User ID #8)'),(133,'lTzmVkozvzN4yJ4ihZ6DiYiQzfFH9M43','yakoff@x-cart.com (User ID #8)'),(134,'j6DEJf9ywNsjXFcNLCi271PAcjiGTZ57','yakoff@x-cart.com (User ID #8)'),(135,'7x1n65osxxNUK19nG6BDU8S16TiUkmAg','yakoff@x-cart.com (User ID #8)'),(136,'a8raSbCeaV53OgupGfI4obWn5wBdb9iB','yakoff@x-cart.com (User ID #8)'),(137,'0796CoZpeN1ejeCwAKE5R9hrSehXxCe9','yakoff@x-cart.com (User ID #8)'),(138,'vvAMglt18vSq52jam68U7a2Ymjfu7NVh','yakoff@x-cart.com (User ID #8)'),(139,'Q95RQYeKcOpH9LK8gAerZvgDL56Ei1QX','yakoff@x-cart.com (User ID #8)'),(140,'e3QXm5lqQ0Pmx1SwNY8NMAsP6e4zjhpG','yakoff@x-cart.com (User ID #8)'),(141,'ZJ97v3LBjjFTWGia70rhpmKTn3wfoJnZ','yakoff@x-cart.com (User ID #8)'),(142,'YDE9KcRHAB1JuoHuqx7K9HBxfOPkYPHf','admin@example.com (User ID #7)'),(143,'neirUZneBneoKY61JeZ8wxyEyllzZUDX','admin@example.com (User ID #7)'),(144,'RP3lGIzYtp4qDO4ZclVYPjmrxPbWqcZE','admin@example.com (User ID #7)'),(145,'dQDAmAjqANUdpKUBDnaICmFVsYLe5WX3','admin@example.com (User ID #7)'),(146,'CGsJbmXQvvfL7UKIsbBSS0ZMhSPYSgyb','admin@example.com (User ID #7)'),(147,'BlxndI2UtJJ4qTFhAIpXZlRhDBO5xe3i','givi+1@x-cart.com (User ID #7)'),(148,'quUhij8bO25J5dL2NePUE12boobkIz5P','admin@example.com (User ID #7)'),(149,'Zs59WWz8nAl6mkpZ9xo2tDpzyxfVlsWX','Givi@x-cart.com (User ID #11)'),(150,'lijbJld4OvW5nfNI9IufhXOGlK2DTxKN','admin@example.com (User ID #7)'),(151,'ayVocm8zUhCy2HB4oSj9zt8X7FbgbiUp','joss@x-payments.com (User ID #12)'),(152,'yQLk295q3ZFfhuTsEc0mC4nO83cmJXFY','Givi@x-cart.com (User ID #9)'),(153,'AfovJGbu0npboYVXXwXsPzV6PKvdeAJr','test@example.com (User ID #9)'),(154,'IHRbYtq5b0DgtK8pyLPYBT6htOep7zuN','admin@example.com (User ID #7)'),(155,'urKiZvE1g2phK3lz1uSI3b3MohZqffiH','admin@example.com (User ID #7)'),(156,'T16gLwlSAZeoWqM4gj9MmQWRQ9pfCQ6a','Givi@x-cart.com (User ID #9)'),(157,'O6uRBC7TAQkN3mIQU7MIjLH9NT87LlmR','admin@example.com (User ID #7)'),(158,'O5wd6Vn21AdKvktL6cgtzHlFbPrz02xP','admin@example.com (User ID #7)'),(159,'FZHYIhGfCsIUwnmUB9YXD2Eh93hfJgCw','admin@example.com (User ID #7)'),(160,'gooKuqKDT2FiEvjA8UBgSxDUn4CPsBai','admin@example.com (User ID #7)'),(161,'LoVsandFay57QCnO1HvGWcQPpsG47EEI','admin@example.com (User ID #7)'),(162,'nA3e5KTOUVBzFjmohBsd25V0tpJQGjW9','admin@example.com (User ID #7)'),(163,'W5L8cnwMk6CwyIZ2RmhTEmGJYdmgQYOI','admin@example.com (User ID #7)'),(164,'kSaljmdAyUfW9DRKmEJMbeGXDqIyUGXh','admin@example.com (User ID #7)'),(165,'TnHuqMVm6eGqAIF2UdJlNtzC5CS2haWW','admin@example.com (User ID #7)'),(166,'9EYO97ZYThI9z2pDxILmr2FR8CN9lR0h','admin@example.com (User ID #7)'),(167,'3ja0CZAvSp8R0VjIyFB2xVZTf8s12WWm','admin@example.com (User ID #7)'),(168,'oJ4nE5Es4yzuvyEllqDytGKZrdTLY7Xb','admin@example.com (User ID #7)'),(169,'B2n99FOXk7Kbrli0cn6xicM46GbGixKQ','admin@example.com (User ID #7)'),(170,'hmTlxzJEZ28TdATSZ128yiT28weI4FUN','admin@example.com (User ID #7)'),(171,'prpCNBEokQapFdTqxRfShzhye7uoEvEA','admin@example.com (User ID #7)'),(172,'CftQI6yXZwHx0Cp2ltTJ9kVMYqKXFLre','admin@example.com (User ID #7)'),(173,'7M5drqxpUtd2El3ydGRKKnXIlZUOK3JE','admin@example.com (User ID #7)'),(174,'C1R8HUFThzLIQXYejHQfn4mZ7kBtHeOK','admin@example.com (User ID #7)'),(175,'HL1b0Yb8aiVgiLozpmySUVRhIZq3juv1','admin@example.com (User ID #7)'),(176,'bojtYbRXBjJAJkI9uDlb1CQDceb5JePv','admin@example.com (User ID #7)'),(177,'lsU1FkeX9Z0TP2Gei6ZZIAyrF6ulx4kL','test@example.com (User ID #8)'),(178,'3wc7Qye4WocUwRHg06zPdI7dATB5mEWt','test@example.com (User ID #8)'),(179,'qdVy8QcvB6o3WXpyd5xnSls6WZlBKbw6','Givi@x-cart.com (User ID #9)'),(180,'a7Z4g9BHdVFV4G1DeOlrRdMcPw3u1Zrd','admin@example.com (User ID #7)'),(181,'OCKQIlTemp2M2kJFatzEUrdSeLDhsBOe','admin@example.com (User ID #7)'),(182,'5yCd0uMfgLdwpxrcxh6wShehG9AVv8Zw','test@example.com (User ID #8)'),(183,'nscIOzo0ipyk4Qpznp8BY40DPkQAGa5h','admin@example.com (User ID #7)'),(184,'peu3F5YcAVLVQZ2woqgDIImN5nx9xDgD','test@example.com (User ID #10)'),(185,'QqRVQblQYWsxy2btq6JRXXrRsJT1FnOh','Givi@x-cart.com (User ID #18)'),(186,'d5Xu3lVLOFWZ03prZUxIPeaFUanvVH1q','test@example.com (User ID #20)'),(187,'NnAssDyIV76El0XTYjmad3xzEZGdltxF','Givi@x-cart.com (User ID #21)'),(188,'HLe5LZV52oV2Y6307UClUQSwTNP4yUBz','Givi@x-cart.com (User ID #23)'),(189,'OmqD5htBrCDKa0KEoGTuzYlGCfRmAFbf','admin@example.com (User ID #7)'),(190,'3n32OIvXYPReEXaeNoOnAL7tRWajEFB7','random@xpayments.com (User ID #9)'),(191,'HIhdaGXHZM6EoZ0BAeErVGlgZyg5a8hM','random@xpayments.com (User ID #11)'),(192,'fl06DLHvddtQyIxX41s6IoPmOOvXf5XW','Givi@x-cart.com (User ID #12)'),(193,'XVoXuMO4qdign5h2dDLbd3o0iDbwV28q','test@example.com (User ID #8)'),(194,'jp6TxKiIYJ6SkKSHg8S58M5sKBJOFEaV','admin@example.com (User ID #7)'),(195,'1jJ9WtQ57NvzsJMU3CVvPr4U5QB2krpz','admin@example.com (User ID #7)'),(196,'QBuKqKKAZNZpobD46glaFzZuE9AHTCCt','admin@example.com (User ID #7)'),(197,'jRB85D5hrEW6McDIo6HN1X2WUsr8gTtG','admin@example.com (User ID #7)'),(198,'NMOlFc0MwEqW8UIZV62vyD47nYGHKSGb','admin@example.com (User ID #7)'),(199,'rmAtu4jeetPGOocRM6edM2ZXQ6vuwIWn','admin@example.com (User ID #7)'),(200,'ylfu6jCmTCoSVPAs4XU2JqZz3iMjhXDd','givi@x-cart.com (User ID #15)'),(201,'MoGK42aEfsxgpUKuhkjj0lfswcacRIaL','joss@x-payments.com (User ID #16)'),(202,'LGNvFJD3X5stVTd9RzOfsEZwgDsMPPbv','admin@example.com (User ID #7)'),(203,'x4QseNOUcbgLBlNSB4nDYYAhZBOgryQ0','admin@example.com (User ID #7)'),(204,'raqVdiWrHEUzkB9m5ZVFT3YLKabcPiHm','admin@example.com (User ID #7)'),(205,'T4UhdXQDitmyMOOW6GISeTTdp4dgDNKh','admin@example.com (User ID #7)'),(206,'QG0MYAQYSzMwnD9HZ0mUyJUsudpwE1Zm','test@example.com (User ID #11)'),(207,'EgDBLLeCYFQnMmNcO5fPiNcmNogdWxe3','test@example.com (User ID #8)'),(208,'5nvizpD4iA9PRg56vYAExOviCPGfErlM','Givi@x-cart.com (User ID #11)'),(209,'JyPuG7ggPgMpL27jdKQnwEcoU8GeJ6h6','wasp@x-cart.com (User ID #14)'),(210,'5bM1U2VcaDZ5uJAvQZfeUmVR3JxG960a','wasp@x-cart.com (User ID #18)'),(211,'Jq9IPqWD8dpd0GyzQQoGCCAz0QLQZsxj','admin@example.com (User ID #7)'),(212,'lPAO1siDSlpHDdxcZPYhzncsFbvqpaCk','admin@example.com (User ID #7)'),(213,'qztRdBcaTacAMwGlwvoRKgS4XU9WwMDb','joss@x-payments.com (User ID #16)'),(214,'ns1KvxI8kAJVCHqwdq6UZvU7p5geSzk3','joss@x-payments.com (User ID #18)'),(215,'iIYFw8gA16VuJ46oaJzxZx6BaWHHjyjr','test@example.com (User ID #21)'),(216,'Ugm5weEw1ZnBKVuOzDY7cMKxb9Y2k4QI','admin@example.com (User ID #7)'),(217,'qBwunHIQBbu2sVqIfcG8RHsLtZZyAxbm','admin@example.com (User ID #7)'),(218,'vcEneoOG2QmIunanqwC0HIs4fWDCPXCw','test@example.com (User ID #11)'),(219,'qEInY5oCpbg7jtJ6anITYHlkK8ZnLSyV','admin@example.com (User ID #7)'),(220,'8G91yn42aPE0FxLI1PGZSqxB1O9IjuSj','admin@example.com (User ID #7)'),(221,'iVKfldFErAIoS6d4bNxBiTwLXRBjtHXI','admin@example.com (User ID #7)'),(222,'RUW9yhrzGdSa0MJPJVhCoiNTj1RiJ0RP','test@example.com (User ID #8)'),(223,'SUeEW8lOrAUybDWrCOi5YrRhxaJVvKqe','test@example.com (User ID #10)'),(224,'7s8aF52oL15cxk4PkTGcpiAdPN98Ro01','test@example.com (User ID #14)'),(225,'yoQLwqNslvbqhuSLLnLIj9xNXqceLb4h','test@example.com (User ID #15)'),(226,'yfdcrLOhCynYRr5hukATIowhS7V57J0p','admin@example.com (User ID #7)'),(227,'Fad76VE1IqLwzKg1PIFBI08u3WOiZ9e8','test@example.com (User ID #17)'),(228,'q9G0BZGZRuSkatZJlk1M6nlX13IMG4pe','test@example.com (User ID #24)'),(229,'RIojC3OIYQB6otGXzWw1tnMwQGZMem4a','admin@example.com (User ID #7)');

--
-- Table structure for table `xpay_danger_events`
--

CREATE TABLE `xpay_danger_events` (
  `event_id` int(11) NOT NULL AUTO_INCREMENT,
  `user_id` int(11) NOT NULL DEFAULT '0',
  `timestamp` int(11) NOT NULL DEFAULT '0',
  `event_type` char(3) NOT NULL DEFAULT '',
  PRIMARY KEY (`event_id`),
  KEY `xpay_danger_events_ibfk_1` (`user_id`),
  CONSTRAINT `xpay_danger_events_ibfk_1` FOREIGN KEY (`user_id`) REFERENCES `xpay_profiles` (`user_id`) ON DELETE CASCADE ON UPDATE CASCADE
) ENGINE=InnoDB DEFAULT CHARSET=utf8;

--
-- Dumping data for table `xpay_danger_events`
--


--
-- Table structure for table `xpay_email_sent_time`
--

CREATE TABLE `xpay_email_sent_time` (
  `name` char(255) NOT NULL,
  `timestamp` int(11) NOT NULL DEFAULT '0',
  PRIMARY KEY (`name`)
) ENGINE=InnoDB DEFAULT CHARSET=utf8;

--
-- Dumping data for table `xpay_email_sent_time`
--

INSERT INTO `xpay_email_sent_time` (`name`, `timestamp`) VALUES ('HELPDESK_CRON_FAILED',1698183295),('HELPDESK_NO_ACTIVE_CHD_KEYS',1697196656),('LOGGER_DISK_WRITE_ERROR',1651038895);

--
-- Table structure for table `xpay_file_hashs`
--

CREATE TABLE `xpay_file_hashs` (
  `path` varchar(255) CHARACTER SET utf8 COLLATE utf8_bin NOT NULL DEFAULT '',
  `hash` char(32) NOT NULL DEFAULT '',
  PRIMARY KEY (`path`)
) ENGINE=InnoDB DEFAULT CHARSET=utf8;

--
-- Dumping data for table `xpay_file_hashs`
--

INSERT INTO `xpay_file_hashs` (`path`, `hash`) VALUES ('common_js:','c79867795a8c112bdca42e384be32d24'),('css:','7f746bab1a289d3cedfc443cdf550b90'),('js:','1ca4c8b4efc303c953be0c7f70f83cd6'),('payment_common_js:','092f899e810cff186b38b22fa85204d4'),('payment_wallet_js:','8424453b9f2d51d3f44f3d47b1acc416'),('public:blue.css','cd945c10b3a496b2ab97dfe43603f5d2'),('public:blue_inversed.css','33fd63b2fe185ded4aa47b21f6a05e83'),('public:classic.css','7c482d9e6666c4d813c0a233780ecc5d'),('public:coral.css','556918fcbb7ff5a3e22eba67be960798'),('public:default.css','7c482d9e6666c4d813c0a233780ecc5d'),('public:gray.css','e11bb351e50e53cf0a1dba708df11325'),('public:green.css','869268ab2670878e96224a6bec2c4c6a'),('public:legacy.css','7c482d9e6666c4d813c0a233780ecc5d'),('public:orange.css','bccaf031c5e4841982f047e98306d2e2'),('template:blue.html','02f02993991166800aed9e9b2eb1b076'),('template:blue_inversed.html','f10d73b56091f90a814a218f4610e2e7'),('template:classic.html','15ef0fc740fce21b26313140017a45ea'),('template:coral.html','ae7da63065de40e830282ed12ee14f8c'),('template:default.error.html','fd8e91bf781b66ffe843dd9ce29a9928'),('template:default.html','eec9c8674e66903340312672a4f7b5cc'),('template:gray.html','6ec27518229ec2837680acdfba79da68'),('template:green.html','c818dc1db631f50feb0f40f898ac43fb'),('template:labels.csv','d41d8cd98f00b204e9800998ecf8427e'),('template:legacy.html','7f3587715aaadf2c7273c68cb8572699'),('template:orange.html','ffed78f497a27b736bc2cc444a330e13'),('template:outline.html','dc5d9f17fc030f3274532c5f678801e1');

--
-- Table structure for table `xpay_formuid`
--

CREATE TABLE `xpay_formuid` (
  `f_id` int(6) NOT NULL AUTO_INCREMENT,
  `session_id` char(32) NOT NULL DEFAULT '',
  `form_uid` char(128) NOT NULL DEFAULT '',
  PRIMARY KEY (`f_id`),
  KEY `xpay_formuid_1` (`session_id`),
  CONSTRAINT `xpay_formuid_1` FOREIGN KEY (`session_id`) REFERENCES `xpay_sessions` (`session_id`) ON DELETE CASCADE ON UPDATE CASCADE
) ENGINE=InnoDB AUTO_INCREMENT=10438 DEFAULT CHARSET=utf8;

--
-- Dumping data for table `xpay_formuid`
--

INSERT INTO `xpay_formuid` (`f_id`, `session_id`, `form_uid`) VALUES (10406,'10b20c88a5b6394c7d56d9e52a101431','0f5bf975b6c1a8e11989bf3cf44ce302'),(10407,'10b20c88a5b6394c7d56d9e52a101431','9e66c0294bb3ffb957a7f4028ae6b551'),(10409,'10b20c88a5b6394c7d56d9e52a101431','1f54aa72525f975c5357c2d8e8dddcae'),(10410,'10b20c88a5b6394c7d56d9e52a101431','85d7c657c9b054af3fc5d458fee60a41'),(10411,'10b20c88a5b6394c7d56d9e52a101431','0896c22704483fb0bc1f419140aa24b5'),(10412,'10b20c88a5b6394c7d56d9e52a101431','59fb160f37aacd7784d7b3b329b6b40a'),(10413,'10b20c88a5b6394c7d56d9e52a101431','38235cadbdc463c76de4a969d1748693'),(10414,'10b20c88a5b6394c7d56d9e52a101431','4d2c1583a7cd630303a913c26413404a'),(10415,'10b20c88a5b6394c7d56d9e52a101431','96e2b21c5d8a5e88c7ca058cd3b40152'),(10416,'10b20c88a5b6394c7d56d9e52a101431','2c40dfc257b6576d040c47101de35409'),(10417,'10b20c88a5b6394c7d56d9e52a101431','5293297bab3c0552f834fc63b8d459e4'),(10418,'10b20c88a5b6394c7d56d9e52a101431','80d7aa9a0ac17c143dede946942e88f9'),(10419,'10b20c88a5b6394c7d56d9e52a101431','aae98b8ec0d5284da18b6140af4fd106'),(10420,'10b20c88a5b6394c7d56d9e52a101431','428c8e2bdc1435661f214c2848859e91'),(10421,'10b20c88a5b6394c7d56d9e52a101431','5e8b73479785cd8275962b7135a31219'),(10422,'10b20c88a5b6394c7d56d9e52a101431','2cfd0362b77e386794c801b08bd212d2'),(10424,'10b20c88a5b6394c7d56d9e52a101431','b83cfb6fcbd0bfc3fea300f9f6e1c4a6'),(10425,'10b20c88a5b6394c7d56d9e52a101431','5943e152d4698fd85020cb147eeaefdd'),(10426,'10b20c88a5b6394c7d56d9e52a101431','68a5ff5f7b9f82daa5e767dd0b2aa139'),(10427,'10b20c88a5b6394c7d56d9e52a101431','8b6eda00f7b99e4218fe9669bb873cb8'),(10428,'10b20c88a5b6394c7d56d9e52a101431','38942f1a00b9485ea7e2bcfb0dc2274d'),(10429,'10b20c88a5b6394c7d56d9e52a101431','2a9e7f34913da578013af62657d2c91e'),(10430,'10b20c88a5b6394c7d56d9e52a101431','5ff809313c757f68d3d0dbcc11d51297'),(10431,'10b20c88a5b6394c7d56d9e52a101431','dd689b551589c5e3d906920139a84ec1'),(10432,'10b20c88a5b6394c7d56d9e52a101431','5d622dd369d8df118a8c9921bdf29873'),(10433,'10b20c88a5b6394c7d56d9e52a101431','b0791447fde2abcd3584e3d6464d56f1'),(10434,'10b20c88a5b6394c7d56d9e52a101431','6d07317de59e1479a33c7ca4b4fcbcef'),(10435,'10b20c88a5b6394c7d56d9e52a101431','c44d1f6b3c964ff42215ba048b35afc8'),(10436,'10b20c88a5b6394c7d56d9e52a101431','974d47b8a4c490c643e45e703226abdd'),(10437,'10b20c88a5b6394c7d56d9e52a101431','8c641b850dfdfb49542a731b71956b5a');

--
-- Table structure for table `xpay_google_auth_used_codes`
--

CREATE TABLE `xpay_google_auth_used_codes` (
  `user_id` int(6) NOT NULL DEFAULT '0',
  `code` varchar(64) NOT NULL DEFAULT '',
  `used_time` int(11) NOT NULL DEFAULT '0',
  PRIMARY KEY (`user_id`,`code`),
  CONSTRAINT `xpay_google_auth_used_codes_ibfk_1` FOREIGN KEY (`user_id`) REFERENCES `xpay_profiles` (`user_id`) ON DELETE CASCADE ON UPDATE CASCADE
) ENGINE=InnoDB DEFAULT CHARSET=utf8;

--
-- Dumping data for table `xpay_google_auth_used_codes`
--

INSERT INTO `xpay_google_auth_used_codes` (`user_id`, `code`, `used_time`) VALUES (1,'0a67b1fcf785ac89bff2cfd7582a2044',1697199900),(1,'122c9eca4e3a593201ea4da4c95ce6e2',1697180993),(1,'1cf57e6e9f2b390b5da67d402a5adc01',1697182906),(1,'1d1fb8202d9bed3770cb765e36099c03',1697196338),(1,'2bd7d191e64b36d01be8f0dfd079db6d',1697142089),(1,'2f838c32689dc6b1a5ec90cf99f39859',1697528005),(1,'4c33af538bef24ccd7b463f36197a5e9',1697727543),(1,'6ce27b524e665fc51fb541602aa99470',1697205700),(1,'76a9f67ca2981b40dd6fb2491286b9e9',1697177176),(1,'7b8ce0a081d9ccda7626927c5eec42d2',1697644070),(1,'a58f0774f7f0406ef9251c79457d1507',1709013529),(1,'b02d2589a31a3329555c3709ebcae7aa',1697482480),(1,'bb1ff57234377dd62ad5241f832c6652',1698183249),(1,'bc987834dde126e573952dbb79ccb070',1697126776),(1,'d56d1542bc8278e7bbaac31041f6a873',1698068111),(1,'f1548188b016b24811963928e18f1799',1711986931),(1,'f19b820747b6e378c482b9a9885d6f70',1697714939),(1,'f49ac9cbf8e0fdd0eb00f145a8edebaa',1697203483),(1,'f5e9400a0f8a48c6cdf753c7253335f4',1697714838),(1,'f866196819753e4792c4d8593b397eef',1697714398);

--
-- Table structure for table `xpay_hosted_params`
--

CREATE TABLE `xpay_hosted_params` (
  `name` char(64) NOT NULL,
  `value` text NOT NULL,
  PRIMARY KEY (`name`)
) ENGINE=InnoDB DEFAULT CHARSET=utf8;

--
-- Dumping data for table `xpay_hosted_params`
--

INSERT INTO `xpay_hosted_params` (`name`, `value`) VALUES ('action_login','Y'),('action_payment_processed','Y'),('action_setup_pconf','Y'),('disk_warning','0'),('limit_notified_threshold','-1'),('limit_payments_counter','0'),('limit_period_expire','1731787200'),('plan_expired','0'),('traffic_warning','');

--
-- Table structure for table `xpay_languages`
--

CREATE TABLE `xpay_languages` (
  `code` char(2) NOT NULL DEFAULT '',
  `code3` char(3) NOT NULL DEFAULT '',
  `language` varchar(128) NOT NULL DEFAULT '',
  PRIMARY KEY (`code`),
  UNIQUE KEY `code3` (`code3`)
) ENGINE=InnoDB DEFAULT CHARSET=utf8;

--
-- Dumping data for table `xpay_languages`
--

INSERT INTO `xpay_languages` (`code`, `code3`, `language`) VALUES ('aa','aar','Afar'),('ab','abk','Abkhazian'),('ae','ave','Avestan'),('af','afr','Afrikaans'),('ak','aka','Akan'),('am','amh','Amharic'),('an','arg','Aragonese'),('ar','ara','Arabic'),('as','asm','Assamese'),('av','ava','Avaric'),('ay','aym','Aymara'),('az','aze','Azerbaijani'),('ba','bak','Bashkir'),('be','bel','Belarusian'),('bg','bul','Bulgarian'),('bh','bih','Bihari'),('bi','bis','Bislama'),('bm','bam','Bambara'),('bn','ben','Bengali'),('bo','tib','Tibetan'),('br','bre','Breton'),('bs','bos','Bosnian'),('ca','cat','Catalan'),('ce','che','Chechen'),('ch','cha','Chamorro'),('co','cos','Corsican'),('cr','cre','Cree'),('cs','cze','Czech'),('cu','chu','Church Slavic'),('cv','chv','Chuvash'),('cy','wel','Welsh'),('da','dan','Danish'),('de','ger','German'),('dv','div','Divehi'),('dz','dzo','Dzongkha'),('ee','ewe','Ewe'),('el','gre','Greek'),('en','eng','English'),('eo','epo','Esperanto'),('es','spa','Spanish'),('et','est','Estonian'),('eu','baq','Basque'),('fa','per','Persian'),('ff','ful','Fulah'),('fi','fin','Finnish'),('fj','fij','Fijian'),('fo','fao','Faroese'),('fr','fre','French'),('fy','fry','Western Frisian'),('ga','gle','Irish'),('gd','gla','Gaelic'),('gl','glg','Galician'),('gn','grn','Guarani'),('gu','guj','Gujarati'),('gv','glv','Manx'),('ha','hau','Hausa'),('he','heb','Hebrew'),('hi','hin','Hindi'),('ho','hmo','Hiri Motu'),('hr','hrv','Croatian'),('ht','hat','Haitian'),('hu','hun','Hungarian'),('hy','arm','Armenian'),('hz','her','Herero'),('ia','ina','Interlingua'),('id','ind','Indonesian'),('ie','ile','Interlingue'),('ig','ibo','Igbo'),('ii','iii','Sichuan Yi'),('ik','ipk','Inupiaq'),('io','ido','Ido'),('is','ice','Icelandic'),('it','ita','Italian'),('iu','iku','Inuktitut'),('ja','jpn','Japanese'),('jv','jav','Javanese'),('ka','geo','Georgian'),('kg','kon','Kongo'),('ki','kik','Kikuyu'),('kj','kua','Kuanyama'),('kk','kaz','Kazakh'),('kl','kal','Kalaallisut'),('km','khm','Central Khmer'),('kn','kan','Kannada'),('ko','kor','Korean'),('kr','kau','Kanuri'),('ks','kas','Kashmiri'),('ku','kur','Kurdish'),('kv','kom','Komi'),('kw','cor','Cornish'),('ky','kir','Kirghiz'),('la','lat','Latin'),('lb','ltz','Luxembourgish'),('lg','lug','Ganda'),('li','lim','Limburgan'),('ln','lin','Lingala'),('lo','lao','Lao'),('lt','lit','Lithuanian'),('lu','lub','Luba-Katanga'),('lv','lav','Latvian'),('mg','mlg','Malagasy'),('mh','mah','Marshallese'),('mi','mao','Maori'),('mk','mac','Macedonian'),('ml','mal','Malayalam'),('mn','mon','Mongolian'),('mr','mar','Marathi'),('ms','may','Malay'),('mt','mlt','Maltese'),('my','bur','Burmese'),('na','nau','Nauru'),('nd','nde','Ndebele, North'),('ne','nep','Nepali'),('ng','ndo','Ndonga'),('nl','dut','Dutch'),('no','nor','Norwegian'),('nr','nbl','Ndebele, South'),('nv','nav','Navajo'),('ny','nya','Chichewa'),('oc','oci','Occitan'),('oj','oji','Ojibwa'),('om','orm','Oromo'),('or','ori','Oriya'),('os','oss','Ossetian'),('pa','pan','Panjabi'),('pi','pli','Pali'),('pl','pol','Polish'),('ps','pus','Pushto'),('pt','por','Portuguese'),('qu','que','Quechua'),('rm','roh','Romansh'),('rn','run','Rundi'),('ro','rum','Romanian'),('ru','rus','Russian'),('rw','kin','Kinyarwanda'),('sa','san','Sanskrit'),('sc','srd','Sardinian'),('sd','snd','Sindhi'),('se','sme','Northern Sami'),('sg','sag','Sango'),('si','sin','Sinhala'),('sk','slo','Slovak'),('sl','slv','Slovenian'),('sm','smo','Samoan'),('sn','sna','Shona'),('so','som','Somali'),('sq','alb','Albanian'),('sr','srp','Serbian'),('ss','ssw','Swati'),('st','sot','Sotho, Southern'),('su','sun','Sundanese'),('sv','swe','Swedish'),('sw','swa','Swahili'),('ta','tam','Tamil'),('te','tel','Telugu'),('tg','tgk','Tajik'),('th','tha','Thai'),('ti','tir','Tigrinya'),('tk','tuk','Turkmen'),('tl','tgl','Tagalog'),('tn','tsn','Tswana'),('to','ton','Tonga'),('tr','tur','Turkish'),('ts','tso','Tsonga'),('tt','tat','Tatar'),('tw','twi','Twi'),('ty','tah','Tahitian'),('ug','uig','Uighur'),('uk','ukr','Ukrainian'),('ur','urd','Urdu'),('uz','uzb','Uzbek'),('ve','ven','Venda'),('vi','vie','Vietnamese'),('vo','vol','Volap&uuml;k'),('wa','wln','Walloon'),('wo','wol','Wolof'),('xh','xho','Xhosa'),('yi','yid','Yiddish'),('yo','yor','Yoruba'),('za','zha','Zhuang'),('zh','chi','Chinese'),('zu','zul','Zulu');

--
-- Table structure for table `xpay_masked_card_data`
--

CREATE TABLE `xpay_masked_card_data` (
  `payment_id` int(11) NOT NULL DEFAULT '0',
  `first6` char(6) NOT NULL DEFAULT '',
  `last4` char(4) NOT NULL DEFAULT '',
  `type` char(16) NOT NULL DEFAULT '',
  `expire_month` char(2) NOT NULL DEFAULT '',
  `expire_year` char(4) NOT NULL DEFAULT '',
  `cardholder_name` varchar(255) NOT NULL DEFAULT '',
  PRIMARY KEY (`payment_id`),
  KEY `payment_id` (`payment_id`),
  CONSTRAINT `xpay_payment_mkd_ibfk_1` FOREIGN KEY (`payment_id`) REFERENCES `xpay_payments` (`payment_id`) ON DELETE CASCADE ON UPDATE CASCADE
) ENGINE=InnoDB DEFAULT CHARSET=utf8;

--
-- Dumping data for table `xpay_masked_card_data`
--

INSERT INTO `xpay_masked_card_data` (`payment_id`, `first6`, `last4`, `type`, `expire_month`, `expire_year`, `cardholder_name`) VALUES (1,'426397','5262','VISA','12','2022',''),(2,'422200','4235','VISA','12','2022',''),(11,'426397','5262','VISA','12','2022',''),(15,'401200','8884','VISA','12','2022',''),(16,'492900','0006','VISA','12','2022',''),(17,'492900','0006','VISA','12','2023',''),(18,'492900','0006','VISA','12','2022',''),(19,'492900','0006','VISA','12','2022',''),(20,'492900','0006','VISA','12','2022',''),(25,'492900','0006','VISA','12','2022',''),(26,'411111','1111','VISA','12','2026',''),(28,'426397','5262','VISA','12','2022',''),(29,'422200','4235','VISA','12','2022',''),(34,'401200','8884','VISA','12','2022',''),(35,'426397','5262','VISA','12','2022',''),(36,'401200','8884','VISA','12','2022',''),(37,'411111','1111','VISA','12','2022',''),(38,'411111','1111','VISA','12','2022',''),(39,'411111','1111','VISA','12','2022',''),(40,'411111','1111','VISA','12','2022',''),(41,'411111','1111','VISA','12','2022',''),(42,'426397','5262','VISA','01','2023',''),(43,'426397','5262','VISA','01','2023',''),(44,'401200','8884','VISA','01','2023',''),(45,'401200','8884','VISA','01','2023',''),(46,'411111','1111','VISA','01','2023',''),(47,'411111','1111','VISA','01','2023',''),(48,'411111','1111','VISA','12','2022',''),(49,'411111','1111','VISA','12','2022',''),(50,'411111','1111','VISA','12','2022',''),(51,'411111','1111','VISA','12','2022',''),(52,'100000','0008','VISA','01','2023',''),(53,'100000','0008','VISA','02','2023',''),(54,'411111','1111','VISA','12','2026',''),(55,'411111','1111','VISA','12','2026',''),(56,'411111','1111','VISA','12','2026',''),(57,'411111','1111','VISA','12','2026',''),(58,'411111','1111','VISA','02','2022',''),(59,'481852','9009','VISA','12','2023',''),(60,'481852','9009','VISA','12','2023',''),(61,'481852','9009','VISA','12','2023',''),(62,'481852','9009','VISA','12','2023',''),(63,'481852','9009','VISA','12','2023',''),(64,'481852','9009','VISA','12','2023',''),(65,'411111','1111','VISA','12','2022',''),(66,'411111','1111','VISA','12','2022',''),(68,'520000','0007','MC','01','2023',''),(71,'520000','0007','MC','01','2023',''),(72,'520000','0007','MC','01','2023',''),(74,'520000','0007','MC','12','2023',''),(75,'411111','1111','VISA','12','2022',''),(76,'411111','1111','VISA','12','2023',''),(77,'411111','1111','VISA','12','2023',''),(78,'411111','1111','VISA','12','2023',''),(79,'411111','1111','VISA','12','2023',''),(80,'414116','4978','VISA','01','2023',''),(81,'414116','4978','VISA','01','2023',''),(82,'411111','1111','VISA','12','2022',''),(83,'411111','1111','VISA','12','2022',''),(84,'411111','1111','VISA','12','2022',''),(85,'411111','1111','VISA','12','2022',''),(86,'411111','1111','VISA','12','2022',''),(87,'411111','1111','VISA','12','2022',''),(88,'411111','1111','VISA','12','2022',''),(89,'411111','1111','VISA','12','2022',''),(90,'411111','1111','VISA','12','2022',''),(91,'411111','1111','VISA','12','2022',''),(93,'411111','1111','VISA','12','2027',''),(94,'411111','1111','VISA','12','2027',''),(95,'411111','1111','VISA','12','2027',''),(96,'411111','1111','VISA','12','2027',''),(97,'481852','9009','VISA','12','2023',''),(98,'481852','9009','VISA','12','2023',''),(99,'481852','9009','VISA','12','2023',''),(100,'520000','0007','MC','01','2023',''),(101,'400000','0002','VISA','01','2023',''),(102,'520000','0908','MC','01','2023',''),(103,'400099','0004','VISA','01','2023',''),(104,'411111','1111','VISA','12','2022',''),(105,'411111','1111','VISA','12','2022',''),(106,'411111','1111','VISA','12','2022',''),(107,'411111','1111','VISA','12','2022',''),(108,'411111','1111','VISA','12','2027',''),(109,'411111','1111','VISA','12','2027',''),(110,'411111','1111','VISA','12','2022',''),(111,'411111','1111','VISA','12','2022',''),(112,'411111','1111','VISA','12','2022',''),(113,'411111','1111','VISA','12','2022',''),(114,'411111','1111','VISA','12','2022',''),(115,'411111','1111','VISA','12','2022',''),(116,'411111','1111','VISA','12','2022',''),(117,'411111','1111','VISA','12','2022',''),(118,'411111','1111','VISA','12','2027',''),(119,'411111','1111','VISA','12','2027',''),(120,'411111','1111','VISA','12','2027',''),(121,'411111','1111','VISA','12','2027',''),(122,'411111','1111','VISA','12','2027',''),(123,'411111','1111','VISA','12','2022',''),(124,'411111','1111','VISA','12','2022',''),(125,'411111','1111','VISA','12','2022',''),(126,'411111','1111','VISA','12','2022',''),(127,'411111','1111','VISA','12','2022',''),(128,'411111','1111','VISA','12','2022',''),(129,'411111','1111','VISA','12','2023',''),(130,'411111','1111','VISA','12','2022',''),(131,'411111','1111','VISA','01','2024',''),(132,'411111','1111','VISA','01','2024',''),(133,'411111','1111','VISA','01','2024',''),(134,'411111','1111','VISA','01','2024',''),(135,'411111','1111','VISA','01','2024',''),(136,'411111','1111','VISA','01','2024',''),(137,'411111','1111','VISA','01','2024',''),(138,'411111','1111','VISA','01','2024',''),(139,'411111','1111','VISA','01','2024',''),(140,'411111','1111','VISA','01','2024',''),(141,'411111','1111','VISA','01','2024',''),(142,'411111','1111','VISA','01','2024',''),(143,'411111','1111','VISA','01','2024',''),(144,'411111','1111','VISA','01','2024',''),(145,'411111','1111','VISA','01','2024',''),(146,'411111','1111','VISA','01','2024',''),(147,'411111','1111','VISA','01','2024',''),(148,'411111','1111','VISA','01','2024',''),(149,'411111','1111','VISA','01','2024',''),(150,'411111','1111','VISA','01','2024',''),(151,'411111','1111','VISA','01','2024',''),(152,'411111','1111','VISA','01','2024',''),(153,'411111','1111','VISA','01','2024',''),(154,'411111','1111','VISA','01','2024',''),(155,'411111','1111','VISA','01','2024',''),(156,'411111','1111','VISA','01','2024',''),(157,'411111','1111','VISA','01','2024',''),(158,'411111','1111','VISA','01','2024',''),(159,'411111','1111','VISA','01','2024',''),(160,'411111','1111','VISA','01','2024',''),(161,'411111','1111','VISA','01','2024',''),(162,'411111','1111','VISA','01','2024',''),(163,'411111','1111','VISA','01','2024',''),(164,'411111','1111','VISA','01','2024',''),(165,'411111','1111','VISA','01','2024',''),(166,'411111','1111','VISA','01','2024',''),(167,'411111','1111','VISA','01','2024',''),(168,'411111','1111','VISA','01','2024',''),(169,'411111','1111','VISA','01','2024',''),(170,'411111','1111','VISA','01','2024',''),(171,'411111','1111','VISA','01','2024',''),(172,'411111','1111','VISA','01','2024',''),(173,'411111','1111','VISA','01','2024',''),(174,'411111','1111','VISA','01','2024',''),(175,'411111','1111','VISA','01','2024',''),(176,'411111','1111','VISA','01','2024',''),(177,'411111','1111','VISA','01','2024',''),(178,'411111','1111','VISA','01','2024',''),(179,'411111','1111','VISA','01','2024',''),(180,'411111','1111','VISA','01','2024',''),(181,'411111','1111','VISA','01','2024',''),(182,'411111','1111','VISA','01','2024',''),(183,'411111','1111','VISA','01','2024',''),(184,'411111','1111','VISA','01','2024',''),(185,'411111','1111','VISA','01','2024',''),(186,'411111','1111','VISA','01','2024',''),(187,'411111','1111','VISA','01','2024',''),(188,'411111','1111','VISA','01','2024',''),(189,'411111','1111','VISA','01','2024',''),(190,'411111','1111','VISA','01','2024',''),(191,'411111','1111','VISA','01','2024',''),(192,'411111','1111','VISA','12','2022',''),(193,'469395','8411','VISA','09','2022',''),(194,'521324','4768','MC','09','2023',''),(195,'524614','2340','MC','08','2023',''),(196,'411111','1111','VISA','01','2024',''),(197,'411111','1111','VISA','01','2024',''),(198,'411111','1111','VISA','01','2024',''),(199,'411111','1111','VISA','01','2024',''),(200,'411111','1111','VISA','01','2024',''),(201,'411111','1111','VISA','01','2024',''),(202,'411111','1111','VISA','01','2024',''),(203,'411111','1111','VISA','01','2024',''),(204,'411111','1111','VISA','01','2024',''),(205,'411111','1111','VISA','01','2024',''),(206,'411111','1111','VISA','01','2024',''),(207,'411111','1111','VISA','01','2024',''),(208,'411111','1111','VISA','01','2024',''),(209,'411111','1111','VISA','01','2024',''),(210,'411111','1111','VISA','01','2024',''),(211,'411111','1111','VISA','01','2024',''),(212,'411111','1111','VISA','01','2024',''),(213,'411111','1111','VISA','01','2024',''),(214,'411111','1111','VISA','01','2024',''),(215,'411111','1111','VISA','01','2024',''),(216,'411111','1111','VISA','01','2024',''),(217,'411111','1111','VISA','01','2024',''),(218,'411111','1111','VISA','01','2024',''),(219,'411111','1111','VISA','01','2024',''),(220,'411111','1111','VISA','01','2024',''),(221,'411111','1111','VISA','01','2024',''),(222,'411111','1111','VISA','01','2024',''),(223,'411111','1111','VISA','01','2024',''),(224,'411111','1111','VISA','01','2024',''),(225,'411111','1111','VISA','01','2024',''),(226,'411111','1111','VISA','01','2024',''),(227,'411111','1111','VISA','01','2024',''),(228,'411111','1111','VISA','01','2024',''),(229,'411111','1111','VISA','01','2024',''),(230,'411111','1111','VISA','01','2024',''),(231,'411111','1111','VISA','01','2024',''),(232,'411111','1111','VISA','01','2024',''),(233,'411111','1111','VISA','01','2024',''),(234,'411111','1111','VISA','01','2024',''),(235,'411111','1111','VISA','01','2024',''),(236,'411111','1111','VISA','01','2024',''),(237,'411111','1111','VISA','01','2024',''),(238,'411111','1111','VISA','01','2024',''),(239,'411111','1111','VISA','01','2024',''),(240,'411111','1111','VISA','01','2024',''),(241,'411111','1111','VISA','01','2024',''),(242,'411111','1111','VISA','01','2024',''),(243,'411111','1111','VISA','01','2024',''),(244,'411111','1111','VISA','01','2024',''),(245,'411111','1111','VISA','01','2024',''),(246,'411111','1111','VISA','01','2024',''),(247,'411111','1111','VISA','01','2024',''),(248,'411111','1111','VISA','01','2024',''),(249,'411111','1111','VISA','01','2024',''),(250,'411111','1111','VISA','01','2024',''),(251,'411111','1111','VISA','01','2024',''),(252,'411111','1111','VISA','01','2024',''),(253,'411111','1111','VISA','01','2024',''),(254,'411111','1111','VISA','01','2024',''),(255,'411111','1111','VISA','01','2024',''),(256,'411111','1111','VISA','01','2024',''),(257,'411111','1111','VISA','01','2024',''),(258,'411111','1111','VISA','01','2024',''),(259,'411111','1111','VISA','01','2024',''),(260,'411111','1111','VISA','01','2024',''),(261,'411111','1111','VISA','01','2024',''),(262,'411111','1111','VISA','01','2024',''),(263,'411111','1111','VISA','01','2024',''),(264,'411111','1111','VISA','01','2024',''),(265,'411111','1111','VISA','01','2024',''),(266,'411111','1111','VISA','01','2024',''),(267,'411111','1111','VISA','01','2024',''),(268,'411111','1111','VISA','01','2024',''),(269,'411111','1111','VISA','01','2024',''),(270,'411111','1111','VISA','01','2024',''),(271,'411111','1111','VISA','01','2024',''),(272,'411111','1111','VISA','01','2024',''),(273,'411111','1111','VISA','01','2024',''),(274,'411111','1111','VISA','01','2024',''),(275,'411111','1111','VISA','01','2024',''),(276,'411111','1111','VISA','01','2024',''),(277,'411111','1111','VISA','01','2024',''),(278,'411111','1111','VISA','01','2024',''),(279,'411111','1111','VISA','01','2024',''),(280,'411111','1111','VISA','01','2024',''),(281,'411111','1111','VISA','01','2024',''),(282,'411111','1111','VISA','01','2024',''),(283,'411111','1111','VISA','01','2024',''),(284,'411111','1111','VISA','01','2024',''),(285,'411111','1111','VISA','01','2024',''),(286,'411111','1111','VISA','01','2024',''),(287,'411111','1111','VISA','01','2024',''),(288,'411111','1111','VISA','01','2024',''),(289,'411111','1111','VISA','01','2024',''),(290,'411111','1111','VISA','01','2024',''),(291,'411111','1111','VISA','01','2024',''),(292,'411111','1111','VISA','01','2024',''),(293,'411111','1111','VISA','01','2024',''),(294,'411111','1111','VISA','01','2024',''),(295,'411111','1111','VISA','01','2024',''),(296,'411111','1111','VISA','12','2022',''),(297,'492900','0006','VISA','12','2022','CHALLENGE'),(298,'492900','0006','VISA','12','2022','CHALLENGE'),(299,'492900','0006','VISA','12','2022','SUCCESSFUL'),(300,'492900','0006','VISA','12','2022','NOTAUTH'),(301,'492900','0006','VISA','12','2022','SUCCESSFUL'),(302,'492900','0006','VISA','12','2022','NOTAUTH'),(303,'492900','0006','VISA','12','2022','PROOFATTEMPT'),(304,'492900','0006','VISA','12','2022','NOTENROLLED'),(305,'492900','0006','VISA','12','2022','TECHDIFFICULTIES'),(306,'492900','0006','VISA','12','2022','ERROR'),(307,'481852','9009','VISA','12','2023',''),(308,'513632','3579','MC','01','2023',''),(309,'513101','6728','MC','01','2023',''),(310,'513632','1972','MC','01','2023',''),(311,'513101','9989','MC','01','2023',''),(312,'424242','4242','VISA','05','2030','test'),(313,'411111','1111','VISA','11','2022','test'),(314,'481852','9009','VISA','12','2023',''),(315,'520424','2575','MC','09','2022',''),(322,'481852','9009','VISA','12','2023',''),(323,'520424','2575','MC','09','2022',''),(324,'520424','2575','MC','09','2022',''),(325,'520424','2575','MC','09','2022',''),(326,'520424','2575','MC','09','2022',''),(327,'520424','2575','MC','09','2022',''),(328,'520424','2575','MC','09','2022',''),(329,'520424','2575','MC','09','2022',''),(330,'520424','2575','MC','09','2022',''),(331,'520424','2575','MC','09','2022',''),(332,'520424','2575','MC','09','2022',''),(333,'520424','2575','MC','09','2022',''),(334,'520424','2575','MC','09','2022',''),(335,'520424','2575','MC','09','2022',''),(336,'520424','2575','MC','09','2022',''),(337,'520424','2575','MC','09','2022',''),(338,'520424','2575','MC','09','2022',''),(339,'481852','9009','VISA','12','2023',''),(340,'481852','9009','VISA','12','2023',''),(341,'520424','2575','MC','09','2022',''),(342,'520424','2575','MC','09','2022',''),(343,'520424','2575','MC','09','2022',''),(344,'520424','2575','MC','09','2022',''),(345,'520424','2575','MC','09','2022',''),(346,'411111','1111','VISA','12','2027',''),(347,'411111','1111','VISA','12','2027',''),(348,'411111','1111','VISA','12','2027',''),(349,'411111','1111','VISA','12','2027',''),(350,'520424','7840','MC','12','2027',''),(351,'411111','1111','VISA','12','2027',''),(352,'411111','1111','VISA','12','2027',''),(353,'411111','1111','VISA','12','2027',''),(354,'411111','1111','VISA','12','2027',''),(355,'411111','1111','VISA','12','2027',''),(356,'411111','1111','VISA','12','2027',''),(357,'520424','2575','MC','09','2022',''),(358,'411111','1111','VISA','12','2022',''),(359,'400000','1000','VISA','01','2023',''),(360,'400000','1018','VISA','01','2023',''),(361,'411111','1111','VISA','01','2023',''),(362,'400000','1026','VISA','01','2023',''),(363,'400000','1034','VISA','01','2023',''),(364,'400000','1042','VISA','01','2023',''),(365,'400000','1059','VISA','01','2023',''),(366,'400000','1067','VISA','01','2023',''),(367,'400000','1075','VISA','01','2023',''),(368,'400000','1083','VISA','01','2023',''),(369,'400000','1091','VISA','01','2023',''),(370,'400000','1109','VISA','01','2023',''),(371,'400000','1117','VISA','01','2023',''),(373,'411111','1111','VISA','12','2022',''),(374,'400700','0027','VISA','03','2024','Customer Customer'),(375,'411111','1111','VISA','12','2023',''),(376,'411111','1111','VISA','12','2023',''),(377,'411111','1111','VISA','12','2023',''),(378,'511092','0424','MC','05','2023',''),(379,'511092','0424','MC','05','2023',''),(380,'400000','1000','VISA','01','2025',''),(387,'400000','1091','VISA','01','2023',''),(388,'411111','1111','VISA','12','2023',''),(389,'411111','1111','VISA','12','2023',''),(390,'411111','1111','VISA','12','2023',''),(391,'411111','1111','VISA','12','2023',''),(392,'411111','1111','VISA','12','2022',''),(393,'411111','1111','VISA','12','2022',''),(394,'411111','1111','VISA','12','2023',''),(395,'411111','1111','VISA','12','2023',''),(396,'411111','1111','VISA','12','2023',''),(397,'411111','1111','VISA','12','2023',''),(398,'411111','1111','VISA','12','2023',''),(399,'411111','1111','VISA','12','2023',''),(400,'411111','1111','VISA','12','2023',''),(402,'411111','1111','VISA','12','2022',''),(403,'411111','1111','VISA','12','2023',''),(404,'531460','9308','MC','12','2023',''),(405,'513101','5211','MC','12','2023',''),(406,'513101','5211','MC','12','2023',''),(407,'513101','4533','MC','12','2023',''),(408,'513632','1203','MC','12','2023',''),(409,'513101','1535','MC','12','2023',''),(410,'411111','1111','VISA','04','2023','Customer Customer'),(411,'513632','1989','MC','12','2023',''),(412,'513632','9974','MC','12','2023',''),(413,'513101','2777','MC','12','2023',''),(414,'513632','1652','MC','12','2023',''),(415,'531460','7380','MC','12','2023',''),(416,'513101','2900','MC','12','2023',''),(417,'513101','4325','MC','12','2023',''),(418,'513101','7913','MC','12','2023',''),(419,'531460','6962','MC','12','2023',''),(420,'513632','9974','MC','12','2023',''),(421,'411111','1111','VISA','12','2023',''),(422,'411111','1111','VISA','12','2023',''),(423,'411111','1111','VISA','12','2022',''),(424,'411111','1111','VISA','12','2023',''),(425,'411111','1111','VISA','12','2023',''),(426,'411111','1111','VISA','12','2023',''),(427,'411111','1111','VISA','12','2023',''),(428,'411111','1111','VISA','12','2023',''),(429,'411111','1111','VISA','12','2023',''),(430,'411111','1111','VISA','12','2023',''),(431,'411111','1111','VISA','12','2023',''),(432,'411111','1111','VISA','12','2023',''),(433,'411111','1111','VISA','12','2023',''),(434,'411111','1111','VISA','12','2023',''),(435,'411111','1111','VISA','12','2023',''),(436,'411111','1111','VISA','12','2023',''),(437,'411111','1111','VISA','12','2023',''),(438,'411111','1111','VISA','12','2023',''),(439,'411111','1111','VISA','12','2023',''),(440,'411111','1111','VISA','12','2023',''),(441,'411111','1111','VISA','12','2023',''),(442,'411111','1111','VISA','12','2023',''),(443,'411111','1111','VISA','12','2023',''),(444,'411111','1111','VISA','12','2023',''),(445,'411111','1111','VISA','12','2023',''),(446,'411111','1111','VISA','12','2023',''),(447,'411111','1111','VISA','12','2023',''),(448,'411111','1111','VISA','12','2023',''),(449,'411111','1111','VISA','12','2023',''),(450,'411111','1111','VISA','12','2023',''),(451,'411111','1111','VISA','12','2023',''),(452,'411111','1111','VISA','12','2023',''),(453,'411111','1111','VISA','12','2023',''),(454,'411111','1111','VISA','12','2023',''),(455,'411111','1111','VISA','12','2023',''),(456,'411111','1111','VISA','12','2023',''),(457,'411111','1111','VISA','12','2023',''),(458,'411111','1111','VISA','12','2023',''),(459,'411111','1111','VISA','12','2023',''),(460,'411111','1111','VISA','12','2023',''),(461,'411111','1111','VISA','12','2023',''),(462,'411111','1111','VISA','12','2023',''),(463,'411111','1111','VISA','12','2023',''),(464,'411111','1111','VISA','12','2023',''),(465,'411111','1111','VISA','12','2023',''),(466,'411111','1111','VISA','12','2023',''),(467,'411111','1111','VISA','12','2023',''),(468,'411111','1111','VISA','12','2023',''),(469,'411111','1111','VISA','12','2023',''),(470,'411111','1111','VISA','12','2023',''),(471,'411111','1111','VISA','12','2023',''),(472,'411111','1111','VISA','12','2023',''),(473,'411111','1111','VISA','12','2023',''),(474,'411111','1111','VISA','12','2023',''),(475,'411111','1111','VISA','12','2023',''),(476,'411111','1111','VISA','12','2023',''),(477,'411111','1111','VISA','12','2023',''),(478,'411111','1111','VISA','12','2023',''),(479,'411111','1111','VISA','12','2023',''),(480,'411111','1111','VISA','12','2023',''),(481,'411111','1111','VISA','12','2023',''),(482,'411111','1111','VISA','12','2023',''),(483,'411111','1111','VISA','12','2023',''),(484,'411111','1111','VISA','12','2023',''),(485,'411111','1111','VISA','12','2023',''),(486,'411111','1111','VISA','12','2023',''),(487,'411111','1111','VISA','12','2023',''),(488,'411111','1111','VISA','12','2023',''),(489,'411111','1111','VISA','12','2023',''),(490,'411111','1111','VISA','12','2023',''),(491,'411111','1111','VISA','12','2023',''),(492,'411111','1111','VISA','12','2023',''),(493,'411111','1111','VISA','12','2023',''),(494,'411111','1111','VISA','12','2023',''),(495,'411111','1111','VISA','12','2023',''),(496,'411111','1111','VISA','12','2023',''),(497,'411111','1111','VISA','12','2023',''),(498,'411111','1111','VISA','12','2023',''),(499,'411111','1111','VISA','12','2023',''),(500,'411111','1111','VISA','12','2023',''),(501,'411111','1111','VISA','12','2023',''),(502,'411111','1111','VISA','12','2023',''),(503,'411111','1111','VISA','12','2023',''),(504,'411111','1111','VISA','12','2023',''),(505,'411111','1111','VISA','12','2023',''),(506,'411111','1111','VISA','12','2023',''),(507,'411111','1111','VISA','12','2023',''),(508,'411111','1111','VISA','12','2023',''),(509,'411111','1111','VISA','12','2023',''),(510,'411111','1111','VISA','12','2023',''),(511,'411111','1111','VISA','12','2023',''),(512,'411111','1111','VISA','12','2023',''),(513,'411111','1111','VISA','12','2023',''),(514,'411111','1111','VISA','12','2023',''),(515,'411111','1111','VISA','12','2023',''),(516,'411111','1111','VISA','12','2023',''),(517,'411111','1111','VISA','12','2023',''),(518,'411111','1111','VISA','12','2023',''),(519,'411111','1111','VISA','12','2023',''),(520,'411111','1111','VISA','12','2023',''),(521,'411111','1111','VISA','12','2023',''),(522,'411111','1111','VISA','12','2023',''),(523,'411111','1111','VISA','12','2023',''),(524,'411111','1111','VISA','12','2023',''),(525,'411111','1111','VISA','12','2023',''),(526,'411111','1111','VISA','12','2023',''),(527,'411111','1111','VISA','12','2023',''),(528,'411111','1111','VISA','12','2023',''),(529,'411111','1111','VISA','12','2023',''),(530,'411111','1111','VISA','12','2023',''),(531,'411111','1111','VISA','12','2023',''),(532,'411111','1111','VISA','12','2023',''),(533,'411111','1111','VISA','12','2023',''),(534,'411111','1111','VISA','12','2023',''),(535,'411111','1111','VISA','12','2023',''),(536,'411111','1111','VISA','12','2023',''),(537,'411111','1111','VISA','12','2023',''),(538,'411111','1111','VISA','12','2023',''),(539,'411111','1111','VISA','12','2023',''),(540,'411111','1111','VISA','12','2023',''),(541,'411111','1111','VISA','12','2023',''),(542,'411111','1111','VISA','12','2023',''),(543,'411111','1111','VISA','12','2023',''),(544,'411111','1111','VISA','12','2023',''),(545,'411111','1111','VISA','12','2023',''),(546,'411111','1111','VISA','12','2023',''),(547,'411111','1111','VISA','12','2023',''),(548,'411111','1111','VISA','12','2023',''),(549,'411111','1111','VISA','12','2023',''),(550,'411111','1111','VISA','12','2023',''),(551,'411111','1111','VISA','12','2023',''),(552,'411111','1111','VISA','12','2023',''),(553,'411111','1111','VISA','12','2023',''),(554,'411111','1111','VISA','12','2023',''),(555,'411111','1111','VISA','12','2023',''),(556,'411111','1111','VISA','12','2023',''),(557,'411111','1111','VISA','12','2023',''),(558,'411111','1111','VISA','12','2023',''),(559,'411111','1111','VISA','12','2023',''),(560,'411111','1111','VISA','12','2023',''),(561,'411111','1111','VISA','12','2023',''),(562,'411111','1111','VISA','12','2023',''),(563,'411111','1111','VISA','12','2023',''),(564,'411111','1111','VISA','12','2023',''),(565,'411111','1111','VISA','12','2023',''),(566,'411111','1111','VISA','12','2023',''),(567,'411111','1111','VISA','12','2023',''),(568,'411111','1111','VISA','12','2023',''),(569,'411111','1111','VISA','12','2023',''),(570,'411111','1111','VISA','12','2023',''),(571,'411111','1111','VISA','12','2023',''),(572,'411111','1111','VISA','12','2023',''),(573,'411111','1111','VISA','12','2023',''),(574,'411111','1111','VISA','12','2023',''),(575,'411111','1111','VISA','12','2023',''),(576,'411111','1111','VISA','12','2023',''),(577,'411111','1111','VISA','12','2023',''),(578,'411111','1111','VISA','12','2023',''),(579,'411111','1111','VISA','12','2023',''),(580,'411111','1111','VISA','12','2023',''),(581,'411111','1111','VISA','12','2023',''),(582,'411111','1111','VISA','12','2023',''),(583,'411111','1111','VISA','12','2023',''),(584,'411111','1111','VISA','12','2023',''),(585,'411111','1111','VISA','12','2023',''),(586,'411111','1111','VISA','12','2023',''),(587,'411111','1111','VISA','12','2023',''),(588,'411111','1111','VISA','12','2023',''),(589,'411111','1111','VISA','12','2023',''),(590,'411111','1111','VISA','12','2023',''),(591,'411111','1111','VISA','12','2023',''),(592,'411111','1111','VISA','12','2023',''),(593,'411111','1111','VISA','12','2023',''),(594,'411111','1111','VISA','12','2023',''),(595,'411111','1111','VISA','12','2023',''),(596,'411111','1111','VISA','12','2023',''),(597,'411111','1111','VISA','12','2023',''),(598,'411111','1111','VISA','12','2023',''),(599,'411111','1111','VISA','12','2023',''),(600,'411111','1111','VISA','12','2023',''),(601,'411111','1111','VISA','12','2023',''),(602,'411111','1111','VISA','12','2023',''),(603,'411111','1111','VISA','12','2023',''),(604,'411111','1111','VISA','12','2023',''),(605,'411111','1111','VISA','12','2023',''),(606,'411111','1111','VISA','12','2023',''),(607,'411111','1111','VISA','12','2023',''),(608,'411111','1111','VISA','12','2023',''),(609,'411111','1111','VISA','12','2023',''),(610,'411111','1111','VISA','12','2023',''),(611,'411111','1111','VISA','12','2023',''),(612,'411111','1111','VISA','12','2023',''),(613,'411111','1111','VISA','12','2023',''),(614,'411111','1111','VISA','12','2023',''),(615,'411111','1111','VISA','12','2023',''),(616,'411111','1111','VISA','12','2023',''),(617,'411111','1111','VISA','12','2023',''),(618,'411111','1111','VISA','12','2023',''),(619,'411111','1111','VISA','12','2023',''),(620,'411111','1111','VISA','12','2023',''),(621,'411111','1111','VISA','12','2023',''),(622,'411111','1111','VISA','12','2023',''),(623,'411111','1111','VISA','12','2023',''),(624,'411111','1111','VISA','12','2023',''),(625,'411111','1111','VISA','12','2023',''),(626,'411111','1111','VISA','12','2023',''),(627,'411111','1111','VISA','12','2023',''),(628,'411111','1111','VISA','12','2023',''),(629,'411111','1111','VISA','12','2023',''),(630,'411111','1111','VISA','12','2023',''),(631,'411111','1111','VISA','12','2023',''),(632,'411111','1111','VISA','12','2023',''),(633,'411111','1111','VISA','12','2023',''),(634,'411111','1111','VISA','12','2023',''),(635,'411111','1111','VISA','12','2023',''),(636,'411111','1111','VISA','12','2023',''),(637,'411111','1111','VISA','12','2023',''),(638,'411111','1111','VISA','12','2023',''),(639,'411111','1111','VISA','12','2023',''),(640,'411111','1111','VISA','12','2023',''),(641,'411111','1111','VISA','12','2023',''),(642,'411111','1111','VISA','12','2023',''),(643,'411111','1111','VISA','12','2023',''),(644,'411111','1111','VISA','12','2023',''),(645,'411111','1111','VISA','12','2023',''),(646,'411111','1111','VISA','12','2023',''),(647,'411111','1111','VISA','12','2023',''),(648,'411111','1111','VISA','12','2023',''),(649,'411111','1111','VISA','12','2023',''),(650,'411111','1111','VISA','12','2023',''),(651,'411111','1111','VISA','12','2023',''),(652,'411111','1111','VISA','12','2023',''),(653,'411111','1111','VISA','12','2023',''),(654,'411111','1111','VISA','12','2023',''),(655,'411111','1111','VISA','12','2023',''),(656,'411111','1111','VISA','12','2023',''),(657,'411111','1111','VISA','12','2023',''),(658,'411111','1111','VISA','12','2023',''),(659,'411111','1111','VISA','12','2023',''),(660,'411111','1111','VISA','12','2023',''),(661,'411111','1111','VISA','12','2023',''),(662,'411111','1111','VISA','12','2023',''),(663,'411111','1111','VISA','12','2023',''),(664,'411111','1111','VISA','12','2023',''),(665,'411111','1111','VISA','12','2023',''),(666,'411111','1111','VISA','12','2023',''),(667,'411111','1111','VISA','12','2023',''),(668,'411111','1111','VISA','12','2023',''),(669,'411111','1111','VISA','12','2023',''),(670,'411111','1111','VISA','12','2023',''),(671,'411111','1111','VISA','12','2023',''),(672,'411111','1111','VISA','12','2023',''),(673,'411111','1111','VISA','12','2023',''),(674,'411111','1111','VISA','12','2023',''),(675,'411111','1111','VISA','12','2023',''),(676,'411111','1111','VISA','12','2023',''),(677,'411111','1111','VISA','12','2023',''),(678,'411111','1111','VISA','12','2023',''),(679,'411111','1111','VISA','12','2023',''),(680,'411111','1111','VISA','12','2023',''),(681,'411111','1111','VISA','12','2023',''),(682,'411111','1111','VISA','12','2023',''),(683,'411111','1111','VISA','12','2023',''),(684,'411111','1111','VISA','12','2023',''),(685,'411111','1111','VISA','12','2023',''),(686,'411111','1111','VISA','12','2023',''),(687,'411111','1111','VISA','12','2023',''),(688,'411111','1111','VISA','12','2023',''),(689,'411111','1111','VISA','12','2023',''),(690,'411111','1111','VISA','12','2023',''),(691,'411111','1111','VISA','12','2023',''),(692,'411111','1111','VISA','12','2023',''),(693,'411111','1111','VISA','12','2023',''),(694,'411111','1111','VISA','12','2023',''),(695,'411111','1111','VISA','12','2023',''),(696,'411111','1111','VISA','12','2023',''),(697,'411111','1111','VISA','12','2023',''),(698,'411111','1111','VISA','12','2023',''),(699,'481852','9009','VISA','12','2023',''),(701,'411111','1111','VISA','12','2023',''),(702,'411111','1111','VISA','12','2023',''),(703,'400000','1091','VISA','01','2023',''),(708,'411111','1111','VISA','12','2022',''),(709,'411111','1111','VISA','12','2027',''),(710,'411111','1111','VISA','12','2022',''),(711,'411111','1111','VISA','12','2027',''),(712,'411111','1111','VISA','12','2027',''),(713,'411111','1111','VISA','12','2027',''),(714,'411111','1111','VISA','12','2027',''),(715,'411111','1111','VISA','12','2027',''),(716,'411111','1111','VISA','12','2027',''),(717,'411111','1111','VISA','12','2027',''),(718,'411111','1111','VISA','12','2027',''),(719,'411111','1111','VISA','12','2027',''),(720,'411111','1111','VISA','12','2027',''),(721,'411111','1111','VISA','12','2027',''),(722,'411111','1111','VISA','12','2027',''),(723,'411111','1111','VISA','12','2027',''),(724,'411111','1111','VISA','12','2027',''),(725,'411111','1111','VISA','12','2027',''),(726,'411111','1111','VISA','12','2027',''),(727,'411111','1111','VISA','12','2027',''),(728,'411111','1111','VISA','12','2027',''),(729,'411111','1111','VISA','12','2027',''),(730,'411111','1111','VISA','12','2027',''),(731,'411111','1111','VISA','12','2027',''),(732,'411111','1111','VISA','12','2027',''),(733,'411111','1111','VISA','12','2027',''),(734,'411111','1111','VISA','12','2027',''),(735,'411111','1111','VISA','12','2027',''),(736,'411111','1111','VISA','12','2027',''),(737,'411111','1111','VISA','12','2027',''),(738,'411111','1111','VISA','12','2027',''),(739,'411111','1111','VISA','12','2022',''),(740,'411111','1111','VISA','12','2027',''),(741,'411111','1111','VISA','12','2027',''),(742,'411111','1111','VISA','12','2022',''),(743,'411111','1111','VISA','12','2022',''),(744,'411111','1111','VISA','12','2023',''),(745,'411111','1111','VISA','12','2027',''),(746,'411111','1111','VISA','12','2027',''),(747,'411111','1111','VISA','12','2027',''),(748,'411111','1111','VISA','12','2022',''),(749,'411111','1111','VISA','12','2022',''),(750,'411111','1111','VISA','12','2023',''),(751,'411111','1111','VISA','12','2027',''),(752,'411111','1111','VISA','12','2023',''),(753,'411111','1111','VISA','12','2023',''),(754,'411111','1111','VISA','12','2027',''),(755,'411111','1111','VISA','12','2027',''),(756,'411111','1111','VISA','12','2027',''),(757,'411111','1111','VISA','12','2022',''),(758,'411111','1111','VISA','12','2022',''),(759,'411111','1111','VISA','12','2022',''),(760,'411111','1111','VISA','12','2023',''),(761,'411111','1111','VISA','12','2023',''),(762,'411111','1111','VISA','12','2023',''),(763,'411111','1111','VISA','12','2022',''),(764,'411111','1111','VISA','12','2025',''),(765,'481852','9009','VISA','12','2023',''),(766,'481852','9009','VISA','12','2023',''),(767,'411111','1111','VISA','12','2022',''),(768,'411111','1111','VISA','11','2022',''),(769,'411111','1111','VISA','12','2022',''),(770,'411111','1111','VISA','11','2022',''),(771,'481852','9009','VISA','12','2023',''),(772,'481852','9009','VISA','12','2023',''),(773,'411111','1111','VISA','12','2022',''),(774,'411111','1111','VISA','12','2025',''),(777,'411111','1111','VISA','12','2022',''),(778,'481852','9009','VISA','12','2023',''),(779,'411111','1111','VISA','12','2022',''),(780,'411111','1111','VISA','12','2022',''),(781,'486871','7704','VISA','01','2025',''),(782,'486871','7704','VISA','01','2025',''),(783,'532987','4393','MC','01','2025',''),(784,'486871','4992','VISA','01','2025',''),(785,'486871','2421','VISA','01','2025',''),(786,'486871','5422','VISA','01','2025',''),(787,'486871','7210','VISA','01','2025',''),(788,'486871','8803','VISA','01','2025',''),(789,'486871','8803','VISA','01','2025',''),(790,'486871','6405','VISA','01','2025',''),(791,'486871','3346','VISA','01','2025',''),(792,'486871','4542','VISA','01','2025',''),(793,'486871','8815','VISA','01','2025',''),(794,'486871','3896','VISA','01','2025',''),(795,'486871','9038','VISA','01','2025',''),(796,'486871','0060','VISA','01','2025',''),(797,'486871','0723','VISA','01','2025',''),(798,'486871','2561','VISA','01','2025',''),(799,'486871','4153','VISA','01','2025',''),(800,'486871','1967','VISA','01','2025',''),(801,'486871','8267','VISA','01','2025',''),(802,'486871','3153','VISA','01','2025',''),(803,'486871','1368','VISA','01','2025',''),(804,'486871','5556','VISA','01','2025',''),(805,'486871','8580','VISA','01','2025',''),(806,'486871','1470','VISA','01','2025',''),(807,'486871','8584','VISA','01','2025',''),(808,'486871','6260','VISA','01','2025',''),(809,'486871','3647','VISA','01','2025',''),(810,'486871','5169','VISA','01','2025',''),(811,'486871','8502','VISA','01','2025',''),(812,'486871','1259','VISA','01','2025',''),(813,'486871','8543','VISA','01','2025',''),(814,'532987','0121','MC','01','2025',''),(815,'532987','3439','MC','01','2025',''),(816,'486871','5830','VISA','01','2025',''),(817,'486871','6080','VISA','01','2025',''),(818,'486871','3452','VISA','01','2025',''),(819,'532987','7362','MC','01','2025',''),(820,'532987','8494','MC','01','2025',''),(821,'411111','1111','VISA','12','2025',''),(822,'411111','1111','VISA','12','2025',''),(823,'411111','1111','VISA','12','2022',''),(824,'411111','1111','VISA','12','2025',''),(828,'400000','2701','VISA','01','2025',''),(829,'520000','2235','MC','01','2025',''),(830,'520000','2235','MC','01','2025',''),(831,'520000','2235','MC','01','2025',''),(833,'374200','0004','AMEX','10','2028',''),(834,'374200','0004','AMEX','12','2030',''),(835,'540400','0001','MC','02','2031',''),(836,'411111','1111','VISA','12','2025',''),(837,'374200','0004','AMEX','02','2028',''),(838,'555555','4444','MC','11','2030',''),(839,'345678','4564','AMEX','04','2024',''),(840,'655669','9513','DC','12','2024',''),(841,'555555','4444','MC','12','2023',''),(842,'424242','4242','VISA','03','2032',''),(843,'374200','0004','AMEX','09','2028',''),(844,'345678','4564','AMEX','11','2029',''),(845,'655669','9513','DC','08','2029',''),(846,'424242','4242','VISA','04','2032',''),(847,'374200','0004','AMEX','10','2029',''),(848,'540400','0001','MC','03','2028',''),(849,'555555','4444','MC','03','2026',''),(850,'555555','4444','MC','08','2023',''),(851,'555555','4444','MC','07','2025',''),(852,'601120','1277','DC','06','2028',''),(853,'411111','1111','VISA','12','2024',''),(854,'411111','1111','VISA','09','2027',''),(855,'555555','4444','MC','07','2032',''),(856,'374200','0004','AMEX','07','2026',''),(857,'424242','4242','VISA','05','2031',''),(858,'555555','4444','MC','11','2032',''),(859,'424242','4242','VISA','03','2029',''),(860,'411111','1111','VISA','08','2031',''),(861,'540400','0001','MC','02','2030',''),(862,'424242','4242','VISA','09','2025',''),(864,'411111','1111','VISA','12','2025',''),(865,'411111','1111','VISA','12','2025',''),(866,'411111','1111','VISA','12','2025',''),(867,'411111','1111','VISA','12','2025',''),(868,'400000','2701','VISA','01','2025',''),(869,'400000','2701','VISA','01','2025',''),(870,'400000','2925','VISA','01','2025',''),(871,'400000','2503','VISA','12','2025',''),(872,'411111','1111','VISA','12','2023',''),(873,'411111','1111','VISA','12','2027',''),(874,'411111','1111','VISA','12','2027',''),(875,'411111','1111','VISA','12','2027',''),(876,'411111','1111','VISA','12','2022',''),(877,'411111','1111','VISA','12','2022',''),(878,'411111','1111','VISA','12','2022',''),(879,'411111','1111','VISA','12','2022',''),(880,'411111','1111','VISA','12','2022',''),(881,'411111','1111','VISA','11','2022',''),(882,'411111','1111','VISA','12','2025',''),(883,'411111','1111','VISA','12','2023',''),(884,'411111','1111','VISA','12','2027',''),(885,'411111','1111','VISA','12','2027',''),(886,'411111','1111','VISA','12','2027',''),(887,'411111','1111','VISA','12','2022',''),(888,'411111','1111','VISA','12','2022',''),(889,'411111','1111','VISA','12','2022',''),(890,'411111','1111','VISA','12','2022',''),(891,'411111','1111','VISA','12','2022',''),(892,'411111','1111','VISA','11','2022',''),(893,'411111','1111','VISA','12','2025',''),(894,'411111','1111','VISA','12','2023',''),(895,'411111','1111','VISA','12','2027',''),(896,'411111','1111','VISA','12','2027',''),(897,'411111','1111','VISA','12','2027',''),(898,'411111','1111','VISA','12','2022',''),(899,'411111','1111','VISA','12','2022',''),(900,'411111','1111','VISA','12','2022',''),(901,'411111','1111','VISA','12','2022',''),(902,'411111','1111','VISA','12','2022',''),(903,'411111','1111','VISA','11','2022',''),(904,'411111','1111','VISA','12','2025',''),(905,'411111','1111','VISA','12','2025',''),(906,'411111','1111','VISA','12','2023',''),(907,'411111','1111','VISA','12','2027',''),(908,'411111','1111','VISA','12','2027',''),(909,'411111','1111','VISA','12','2027',''),(910,'411111','1111','VISA','12','2022',''),(911,'411111','1111','VISA','12','2022',''),(912,'411111','1111','VISA','12','2022',''),(913,'411111','1111','VISA','12','2022',''),(914,'411111','1111','VISA','12','2022',''),(915,'411111','1111','VISA','11','2022',''),(916,'411111','1111','VISA','12','2025',''),(917,'411111','1111','VISA','12','2023',''),(918,'411111','1111','VISA','12','2027',''),(919,'411111','1111','VISA','12','2027',''),(920,'411111','1111','VISA','12','2027',''),(921,'411111','1111','VISA','12','2022',''),(922,'411111','1111','VISA','12','2022',''),(923,'411111','1111','VISA','12','2022',''),(924,'411111','1111','VISA','12','2022',''),(925,'411111','1111','VISA','12','2022',''),(926,'411111','1111','VISA','11','2022',''),(927,'411111','1111','VISA','12','2025',''),(928,'411111','1111','VISA','12','2023',''),(929,'411111','1111','VISA','12','2027',''),(930,'411111','1111','VISA','12','2027',''),(931,'411111','1111','VISA','12','2027',''),(932,'411111','1111','VISA','12','2022',''),(933,'411111','1111','VISA','12','2022',''),(934,'411111','1111','VISA','12','2022',''),(935,'411111','1111','VISA','12','2022',''),(936,'411111','1111','VISA','12','2022',''),(937,'411111','1111','VISA','11','2022',''),(938,'411111','1111','VISA','12','2025',''),(939,'411111','1111','VISA','12','2023',''),(940,'411111','1111','VISA','12','2027',''),(941,'411111','1111','VISA','12','2027',''),(942,'411111','1111','VISA','12','2027',''),(943,'411111','1111','VISA','12','2022',''),(944,'411111','1111','VISA','12','2022',''),(945,'411111','1111','VISA','12','2022',''),(946,'411111','1111','VISA','12','2022',''),(947,'411111','1111','VISA','12','2022',''),(948,'411111','1111','VISA','11','2022',''),(949,'411111','1111','VISA','12','2025',''),(950,'411111','1111','VISA','12','2023',''),(951,'411111','1111','VISA','12','2027',''),(952,'411111','1111','VISA','12','2027',''),(953,'411111','1111','VISA','12','2027',''),(954,'411111','1111','VISA','12','2022',''),(955,'411111','1111','VISA','12','2022',''),(956,'411111','1111','VISA','12','2022',''),(957,'411111','1111','VISA','12','2022',''),(958,'411111','1111','VISA','12','2022',''),(959,'411111','1111','VISA','11','2022',''),(960,'411111','1111','VISA','12','2025',''),(962,'411111','1111','VISA','12','2025',''),(963,'411111','1111','VISA','12','2025',''),(964,'411111','1111','VISA','12','2025',''),(965,'411111','1111','VISA','12','2025',''),(966,'411111','1111','VISA','12','2025',''),(967,'411111','1111','VISA','12','2025',''),(968,'411111','1111','VISA','12','2025',''),(969,'411111','1111','VISA','12','2025',''),(970,'411111','1111','VISA','12','2025',''),(971,'411111','1111','VISA','12','2025',''),(972,'411111','1111','VISA','12','2025',''),(973,'411111','1111','VISA','12','2025',''),(974,'411111','1111','VISA','12','2025',''),(975,'411111','1111','VISA','12','2025',''),(976,'411111','1111','VISA','12','2025',''),(977,'411111','1111','VISA','12','2025',''),(978,'481852','9009','VISA','12','2023',''),(979,'481852','9009','VISA','12','2023',''),(980,'481852','9009','VISA','12','2023',''),(981,'411111','1111','VISA','12','2025',''),(982,'411111','1111','VISA','12','2025',''),(983,'411111','1111','VISA','12','2025',''),(985,'411111','1111','VISA','12','2025',''),(986,'411111','1111','VISA','12','2025',''),(987,'411111','1111','VISA','12','2027',''),(988,'481852','9009','VISA','12','2023',''),(989,'411111','1111','VISA','12','2025',''),(990,'481852','9009','VISA','12','2023',''),(991,'444433','1111','VISA','11','2023',''),(992,'411111','1111','VISA','12','2025',''),(993,'444433','1111','VISA','11','2023',''),(994,'481852','9009','VISA','12','2023',''),(995,'481852','9009','VISA','12','2023',''),(996,'411111','1111','VISA','12','2025',''),(997,'411111','1111','VISA','12','2025','Wee'),(998,'481852','9009','VISA','12','2023',''),(999,'481852','9009','VISA','12','2023',''),(1000,'411111','1111','VISA','12','2025',''),(1001,'411111','1111','VISA','12','2025',''),(1002,'411111','1111','VISA','12','2025',''),(1003,'00J811','0518','MC','12','33',''),(1004,'6RW848','3404','MC','12','33',''),(1005,'8HL822','790S','MC','12','33',''),(1006,'5UW147','392U','MC','12','33',''),(1009,'481852','9009','VISA','12','2023',''),(1010,'481852','9009','VISA','12','2023',''),(1011,'481852','9009','VISA','12','2023',''),(1012,'481852','9009','VISA','12','2023',''),(1013,'411111','1111','VISA','12','2025',''),(1016,'411111','1111','VISA','12','2025',''),(1017,'411111','1111','VISA','12','2025',''),(1018,'411111','1111','VISA','12','2025',''),(1019,'411111','1111','VISA','12','2025',''),(1020,'411111','1111','VISA','12','2025',''),(1027,'411111','1111','VISA','12','2025',''),(1038,'411111','1111','VISA','12','2025',''),(1039,'411111','1111','VISA','12','2025',''),(1040,'378282','0005','AMEX','12','2025',''),(1041,'411111','1111','VISA','12','2025',''),(1042,'411111','1111','VISA','12','2025',''),(1043,'411111','1111','VISA','12','2025',''),(1044,'411111','1111','VISA','12','2025',''),(1117,'411111','1111','VISA','12','2025',''),(1118,'411111','1111','VISA','01','2025',''),(1120,'411111','1111','VISA','01','2025',''),(1121,'411111','1111','VISA','01','2025',''),(1122,'424242','4242','VISA','02','2033',''),(1124,'424242','4242','VISA','02','2033',''),(1125,'411111','1111','VISA','01','2025',''),(1126,'411111','1111','VISA','01','2025',''),(1127,'411111','1111','VISA','01','2025',''),(1130,'411111','1111','VISA','12','2028',''),(1131,'481852','9009','VISA','12','2023',''),(1132,'481852','9009','VISA','12','2023',''),(1133,'481852','9009','VISA','12','2023',''),(1134,'481852','9009','VISA','12','2023',''),(1137,'481852','9009','VISA','12','2023',''),(1140,'481852','9009','VISA','12','2023',''),(1141,'481852','9009','VISA','12','2023',''),(1142,'481852','9009','VISA','12','2023',''),(1143,'411111','1111','VISA','12','2025',''),(1144,'411111','1111','VISA','01','2025',''),(1145,'411111','1111','VISA','12','2025',''),(1146,'411111','1111','VISA','12','2025',''),(1147,'411111','1111','VISA','12','2025',''),(1148,'481852','9009','VISA','12','2023',''),(1149,'481852','9009','VISA','12','2023',''),(1150,'481852','9009','VISA','12','2023',''),(1151,'481852','9009','VISA','12','2023',''),(1152,'411111','1111','VISA','12','2025',''),(1153,'411111','1111','VISA','12','2025',''),(1154,'411111','1111','VISA','12','2025',''),(1155,'411111','1111','VISA','12','2025',''),(1156,'411111','1111','VISA','12','2025',''),(1157,'411111','1111','VISA','12','2025',''),(1158,'411111','1111','VISA','12','2025','');

--
-- Table structure for table `xpay_mixpanel_event_context`
--

CREATE TABLE `xpay_mixpanel_event_context` (
  `event_id` int(11) NOT NULL DEFAULT '0',
  `name` char(64) NOT NULL DEFAULT '',
  `value` text NOT NULL,
  PRIMARY KEY (`event_id`,`name`),
  KEY `event_id` (`event_id`),
  CONSTRAINT `xpay_mixpanel_event_context_ibfk_1` FOREIGN KEY (`event_id`) REFERENCES `xpay_mixpanel_events` (`event_id`) ON DELETE CASCADE ON UPDATE CASCADE
) ENGINE=InnoDB DEFAULT CHARSET=utf8;

--
-- Dumping data for table `xpay_mixpanel_event_context`
--


--
-- Table structure for table `xpay_mixpanel_event_properties`
--

CREATE TABLE `xpay_mixpanel_event_properties` (
  `event_id` int(11) NOT NULL DEFAULT '0',
  `name` char(64) NOT NULL DEFAULT '',
  `value` text NOT NULL,
  PRIMARY KEY (`event_id`,`name`),
  KEY `event_id` (`event_id`),
  CONSTRAINT `xpay_mixpanel_event_properties_ibfk_1` FOREIGN KEY (`event_id`) REFERENCES `xpay_mixpanel_events` (`event_id`) ON DELETE CASCADE ON UPDATE CASCADE
) ENGINE=InnoDB DEFAULT CHARSET=utf8;

--
-- Dumping data for table `xpay_mixpanel_event_properties`
--


--
-- Table structure for table `xpay_mixpanel_events`
--

CREATE TABLE `xpay_mixpanel_events` (
  `event_id` int(11) NOT NULL AUTO_INCREMENT,
  `action` varchar(255) NOT NULL DEFAULT '',
  `user_id` varchar(64) NOT NULL DEFAULT '',
  `timestamp` char(64) NOT NULL DEFAULT '',
  PRIMARY KEY (`event_id`)
) ENGINE=InnoDB DEFAULT CHARSET=utf8;

--
-- Dumping data for table `xpay_mixpanel_events`
--


--
-- Table structure for table `xpay_modules_registry`
--

CREATE TABLE `xpay_modules_registry` (
  `module` varchar(64) NOT NULL,
  `type` varchar(64) NOT NULL,
  PRIMARY KEY (`module`,`type`)
) ENGINE=InnoDB DEFAULT CHARSET=utf8;

--
-- Dumping data for table `xpay_modules_registry`
--

INSERT INTO `xpay_modules_registry` (`module`, `type`) VALUES ('Amex','Module'),('ANZeGate','Module'),('ApplePay','ModuleWallet'),('ApplePayPaypal','ModuleWallet'),('AuthorizeNetXML','Module'),('Bambora','Module'),('Bean','Module'),('BendigoBank','Module'),('BillriantPay','Module'),('BluePay','Module'),('BlueSnap','Module'),('Braintree','Module'),('Caledon','Module'),('CardinalCommerce','Module'),('Chase','Module'),('CommWeb','Module'),('Credomatic','Module'),('CyberSourceSOAP','Module'),('DemoPay','Module'),('Dibs','Module'),('DirectOne','Module'),('Elavon','Module'),('EpdqXML','Module'),('EProcessingTDE','Module'),('ESec','Module'),('ESelect','Module'),('EwayRapid','Module'),('FifthDimensionGateway','Module'),('FirstDataE4','Module'),('GlobalIris','Module'),('GlobalPay','Module'),('GoEmerchant','Module'),('GooglePay','ModuleWallet'),('Heartland','Module'),('HeidelPay','Module'),('InnovativeGateway','Module'),('ItransactXML','Module'),('Kount','ModuleAntifraud'),('Meritus','Module'),('NAB','Module'),('NABXML','Module'),('Netbilling','Module'),('Netevia','Module'),('NMI','Module'),('NoFraud','ModuleAntifraud'),('Ogone','Module'),('PayflowPro','Module'),('PayGateSA','Module'),('PayPal','Module'),('PaypalREST','Module'),('PaypalWPPDirectPayment','Module'),('PaypalWPPPEDirectPayment','Module'),('PsiGateXML','Module'),('QuantumGatewayXML','Module'),('QuickBooksPayments','Module'),('QuickPay','Module'),('RBSGlobalGatewayDirect','Module'),('Realex','Module'),('SagePayDirect','Module'),('SageUs','Module'),('Signifyd','ModuleAntifraud'),('SimplifyCommerce','Module'),('SkipJack','Module'),('Stripe','Module'),('Suncorp','Module'),('TranSafe','Module'),('TwoCheckout','Module'),('USAePay','Module'),('VirtualMerchantMPF','Module'),('WebXpress','Module'),('WorldpayTotalUS','Module'),('WorldpayUs','Module');

--
-- Table structure for table `xpay_no_fraud_conf`
--

CREATE TABLE `xpay_no_fraud_conf` (
  `conf_id` int(6) NOT NULL DEFAULT '0',
  `nf_token` varchar(255) NOT NULL DEFAULT '',
  `status` char(1) NOT NULL DEFAULT 'N',
  `mode` varchar(4) NOT NULL DEFAULT 'test',
  PRIMARY KEY (`conf_id`),
  CONSTRAINT `xpay_no_fraud_conf_ibfk_1` FOREIGN KEY (`conf_id`) REFERENCES `xpay_payment_confs` (`conf_id`) ON DELETE CASCADE ON UPDATE CASCADE
) ENGINE=InnoDB DEFAULT CHARSET=utf8;

--
-- Dumping data for table `xpay_no_fraud_conf`
--


--
-- Table structure for table `xpay_no_fraud_result`
--

CREATE TABLE `xpay_no_fraud_result` (
  `payment_id` int(6) NOT NULL DEFAULT '0',
  `transaction_id` varchar(255) NOT NULL DEFAULT '',
  `status` varchar(255) NOT NULL DEFAULT '',
  `message` varchar(255) NOT NULL DEFAULT '',
  `errors` text NOT NULL,
  PRIMARY KEY (`payment_id`),
  CONSTRAINT `xpay_no_fraud_result_ibfk_1` FOREIGN KEY (`payment_id`) REFERENCES `xpay_payments` (`payment_id`) ON DELETE CASCADE ON UPDATE CASCADE
) ENGINE=InnoDB DEFAULT CHARSET=utf8;

--
-- Dumping data for table `xpay_no_fraud_result`
--


--
-- Table structure for table `xpay_password_history`
--

CREATE TABLE `xpay_password_history` (
  `ph_id` int(6) NOT NULL AUTO_INCREMENT,
  `user_id` int(6) NOT NULL,
  `password` char(128) NOT NULL DEFAULT '',
  `key_id` int(6) NOT NULL,
  `set_date` int(11) NOT NULL,
  PRIMARY KEY (`ph_id`),
  UNIQUE KEY `user_id` (`user_id`,`password`),
  CONSTRAINT `xpay_password_history_1` FOREIGN KEY (`user_id`) REFERENCES `xpay_profiles` (`user_id`) ON DELETE CASCADE ON UPDATE CASCADE
) ENGINE=InnoDB AUTO_INCREMENT=9 DEFAULT CHARSET=utf8;

--
-- Dumping data for table `xpay_password_history`
--

INSERT INTO `xpay_password_history` (`ph_id`, `user_id`, `password`, `key_id`, `set_date`) VALUES (1,1,'PFavi/RIz/DdYR+SyxBL4C1u7kWo+aOY:W55HUgYfQFbA7cAu7m0x/mN2IMWqefC2',4668705,1637124433),(2,2,'2rtmqNFmjfRfne4EDO6XsmFXJvAxnVRf:XP+uY4t9/sxT0HFXq2qBHUcl5ARQqgpu',4528241,1637170384),(3,2,'/tIPwNcFRNYzumQllFBtAwugxk9AW+m3:Zr1r8z8HQXH95dxG5evB3+XwLiDLR1ZM',5554361,1653029524),(4,2,'g6dGWSbxzcVxLY7IuO1p+g/IydRojuUS:BKPaplln8mRQ6jpenpRv15aSDqgWy3ZP',1709232,1660737607),(5,2,'nzOBqM2jFovn517rA4dNlkLTpGUR4RWe:ObxgxtzGrwYHXrJrXknUXNGK2XtIEdHk',4668705,1676883651),(6,2,'fUj1SKsZ7uMdk6yBhrth6zFmI/4SaVEz:AW+G14FxudwUzQvfSMnDm/RH8e727JR2',6669510,1676968889),(7,2,'gl0LNQ2JDFOk6tics/hBXBmSX+4lbfTm:McwPCYqkJGOn3bJzeveGJ0j3DrVzX/XW',4668705,1687826430),(8,2,'hHTUMQSHogDXTfVcKc8xNPV2OA7BiCZ6:25A6TX55aESkpcAQxWW2qwPnSRMX1q2O',6724719,1697142116);

--
-- Table structure for table `xpay_payment_card_validation_data`
--

CREATE TABLE `xpay_payment_card_validation_data` (
  `cell_id` int(11) NOT NULL AUTO_INCREMENT,
  `payment_id` int(11) NOT NULL DEFAULT '0',
  `cvv` int(1) NOT NULL DEFAULT '0',
  `cvv_code` char(1) NOT NULL DEFAULT '',
  `cvv_raw` varchar(255) NOT NULL DEFAULT '',
  `avs_a` int(1) NOT NULL DEFAULT '0',
  `avs_z` int(1) NOT NULL DEFAULT '0',
  `avs_c` int(1) NOT NULL DEFAULT '0',
  `avs_code` char(1) NOT NULL DEFAULT '',
  `avs_raw` varchar(255) NOT NULL DEFAULT '',
  PRIMARY KEY (`cell_id`),
  KEY `payment_id` (`payment_id`),
  CONSTRAINT `xpay_payment_card_validation_data_ibfk_1` FOREIGN KEY (`payment_id`) REFERENCES `xpay_payments` (`payment_id`) ON DELETE CASCADE ON UPDATE CASCADE
) ENGINE=InnoDB AUTO_INCREMENT=1159 DEFAULT CHARSET=utf8;

--
-- Dumping data for table `xpay_payment_card_validation_data`
--

INSERT INTO `xpay_payment_card_validation_data` (`cell_id`, `payment_id`, `cvv`, `cvv_code`, `cvv_raw`, `avs_a`, `avs_z`, `avs_c`, `avs_code`, `avs_raw`) VALUES (1,1,1,'','',1,1,1,'',''),(2,2,1,'','',1,1,1,'',''),(3,3,0,'','',0,0,0,'',''),(4,4,0,'','',0,0,0,'',''),(5,5,0,'','',0,0,0,'',''),(6,6,0,'','',0,0,0,'',''),(7,7,0,'','',0,0,0,'',''),(8,8,0,'','',0,0,0,'',''),(9,9,0,'','',0,0,0,'',''),(10,10,0,'','',0,0,0,'',''),(11,11,1,'','',1,1,1,'',''),(12,12,0,'','',0,0,0,'',''),(13,13,0,'','',0,0,0,'',''),(14,14,0,'','',0,0,0,'',''),(15,15,2,'','',2,2,2,'',''),(16,16,0,'','',0,0,0,'',''),(17,17,0,'','',0,0,0,'',''),(18,18,1,'','MATCHED',2,2,0,'',''),(19,19,1,'','MATCHED',2,2,0,'',''),(20,20,1,'','MATCHED',2,2,0,'',''),(21,21,0,'','',0,0,0,'',''),(22,22,0,'','',0,0,0,'',''),(23,23,0,'','',0,0,0,'',''),(24,24,0,'','',0,0,0,'',''),(25,25,0,'','',0,0,0,'',''),(26,26,0,'P','P',1,1,1,'Y','Y'),(27,27,0,'','',0,0,0,'',''),(28,28,1,'','',1,1,1,'',''),(29,29,1,'','',1,1,1,'',''),(30,30,0,'','',0,0,0,'',''),(31,31,0,'','',0,0,0,'',''),(32,32,0,'','',0,0,0,'',''),(33,33,0,'','',0,0,0,'',''),(34,34,2,'','',2,2,2,'',''),(35,35,1,'','',1,1,1,'',''),(36,36,2,'','',2,2,2,'',''),(37,37,0,'P','P',1,1,1,'Y','Y'),(38,38,0,'P','P',1,1,1,'Y','Y'),(39,39,0,'','',0,0,0,'',''),(40,40,0,'P','P',1,1,1,'Y','Y'),(41,41,1,'','',1,1,0,'',''),(42,42,1,'','',1,1,1,'',''),(43,43,1,'','',1,1,1,'',''),(44,44,2,'','',2,2,2,'',''),(45,45,2,'','',2,2,2,'',''),(46,46,0,'','',0,0,0,'',''),(47,47,0,'','',0,0,0,'',''),(48,48,1,'','',1,1,0,'',''),(49,49,1,'','',1,1,0,'',''),(50,50,0,'','',1,1,0,'',''),(51,51,0,'','',1,1,0,'',''),(52,52,0,'','',0,0,0,'',''),(53,53,0,'','',0,0,0,'',''),(54,54,0,'P','P',1,1,1,'Y','Y'),(55,55,0,'P','P',1,1,1,'Y','Y'),(56,56,0,'P','P',1,1,1,'Y','Y'),(57,57,0,'P','P',1,1,1,'Y','Y'),(58,58,0,'P','P',1,1,1,'Y','Y'),(59,59,0,'P','P',1,1,1,'Y','Y'),(60,60,0,'P','P',1,1,1,'Y','Y'),(61,61,0,'P','P',1,1,1,'Y','Y'),(62,62,0,'P','P',1,1,1,'Y','Y'),(63,63,0,'P','P',1,1,1,'Y','Y'),(64,64,0,'P','P',1,1,1,'Y','Y'),(65,65,1,'','',1,1,0,'',''),(66,66,0,'','',1,1,0,'',''),(67,67,0,'','',0,0,0,'',''),(68,68,0,'S','S',1,1,1,'Y','Y'),(69,69,0,'','',0,0,0,'',''),(70,70,0,'','',0,0,0,'',''),(71,71,0,'','',0,0,0,'',''),(72,72,0,'','',0,0,0,'',''),(73,73,0,'','',0,0,0,'',''),(74,74,0,'S','S',1,1,1,'Y','Y'),(75,75,0,'','',0,0,0,'',''),(76,76,0,'','',0,0,0,'',''),(77,77,0,'','',0,0,0,'',''),(78,78,0,'','',0,0,0,'',''),(79,79,0,'','',0,0,0,'',''),(80,80,1,'M','M',1,2,2,'A','A'),(81,81,1,'M','M',1,2,2,'A','A'),(82,82,1,'','',1,1,0,'',''),(83,83,1,'','',1,1,0,'',''),(84,84,0,'','',1,1,0,'',''),(85,85,1,'','',1,1,0,'',''),(86,86,0,'','',1,1,0,'',''),(87,87,1,'','',1,1,0,'',''),(88,88,0,'','',1,1,0,'',''),(89,89,1,'','',1,1,0,'',''),(90,90,1,'','',1,1,0,'',''),(91,91,0,'','',1,1,0,'',''),(92,92,0,'','',0,0,0,'',''),(93,93,0,'P','P',1,1,1,'Y','Y'),(94,94,0,'P','P',1,1,1,'Y','Y'),(95,95,0,'P','P',1,1,1,'Y','Y'),(96,96,0,'P','P',1,1,1,'Y','Y'),(97,97,0,'P','P',1,1,1,'Y','Y'),(98,98,0,'P','P',1,1,1,'Y','Y'),(99,99,0,'P','P',1,1,1,'Y','Y'),(100,100,0,'','',0,0,0,'',''),(101,101,0,'','',0,0,0,'',''),(102,102,0,'','',0,0,0,'',''),(103,103,0,'','',0,0,0,'',''),(104,104,0,'P','P',1,1,1,'Y','Y'),(105,105,0,'P','P',1,1,1,'Y','Y'),(106,106,0,'P','P',1,1,1,'Y','Y'),(107,107,0,'P','P',1,1,1,'Y','Y'),(108,108,0,'','',0,0,0,'',''),(109,109,0,'P','P',1,1,1,'Y','Y'),(110,110,0,'P','P',1,1,1,'Y','Y'),(111,111,0,'','',0,0,0,'',''),(112,112,0,'','',0,0,0,'',''),(113,113,0,'P','P',1,1,1,'Y','Y'),(114,114,0,'','',0,0,0,'',''),(115,115,0,'','',0,0,0,'',''),(116,116,0,'','',0,0,0,'',''),(117,117,0,'','',0,0,0,'',''),(118,118,0,'','',0,0,0,'',''),(119,119,0,'','',0,0,0,'',''),(120,120,0,'','',0,0,0,'',''),(121,121,0,'','',0,0,0,'',''),(122,122,0,'','',0,0,0,'',''),(123,123,0,'P','P',1,1,1,'Y','Y'),(124,124,0,'P','P',1,1,1,'Y','Y'),(125,125,0,'P','P',1,1,1,'Y','Y'),(126,126,0,'P','P',1,1,1,'Y','Y'),(127,127,0,'','',0,0,0,'',''),(128,128,0,'','',0,0,0,'',''),(129,129,0,'P','P',1,1,1,'Y','Y'),(130,130,0,'','',0,0,0,'',''),(131,131,0,'P','P',1,1,1,'Y','Y'),(132,132,0,'P','P',1,1,1,'Y','Y'),(133,133,0,'P','P',1,1,1,'Y','Y'),(134,134,0,'P','P',1,1,1,'Y','Y'),(135,135,0,'P','P',1,1,1,'Y','Y'),(136,136,0,'P','P',1,1,1,'Y','Y'),(137,137,0,'P','P',1,1,1,'Y','Y'),(138,138,0,'P','P',1,1,1,'Y','Y'),(139,139,0,'P','P',1,1,1,'Y','Y'),(140,140,0,'P','P',1,1,1,'Y','Y'),(141,141,0,'','',0,0,0,'P','P'),(142,142,0,'','',0,0,0,'P','P'),(143,143,0,'','',0,0,0,'P','P'),(144,144,0,'','',0,0,0,'P','P'),(145,145,0,'','',0,0,0,'P','P'),(146,146,0,'','',0,0,0,'P','P'),(147,147,0,'','',0,0,0,'',''),(148,148,0,'','',0,0,0,'',''),(149,149,0,'','',0,0,0,'',''),(150,150,0,'','',0,0,0,'',''),(151,151,0,'','',0,0,0,'',''),(152,152,0,'','',0,0,0,'',''),(153,153,0,'','',0,0,0,'',''),(154,154,0,'','',0,0,0,'',''),(155,155,0,'','',0,0,0,'',''),(156,156,0,'','',0,0,0,'',''),(157,157,0,'','',0,0,0,'',''),(158,158,0,'','',0,0,0,'',''),(159,159,0,'','',0,0,0,'',''),(160,160,0,'','',0,0,0,'',''),(161,161,0,'','',0,0,0,'',''),(162,162,0,'','',0,0,0,'',''),(163,163,0,'','',0,0,0,'',''),(164,164,0,'','',0,0,0,'',''),(165,165,0,'','',0,0,0,'',''),(166,166,0,'','',0,0,0,'',''),(167,167,0,'','',0,0,0,'',''),(168,168,0,'','',0,0,0,'',''),(169,169,0,'','',0,0,0,'',''),(170,170,0,'','',0,0,0,'',''),(171,171,0,'','',0,0,0,'',''),(172,172,0,'','',0,0,0,'',''),(173,173,0,'','',0,0,0,'',''),(174,174,0,'','',0,0,0,'',''),(175,175,0,'','',0,0,0,'',''),(176,176,0,'','',0,0,0,'',''),(177,177,0,'','',0,0,0,'',''),(178,178,0,'','',0,0,0,'',''),(179,179,0,'','',0,0,0,'',''),(180,180,0,'','',0,0,0,'',''),(181,181,0,'','',0,0,0,'',''),(182,182,0,'','',0,0,0,'',''),(183,183,0,'','',0,0,0,'',''),(184,184,0,'','',0,0,0,'',''),(185,185,0,'','',0,0,0,'',''),(186,186,0,'','',0,0,0,'',''),(187,187,0,'','',0,0,0,'',''),(188,188,0,'','',0,0,0,'',''),(189,189,0,'','',0,0,0,'',''),(190,190,0,'','',0,0,0,'',''),(191,191,0,'','',0,0,0,'',''),(192,192,0,'P','P',0,0,0,'U','U'),(193,193,1,'M','M',0,0,0,'U','U'),(194,194,1,'M','M',0,0,0,'U','U'),(195,195,1,'M','M',0,0,0,'U','U'),(196,196,0,'','',0,0,0,'',''),(197,197,0,'','',0,0,0,'',''),(198,198,0,'','',0,0,0,'',''),(199,199,0,'','',0,0,0,'',''),(200,200,0,'','',0,0,0,'',''),(201,201,0,'','',0,0,0,'',''),(202,202,0,'','',0,0,0,'',''),(203,203,0,'','',0,0,0,'',''),(204,204,0,'','',0,0,0,'',''),(205,205,0,'','',0,0,0,'',''),(206,206,0,'','',0,0,0,'',''),(207,207,0,'','',0,0,0,'',''),(208,208,0,'','',0,0,0,'',''),(209,209,0,'','',0,0,0,'',''),(210,210,0,'','',0,0,0,'',''),(211,211,0,'','',0,0,0,'',''),(212,212,0,'','',0,0,0,'',''),(213,213,0,'','',0,0,0,'',''),(214,214,0,'','',0,0,0,'',''),(215,215,0,'','',0,0,0,'',''),(216,216,0,'','',0,0,0,'',''),(217,217,0,'','',0,0,0,'',''),(218,218,0,'','',0,0,0,'',''),(219,219,0,'','',0,0,0,'',''),(220,220,0,'','',0,0,0,'',''),(221,221,0,'','',0,0,0,'',''),(222,222,0,'','',0,0,0,'',''),(223,223,0,'','',0,0,0,'',''),(224,224,0,'','',0,0,0,'',''),(225,225,0,'','',0,0,0,'',''),(226,226,0,'','',0,0,0,'',''),(227,227,0,'','',0,0,0,'',''),(228,228,0,'','',0,0,0,'',''),(229,229,0,'','',0,0,0,'',''),(230,230,0,'','',0,0,0,'',''),(231,231,0,'','',0,0,0,'',''),(232,232,0,'','',0,0,0,'',''),(233,233,0,'','',0,0,0,'',''),(234,234,0,'','',0,0,0,'',''),(235,235,0,'','',0,0,0,'',''),(236,236,0,'','',0,0,0,'',''),(237,237,0,'','',0,0,0,'',''),(238,238,0,'','',0,0,0,'',''),(239,239,0,'','',0,0,0,'',''),(240,240,0,'','',0,0,0,'',''),(241,241,0,'','',0,0,0,'',''),(242,242,0,'','',0,0,0,'',''),(243,243,0,'','',0,0,0,'',''),(244,244,0,'','',0,0,0,'',''),(245,245,0,'','',0,0,0,'',''),(246,246,0,'','',0,0,0,'',''),(247,247,0,'','',0,0,0,'',''),(248,248,0,'','',0,0,0,'',''),(249,249,0,'','',0,0,0,'',''),(250,250,0,'','',0,0,0,'',''),(251,251,0,'','',0,0,0,'',''),(252,252,0,'','',0,0,0,'',''),(253,253,0,'','',0,0,0,'',''),(254,254,0,'','',0,0,0,'',''),(255,255,0,'','',0,0,0,'',''),(256,256,0,'','',0,0,0,'',''),(257,257,0,'','',0,0,0,'',''),(258,258,0,'','',0,0,0,'',''),(259,259,0,'','',0,0,0,'',''),(260,260,0,'','',0,0,0,'',''),(261,261,0,'','',0,0,0,'',''),(262,262,0,'','',0,0,0,'',''),(263,263,0,'','',0,0,0,'',''),(264,264,0,'','',0,0,0,'',''),(265,265,0,'','',0,0,0,'',''),(266,266,0,'','',0,0,0,'',''),(267,267,0,'','',0,0,0,'',''),(268,268,0,'','',0,0,0,'',''),(269,269,0,'','',0,0,0,'',''),(270,270,0,'','',0,0,0,'',''),(271,271,0,'','',0,0,0,'',''),(272,272,0,'','',0,0,0,'',''),(273,273,0,'','',0,0,0,'',''),(274,274,0,'','',0,0,0,'',''),(275,275,0,'','',0,0,0,'',''),(276,276,0,'','',0,0,0,'',''),(277,277,0,'','',0,0,0,'',''),(278,278,0,'','',0,0,0,'',''),(279,279,0,'','',0,0,0,'',''),(280,280,0,'','',0,0,0,'',''),(281,281,0,'','',0,0,0,'',''),(282,282,0,'','',0,0,0,'',''),(283,283,0,'','',0,0,0,'',''),(284,284,0,'','',0,0,0,'',''),(285,285,0,'','',0,0,0,'',''),(286,286,0,'','',0,0,0,'',''),(287,287,0,'','',0,0,0,'',''),(288,288,0,'','',0,0,0,'',''),(289,289,0,'','',0,0,0,'',''),(290,290,0,'','',0,0,0,'',''),(291,291,0,'','',0,0,0,'',''),(292,292,0,'','',0,0,0,'',''),(293,293,0,'','',0,0,0,'',''),(294,294,0,'','',0,0,0,'',''),(295,295,0,'','',0,0,0,'',''),(296,296,0,'','',0,0,0,'',''),(297,297,1,'','MATCHED',2,2,0,'',''),(298,298,0,'','',0,0,0,'',''),(299,299,0,'','',0,0,0,'',''),(300,300,0,'','',0,0,0,'',''),(301,301,1,'','MATCHED',2,2,0,'',''),(302,302,0,'','',0,0,0,'',''),(303,303,1,'','MATCHED',2,2,0,'',''),(304,304,1,'','MATCHED',2,2,0,'',''),(305,305,1,'','MATCHED',2,2,0,'',''),(306,306,0,'','',0,0,0,'',''),(307,307,0,'P','P',1,1,1,'Y','Y'),(308,308,0,'','',0,0,0,'',''),(309,309,1,'M','M',1,1,1,'Y','Y'),(310,310,0,'','',0,0,0,'',''),(311,311,0,'','',0,0,0,'',''),(312,312,0,'','',0,0,0,'',''),(313,313,0,'P','P',1,1,1,'Y','Y'),(314,314,0,'P','P',1,1,1,'Y','Y'),(315,315,0,'P','P',1,1,1,'Y','Y'),(316,316,0,'','',0,0,0,'',''),(317,317,0,'','',0,0,0,'',''),(318,318,0,'','',0,0,0,'',''),(319,319,0,'','',0,0,0,'',''),(320,320,0,'','',0,0,0,'',''),(321,321,0,'','',0,0,0,'',''),(322,322,0,'P','P',1,1,1,'Y','Y'),(323,323,0,'P','P',1,1,1,'Y','Y'),(324,324,0,'P','P',1,1,1,'Y','Y'),(325,325,0,'P','P',1,1,1,'Y','Y'),(326,326,0,'P','P',1,1,1,'Y','Y'),(327,327,0,'P','P',1,1,1,'Y','Y'),(328,328,0,'P','P',1,1,1,'Y','Y'),(329,329,0,'P','P',1,1,1,'Y','Y'),(330,330,0,'P','P',1,1,1,'Y','Y'),(331,331,0,'P','P',1,1,1,'Y','Y'),(332,332,0,'P','P',1,1,1,'Y','Y'),(333,333,0,'P','P',1,1,1,'Y','Y'),(334,334,0,'P','P',1,1,1,'Y','Y'),(335,335,0,'P','P',1,1,1,'Y','Y'),(336,336,0,'P','P',1,1,1,'Y','Y'),(337,337,0,'P','P',1,1,1,'Y','Y'),(338,338,0,'P','P',1,1,1,'Y','Y'),(339,339,0,'P','P',1,1,1,'Y','Y'),(340,340,0,'P','P',1,1,1,'Y','Y'),(341,341,0,'P','P',1,1,1,'Y','Y'),(342,342,0,'P','P',1,1,1,'Y','Y'),(343,343,0,'P','P',1,1,1,'Y','Y'),(344,344,0,'P','P',1,1,1,'Y','Y'),(345,345,0,'P','P',1,1,1,'Y','Y'),(346,346,0,'P','P',1,1,1,'Y','Y'),(347,347,0,'P','P',1,1,1,'Y','Y'),(348,348,0,'P','P',1,1,1,'Y','Y'),(349,349,0,'P','P',1,1,1,'Y','Y'),(350,350,0,'P','P',1,1,1,'Y','Y'),(351,351,0,'P','P',1,1,1,'Y','Y'),(352,352,0,'P','P',1,1,1,'Y','Y'),(353,353,0,'P','P',1,1,1,'Y','Y'),(354,354,0,'P','P',1,1,1,'Y','Y'),(355,355,0,'P','P',1,1,1,'Y','Y'),(356,356,0,'P','P',1,1,1,'Y','Y'),(357,357,0,'','',1,1,0,'',''),(358,358,1,'','',1,1,0,'',''),(359,359,1,'','',1,1,0,'',''),(360,360,0,'','',0,0,0,'',''),(361,361,1,'','',1,1,0,'',''),(362,362,1,'','',1,1,0,'',''),(363,363,0,'','',0,0,0,'',''),(364,364,0,'','',0,0,0,'',''),(365,365,1,'','',1,1,0,'',''),(366,366,1,'','',1,1,0,'',''),(367,367,1,'','',1,1,0,'',''),(368,368,1,'','',1,1,0,'',''),(369,369,1,'','',1,1,0,'',''),(370,370,0,'','',0,0,0,'',''),(371,371,0,'','',0,0,0,'',''),(372,372,0,'','',0,0,0,'',''),(373,373,0,'P','P',1,1,1,'Y','Y'),(374,374,0,'P','P',1,1,1,'Y','Y'),(375,375,0,'P','P',1,1,1,'Y','Y'),(376,376,0,'P','P',1,1,1,'Y','Y'),(377,377,1,'','',1,1,0,'',''),(378,378,1,'Y','Y',1,1,0,'',''),(379,379,0,'','',0,0,0,'',''),(380,380,1,'','',1,1,0,'',''),(381,381,0,'','',0,0,0,'',''),(382,382,0,'','',0,0,0,'',''),(383,383,0,'','',0,0,0,'',''),(384,384,0,'','',0,0,0,'',''),(385,385,0,'','',0,0,0,'',''),(386,386,0,'','',0,0,0,'',''),(387,387,1,'','',1,1,0,'',''),(388,388,1,'Y','Y',1,2,0,'',''),(389,389,0,'','',0,0,0,'',''),(390,390,0,'','',0,0,0,'',''),(391,391,0,'','',0,0,0,'',''),(392,392,1,'Y','Y',1,2,0,'',''),(393,393,0,'','',0,0,0,'',''),(394,394,1,'Y','Y',1,2,0,'',''),(395,395,0,'','',0,0,0,'',''),(396,396,0,'','',0,0,0,'',''),(397,397,1,'Y','Y',1,2,0,'',''),(398,398,0,'','',0,0,0,'',''),(399,399,0,'','',0,0,0,'',''),(400,400,0,'','',1,1,0,'',''),(401,401,0,'','',0,0,0,'',''),(402,402,1,'','',1,1,0,'',''),(403,403,1,'','',1,1,0,'',''),(404,404,1,'M','M',1,1,1,'Y','Y'),(405,405,1,'M','M',1,1,1,'Y','Y'),(406,406,1,'M','M',1,1,1,'Y','Y'),(407,407,1,'M','M',1,1,1,'Y','Y'),(408,408,1,'M','M',1,1,1,'Y','Y'),(409,409,1,'M','M',1,1,1,'Y','Y'),(410,410,1,'','',1,1,0,'',''),(411,411,0,'','',0,0,0,'',''),(412,412,1,'M','M',1,1,1,'Y','Y'),(413,413,0,'','',0,0,0,'',''),(414,414,0,'','',0,0,0,'',''),(415,415,0,'','',0,0,0,'',''),(416,416,0,'','',0,0,0,'',''),(417,417,0,'','',0,0,0,'',''),(418,418,0,'','',0,0,0,'',''),(419,419,1,'M','M',1,1,1,'Y','Y'),(420,420,1,'M','M',1,1,1,'Y','Y'),(421,421,0,'','',1,1,1,'X','X'),(422,422,0,'','',0,0,0,'',''),(423,423,1,'','',1,1,0,'',''),(424,424,1,'','',1,1,0,'',''),(425,425,0,'','',1,1,0,'',''),(426,426,0,'','',1,1,0,'',''),(427,427,0,'','',1,1,0,'',''),(428,428,0,'','',1,1,0,'',''),(429,429,0,'','',1,1,0,'',''),(430,430,0,'','',1,1,0,'',''),(431,431,0,'','',1,1,0,'',''),(432,432,0,'','',1,1,0,'',''),(433,433,0,'','',1,1,0,'',''),(434,434,0,'','',1,1,0,'',''),(435,435,0,'','',1,1,0,'',''),(436,436,0,'','',1,1,0,'',''),(437,437,0,'','',1,1,0,'',''),(438,438,0,'','',1,1,0,'',''),(439,439,0,'','',1,1,0,'',''),(440,440,0,'','',1,1,0,'',''),(441,441,0,'','',1,1,0,'',''),(442,442,0,'','',1,1,0,'',''),(443,443,0,'','',1,1,0,'',''),(444,444,0,'','',1,1,0,'',''),(445,445,0,'','',1,1,0,'',''),(446,446,0,'','',1,1,0,'',''),(447,447,0,'','',1,1,0,'',''),(448,448,0,'','',1,1,0,'',''),(449,449,0,'','',1,1,0,'',''),(450,450,0,'','',1,1,0,'',''),(451,451,0,'','',1,1,0,'',''),(452,452,0,'','',1,1,0,'',''),(453,453,0,'','',1,1,0,'',''),(454,454,0,'','',1,1,0,'',''),(455,455,0,'','',1,1,0,'',''),(456,456,0,'','',1,1,0,'',''),(457,457,0,'','',1,1,0,'',''),(458,458,0,'','',1,1,0,'',''),(459,459,0,'','',1,1,0,'',''),(460,460,0,'','',1,1,0,'',''),(461,461,0,'','',1,1,0,'',''),(462,462,0,'','',1,1,0,'',''),(463,463,0,'','',1,1,0,'',''),(464,464,0,'','',1,1,0,'',''),(465,465,0,'','',1,1,0,'',''),(466,466,0,'','',1,1,0,'',''),(467,467,0,'','',1,1,0,'',''),(468,468,0,'','',1,1,0,'',''),(469,469,0,'','',1,1,0,'',''),(470,470,0,'','',1,1,0,'',''),(471,471,0,'','',1,1,0,'',''),(472,472,0,'','',1,1,0,'',''),(473,473,0,'','',1,1,0,'',''),(474,474,0,'','',1,1,0,'',''),(475,475,0,'','',1,1,0,'',''),(476,476,0,'','',1,1,0,'',''),(477,477,0,'','',1,1,0,'',''),(478,478,0,'','',1,1,0,'',''),(479,479,0,'','',1,1,0,'',''),(480,480,0,'','',1,1,0,'',''),(481,481,0,'','',1,1,0,'',''),(482,482,0,'','',1,1,0,'',''),(483,483,0,'','',1,1,0,'',''),(484,484,0,'','',1,1,0,'',''),(485,485,0,'','',1,1,0,'',''),(486,486,0,'','',1,1,0,'',''),(487,487,0,'','',1,1,0,'',''),(488,488,0,'','',1,1,0,'',''),(489,489,0,'','',1,1,0,'',''),(490,490,0,'','',1,1,0,'',''),(491,491,0,'','',1,1,0,'',''),(492,492,0,'','',1,1,0,'',''),(493,493,0,'','',1,1,0,'',''),(494,494,0,'','',1,1,0,'',''),(495,495,0,'','',1,1,0,'',''),(496,496,0,'','',1,1,0,'',''),(497,497,0,'','',1,1,0,'',''),(498,498,0,'','',1,1,0,'',''),(499,499,0,'','',1,1,0,'',''),(500,500,0,'','',1,1,0,'',''),(501,501,0,'','',1,1,0,'',''),(502,502,0,'','',1,1,0,'',''),(503,503,0,'','',1,1,0,'',''),(504,504,0,'','',1,1,0,'',''),(505,505,0,'','',1,1,0,'',''),(506,506,0,'','',1,1,0,'',''),(507,507,0,'','',1,1,0,'',''),(508,508,0,'','',1,1,0,'',''),(509,509,0,'','',1,1,0,'',''),(510,510,0,'','',1,1,0,'',''),(511,511,0,'','',1,1,0,'',''),(512,512,0,'','',1,1,0,'',''),(513,513,0,'','',1,1,0,'',''),(514,514,0,'','',1,1,0,'',''),(515,515,0,'','',1,1,0,'',''),(516,516,0,'','',1,1,0,'',''),(517,517,0,'','',1,1,0,'',''),(518,518,0,'','',1,1,0,'',''),(519,519,0,'','',1,1,0,'',''),(520,520,0,'','',1,1,0,'',''),(521,521,0,'','',1,1,0,'',''),(522,522,0,'','',1,1,0,'',''),(523,523,0,'','',1,1,0,'',''),(524,524,0,'','',1,1,0,'',''),(525,525,0,'','',1,1,0,'',''),(526,526,0,'','',1,1,0,'',''),(527,527,0,'','',1,1,0,'',''),(528,528,0,'','',1,1,0,'',''),(529,529,0,'','',1,1,0,'',''),(530,530,0,'','',1,1,0,'',''),(531,531,0,'','',1,1,0,'',''),(532,532,0,'','',1,1,0,'',''),(533,533,0,'','',1,1,0,'',''),(534,534,0,'','',1,1,0,'',''),(535,535,0,'','',1,1,0,'',''),(536,536,0,'','',1,1,0,'',''),(537,537,0,'','',1,1,0,'',''),(538,538,0,'','',1,1,0,'',''),(539,539,0,'','',1,1,0,'',''),(540,540,0,'','',1,1,0,'',''),(541,541,0,'','',1,1,0,'',''),(542,542,0,'','',1,1,0,'',''),(543,543,0,'','',1,1,0,'',''),(544,544,0,'','',1,1,0,'',''),(545,545,0,'','',1,1,0,'',''),(546,546,0,'','',1,1,0,'',''),(547,547,0,'','',1,1,0,'',''),(548,548,0,'','',1,1,0,'',''),(549,549,0,'','',1,1,0,'',''),(550,550,0,'','',1,1,0,'',''),(551,551,0,'','',1,1,0,'',''),(552,552,0,'','',1,1,0,'',''),(553,553,0,'','',1,1,0,'',''),(554,554,0,'','',1,1,0,'',''),(555,555,0,'','',1,1,0,'',''),(556,556,0,'','',1,1,0,'',''),(557,557,0,'','',1,1,0,'',''),(558,558,0,'','',1,1,0,'',''),(559,559,0,'','',1,1,0,'',''),(560,560,0,'','',1,1,0,'',''),(561,561,0,'','',1,1,0,'',''),(562,562,0,'','',1,1,0,'',''),(563,563,0,'','',1,1,0,'',''),(564,564,0,'','',1,1,0,'',''),(565,565,0,'','',1,1,0,'',''),(566,566,0,'','',1,1,0,'',''),(567,567,0,'','',1,1,0,'',''),(568,568,0,'','',1,1,0,'',''),(569,569,0,'','',1,1,0,'',''),(570,570,0,'','',1,1,0,'',''),(571,571,0,'','',1,1,0,'',''),(572,572,0,'','',1,1,0,'',''),(573,573,0,'','',1,1,0,'',''),(574,574,0,'','',1,1,0,'',''),(575,575,0,'','',1,1,0,'',''),(576,576,0,'','',1,1,0,'',''),(577,577,0,'','',1,1,0,'',''),(578,578,0,'','',1,1,0,'',''),(579,579,0,'','',1,1,0,'',''),(580,580,0,'','',1,1,0,'',''),(581,581,0,'','',1,1,0,'',''),(582,582,0,'','',1,1,0,'',''),(583,583,0,'','',1,1,0,'',''),(584,584,0,'','',1,1,0,'',''),(585,585,0,'','',1,1,0,'',''),(586,586,0,'','',1,1,0,'',''),(587,587,0,'','',1,1,0,'',''),(588,588,0,'','',1,1,0,'',''),(589,589,0,'','',1,1,0,'',''),(590,590,0,'','',1,1,0,'',''),(591,591,0,'','',1,1,0,'',''),(592,592,0,'','',1,1,0,'',''),(593,593,0,'','',1,1,0,'',''),(594,594,0,'','',1,1,0,'',''),(595,595,0,'','',1,1,0,'',''),(596,596,0,'','',1,1,0,'',''),(597,597,0,'','',1,1,0,'',''),(598,598,0,'','',1,1,0,'',''),(599,599,0,'','',1,1,0,'',''),(600,600,0,'','',1,1,0,'',''),(601,601,0,'','',1,1,0,'',''),(602,602,0,'','',1,1,0,'',''),(603,603,0,'','',1,1,0,'',''),(604,604,0,'','',1,1,0,'',''),(605,605,0,'','',1,1,0,'',''),(606,606,0,'','',1,1,0,'',''),(607,607,0,'','',1,1,0,'',''),(608,608,0,'','',1,1,0,'',''),(609,609,0,'','',1,1,0,'',''),(610,610,0,'','',1,1,0,'',''),(611,611,0,'','',1,1,0,'',''),(612,612,0,'','',1,1,0,'',''),(613,613,0,'','',1,1,0,'',''),(614,614,0,'','',1,1,0,'',''),(615,615,0,'','',1,1,0,'',''),(616,616,0,'','',1,1,0,'',''),(617,617,0,'','',1,1,0,'',''),(618,618,0,'','',1,1,0,'',''),(619,619,0,'','',1,1,0,'',''),(620,620,0,'','',1,1,0,'',''),(621,621,0,'','',1,1,0,'',''),(622,622,0,'','',1,1,0,'',''),(623,623,0,'','',1,1,0,'',''),(624,624,0,'','',1,1,0,'',''),(625,625,0,'','',1,1,0,'',''),(626,626,0,'','',1,1,0,'',''),(627,627,0,'','',1,1,0,'',''),(628,628,0,'','',1,1,0,'',''),(629,629,0,'','',1,1,0,'',''),(630,630,0,'','',1,1,0,'',''),(631,631,0,'','',1,1,0,'',''),(632,632,0,'','',1,1,0,'',''),(633,633,0,'','',1,1,0,'',''),(634,634,0,'','',1,1,0,'',''),(635,635,0,'','',1,1,0,'',''),(636,636,0,'','',1,1,0,'',''),(637,637,0,'','',1,1,0,'',''),(638,638,0,'','',1,1,0,'',''),(639,639,0,'','',1,1,0,'',''),(640,640,0,'','',1,1,0,'',''),(641,641,0,'','',1,1,0,'',''),(642,642,0,'','',1,1,0,'',''),(643,643,0,'','',1,1,0,'',''),(644,644,0,'','',1,1,0,'',''),(645,645,0,'','',1,1,0,'',''),(646,646,0,'','',1,1,0,'',''),(647,647,0,'','',1,1,0,'',''),(648,648,0,'','',1,1,0,'',''),(649,649,0,'','',1,1,0,'',''),(650,650,0,'','',1,1,0,'',''),(651,651,0,'','',1,1,0,'',''),(652,652,0,'','',1,1,0,'',''),(653,653,0,'','',1,1,0,'',''),(654,654,0,'','',1,1,0,'',''),(655,655,0,'','',1,1,0,'',''),(656,656,0,'','',1,1,0,'',''),(657,657,0,'','',1,1,0,'',''),(658,658,0,'','',1,1,0,'',''),(659,659,0,'','',1,1,0,'',''),(660,660,0,'','',1,1,0,'',''),(661,661,0,'','',1,1,0,'',''),(662,662,0,'','',1,1,0,'',''),(663,663,0,'','',1,1,0,'',''),(664,664,0,'','',1,1,0,'',''),(665,665,0,'','',1,1,0,'',''),(666,666,0,'','',1,1,0,'',''),(667,667,0,'','',1,1,0,'',''),(668,668,0,'','',1,1,0,'',''),(669,669,0,'','',1,1,0,'',''),(670,670,0,'','',1,1,0,'',''),(671,671,0,'','',1,1,0,'',''),(672,672,0,'','',1,1,0,'',''),(673,673,0,'','',1,1,0,'',''),(674,674,0,'','',1,1,0,'',''),(675,675,0,'','',1,1,0,'',''),(676,676,0,'','',1,1,0,'',''),(677,677,0,'','',1,1,0,'',''),(678,678,0,'','',1,1,0,'',''),(679,679,0,'','',1,1,0,'',''),(680,680,0,'','',1,1,0,'',''),(681,681,0,'','',1,1,0,'',''),(682,682,0,'','',1,1,0,'',''),(683,683,0,'','',1,1,0,'',''),(684,684,0,'','',1,1,0,'',''),(685,685,0,'','',1,1,0,'',''),(686,686,0,'','',1,1,0,'',''),(687,687,0,'','',1,1,0,'',''),(688,688,0,'','',1,1,0,'',''),(689,689,0,'','',1,1,0,'',''),(690,690,0,'','',1,1,0,'',''),(691,691,0,'','',1,1,0,'',''),(692,692,0,'','',1,1,0,'',''),(693,693,0,'','',1,1,0,'',''),(694,694,0,'','',1,1,0,'',''),(695,695,0,'','',1,1,0,'',''),(696,696,0,'','',1,1,0,'',''),(697,697,0,'','',1,1,0,'',''),(698,698,0,'','',1,1,0,'',''),(699,699,0,'','',1,1,0,'',''),(700,700,0,'','',0,0,0,'',''),(701,701,1,'','',1,1,0,'',''),(702,702,1,'','',1,1,0,'',''),(703,703,1,'','',1,1,0,'',''),(704,704,0,'','',0,0,0,'',''),(705,705,0,'','',0,0,0,'',''),(706,706,0,'','',0,0,0,'',''),(707,707,0,'','',0,0,0,'',''),(708,708,1,'','',1,1,0,'',''),(709,709,0,'','',0,0,0,'',''),(710,710,0,'','',1,1,0,'',''),(711,711,0,'','',0,0,0,'',''),(712,712,0,'','',0,0,0,'',''),(713,713,0,'','',0,0,0,'',''),(714,714,0,'','',0,0,0,'',''),(715,715,0,'','',0,0,0,'',''),(716,716,0,'','',0,0,0,'',''),(717,717,0,'','',0,0,0,'',''),(718,718,0,'','',0,0,0,'',''),(719,719,0,'','',0,0,0,'',''),(720,720,0,'','',0,0,0,'',''),(721,721,0,'','',0,0,0,'',''),(722,722,0,'','',0,0,0,'',''),(723,723,0,'','',0,0,0,'',''),(724,724,0,'','',0,0,0,'',''),(725,725,0,'','',0,0,0,'',''),(726,726,0,'','',0,0,0,'',''),(727,727,0,'','',1,1,0,'',''),(728,728,0,'','',1,1,0,'',''),(729,729,0,'','',0,0,0,'',''),(730,730,0,'','',0,0,0,'',''),(731,731,0,'','',0,0,0,'',''),(732,732,0,'','',0,0,0,'',''),(733,733,0,'P','P',1,1,1,'Y','Y'),(734,734,0,'P','P',1,1,1,'Y','Y'),(735,735,0,'P','P',1,1,1,'Y','Y'),(736,736,0,'P','P',1,1,1,'Y','Y'),(737,737,0,'P','P',1,1,1,'Y','Y'),(738,738,0,'P','P',1,1,1,'Y','Y'),(739,739,0,'P','P',1,1,1,'Y','Y'),(740,740,0,'P','P',1,1,1,'Y','Y'),(741,741,0,'P','P',1,1,1,'Y','Y'),(742,742,0,'P','P',1,1,1,'Y','Y'),(743,743,0,'P','P',1,1,1,'Y','Y'),(744,744,0,'','',1,1,0,'',''),(745,745,0,'','',0,0,0,'',''),(746,746,0,'','',0,0,0,'',''),(747,747,0,'','',0,0,0,'',''),(748,748,0,'','',0,0,0,'',''),(749,749,0,'','',0,0,0,'',''),(750,750,0,'','',1,1,0,'',''),(751,751,0,'','',0,0,0,'',''),(752,752,0,'','',0,0,0,'',''),(753,753,0,'','',0,0,0,'',''),(754,754,0,'','',0,0,0,'',''),(755,755,0,'','',0,0,0,'',''),(756,756,0,'','',0,0,0,'',''),(757,757,0,'','',0,0,0,'',''),(758,758,0,'','',0,0,0,'',''),(759,759,0,'','',0,0,0,'',''),(760,760,0,'','',1,1,0,'',''),(761,761,0,'','',0,0,0,'',''),(762,762,0,'','',0,0,0,'',''),(763,763,0,'P','P',1,1,1,'Y','Y'),(764,764,0,'P','P',1,1,1,'Y','Y'),(765,765,0,'P','P',1,1,1,'Y','Y'),(766,766,0,'P','P',1,1,1,'Y','Y'),(767,767,0,'P','P',1,1,1,'Y','Y'),(768,768,0,'P','P',1,1,1,'Y','Y'),(769,769,0,'','',0,0,0,'',''),(770,770,0,'','',0,0,0,'',''),(771,771,0,'P','P',1,1,1,'Y','Y'),(772,772,0,'P','P',1,1,1,'Y','Y'),(773,773,0,'P','P',1,1,1,'Y','Y'),(774,774,0,'P','P',1,1,1,'Y','Y'),(775,775,0,'','',0,0,0,'',''),(776,776,0,'','',0,0,0,'',''),(777,777,0,'P','P',1,1,1,'Y','Y'),(778,778,0,'P','P',1,1,1,'Y','Y'),(779,779,0,'','',0,0,0,'',''),(780,780,1,'','',1,1,0,'',''),(781,781,0,'S','S',1,1,1,'Y','Y'),(782,782,0,'S','S',1,1,1,'Y','Y'),(783,783,1,'M','M',1,1,1,'Y','Y'),(784,784,0,'','',0,0,0,'',''),(785,785,0,'','',0,0,0,'',''),(786,786,0,'S','S',1,1,1,'Y','Y'),(787,787,0,'','',0,0,0,'',''),(788,788,0,'','',0,0,0,'',''),(789,789,0,'','',0,0,0,'',''),(790,790,0,'','',0,0,0,'',''),(791,791,0,'','',0,0,0,'',''),(792,792,0,'','',0,0,0,'',''),(793,793,0,'','',0,0,0,'',''),(794,794,0,'S','S',1,1,1,'Y','Y'),(795,795,0,'S','S',1,1,1,'Y','Y'),(796,796,0,'','',0,0,0,'',''),(797,797,0,'S','S',1,1,1,'Y','Y'),(798,798,0,'','',0,0,0,'',''),(799,799,0,'','',0,0,0,'',''),(800,800,0,'','',0,0,0,'',''),(801,801,0,'','',0,0,0,'',''),(802,802,0,'','',0,0,0,'',''),(803,803,0,'S','S',1,1,1,'Y','Y'),(804,804,0,'','',0,0,0,'',''),(805,805,0,'','',0,0,0,'',''),(806,806,0,'','',0,0,0,'',''),(807,807,0,'','',0,0,0,'',''),(808,808,0,'','',0,0,0,'',''),(809,809,0,'','',0,0,0,'',''),(810,810,0,'','',0,0,0,'',''),(811,811,0,'','',0,0,0,'',''),(812,812,0,'','',0,0,0,'',''),(813,813,0,'','',0,0,0,'',''),(814,814,0,'','',0,0,0,'',''),(815,815,0,'','',0,0,0,'',''),(816,816,0,'','',0,0,0,'',''),(817,817,0,'S','S',1,1,1,'Y','Y'),(818,818,0,'S','S',1,1,1,'Y','Y'),(819,819,1,'M','M',1,1,1,'Y','Y'),(820,820,1,'M','M',1,1,1,'Y','Y'),(821,821,0,'','',0,0,0,'',''),(822,822,0,'','',0,0,0,'',''),(823,823,0,'','',0,0,0,'',''),(824,824,0,'','',0,0,0,'',''),(825,825,0,'','',0,0,0,'',''),(826,826,0,'','',0,0,0,'',''),(827,827,0,'','',0,0,0,'',''),(828,828,0,'','',0,0,0,'',''),(829,829,0,'','',0,0,0,'',''),(830,830,0,'','',0,0,0,'',''),(831,831,0,'P','P',1,1,1,'Y','Y'),(832,832,0,'','',0,0,0,'',''),(833,833,0,'','',0,0,0,'',''),(834,834,0,'','',0,0,0,'',''),(835,835,0,'','',0,0,0,'',''),(836,836,0,'','',0,0,0,'',''),(837,837,0,'','',0,0,0,'',''),(838,838,0,'','',0,0,0,'',''),(839,839,0,'','',0,0,0,'',''),(840,840,0,'','',0,0,0,'',''),(841,841,0,'','',0,0,0,'',''),(842,842,0,'','',0,0,0,'',''),(843,843,0,'','',0,0,0,'',''),(844,844,0,'','',0,0,0,'',''),(845,845,0,'','',0,0,0,'',''),(846,846,0,'','',0,0,0,'',''),(847,847,0,'','',0,0,0,'',''),(848,848,0,'','',0,0,0,'',''),(849,849,0,'','',0,0,0,'',''),(850,850,0,'','',0,0,0,'',''),(851,851,0,'','',0,0,0,'',''),(852,852,0,'','',0,0,0,'',''),(853,853,0,'','',0,0,0,'',''),(854,854,0,'','',0,0,0,'',''),(855,855,0,'','',0,0,0,'',''),(856,856,0,'','',0,0,0,'',''),(857,857,0,'','',0,0,0,'',''),(858,858,0,'','',0,0,0,'',''),(859,859,0,'','',0,0,0,'',''),(860,860,0,'','',0,0,0,'',''),(861,861,0,'','',0,0,0,'',''),(862,862,0,'','',0,0,0,'',''),(863,863,0,'','',0,0,0,'',''),(864,864,0,'','',0,0,0,'',''),(865,865,0,'','',0,0,0,'',''),(866,866,1,'M','M',1,2,2,'A','A'),(867,867,0,'','',0,0,0,'',''),(868,868,0,'P','P',1,1,1,'Y','Y'),(869,869,0,'P','P',1,1,1,'Y','Y'),(870,870,0,'P','P',1,1,1,'Y','Y'),(871,871,0,'P','P',1,1,1,'Y','Y'),(872,872,0,'','',1,1,0,'',''),(873,873,0,'','',0,0,0,'',''),(874,874,0,'','',0,0,0,'',''),(875,875,0,'','',0,0,0,'',''),(876,876,0,'','',0,0,0,'',''),(877,877,0,'','',0,0,0,'',''),(878,878,0,'','',0,0,0,'',''),(879,879,0,'','',0,0,0,'',''),(880,880,0,'','',0,0,0,'',''),(881,881,0,'','',0,0,0,'',''),(882,882,0,'','',0,0,0,'',''),(883,883,0,'','',1,1,0,'',''),(884,884,0,'','',0,0,0,'',''),(885,885,0,'','',0,0,0,'',''),(886,886,0,'','',0,0,0,'',''),(887,887,0,'','',0,0,0,'',''),(888,888,0,'','',0,0,0,'',''),(889,889,0,'','',0,0,0,'',''),(890,890,0,'','',0,0,0,'',''),(891,891,0,'','',0,0,0,'',''),(892,892,0,'','',0,0,0,'',''),(893,893,0,'','',0,0,0,'',''),(894,894,0,'','',0,0,0,'',''),(895,895,0,'','',0,0,0,'',''),(896,896,0,'','',0,0,0,'',''),(897,897,0,'','',0,0,0,'',''),(898,898,0,'','',0,0,0,'',''),(899,899,0,'','',0,0,0,'',''),(900,900,0,'','',0,0,0,'',''),(901,901,0,'','',0,0,0,'',''),(902,902,0,'','',0,0,0,'',''),(903,903,0,'','',0,0,0,'',''),(904,904,0,'','',0,0,0,'',''),(905,905,0,'P','P',1,1,1,'Y','Y'),(906,906,0,'','',1,1,0,'',''),(907,907,0,'','',0,0,0,'',''),(908,908,0,'','',0,0,0,'',''),(909,909,0,'','',0,0,0,'',''),(910,910,0,'','',0,0,0,'',''),(911,911,0,'','',0,0,0,'',''),(912,912,0,'','',0,0,0,'',''),(913,913,0,'','',0,0,0,'',''),(914,914,0,'','',0,0,0,'',''),(915,915,0,'','',0,0,0,'',''),(916,916,0,'','',0,0,0,'',''),(917,917,0,'','',0,0,0,'',''),(918,918,0,'','',0,0,0,'',''),(919,919,0,'','',0,0,0,'',''),(920,920,0,'','',0,0,0,'',''),(921,921,0,'','',0,0,0,'',''),(922,922,0,'','',0,0,0,'',''),(923,923,0,'','',0,0,0,'',''),(924,924,0,'','',0,0,0,'',''),(925,925,0,'','',0,0,0,'',''),(926,926,0,'','',0,0,0,'',''),(927,927,0,'','',0,0,0,'',''),(928,928,0,'','',1,1,0,'',''),(929,929,0,'','',0,0,0,'',''),(930,930,0,'','',0,0,0,'',''),(931,931,0,'','',0,0,0,'',''),(932,932,0,'','',0,0,0,'',''),(933,933,0,'','',0,0,0,'',''),(934,934,0,'','',0,0,0,'',''),(935,935,0,'','',0,0,0,'',''),(936,936,0,'','',0,0,0,'',''),(937,937,0,'','',0,0,0,'',''),(938,938,0,'','',0,0,0,'',''),(939,939,0,'','',0,0,0,'',''),(940,940,0,'','',0,0,0,'',''),(941,941,0,'','',0,0,0,'',''),(942,942,0,'','',0,0,0,'',''),(943,943,0,'','',0,0,0,'',''),(944,944,0,'','',0,0,0,'',''),(945,945,0,'','',0,0,0,'',''),(946,946,0,'','',0,0,0,'',''),(947,947,0,'','',0,0,0,'',''),(948,948,0,'','',0,0,0,'',''),(949,949,0,'','',0,0,0,'',''),(950,950,0,'','',1,1,0,'',''),(951,951,0,'','',0,0,0,'',''),(952,952,0,'','',0,0,0,'',''),(953,953,0,'','',0,0,0,'',''),(954,954,0,'','',0,0,0,'',''),(955,955,0,'','',0,0,0,'',''),(956,956,0,'','',0,0,0,'',''),(957,957,0,'','',0,0,0,'',''),(958,958,0,'','',0,0,0,'',''),(959,959,0,'','',0,0,0,'',''),(960,960,0,'','',0,0,0,'',''),(961,961,0,'','',0,0,0,'',''),(962,962,0,'','',0,0,0,'',''),(963,963,0,'','',0,0,0,'',''),(964,964,0,'','',0,0,0,'',''),(965,965,0,'P','P',1,1,1,'Y','Y'),(966,966,0,'P','P',1,1,1,'Y','Y'),(967,967,0,'P','P',1,1,1,'Y','Y'),(968,968,0,'','',0,0,0,'',''),(969,969,0,'','',0,0,0,'',''),(970,970,0,'','',0,0,0,'',''),(971,971,0,'','',0,0,0,'',''),(972,972,1,'M','M',0,0,0,'',''),(973,973,1,'M','M',0,0,0,'',''),(974,974,1,'M','M',0,0,0,'',''),(975,975,1,'M','M',0,0,0,'',''),(976,976,0,'P','P',1,1,1,'Y','Y'),(977,977,0,'P','P',1,1,1,'Y','Y'),(978,978,0,'P','P',1,1,1,'Y','Y'),(979,979,0,'P','P',1,1,1,'Y','Y'),(980,980,0,'P','P',1,1,1,'Y','Y'),(981,981,1,'M','M',1,2,2,'A','A'),(982,982,0,'','',0,0,0,'',''),(983,983,0,'','',0,0,0,'',''),(984,984,0,'','',0,0,0,'',''),(985,985,0,'P','P',1,1,1,'Y','Y'),(986,986,0,'','',0,0,0,'',''),(987,987,0,'P','P',1,1,1,'Y','Y'),(988,988,0,'P','P',1,1,1,'Y','Y'),(989,989,0,'P','P',1,1,1,'Y','Y'),(990,990,0,'P','P',1,1,1,'Y','Y'),(991,991,0,'P','P',1,1,1,'Y','Y'),(992,992,0,'','',0,0,0,'',''),(993,993,0,'P','P',1,1,1,'Y','Y'),(994,994,0,'P','P',1,1,1,'Y','Y'),(995,995,0,'P','P',1,1,1,'Y','Y'),(996,996,0,'P','P',1,1,1,'Y','Y'),(997,997,0,'P','P',1,1,1,'Y','Y'),(998,998,0,'P','P',1,1,1,'Y','Y'),(999,999,0,'P','P',1,1,1,'Y','Y'),(1000,1000,0,'','',0,0,0,'',''),(1001,1001,0,'','',0,0,0,'',''),(1002,1002,1,'M','M',1,2,2,'A','A'),(1003,1003,0,'','',0,0,0,'',''),(1004,1004,0,'','',0,0,0,'',''),(1005,1005,0,'','',0,0,0,'',''),(1006,1006,0,'','',0,0,0,'',''),(1007,1007,0,'','',0,0,0,'',''),(1008,1008,0,'','',0,0,0,'',''),(1009,1009,0,'','',0,0,0,'',''),(1010,1010,0,'','',0,0,0,'',''),(1011,1011,0,'','',0,0,0,'',''),(1012,1012,0,'','',0,0,0,'',''),(1013,1013,0,'P','P',1,1,1,'Y','Y'),(1014,1014,0,'','',0,0,0,'',''),(1015,1015,0,'','',0,0,0,'',''),(1016,1016,0,'','',0,0,0,'',''),(1017,1017,0,'P','P',1,1,1,'Y','Y'),(1018,1018,0,'P','P',1,1,1,'Y','Y'),(1019,1019,0,'P','P',1,1,1,'Y','Y'),(1020,1020,0,'','',0,0,0,'',''),(1021,1021,0,'','',0,0,0,'',''),(1022,1022,0,'','',0,0,0,'',''),(1023,1023,0,'','',0,0,0,'',''),(1024,1024,0,'','',0,0,0,'',''),(1025,1025,0,'','',0,0,0,'',''),(1026,1026,0,'','',0,0,0,'',''),(1027,1027,0,'P','P',1,1,1,'Y','Y'),(1028,1028,0,'','',0,0,0,'',''),(1029,1029,0,'','',0,0,0,'',''),(1034,1034,0,'','',0,0,0,'',''),(1035,1035,0,'','',0,0,0,'',''),(1036,1036,0,'','',0,0,0,'',''),(1037,1037,0,'','',0,0,0,'',''),(1038,1038,1,'','',1,1,0,'',''),(1039,1039,0,'','',0,0,0,'',''),(1040,1040,0,'','',0,0,0,'',''),(1041,1041,1,'','',1,1,0,'',''),(1042,1042,1,'','',1,1,0,'',''),(1043,1043,0,'','',1,1,0,'',''),(1044,1044,0,'','',1,1,0,'',''),(1093,1093,0,'','',0,0,0,'',''),(1094,1094,0,'','',0,0,0,'',''),(1095,1095,0,'','',0,0,0,'',''),(1096,1096,0,'','',0,0,0,'',''),(1097,1097,0,'','',0,0,0,'',''),(1117,1117,0,'','',0,0,0,'',''),(1118,1118,1,'','',1,1,0,'',''),(1119,1119,0,'','',0,0,0,'',''),(1120,1120,0,'P','P',1,1,1,'Y','Y'),(1121,1121,0,'','',1,1,0,'',''),(1122,1122,0,'','',0,0,0,'',''),(1123,1123,0,'','',0,0,0,'',''),(1124,1124,0,'','',0,0,0,'',''),(1125,1125,0,'','',1,1,0,'',''),(1126,1126,0,'P','P',1,1,1,'Y','Y'),(1127,1127,0,'','',0,0,0,'',''),(1128,1128,0,'','',0,0,0,'',''),(1129,1129,0,'','',0,0,0,'',''),(1130,1130,0,'P','P',1,1,1,'Y','Y'),(1131,1131,0,'','',0,0,0,'',''),(1132,1132,0,'','',0,0,0,'',''),(1133,1133,0,'P','P',1,1,1,'Y','Y'),(1134,1134,0,'P','P',1,1,1,'Y','Y'),(1135,1135,0,'','',0,0,0,'',''),(1136,1136,0,'','',0,0,0,'',''),(1137,1137,0,'','',0,0,0,'',''),(1138,1138,0,'','',0,0,0,'',''),(1139,1139,0,'','',0,0,0,'',''),(1140,1140,0,'P','P',1,1,1,'Y','Y'),(1141,1141,0,'P','P',1,1,1,'Y','Y'),(1142,1142,0,'','',0,0,0,'',''),(1143,1143,0,'','',0,0,0,'',''),(1144,1144,0,'','',0,0,0,'',''),(1145,1145,0,'','',1,1,0,'',''),(1146,1146,0,'','',1,1,0,'',''),(1147,1147,0,'P','P',1,1,1,'Y','Y'),(1148,1148,0,'','',1,1,0,'',''),(1149,1149,0,'','',0,0,0,'',''),(1150,1150,0,'P','P',1,1,1,'Y','Y'),(1151,1151,0,'','',0,0,0,'',''),(1152,1152,0,'P','P',1,1,1,'Y','Y'),(1153,1153,0,'','',0,0,0,'',''),(1154,1154,0,'','',1,1,0,'',''),(1155,1155,0,'','',0,0,0,'',''),(1156,1156,0,'P','P',1,1,1,'Y','Y'),(1157,1157,1,'M','M',1,2,2,'A','A'),(1158,1158,0,'P','P',1,1,1,'Y','Y');

--
-- Table structure for table `xpay_payment_cardholder_data`
--

CREATE TABLE `xpay_payment_cardholder_data` (
  `chd_id` int(11) NOT NULL AUTO_INCREMENT,
  `payment_id` int(6) NOT NULL DEFAULT '0',
  `name` char(32) DEFAULT '',
  `value` text NOT NULL,
  PRIMARY KEY (`chd_id`),
  UNIQUE KEY `pn` (`payment_id`,`name`),
  KEY `payment_id` (`payment_id`),
  CONSTRAINT `xpay_payment_chd_ibfk_1` FOREIGN KEY (`payment_id`) REFERENCES `xpay_payments` (`payment_id`) ON DELETE CASCADE ON UPDATE CASCADE
) ENGINE=InnoDB AUTO_INCREMENT=995 DEFAULT CHARSET=utf8;

--
-- Dumping data for table `xpay_payment_cardholder_data`
--

INSERT INTO `xpay_payment_cardholder_data` (`chd_id`, `payment_id`, `name`, `value`) VALUES (757,1119,'card_type','CHDee997ac50e5495874de5c08891bc2015oazx7IsoI56OW10ETTii2nATtp6HGMMJ7tmbpo2xsDtM4FN6vTHe6oxweTK0o9sSNuMDLwuERKsApX1oNFfjMSW1fEUY/VnpeVV2npTu5sE7LuuIPDuC6oy3zSwCwTanH6UlD0qRJ8vADyh4ZGywJqMvR0Qjp5313RraXY1oBuCcEAR9lnNJPKXoIPpH2JXNeY98F7h1ClBmiFZraXM1BNb6bMtFzPQ6qv8o/W08SNy/RCgrv5+4PqMd3WlyXJnJHk8eDAWBo47z+cg0AWCPWZ6C4hZO8mREXxxvDunTe52ub3sBErLD7f+HfPJ2Meept3bVKzpuUf6iPiZNaKAJ0Q=='),(758,1119,'card_number','CHDee997ac50e5495874de5c08891bc2015XVLkCSYgPRbbWkhEXz5XeHQPUzZwHJs5oTdGpbwRNUoZuUkcEv7PNzpz/CIBkn5d03qI6kwL028L/gbOxsFapbeRgxyYQ/MQzddZvMrI9XjZ64UZrKD26q8lmnf8aJ5YV8xbouTCsvuYIpw13XW3bELmnyjML7sCFdq2peq/T0hrmb+PUfW1oRUWX16QUkaOgS5w7r3w3Mw6RJVkezA1puncX0S5N0/Eqi6kRqTe1fTjAvFCYEaQjfrsGoBNCDvJBTZR74lSdYgLKOMI5YzrV47LQod7+efZP/Mr1tQD05Hjj1HzYbX7WEpT1IuO+n88dU5Uh49PxBX6LkfhlzWU/g=='),(759,1119,'card_expire_month','CHDee997ac50e5495874de5c08891bc2015rgkIwCWonB/nz9Vp0PD8Ix9s7POT5X9ZzfDU+NRtTU6X6VE6oUk8t/YpGt4XolPES7jTJ7xFhX8QhHZdHns0WWioBNSfDiogtDKA7In4dXvCk9fhFMm0c4YeLacdOz7On7B/k8PLeJ28s5Ee6p3K/nV38R8EiWXpKhF1wYFb5T05ljvXlNXPaYh/3AeUGagEmDgTATKfxjM/KgSnOefR2DccWa6OVlI2tl4K2D1feP5M8pyb+kaoRC+/GL7/sBVA0JY6JegGpz/cTBIUgru3BtiJDSbGMerHyS//833v7W2xHGSNO5Xl0I6VjRrxYvceXDqr+/yIuBOdWnlLy3d/Lg=='),(760,1119,'card_expire_year','CHDee997ac50e5495874de5c08891bc2015pGWH1/FBV9kgMlPlhtkfv/jDyeHKL5uuIRuGTSCheCw7xxVfp6BBetUoctSxkSYjvUc8miUUMqR07ih3aS8plPwqvpxmI00Ly2AknEYdF0lMu8rAZHRgDenjxDhWqMRkAtbXoj1zZogDuXzmOJlQYBHK0SO2QOhLL8oTM5WWM4xEXD2XrcH/SdsnMUO8C8p+0/WaPo1PiGb6BYGjtyaZO8/se03teMV5KZJ0+3UY95paF0gp3gHJOT1mgZ8V0A8LAOl4tI0Tfpj0WlMXBr0qrmOMCuSM4rsGK4kSWj5FwIBk6Pu/dgd921wRdeiL7Vn+K8JAxnIMUMwZSUr9TxEXeA=='),(761,1119,'card_cvv2','CHDee997ac50e5495874de5c08891bc2015nioZi+1iRwjzE11zlVZlz2P51ZG/VGytRga9rRhJyHnOfPdvCxKHuKQbybjgRjMOnhJeuOI+W4sF0xDknyEL9H86SwENgoTvwtofV32dFpihVoypnbrkfPB20CKKVlCJT4MtxjgSxc0I2ss0cf/rNiu6eyLfsUJzKax1mpim0cnBwi9j6y/BqLc4kqICrtFm8o7GfKap31ZnI9Uf+WsviVKiinXuhxfXQNG1fdW8cFgdbNKyxF9GsEUhBjZdNv8cmmLiBA/DPei5IjHMdvllwKhM3LREdmO+mOZLjYfOEbkN7SLOXzfQRRtzKUZNXBI3hl7lO/IsZ7/XDZ63hKcuQQ=='),(762,1119,'card_name','CHDee997ac50e5495874de5c08891bc2015r54bjZPpMjnBdasSwxj2WxXBfyoL4JEs3E7EHOuc9yoDS2m+7hI+BHMdPqeQ1gpnVMFc7OkmZSvGo3OA3qOlsmB/XsGWmiR2g9dcRaojEyBTxEvdtMdIKJ+p0CVi1E07L1GTq825GAA9bu+IynmHxCFUbFM+NUWw3O1hn6jX6yypLzygaYhMGGzCp6T8fSWYKuZzrr6I8W0G7N6YpLxBCes6wHhszNvrH7yneHGQH/QXbfut2Pf5Z+Nanch/ErSpCeZUYbV8UV8RZoHmGoJgtUz+RXbwxRRLFxDwz4Km8oxfgyxnX+lsuIhynQXMAUmshJ8DtF2rmb7WGAnLDM52AQ=='),(763,1119,'card_expire','CHDee997ac50e5495874de5c08891bc2015tgNArQd2+FcQ4jFQNwefG0bpxCtYtbyqi0TPMIwPG3nl17zXGkHmCf8ZnfTHHP6+1ZWN5LscjpWGEwa/JfdAouSlNfjCecJyQYojOiK/vb355aMCLRELjyHauKKB/kiZCQGGg0PfYDs1QuAfDWiETY5GBeAeaU56a84frQYtyoNuSTKRDYCbQ06Ktn2qucMDWtvDfvUDL0n9igypDqt9TF5KPSM+SIcrcai7gn0FOKkCdlPuiE58UO2RyUeJ2TEJ4NaTYCaugyZ07eKWbJH8ZreovfvhPxwl5tcxRfulsHrgPlv599ZCk7zk/Ef2JkSFJrgCu+a2aEC01LviCEq5SQ=='),(778,1123,'card_type','CHDee997ac50e5495874de5c08891bc2015Ig5twSdJ5E/+X2TzDzOVSx2JhSlXxTxxb+vWkWsq0nlT1S4hKd2rnTvKKVfe1dlmmmWtBxDiXRGq3akjuA98OO248uT0oN42qPvS5sM+5TMT9B8aVFOMTyfwK4QVd9Lh7sxnpueAzLyZnY66oMV9u0g69qZuBcjLFA1ewJTsuw33PkvkzGT0AD9wawmXSO6+QFUs10TMW8saKsZTjfERHicK6wvD2suCS1z3j2D1+a84cJGmjZI8i4INpPBrkDcKLTEUEqkpki8Vj/WL7V2F5kX+RUpgsfZXElTQ1x8l8MyxKUw6scyuJqGJLCPQGQscn+CKGoTLr+7I6ML/vVdPeA=='),(779,1123,'card_number','CHDee997ac50e5495874de5c08891bc2015KW+VU4ducnaiXkH+XJdFWrH6hLngJlSuwYsJAjboKhkFkloLcAnItWzRy0m97t4PYjYCzmGDPC7l+3rsb1JtSQrGjWdM+hCmMsqD7rcq0NB3jqZ0XJggCYKI5pk9FD+7UcUipL2prMebborxtiltNWUxjrz5VJCCE89YQYOamCb/5UOXh+x1oZz3ZCYeOkfSp4/aACCbHB8hARReH7mHZfrdpcjQw9+JDEoiCuNGW2YwpHCM7/dyntospQWD7TzW+vWDlJrf4Pux9pvnuLBm3Y7prnJaPkiS9izgDU8UgHSyOR5hBCj/Yz6dR2cXvP8IhLDnpmaPcG4evVWDZKfnBw=='),(780,1123,'card_expire_month','CHDee997ac50e5495874de5c08891bc2015vdqfNzSGvfV2d0zL2D42xFlFo0D+G4SPLhk7XHkic9tdnqpTRvk1icEFz9anoMfr2xTH9Y+M+XhHq6BeD3JenNHof2Jj/raehgtuio7ZqGm02eeFrYkNh/jJGYUcneXTm5qZVkOE2/SkYXZl3wmd9FftkMx1KojE8Q+KyJMZzohjAedDDBBcpOYGxk9xDdPCLJBWywtKeSiTH/kbDcPBP9rceE80BrZLFZy9vWox4HKEm9sqOdESjbp+Q9OZtTOxHKEmvpZFxxEyT1FHV66rjR0JJjzhCbSqyeKOiXwRlEHsNlUm5jSSVbxoPKq8XZeLbyIUFSNzLB6O8tYh4/M1bg=='),(781,1123,'card_expire_year','CHDee997ac50e5495874de5c08891bc2015AvRazzjLPRYSHY655ikOrB5kqv/ibakjQIpKvTs3O53VNDZ90V13xP29ogylbc4hEbzdDWSKrkBaK6bfFkWqyYKpy2urONlzuYdX6/RBcfh4QChvIr2u4HQC8xMRMp3RMYwIQDSjV/bMlplWxQW8KiLyNxS2TLGZtNcdG/ZsqQIKCGR03roV8AdVs05F8oP7lrsaIT7YEfqsBI19fPRMsJvjN7pswYDmCuztiZANRTF+01B/IQK++OngPKBdm1Zqhb9g6+jkv7U/FSyNaHyOzQF69zR4Uqj5vIsweN6XqDS7ReI17d7Eb0f82sqD68TTl0OJZbQy7VY7pta4hksebQ=='),(782,1123,'card_cvv2','CHDee997ac50e5495874de5c08891bc2015pBjdTRsi6Mm9DLFhtkjt+5tXxCb8Evdwp2ZQgK6xcPEcLrDdo8qUey72henDsHnOtwNHLLcHGyWJFE2O8Q7MJmEAcY7bQl3NKudHbzzrJtlAOvdgRuP/cpHVxSbvNyRtySamspyaN1P0wnqk151uufxsIxQhY2It1O80qQKveJo2VYmx4HEYplwF1rvRUAJKPodGu4ZVrwF8gDwCbcUDP4eJbMIsU7LxVtVTvyckJ3VuJJvEgQkjeAs192TE2lVJVr0frwxoQE4c7tR9glHmZXhd9MkBhCdqporAn8CwRg7ffNCikqkNohxWPqsxCKsfZ4eUcZkII1G2QFmRADCpXw=='),(783,1123,'card_name','CHDee997ac50e5495874de5c08891bc2015gZoUIKcqkv3qILIqg1pjpjWYv1nQ8rgLYcbTc1xWpw/krIlhAEq+fZXYN5iwYKBFgsEsg6f/cKx3SCLhi8+QFLIlL4czUDTq4vYZp4g2/0yOnkrG/t7nGbwYTt4QNw9YZafs/3Q+z+k1ObehK6K3J5KSAl7wjtwNRVX/PMJDII/s/zEtqQR8PFafoBYHIEW/XLhGEwly8KJqxdOqWSa90tNNX1Pnc0lNH5o3dd5g+n2rOPAClf8Y53Q0HddY8n19kID9UC6ghJED971KM2BAML/PbNoDFCj/UNpGhoqFxNVzFwXowjOa25f2AuDLMu+YimypsLKJT2VnH3n9XgtLAg=='),(784,1123,'card_expire','CHDee997ac50e5495874de5c08891bc2015MeA0vDfwFZ7NejlC3BxG3Pv2XwtVASs54+I6Q01kJNFctEzZmsZL/KqTQakYJcVGDBhapEuOPbuLqDMaDyvwl+tUdAGnYBNSwEgN+Cx/JIeC6BP3cLT8I6onoVgVoTjbWVSl6EWvw/nrjj9YCu1FxdKkAZ6f0T7qt2yzk0h/40+Zt25A4omacqsOCXFx3iM2worSBlTwQuEnihe8buwoK9O9Hby06DRjw4f7KmvXnErX9Uq6YZYKiAx9d7rDftajaRvfe3D6ZkBMCjXyoKstPHgSEN+1cah4lGQAf7uxAjlB2US4GtqZ4n7oLC0ar0O8Qk06t2fbMVNvJ8jA2UbyWA=='),(792,1128,'card_type','CHDee997ac50e5495874de5c08891bc2015kDmuD75Tad7FeiusX/2MtNSBtezPdv3uJ1PjFlEtSaaDyY76XV3ji1E3edCjywbUgGHYbDsei01VxAIS4kdkOQTrIYu2/t7qOn5lqBoMaPxOYCrG89kJ6EEe3Pljrf879QzDhqJTp9eHQ2AbVZKsA7LeTyvvZBGulzwzKdiJP5vDqR881krMO6ObGDM7RV4gA1W1yKOq1muSob8RlNSP6/791VlUjyLQyfrDFkrtdp7cwRl8+mXizXlngCVqJRzPwaVZcc8oyEqm4VBG6nAezMqKUj77WPRsdcnXzth+ALAEDzxNOEcinI8oJT7sGrgnMMKX0azSauyF4AAeaNU4BA=='),(793,1128,'card_number','CHDee997ac50e5495874de5c08891bc2015GFAxjKnvNVtZUMxuR8Faj3cPjEhPbFC9wrraHn+hm4Hd7ltjrMY3tpn08oIhlcs+RdcOfMhv7OmB2OMpXJZS3W7ElsiESN8QvWyMiGCVTdEiYlI9P4Xc6VxxObYRzRaMeeHmSvfy1YCGRTnQ/9ZUTZVSWcShy+2SUqJ8av8u2sz0dPV/eDSTTqSYl1K+ZgjtQTNWu+JeWu8wIoMxqdos/jmkg6Ex1CM/T56+c8F/wXfQcEhtSb4A25nedqdsct0JPEc0XLvy4K8k/PL9K4PweRq3bYsR6aMn0dld+xhpuQfs0pX5ELpE5BaI4ULn5bQ4R/AM/jZDcqeUxfN33gOjuA=='),(794,1128,'card_expire_month','CHDee997ac50e5495874de5c08891bc2015Jc55Qsfm2JihLPQ8MsheKrVwDHNYmfv9bQ/chyRwqgxDX7ztXyg5d3jpof5Gc+UiGz1LmJB46I8t7XS6fjKqWxLUPzfN6M7kGqwW1R6BaAcpPyXKz7hlfx3I2DYqhcCwcYB/qGatOxDsm4iLLaeUpLCmLycWmQPjP/1VNAYXNUbMvnWw7WNk0FzMBrIq/NKRo/aYLiAb7gCHiSIgdzc8kJac+ef3cNJW4VVL+Fo25JNyi1SECPVbvTLFF4R5jEZgQk9HkFaKsvhZTb3R5evpqz1SERvOAGhRBiSVaeXMzQSpLtUO3FqfD4DyZIfGgpF3RgknBoREY0s5x5dndrUZBw=='),(795,1128,'card_expire_year','CHDee997ac50e5495874de5c08891bc2015Tdg4IvoidPyv+sueA8IuBPmhp3XlNqpZZrrkst9eQRVrtnrjYUPE91XcaDiihUvyqQ08cdgsy6de/bYWkE5LLqehCxM35aSy1md0kOjUQAcVOCey6Bc8hImc+LbzisFxMMnoljj4ITYKrvgiseMbb74ZhGsfNB93RQb4yzfdLgxVOuJ621jAd+3YJYp7WKGPtM8bypVjFMPRWyloGX2k7BwO+9Vr73tQXrcHMBLzTuZCFT9DHiY+eUzBqa1XzVb9E8MOpmYN1KdbCf9IX6c6X5a/TbNMN6YJuXgdCLGVfwOcJ5m0O8KMVS5//uQdtyVcdrP6lLueX0DGTQnANTUm6g=='),(796,1128,'card_cvv2','CHDee997ac50e5495874de5c08891bc2015XSQZZVHaVdZ4xbSAOxqHfTZAlSYpGyPR6A7zZXFJPgLJcp0oP2QRfxKl7avBil0QtqmK6FflIRCLYCmvDFO5mKv3S2Z/Am6dmT4Zvo+APBk1bcyQ7gq7u6a6nAu2kJporfxDDMo19eu6MefE8Y+ykQhY0+ydJXrUERm+YfvWdS2ZDUSBxonKy/NHbjHE9R08jLbwLlGM1xOHlxXZkUoiz14vkpEail32tFrXEP2z+zNw449n0U/+XIIPpQmPvDSvH3Ih+sqU5gH4ZbgTygVx1xXPre3Axy8jlm25B9S17eKDM66jD9kHUCLc41P0hDmj56Jfr06DNT7jm2NlxkmDVA=='),(797,1128,'card_name','CHDee997ac50e5495874de5c08891bc2015TZnq7nPC/mHY/ANJA9OdvKXO28aycG7Zjk+cqOwmd5bwhadhwcrm2LRZFoj8JJXblykmuOIwhuxY1YxxBkvU8/z0l3noysnqXSE8lT3atBcfKpLFos2C7Dn/BhWVo3c+AQ5yPs3nRA8qq2loX9lvDd9ifHBArM7AyU9ZUGjB3PXUGJN9GleEaS8y7hPWFqqB4wkyX1gtwuOD8IYThVAbFNvJmxvnGbzg9bmaYyyXj8A502dDKUlmJB6ghDsgsMi9rs6X5Jlz+8SeAR/yezJ2eZAwZ/jikhuAfbdt22R+eMu7ej+QHFI5Kc5rPTChz6V832UpHyB0BwYiArpR1OsYXQ=='),(798,1128,'card_expire','CHDee997ac50e5495874de5c08891bc2015JgBOTTGkEDmj+Bc8/xEt3IpXJOBk6s1Qyo17w5Fa2pBqXYTC7NfWDB5wfp8e5u8Rpu3PH/Ung8s0nBKqiXiK/hRRkOOGet/oC3bxelzEyF0Zv0GTWtEIJwQBu8So43T3W0MLCKoNGyqX63vZnzOiwFtpSfVqt3aZuCtKxPDT5TJLnmQRA99K2Zw8VtR0MP9Qur9yJKwLvDqrz3ZkefUfmTeEe/Kn1WnuQUx2Fqj97KhI5wp0hFNmdyOVaVcIgB4OcZth1Xdfiu6Udt/4N8kYOJ/ycbqLCf+IVdli8M/15E8X5RFOqnB90bf6dSHUKOBRdUGRu9yHRXqjZqbVZBwFrg=='),(799,1129,'card_type','CHDee997ac50e5495874de5c08891bc2015mBY/z+vKUBpgiukCylxkSGlfRvMxZ6UPPzdVl/VNXqX65JuQhiLjwzjNhY4uc99HdWZT3g3vk4krHEteyCl4PX1y+0Il7tzbKyoXQaq82tf6chPRT5XZytS+LZJiEzu5EyCTo1s5KChrcyp8oSLTN0yhGBOINpO/ZMYORF/BKXxFsDQkSpCR7WeAMVYngpzWPc+Sd8YdMmcqQXRi/3aN7+y78fdKJ0tXEpjQ9P45uT8o5SNtSQJwR+Hsf/5pmr81nyR0z3plGTbARoU+4DOMPPZR0GmDRgMO8+lWqOjIiV4eGDGKN8bFbg7+QYBn2gu1nKo9f607sEy0pp7QME/Kwg=='),(800,1129,'card_number','CHDee997ac50e5495874de5c08891bc2015Z4otbK2/15JqiLEu2S1Q+qklPvRgVIbrFnZmb6MAGkBtT/jO82sAMAnMMw5DHnh+CNNxdV64HUEwMSQtDKVFH3LhrJZfNiG6xA8QnsMJGOd/sXhFh/8tFa3N/Bzv3Ut288oj3x/PRlGDodJih8fyQ3nFwD7LvPsGnIqUEeqVR158HiLIOe1w1L+Ys4ka0IQGLFnwKDffp2NPWgeY9TyDmgM896KaGb/ECkiidpM8biozw/PPVHp/oqKC6KSn/xDGQcjp8zqdqEKZ0+Ut4YgRC0Xnh0jVSiBbdSPA1nbbIvDIuMvQmayTxqc5yq7iE0nyMjckLVBD1qAdGht/mK5i8g=='),(801,1129,'card_expire_month','CHDee997ac50e5495874de5c08891bc2015K8LRYmS+J/FIzZeQV6+Jo0oRUY+fkl5rHNL1ITFEFlsrdl59BlUZPGhKbujsZuDm8wJmLr2Lfca23a1i+Rf8DkrBqi80FCC5PnbqZzodQaEOzNLB9Z0ayywWuITPnXyu5DYbIVfqBGFYigLPRfuk74wcYiQMKR4scD9r2IEgqf+yGG6gpn+mFsB7cNhVzeH6SGQdBkrQonbiwcfub9z3CKG3ft/fTH9Dfq+kFemFSKo8xTmaTC66XoFB8H28hpl8m28IVHdekk3iN1kCZq34OPKdobOKtItCTuxum+IAysHtZSwJlxGGkxhdkbWChcrZkp7D67e0jK6/29PGIdSouA=='),(802,1129,'card_expire_year','CHDee997ac50e5495874de5c08891bc2015WnZAg7QaotHyuYzua0uXxbdmf9k8pdWZAxAc2Yubup99VbzNXmmwfvgujpQLNjL2cZW0QLs+XYbeusIQPMjGov3SUI4yu5+/RmnaELL86TuzuFQJ/Mnz/1pBB7xGbEily7N75wEF8FHq5wn+DFsvIzRJaYfyvTDSTcp3nQMMLhsS6lLvoNqSyys+FcWWAjx4m7JhgQrofBfmFtmilbQ6oTWJFIz3mcMWqDbMHSkso/pYusvo7CzdHru1HM88NMZ4U7F8e1GcAI4Y2jid9+79va7uWnveczlaaDzl8fB4CVmOzC/hp8aXqDOl3SeqbAh9VeOxJnL3+slhGFgT9pzCaA=='),(803,1129,'card_cvv2','CHDee997ac50e5495874de5c08891bc2015f3wJkDUlDMFYKNzQc0grEPmybR4Gpp9gTeq2XdeyhVi6KWOw0kt1BhEmq9faU0Mxgf7jH14eikCQfgbXL0qWCS9VUswfgZ8ruKJ3HUZio3qgP7dQABiCzJa2nguMx7VXIfUuT9TndM3uUa6KYHkPcbLLC1I2Z/EgQK8pRDQ0UOLkB2UasECqioHCzretZchXbrmvz7599/7KkHsaSOWzCyNBBdyMl1Df60neQjk0I5xKCyzz9BGh96g8sJxN9PzNKWYWzLNXdIikFaxGRrajxLSzcrkh9X5LEYrDPiJxJgNWjhp1NLMDEwGD/iWAAiSupl2wnIACvbbgzhLLmR6oIw=='),(804,1129,'card_name','CHDee997ac50e5495874de5c08891bc2015QIjaE4Xs8WRvzQkcDfjh0WivEQK8V92PqhGj/UAIZNUwqzs9+SgOVfMiEg3qMGGzKaDdQ3FVINreKSHDqLANh1ssplJ8oRv3rfuxtcwZLv2iCGrPC2Ee60CDzd2XJshZ0MC5lnQ8fHF23bV9Ai3ewfAStwpqngkMRYhKJZqsDjI7z0OIM4JYKg2zUIbcPjPX7HIR8tAbn/6IV/twOgB/+JWzwfNDU3N346+3aj3VVMid3J42oKQ0JeAs1/fW2estCc5U6Ju4LqMW/eHAqK0eX4rJ9JhsB4bX5SMTPWe5OMzqVnvxAOvwjFCDwnupufipBiG0c0ABPtQ9rNYTJnoYvQ=='),(805,1129,'card_expire','CHDee997ac50e5495874de5c08891bc2015vhj3FWqcDLLfgT2jIFkcOggt8Lfc5GX/Lg8zYbrtGi22TnpfvPmxDE6KsRNkwKx3zRcEab00uGvPDjwF00u5/RHN/AbTvHPjxPVdvHQ9A0GwzdmajJe79hNTxvjb6jihan/xc6ZNrGNDdrmfsdO5bUGbyCp43DauwmVQYooA5ZP/u+gyv2FxHQ10VqvQpMY4Gxuq60nGiAVlshnMKv2kUdBlWzyNTSkIMT/C8a3kfeXNrTVmARigkWGH5BIAtZfmDVscTm6nz9uuzpeeYPkV0osjlD25kGRg6y6pogRGd6E2a7PB0eNrr0zLAgtSGvztee7cH206oM5GYyw23Vytzg=='),(813,1131,'token_pan','CHDee997ac50e5495874de5c08891bc2015MXGqoS9vpH8cl9+Wp+nd4knhmAUSUOacLZfA78mLnoYmKw3gAdcg4bduxxDtqxE12QOBoHeQ2rwWbYjZ4qlorSNxAFR4TXZIeqh7E4usgg+nn6QQoHAcL0rMN4bn/FYES4cMNpXexqOySwMgf63W3iKPqEyxgVZEUafMHUvR6bSRxyLxESI5EShfHIoRZZV4kgYq/aaKxgLvGk0Rx6S6El2W/6wwSQQURPIfjc4CuzN0ukYRQ+rZSX/zYYCeVX1bVY7WLIW0HJDG7C4fmZlgpUOoo+RPJSnD61KluZn3Hc0/7kO4QUhhTKwcwUZiufq94ng/7pUaEp1CsGzYxGZsbg=='),(814,1131,'token_expire','CHDee997ac50e5495874de5c08891bc2015qcrgEdJINnZTwJEm4wIhPu5YycFLA1eymnD5L3LEOOf/6IZIrwHJaNFtmHFJJQtMO5NVFnKDHUdpXPQuhRmuuQVsmVEojIrwTLVSsPtaN6JoBEpma5/3KPxtkBnGtn8f4rEd+4ZGyMvPS//cVGQICEhsPMBo1JVHohluQsNUUrtd9+12FSx7r4EFT+OBU7YRUqBVOI1ZCEmnyMaSdnhxnvIFNV5+AQeLg+GAmzFB6vDkf5ya6CF/e/d6A3MbBCh3WD2MmB2PpJGOrg/W+oNtUXs+Jt+SVBRTM/eH0mAjkcRIrF01350YTJIW5Mpp1mRXL1XuF7pJ+6DPc6sY73/gRw=='),(815,1131,'token_expire_year','CHDee997ac50e5495874de5c08891bc2015afsyjj8RXXxiOtdgSFMQp4q7OFu5ApqOvLLfCdQlloGLP6HDEcmcmNDnk7t8MnhgRN0Wn6DZ8u/NRsWWJQ2j76/hGfeEWOjb4GhQ/N/rnLfEAXdfmjyomI+iV7EKrsGTiODKccQoskfBOfx1CMplnOw8FtLNUpQlYrxmemYQmD7QAVfiRZV6+/71guikISQTk0a9aJRtV1PnovV8szn0/HXMZK6RZZOa7wRwvzffKLU7FSa4I8hQtw+MgpiscWFup3hjHG0N7M6+0o6Ph55w+iZE31EiT7vBGCjQoRK2tWutJ62jhReWXmDY781jg5vY6KtrDmijKSQfmZJQkkYEIw=='),(816,1131,'token_expire_month','CHDee997ac50e5495874de5c08891bc2015SJpahJey6NYwdvXlUTqW5VJ8g0RVUATWghuC38kQe9XKhmAGtYojOW4sPoTXrnPBC1cje75U1SDp7QkZvdvcj9jjSucJUesAmRHMqv8wcLO18+wemHe4PPfp1v5jJAvHkefBInMTtmP/dd832ZXrvIMoO7O062GWuFbEFF3vgusWo0Y6wJ7HRaOwreY5pUtXGCnrR/gpUJNGUJXrVMc5LPX8Wqi2XmiDk6gtIscoT0Jh7A134Q75M2QgC99dzeHMf0IeWJ52vserlJ+afGtopsiUWTnlfk3aoXcKtgI8IiG82guh4RfwxioFWoup+vpKYelMaRH7Bnxo4vkaReO4sQ=='),(817,1131,'token_cryptogram','CHDee997ac50e5495874de5c08891bc2015jGaTyeoWajk5UeCdgiGuy0TNEEXRMe8F5oGS3bvJBhHNhVQWFKKRwdxoVmXwbe/f11Ax1yfJEacOynPlF2B+BVQ++WhplrfZUUoj7f4NIrumNlpcqfegvMY0mowyjOzW59nFPMfZQAa9wIBm4bE8ZoMbCH671Hr0UiyuvKL1HZAlcWtcFVQFlyOWwCx6qd61Rs1Mvh43iKNUOPMwnngbLgEcOqvyCQju4me46C0cO0vtiLu1VcDmHAxs9QLD74yOGIj0mo01YZrh5cdzQQTlJtRvYBM6PZ8rGRQwe1jX+cmRuHEUawmd7S8kN76JfnKPXWCjX5MIPDz41bgPWPlIfQ=='),(818,1131,'token_eci','CHDee997ac50e5495874de5c08891bc2015B+IsHymHYT3O+J4NOhGJDhV7F2zuhhY6eYOMItTAa3OPXK/zuKPB7P3aR6oiaQaBr7kXTilSZPOaT5psB77gAw20hW3vQ6HmGiaOT9StnBaK3LZiy6FH8PsKekpFLo7WmreDGBMinRHwXgVwjbA3xD1BXs5EKhN/APrbs9a4C8fux3Q+08dabJkwqz07v0ej4/RtPq0dDqM7622w4EhclyXdXAAV5bMGyifHlgcl5FOnAZPjoO4X70VWw3ldhUXEGXPnkazzEzccvrZJlaDwXkYXtw/LLs6N+JuTg4Dim07bnkr8wFdg+4MSbjczc9k0sjeCUDBDJVm2LwXhhyqw/Q=='),(819,1131,'card_type','CHDee997ac50e5495874de5c08891bc2015Y2hpxkSBthJ0VXRw2FaiX6VW37s44a9F6oSx6c2t9lxqC2fMML6tS3fapNFV74C6ABxvYJIo7KaEk19GBKZtdpD41JwkZrgDHdYanUKDVbwKMrJMm88Y8weiudMfjVfNwuZlcOInbPU3ryPU6eJmfBnwY78wPXDf7SX8Yp5kg+vQbtZ5Z7ABHdIsDZuzujB2UhH+TUHjVkWQnRjazeYGJFq7PX7ebJFqujxuJHgegJQw1LYNsit3Vry1zXdQR+mTzTgs+WupnseyT5WFG7A2Wp3ZR8RAn/3w3szuJck3jLjQeQXAaumlVQpfnVWS/ymh51Ph4cZMiNeW1Ps5du1H0w=='),(820,1132,'token_pan','CHDee997ac50e5495874de5c08891bc2015W7b2NQfvDwrC57fVxWG9amEABen0xr56f5ujVRAOPCpEaiUpGkpK7nATHFvsvx2wVC6BQWavYsnPlMLCK6rGuGKvZkEFQ01pCMwyJuvOk0AeQ8SKa20qRYoJFq4DVjWO+gE317Sjl6iCGA9sDGG+baP9bkb9TzzqMwyzvtibu69gCu2cylKFl5s3qiGY/TIhHhMDoyyPfY2n/aVzwk/XbrlHamcMkEqSiGn1s4xua0DF5zlQ5SIsB2onasUETJwMmAq48oeiOcrKVrmFd0jxoTS3Gcqp5NpsIQVOgWHFwrks8Yqe9ADqpX2mzszJqG0adZg2URb+k7mclDjWK8t9dw=='),(821,1132,'token_expire','CHDee997ac50e5495874de5c08891bc2015qyKsk44FMcPjGv6YXXsSwVgO6ZjakFFovglh6Z6CSfDgdHlu8URgug2JR7Rcwdpn699lEJ8hhhgL3bnYxrmu3WYQSsAZzHjaaXnj1tZiI0rp0A0CgqwiG8hLOZYUKw8DFmQpndS0Ka0KRivQ1e1t7sKJ+U5zaupyLAwhF758uavXNn+wnrJGdDIk2kA9FJzDlEPN63K3lgtNv4G4YbXx18tvvyFRHeNgnKpvXPIPRm8IG9bGmzpqvxvR3PLTJgdxN3U1h5cc+6DCDFjUNlC5CwJfjMbXH29zTEaAHRPrIqVSsvxFvJFJdSKmhx6Md2p36P1BFhdXwnvl7M4WUJt3cg=='),(822,1132,'token_expire_year','CHDee997ac50e5495874de5c08891bc2015YVqt0t/i2iXOYUHtS18lVKJIEyv/W08vVNTjxUiiC7ursEqN2m2nXrmMNzkEeGRlxRcCwKjpGh5pC5d0XHGDOIIcUN3JDKK2Fsw1kICuCdauCW0h/hSNi7IimrfhvHguAes2yXwSGyQujXBsJ/7GXi90Nn4MP32DEnDfMrbYZBhtkVbHcecWyqgjSau9LfKjiK+/vdIhhZoBkIQN3CN9njVt9rIi8glkLi0JM/0kUsnrd1HjorROFe15bM7+Tyxl0++KCktS3Otev18mLvfZ9I0klJyzWqpEFmgFDWtV4W6E8nYQDbndIAEQ8Oya8KA+deROUghSvi6qJ8+URXlHng=='),(823,1132,'token_expire_month','CHDee997ac50e5495874de5c08891bc2015Szr269L03KwNnFuNgzLr6DnVV+3SfUpzajPgSbJQn1yNpqEhQNU1yk7ofAb16cZGx9NAkG8v5llMCp/+CuydXvxJWOYCjZPlMSbNvIoccDMD2tPhTJXDPfX0fPwECFdf63P8NJiovvAe5GLLjMoGw85CQYmEw2O0BlmHFLo86N0LfGZcVdr451BQqF6LUB9vwFdAAcNsPW4k7kuWtBL31RAOBewPQBII2/6Odfj/APbZzc2fVkmxRpXjHiERpRwMacmszQPo62RkRaMnhKhgcU9qZ76H15JhVAdS4xn55z5XCDbeXaMjJyeCc4uGJZZBnftx7o85+vq8ZzqLbmnlLw=='),(824,1132,'token_cryptogram','CHDee997ac50e5495874de5c08891bc2015NPilsmikddDgjWU1vu3k30jDCBmzQN7mQXgDf63G4Ip/ymJem8fqdX0HG94B2x7dGhcNTowX8HEPdPguAv1q1grgviPoPRGPGQrJnlqyDCIAVzyhxn9k/LEOl7YotTqSAD2vxgx2SgjewMm4nulAtbZlFG3NH6zeFtLZn6bqSy/Fj2GQV6zSacwXy28M+JN/OCY5eElRN7QWgOh0TRS/EYsqeDhqVGiDmmQwJ+ZHX9tK9WjnP8SfPHyOGqW+Yq8wHrWNAz0+mtOJt5ZkdYVAY6bmfLoGV4wPh1D5s/lYriz+sj5xndKpjfEDnKbX9xjb+qHsLFhXhNt9auA14K2VPg=='),(825,1132,'token_eci','CHDee997ac50e5495874de5c08891bc2015UmfWdgfg8Eorg1OaJS975rax1sjMyRfDQK4Ks9exa6+NQaJGekez+8GtSFkmNPmtNElzkBrh2rMTpazC7i3SIby14oHmkKZVjGSynkE22NdmLasyPRY73dJRH4mWOW7GXBOKG+utmCrQDx0CfUfweIQpdGKAy+LmB/YEWr0FdkFnVQTSSjxjCUb6WfsRmnAVeFLBIvCzx+UjH0vSYDtOvmrPx9hS8+BOEmVC/x2bpItT84kOFlF3glCNdjcflVeEorQ6kmxhipBDAf46zoW1kVjBDN1L/ZTSmJHv6hGuqpjqNfvPoqowrPLejppbB7VYsHPgZhh/FkA6KneOP18wCA=='),(826,1132,'card_type','CHDee997ac50e5495874de5c08891bc2015bAnhJRlCMPt7Jn8u/Dt5GzQO46Nu5DXmvV2Ow7VgvYPGD0CNVFs8Tqdd9rcrAjOU5O9UFtTAhZWRm3OhgCLSa7aQ7xaZuBpRQg++ECVkK7g5IeOYM2aY/W+5VYmkk7GQlQF33Uq3vht99kTZDSiCvcx4VM6tXdBYamRccKwrdVJR8b3JviYKJJXwwoBMai8EDb3jKULPz2iu86rt1AJjlR5Vm0LqHH0EgY2G3D2FHJ69T3cJK2xw2sSp7TR7vJhzrRtVPIWxSphgQ70NkUigAXnufTbdvI53uOPXPkWMg1/chSi0nq7MwZnTC1btVoTwjpmlU3mcR0GdXHgS2BS2kA=='),(841,1135,'card_type','CHDee997ac50e5495874de5c08891bc2015rnVBhOIE13AOSLak5AmdGYsgGLBJ+MzHODJJQBdHX4vMJKbHqgcVKkAHe1LXnhEuu0mkR9OMrc2YiHhTm2xmTsz2C9/mq/OdkDVnG4DknjQmWYeN2EJ+EACay+ct7aMkje5nhIxWAIj5RsF1F0FkjlSXU+prs3JzuBZ5V8VKYQKkcSvVRAhh9Jy5N+c1tRQQnOTIjXVmVLeSVe8nH0WGYekNoBHfHZNza7HGcviApBkB53fu/3XFyxNQ2uVjn+wXl33AM0hf6av3B+6uJT+ewgUA8zemvJXJAlTwf7NDB22wpitC1bKUU5CR5QxlIFMr3MmNyLXiKkSuypOqqInIbw=='),(842,1135,'card_number','CHDee997ac50e5495874de5c08891bc2015tsUL6HT3hhJ9+s7yRnYFQMP4Z0ri4QnXuPKWV7VhcOMJWZYs/5q55qegYCKtmXf2y4FfDENko+1RGaLrUF9sVyQBnu8MofPE21EX9KFa7NTsazfysKuTYN+xDBCvmN1BXS/4NugZweDvu5WbA/CawNJ6uFmu2xMAnahO8lmWR3cnyRcHanMSgkcGscrYL5cpa3akYeR/TkFskt8s/MGw3jneDmDSqZ6ojyDnaH9JPJlPePI5jQIKcpjLKv9ofLbZuAHaBehqeYb1nKa3l1ETzyGcDq29AZtAECqicsdohkBLTX5Y/7C2/4oc+VC7BLWyJRn4p1qBLHCpLSluBsxIvA=='),(843,1135,'card_expire_month','CHDee997ac50e5495874de5c08891bc2015wA9pxYAKSzaPiUDFYw9vP8hJvzFnCix+yC9mZWkAKMLhqpYTPQ7T9uo1LiOUW/OpDDbRLid4ewGCazR0plh1woKUo5v5c5YZF7yGeFqT+nRMf+5mrwviGcFpZBYI1yrYHM3Fkr95YgVLJPQTIK8ApFEvV/pvjV7Mn++emMf7E3KCpvl2tx3yzuSS5BlPdBi6aujYk5/LUFnvQjqnb4tpjWKk0Yd9iZDSFuzHBQYaSyXmHw98a6UcY8dEdXmFNw45AKHFYdUGr+FumgKTabv2QVQUc8ggkbtq9vNXh7Edhgn0N46I/LnYCkkS3iJ85Nnrxd9Zl0Oe3j3d9O4hr9V4kQ=='),(844,1135,'card_expire_year','CHDee997ac50e5495874de5c08891bc2015dPGfenUJQzfgxdkmTRHODddoQ3SMPE84cnFLSBiRufyr+ovgp5QQM/pE9sq+xPWW+Mgym7m+7OF+HpfzWsyx1+djXjZrVVJCKItCw/FcU2gHd5CPFfp642Kyawrg0StkKgAmlRPgWvZuAJlPR27kPXHRVwBe4gvbovb+2jrRhKlL7jj86QpmUH/SFcZRrg22GPCY7KXafKavBtOIrdiwajaQICvWCZf59cxipkhjLW25QCsBVm9ybL+qDDgWsTJ3dCZyzi+dgR+rhqBtQdpOTs12Qzgg/t4URo57kSxqMa8yd53PFwYuBnoqYIEfK+hbrjdZz7ipVIxUP5RwqgkPXg=='),(845,1135,'card_cvv2','CHDee997ac50e5495874de5c08891bc2015qeGfEgz9XCp4QFBDXryEEpB5oaCutpOanz7On8n0iwpyfI0zzUUJM3jpOun0UqYbxKKrPRrfze4YVziUeS6fFEJTRGpT7VaixJDDF7OtZlEbi9dKcDpot/9CYYrKsTRcnyEh4zBZoCXoy7d9pCKOBFYGpnoAsg10UtJX/OLuz9jThCYtxpyuPZTRYB8oc6wxpcvzvbhQdqg+sWUyRvCKDal8FHimyKkdPXloA3P5QyTYgrQVbSznSDgrt8EGqYI2dT+uYAEyel/hKFRU9a3R0JbkHWXnq/cbFWVpQqiww7OZkdO+9d9YzsJK8UK9ut14IiNQWk0GuslFonATCnVHxA=='),(846,1135,'card_name','CHDee997ac50e5495874de5c08891bc2015ewN0veaHqekZxWVKeek62C4ErH/GYOlMghLjXiOeKcgD51AIMkwMV83EaOw/uKH0GlAiWGtdbYXjK4wQIpQ3Dfyr06P3xyNZpYkXx5P6ztiMiVdheEz6CjwCbH2DJN5pdVdXMNdexCvScs3qmqkY2zrfRvbFV+thWll5/aEZtLb9NhYy4FM9UG/2QCnE0VaeSn2Yt+Ib5UR18Cclo43xlhh9BK+3Iw/JZUljav1kasXl7JAW0GuPDV135uPOvuyeuBHO3UHNf8YHb/F57pWJl3e6Sq7w2PP2mdkkRF/2kk74R3kDo09PnTy/25/bFHe2N2kGrSiW+ngRWmKLjk2C1w=='),(847,1135,'card_expire','CHDee997ac50e5495874de5c08891bc2015LiDBqIkUdsRIYJo8SNqkZ5LIk32avQHN8wdghjiXST+P+jjkafQfZWT8NsqTzPJeq9DMVyIadEGhwC/pkPpPXPM4ALT1y5YzzqlTVx+DzbEoXZkDLunA9sOAM1cOJkq9hmTLRFvPg3mrUSaDMfHmg4ZHRpEH/BSp/gSfOT3+GcLwK9ajWUYRDifD3B78YkAEJ3Mo6IxToVF0iPqPgbz7NoLJB/+kSZaOF+g8LVHRUqlFfaqegcLrDo2h/6uavaWzwDJx8MaKQEKBxnQ6Q551cc0ZI/CGnFJYo28UJKtQc2RrJZKDrjCjrc2+xwq+o315QRB1nnISFlLHe8AY053PIg=='),(848,1136,'card_type','CHDee997ac50e5495874de5c08891bc2015Im9Ex7kr3aqradfV19VXrFBDwUtX4FrhGdId4kyCZYGt2mhwg3PVtCAEdmOexLXS/V37Xa7JvMGmDuu3dzovkMo2SrIJHCnUeQyTLg+pbxkXbsWPGK5PwsDgH5LpZSEPCDKNVK7uFKa8HIga8/wIRzUgM52X7Q71GXkFIcXBqEH6peMWvZVxSWXfAZOAhc4UwprKYrxRTctW0KwInn9MCxMXqOdKyTdeOcqjEybqFMEmCKiq94Ny+Lt6ihPE/wRYkWQuO8cv027bm/C/rBIAoYS3MA7iSKZ8kBMAik/jZPIv/MjRTNo7Ryd6WTpL+MXwOPwpgGbl78Vf9Y472m0Iew=='),(849,1136,'card_number','CHDee997ac50e5495874de5c08891bc2015fmxUfGAz5qXtHnBWGK6t+yH3/+s9HpFRCSowhCVWrU8iRAMBlfUkEkzli/5IGU5mkMiYftdNd9ak0tJZAS2eQCkUUCsMUZ0EKmaCX3TSHkwQyCkYkeZUfRs12dqd/QTM33N8rNCkc4YYPi/l9/K3wh0caa+6uI2QQXOjHYpu9wsdTLlE2eYk7eJrsFIWJrzwE0qI33DErUhz1lOo0o7+p+gnrOsaI2d3gK7jij03uxLqNtctslEvMzWPFF8jpOdiyiSZguu+UVbta5Ft3Df9kzlSURK0jprutk1VOVdS1twHUu+bShqtOu/ZgGBXiprw1zMRfBiYHVN6jqhv4xTqKw=='),(850,1136,'card_expire_month','CHDee997ac50e5495874de5c08891bc2015tb4w0VBWsrS2/H/cDP48jm+b71xVGlmgLwDf4MZPUJd1U1z/nCRMXwcaYEXgF/LoK99LvY8usi8AvQ83b1R2k5yaZFi3iINmSVbWikdInuw9dN1c48zigBbkRHcNC+TvvxwWwtALKxdNEA3TH+XlZRIJTJUlE8AZcwhL0KMyE7G1uMWyXw9n5NKHtEX3pWvXUJGWgGHT5/fr5zQ609r6Jv+oCeZOhRGP9McV9KxaN9TTLedFZnll52m7bb4xA2e/MAqbZMQWGzjxi3ZGpMM1U10cwz7Cn6YADlt2u0MKC+9J5uEWhmhWOUEscNvXpY5I1f+6oer98gjC4sy57msgnQ=='),(851,1136,'card_expire_year','CHDee997ac50e5495874de5c08891bc2015wOMBjWAmaul4wOW7i9tQdJALB+yIWW48+CHWBKqyvjmtmXw08ZG98uHuDu7HK9iyisI5aPYZVXCwSXhXl+ApuZbV/NZ55YQgZwnuNeKxqERy2aUNd3ggCki4ZHGarwb+D5d4tcblc1mDP+f8rzlDicPmgcMKr9VkhhMax/Bamq4vtBSYBAbe6ujt06+e+257sK8Z2gXkl5v/3wfAvayyDeN5C63HQVP5qGyGJm50dUeu7gfor/1D1au6o/jglmXDA/lcc7fkrBRat3AQnfKdMY93Lnqhuyg1LG2lGYa/AOnrdjue/Uwe8nOEeUotLfECOmpUqPZy1ik8lhc4PveuFQ=='),(852,1136,'card_cvv2','CHDee997ac50e5495874de5c08891bc2015OoaMX6BIqdtPvVkPuTBhNIYH5ozx4qGlDjDg4Tu1e5ExLkyxHX0MOE+Y+DwVfBg9sXWgXNmcNJuGztTdEXyf4RnJwl7ZPvXhn8YNn5F/TpHzZdUFCXWD0grjvG2xtnNmUK/wngcxarJoAX62Jnc6c8+ikVITTEG1rV8WGmH8NCkRwB8xwky0oGQPoVsZcSkyODDTcel5sXK1vATookjp6RotiqBG+vXwfZLi/pzHjqMnggMMrLe7yJDh7WosOO8zzpq/RdSZYL7N7/bdAbI4JK9pgppNKhInNl2gjEUVEUZY9GWIGRq+jnlaS/LYO48c9FcKQXDfCQf/QwyqiGQjaA=='),(853,1136,'card_name','CHDee997ac50e5495874de5c08891bc2015gx9S8VwuNqsrA81VXjkYACbOrftYf3HIRAd+BpVRO3kSjb3TeG1n2DOC4sbeL1sKYcdYYvRIIAu68C/EYF/prz7ADenOd6esqZSXTcdLlBPbzRS2H7Yq2sUjVpH3Cwp4bxdI4a3FerN/Rx3FFFAOUZBQ9z00w8v7c+jZx+yNj+j5KjpMg18+W8GdUbZUzuwfpwmJFRld/HHHGZ0GEDTuDuh1qQpP/fukT0JyXH8ye4nnW0dCea4K5Gyn/A76nqDD3klbAIdrituT7q1xqmcw5c0UG8U7Z4MvhbYlhhXSEtgEeYIfEOkrXJ4TLDdYcupv8cKTpS6OuuWA8XWNINfsIw=='),(854,1136,'card_expire','CHDee997ac50e5495874de5c08891bc2015YkZGWO+8smfKenKx52xxGq1JaAWdHZ72C/OV8CTLlCCt1mQQ46rek9ypTW4Fs+dGuSu8CoGWGvYTknJnf251tdwiuaSifB3Hs0i4Uv0kp9ny5i+rBInn1Anog2Balrsw4JbDV5trr4fDngDpWavEzRl5X7zpvYy/R2/uHJ3Q2AmAn8QKgOmispCvoQwscdm/eregqDISMisdocP/uukAiofg+VXjKuU2RsbS2dasQ4x0BHP4J2ZtQ/S9KBDLmir+Y6j+UXOJGRxTvrYBcKZspKPyJXCj1hFGReCykWFQgtZSkXviR0NFPXZlXRT+J9my3TqRJkQmlmRBCyPetakC6w=='),(855,1137,'token_pan','CHDee997ac50e5495874de5c08891bc2015W6mbHprZXRTW5mM7zHxwO2RdNYTTHcH5I+SPHKRjmXPRNE6o824Nr6uGs+Vb0sUQ67dmhaooUr/d9kwEvAHiqqFPvUI9bguR/i3gHVNnVvkrX7tE6RvRfukT3TDTHKUoCEl8DAiLsWVe9RIG9conzOE/rfpzn15Cp5XQmNWlcOl24OEwNHyMHyj8Bk44Fxy7WSj8IFK18XanQiim+XHZMtn+BJfX/kC484nUKEjS7S9Dsr971ddGJMOq2CVV4kRl8maJ/dC3bsK3sWmLdGV0KpvG3u3RjTSPE6vnoxEiFUQJN4VgKrpqkRLNGcpcV/5yOeQWs3B+bIZhLqqmKfO5hA=='),(856,1137,'token_expire','CHDee997ac50e5495874de5c08891bc2015SHY5ST/RIQI3LOzgGNfnt//YgzA2Kfn1ytXWcGaMK9DgWPNwI7COuxeETZg1ePJIPO93e2nKHR3qoQ6WL7vIhrxG6vgH1zJzdrcIkNGrjAhF9OztPDiui1j/tej2k5HaNlkmqyW+MC1LFSsjjqL3kZ3U4ifFTCxjyeYg4xRIgo8UuTyF9/0tTt68aXoYYba9+8Ku3S9g5okalHX10bLjjNiy5Sqm+e5saCMNR1d3KzM25jFCa35HcExDqDRfgvJsjBa9EsAPsK2ocIUTyx20CSgN5nrfXu4HsyGHXHFcBQUrJ0rS0DxS6XaNRx0i6FPKdVkGa1BmLmS5KygtwnxZGQ=='),(857,1137,'token_expire_year','CHDee997ac50e5495874de5c08891bc2015caMtCLju/zfS9H8YFc3XnSeZIHhde2rPbl+ymrNEa6Qez/Ge5LF4r1WpEnLDElxMGFPA5zimiJ5ajFAqB8CrK6axj6P0lCNvjpqGj+2PwP4kXrLC4xp+uvoBktJ2zxASt9jeurKhfZYmmfkK1W/rn7+XK5wCA7BacLp5ATGqCizv4ro4b936KhN8dsLNnQA1PvySH0I+nUBVgyxdV5E18HkRyr0ebWJVAHSgX+F+0LIcDt6T7N+iqPNNdR3STRVLXLIYBZposY520OVCk+CxH3rvbk4Cf/FZvZDd8QDTu4feAw+JjT49uHOP2/r2oSdMqMm5RD4Jzus5x7vE1BKwpQ=='),(858,1137,'token_expire_month','CHDee997ac50e5495874de5c08891bc2015oaJXza7OEypMuwX/K9pvLwrWsVavm/kHlPDgVbHBekpWOPmTr75PgLnLY/QhQZxnY5paD64D21+gSwfFTha6x1jvbaCX/V00q0abJDdrUZeYewPf6CR2wxM2xQn7RkT/E7OyDOP92KL5Phe9T7InyvPO5vBpQAAnm6EK/3t0bn/1Kree6LGSnoPCMutyteNaDpDKYKVegluhasay5FV1PQ6Ix6gdN2e3JYe8pUW3vFIULVQNRABvMtGGVbCjMVHs+I1ImX/AiiptlP0SGUsgVBZLwHjNiDpCR/bK9REd3iPZuexElVZzpS41ZSKyn3OFWR8oyyQSH8x6lPp+eBZKSQ=='),(859,1137,'token_cryptogram','CHDee997ac50e5495874de5c08891bc2015VtJ+LIgMghtXXCQZ0KG98wG7s7hzqAmBYVRe7K/f3dLTbN9PJ1Jqxxoo00VofCOlYuBpvRQlF3hv0FJtIN3V/T7wjCFq59drw4agteyjm/vreL7PCaL9PyP80xiXRYqYommuk/N59cOZxohW787T1oqINsl/yzKPhX2eBP077p5Up7FVOJVyZ9rMDnQLtxB89PFcZCkNpQu2Zc2KmO2iPue4wFQMEX2z2zsH4j51xgoA95YlZQmW/pjhC5SSz3SSrQP1ZjKpJpfSfR+gmfXc3hq8G2xmaa9oU+0InedFp/I5QdB7gPCw7wkQwWZqS/GNXSlLvKif+nbmdnv8mj/0Sg=='),(860,1137,'token_eci','CHDee997ac50e5495874de5c08891bc2015fgRq5PAfxDjv0kXAYsuPSpzHN9IgKBSvtwBHZmHdPaOhtI6GLkiozwODxtpmedvS/+n95BItCWdvS/OgBCWOuIn/8d/4SXm1R8xWbZhRmsYxLhePh2MPFvQpxQUt6H5Nzgg8bCeLqkqry62ZvnsiupkN0YQE7yqRMgTZdJsPlamRzZA75ui57TxFWzxU2Ws2rhiuIHfNCxmMJi2s2X4uqwlEMM6YEiLU3dlBR9hz1L2UfLxu+e2SX4o1nRab6AUBEMKSOifbzjtdsj5cPFbr/S08aEKhxWUG55TmWu/CS++miSXfqsOw6A/aneqwQeHnbDhr5QEeCwcv14Q1wFVZKQ=='),(861,1137,'card_type','CHDee997ac50e5495874de5c08891bc2015YRDAY6KeOHkb9p58bKQQQZvt52advXcnirl1+AAMr/Du2vbcPTwnsmsdhM+HzBdJhlYFPzF6xYJWvzJBUy7HzP5JWu/ig4uRrGWjssDs1HxQShranXxTXtGvZGjhQuTJOjUcpkFxz4ydgq3yiik2B87nvQwc8Pr7q/jjLxHuwb00pmftFBQM50H5klkKhrJZZ8IwkQT/KCijZ6sRrORW0G5kRmD6qSw/lyeLJXA4Hvd83hhlji3JNt8Ni+/2XQGT6U/R47oU3IzjXEJcLBZZICjRlIwSECeR6VxOnX3X45CHpG3Dclru5caQQcpcwbh4qmVE0L9GSYstpkoj8/rBFg=='),(876,1142,'token_pan','CHDee997ac50e5495874de5c08891bc2015aPiCtzk5QygT+Gmj11zJM7XYQufnVIxW3WswZ8XUUQDcyFoJE3vN8+Er4wvs2RPgjqqXWZ8lVYbLoRyYtMxo3i6lcOCbNxW0rNXojHVk4ZKQ6mYGEIyo/TeKWWQd8FKWTx0QM/tKmb6J36riu//TXwPWWIoKdWhvXRzzlH1Lssr+VYGOTwykawXvHs4xv5afDo1oylIVCkfWKJMkDT6jQSgMTgVZImyp0fFag0UOBJ5lek+m+r0EUL3cpYmso5wkjr5jknO8ExsjylsXlU2eQiGE4jCa+kdONErpBKdcoIGQd6YLsftjgSwPVrXsaZ55HZwNC33FTcq3eYbBUESEoQ=='),(877,1142,'token_expire','CHDee997ac50e5495874de5c08891bc2015WvHt0f7MEbOalz9uaC6OOwavru7frSDUgJa/rs595DXMdG7NqhDCawQhkPPyv2u/yFFkggnKSC2CYQBc9SMG2RIdjdrTPeEiuX0qwGApPxEG7umSkPyNcvlrPodeJRE5FJmDaw6Pb9OrlT+w8gny2FYTJdCYllq6mcvuY4h/eFxFatiq/0lrKTL31ovzXZa9teLD9Pk52qc7ut/MXvER6ouQLfUxi9PCwTnqGqX3WHOG5dCh+R6sFUzCZmFqAh7Ch6nzLX1lrSRdKGspK4xhJRK1KMNjzSiM/pOUcZ+ShrGRWyzuOrzurRf7UC5cdkRkar9lms1S6i2gxVOQuYTx4w=='),(878,1142,'token_expire_year','CHDee997ac50e5495874de5c08891bc2015LaQSq8WGvdDt0Q/Y0O8dFg+CKHlgyXR5ZjvhAAme0DtkTZNWNICaiEsxkweDXm6kK9vXAHkOiTWafQkS/fsgJmVsy7jnn/nqt/kwwk4+nshtO9rRJNnrEvJLnqzTcoVmtu8wTb0qAPhdQ/HHJcmKrNBKj+gcA5Mnrxq7z8a6WlBwM7NONPFzaTVZdyTTk+kz95aupclJT5YJsdiMaHVrpUAUddPWL0lomMwY9OX3buHgXQDWgoK6gLRCyS+anWg2D6133XyFXaqv4zZ+3ja/UQa8UUwggWEA8OAQWbiGv133l1Fyhg11x3lGU6T5jFhjAuK1RECK3SvZBlBY5G1fYQ=='),(879,1142,'token_expire_month','CHDee997ac50e5495874de5c08891bc2015tZSdW4zbpa8EqHPY5apn0U01QY2iiFQX+ZaM53d8QxqT3rco5cE/EKrV5eEVgfzA8jvcvkYvT1+B1evD66MnsETpp4CDdvi/znZmrVuX6VwjEO+KIz+iPeVurMDkcISBLPvcU7lWyQocNyJDR9jd2SIZiucZ4kyU2+X5XH2w/qa+3naIAG8QeJcvCcgo6D0lzC6MLwGs8+HbeiaqyyGwprjh0gj+2JD9tVlg7aQqSdYahKMW2/qTdpFpm1p/iu4TTa5sQJSiOgL1kQ3BvUwvs2GoWjW49K4c+rOooMjco1spuQEyJQGcMjhs2vO1hPUeV6C7UKpPnXZtruY3+GLaJw=='),(880,1142,'token_cryptogram','CHDee997ac50e5495874de5c08891bc2015qV/5JxaOTlkOW4Mn3qBbnfh+aqk5gQjGFJslWtNE2Qyb+koDQVUeuRD9JxaQpWi65iDDI0Z+9X/eJNesA85unLXGGvGYh7Lj5P8felGa8gSALjePy2fVtir4aOj5MUM9CIuBc22VFUFQC8SrVqTiuOUuuqWQzk/TjV2t8oU99ulvObFNpkPpj1R4WKfnhyufPIh0URAnEZUKu0kzYsJqSAo1pFG2Y2LUJgiBjH2ixlwQuRGhJcSuhnQS5F+whODW5zUG0kzNQcol1tXjjcXH8cw3nmvbui2FWiXNSVSlXO/+PgyRr4k27L9Azn3utYJ5DuLn6mx52Cv6RrL1gUdr4g=='),(881,1142,'token_eci','CHDee997ac50e5495874de5c08891bc2015Y1fx7riMFZNSe+l1/Ri+ltuBoKIyZp2rX2TxM9svXoEwdEjCcbNLfv961y35qs0V4Gw3Ilu7oSpJ51j6XESsD9I08bTaKgYaJxcuBpkoGJwJQab82HtcQkj0m5xymbLd7/oJftKwAnhXh+X1CEJhAUeOmCAUjilm0zDbfp/OK81LBm7SIml0DGASCsoUn/y2XHT+o6uEA8K4Aud7zHYaaauVEo6j4C9ny6uL+Invqy//8ryQ4sI4ZZ9jpO/M3xNZcnGXJ18FyvGRBMNxGnH8woNdh9w2MP7B17I0GjyLFcqTLrK8c7PDKui25sGRmNQ0WmAEZaY7VBwAp89kNTSA8g=='),(882,1142,'card_type','CHDee997ac50e5495874de5c08891bc2015mJZtoqLf76//Sg1E/IsCA2IcTX0PQi/g4dCsWP+TI6ZneSzt1IiNq6jeecTECWrn92yFy/P6W6oJChA3UYTn+fJKpWRjGu+FqKuuoxkJQ5g60fAlCzpLXiZqj1vNkgh/Dv8Gj4qcGbEWLQsjth4uw5CYP/ne6KnMQOPkRbseYLJtLh+O7PC/w01Il1eAaClqPOZWQZvkW5pjyjQ5uiFQiXDGmDV0SR6/oN65RJoMMAAJ1rHkhGnaQ2CSXTRKhdDK4p5/eeWkznjPmsd7Xt52AKZ5w9sQXvP3AKtSFnepmA3CeDeW2dJ4jTzkCfwjJ6ntAsn7ripQox3ouJCKhc+GKw=='),(925,1149,'token_pan','CHDee997ac50e5495874de5c08891bc2015Jxlhvsbt+54agIxG5YPJvLeqkKRjjkqNmnh6nAZKP+tOKU7X6QXHI7L48XjfPajQkW0pMDNCbghoybucEHXMXkB/3VICGjuQw08nd4ypY4z+QYAJq0TPb6npA5umkhjA/PzjE7QTxA8NjVThuFkUrwkw+93lVpFdexlbNTIuHqd5wzS3WWcmygnwsHa87swfrOTiyJn/ZiuMPLTqLI2Yh2qs7HKdPv/iOMJdb6wUjCQEShF0z8/VcdCarD2Vs/bqmI/p+3dQl047gY7K3njokiy+kA7adBWsLQ3hQ5CZPj27nYRQITeyc+z0szibaSEAtXP4/FV4Vo3fxXhAi/IzKQ=='),(926,1149,'token_expire','CHDee997ac50e5495874de5c08891bc2015e8FgAGOnRxESgn6Y7T4a0GIPGLxpEnyOh5r3xIbQ4qMrnIkK6xjjdBfXi97s1et8gmO+OSB48Yt0q37YvesOI+2fen/mm4RXhiQsgOBE0MbErUBMfUQnhMjo76auRsxK7dNHDtM3hsJufwphxjJFchXxK8yWeuLloVZnniJSSwPteoZb4vzel9r5+XSVMumE2LQ76r81KCI1vI8E+ad3WVw+8akllrAyCVLShmY/6yS+8pCN97pSWFK8sceAghpv5rtY6Vx8bVHZuaS/hcBbzKuUupEdJR+pGryMpOyV/ISPV8Qtip34T1rvFR8je414Ny3D8C1c+zuImTlVK8Bn6w=='),(927,1149,'token_expire_year','CHDee997ac50e5495874de5c08891bc2015i3lHvt2JcWj4BPTdcIE+6nlGRWOUwjz9b7/n4oNeu97Ikh0CSFWGRuQwgPBoYgc5K+l1cj7eTXpccfQye1zZ5YALUhclEXG8aQ6BrgbwD30NV+C3iHI5dejaajLQYWZmqrmo69lwjfZaHpEvk29QWa6lzqEOQbKbwewjfNRUtw9jBtw6wl+4IGOgjH6GjvLh1+zDvnhoFw72o1qjepio41CWQFNu6ev522NCLmVwGFuBikBJdG1ufskj8+FzOSJvEU689Yx1DhiJNyhhP/DDQ0gn7nRoVnyJAFYwt4GxC3Fc0GVDwxzEGXD91N7bR6fEh5C66IeoFrDws6VtEGGmUg=='),(928,1149,'token_expire_month','CHDee997ac50e5495874de5c08891bc2015dqCwFoXmjhow/JPQoT8d67ySNPtwbxoAQ4SvK8vx3SUfrp32eKRCD27aeB/jG68gmEV2+wp+lxVALkXMrOZYBwYgrHXRPjzmXtQf2WffTU1Gh8nI8FafVN1qWHOSCLRxZAZ/6A+zJo7L5+wimU2r3eovxGsTWFxsyi43uTWCYGYkQrfDFRTPPqS9YAGHYhfzL1bUEPGSHVCrQiH/ZqczaB3fyp5ZbN7GM8B4d5vrK5YQgWXyaY/Q1iY1JcZrCej7ogn7BD0SWhxyPHMJHqItZ+AmVq9Gj10sqffMYFYfyTPOTbUsoHXYAp/RS77ToWRXrPwLcD16S+rq9n/g0J3c7A=='),(929,1149,'token_cryptogram','CHDee997ac50e5495874de5c08891bc2015SMCneFAOio8rPM8pita0tFOUBCmt7xZocStKWHOhPeDu/RMibb5BxJfA7VUVDkT/kFv5Zv8rilct5lbL6GLnRFTK8fpV9l9OubLi7emmM45qmCvKSgBiMG/wk3xKUPh4PXwWWrCYDTnoxejHvsZTTyjYKiJts6Tb1/SDTNnHUZWFA72I5tmD5sYyp80lk1G8zLubNZeWsNdpEcsWJ4lp1P4Lq4an8XqoxdV/72MvOMcCpBxNwv5xuo1nX/NDgILNT9aapun6ai8mk86EsLFxuAoheWDpoDcG9gb4bhhrCmiFf+imJ1EInxG3/uP8/lw7YXi+DH3VsS+lO/4MivBJbQ=='),(930,1149,'token_eci','CHDee997ac50e5495874de5c08891bc2015hYK/VtdkbazMQQOGledFcDoCT8E4Ln8bVo5i02pejJihd91cCJs3jNRfG7LPon80E71x8UhDgtKeK8umV1+Xo/vkTr9vR+SHP1RQVBvwLg8/RRnkDbb8rdVusEojPUHsXzX9KcV7orfBLO1Y5BGuH6CbKlZfUuQSgObaGTfykT02J4crzb40SiB4Bck9f4Eof4BFWEfWiCNBkFNjfVw3gIkjmE3DMhjNpy537FoWxEF7UsoCVottSRibhqInLpTAmLXDsuWFn1hs1syu+37l8DsnnuPF4Q5DQMovef3wweMDKsG66prwZngZPEb9sw3I5/E0RpHHL8eoelwamjVNPw=='),(931,1149,'card_type','CHDee997ac50e5495874de5c08891bc2015Q9giqYuILERhlpxs+RikH3bjFamT1csE3qxnDmdGNW4RTt1kb9ybkOFbNr0jz+TED0RWYCrn46mwSeM/wKKBnsneS+AtTlxyi02Fl7Wx0IiPnsEMX8yAasDQor8kAV5P04iyITDzUe5wzduCG0wlgBMIAoUQbGqFiBBhq/b2u6RaT6Y813b0gYALh7DzYA5GpDNOuOjZa5wFIREE3ItfM9RMh7cmk7w6Pn0UZnyUHSlD3cBHDH8fA759ZDTfa0uT4ftNCVIkfm/aUHoel1D36pzWdFxdfWE0kz8zaLH2hX53OLDQSFVD9kLB1UAW6j+9XlIHi6Mp6FJ2VrgKeGh+eQ=='),(939,1151,'token_pan','CHDee997ac50e5495874de5c08891bc2015eM0sVRF0AQvm7rBJre6x6/mpw2r85OLXXgpfPnmCH664dAJfOXxq7fhN12+Nu3/4XwkgTX0vX4NrSm91o1eQCnGbWAm4fL9b4L2oWpe750A/txxp7QhjFt8b3+rKmDYsplkB5XFBxLM+TIQWbwEG5oecWkN7D1e/hC6Q+OCcEP5IIbXXQr8MQ5juXdvICKQaOyWBNyvvU64YqXhY0MhF+aZPylVr8g4SkJfgUk+vPVCWjHu8Ho9XeK2CKB187kuCmnv28LOKV4qkF33qzUNMXUXPEI2LxarYd8TK6dq9DH2kB2HnYH6jI4Me/NBLk5dz4FtgYVrWsO4VE3X6tVEc8Q=='),(940,1151,'token_expire','CHDee997ac50e5495874de5c08891bc2015VAsQZ40Q7755Jqw58KxtjH4ga4pFIbk+YAs/eERC1kQqqdlgqdWK4dVJTfuzKaQwPYBRxkkex3inrHRWiMOJCTtzdft9M2r2GTBGm5lOaSIxqdVkkLnTj3Z/wUBjBYciCFb94eEJQ/1EuB7KRW+QTWNfXetOteN+a/mUrLhg244PikAZ2QkEPFDGlUmsLQdD6tMbjjnPTaKQ4UlK35tUtGIfi2Z9h2pdjgEBmTXCBp8yIGm3CjPX4UxjA5in/DK0VM10vdP2QHJyhF+tQ0MKxxESag0tYh4h9SWPXyiJOMf+TTUzEnPGvB6GgwNy1DLcxpules/IVEaVOYDWgOSQjA=='),(941,1151,'token_expire_year','CHDee997ac50e5495874de5c08891bc2015h2tYwVQewCre2QkgyBFoqvxGXxHuZX27lB8bzQhr4BkiJOqN/F9HWPO4o0acST7CL2KWzNzMteZoSuHv0u43MHkk0A1ORn2NjMtWcjobYUk3eAfszoui4izOyMkIn2BChpX9TBdosS2StQVHxoYluUvpecL9HN49kxJUB0rRlcWgL/zvmLqEHJgVRPp3kzXYOf2CopjQkUK/yBMrK+Uvf/HGutHTrL8t1TrDLl7qzbyZEYIoQogeFdmeTW5YDfwvErjjmc0NoQnaYLzGkbs0m+PKf9oHuEZ++VfEqc8Cr67UuBdPbMxltOVeR2nlpef6wU/voDKSYp00H975L5RIPg=='),(942,1151,'token_expire_month','CHDee997ac50e5495874de5c08891bc2015r+xaUCxqn4YzZ9Zj1poJRkyWtM4J5rg2/I8k1mXm2fVfcJnylHPtOIOWQsqGLOQ3CYOPztPxiuNVFqxVXagbrNdpdM1a+0qkb5No0rOkwe8CMaaED/KHUATeV47KSqGOynTVqu5I7/4I9X4cfFM2OdrLz4Ti+2RRTA8uM2JG2WhYVA7Ks6OZL9uT7MzQMjp5ghpRsgAOfrsvixsq2C3UBgiSNXLpEVsaQYtUgs+gvRyVVS/yBsfmxtImXtJtEeQchXw5mCUKB1dNpt46Qy/1vVD9jdTONVjt8J3epKwa9JbJDlL3jDjMsqkkankxji34b2z8QcIgxfjIQSuCOFwXig=='),(943,1151,'token_cryptogram','CHDee997ac50e5495874de5c08891bc2015Zu4QI/BvvqXHwwUOLb9O6qTf+OQ9h58Sh942ItRODenw4INBXCR066NEicilzdCNFQEMc+V7+220KB2quKy6mmKobLRA6omkYw/TjjpR1eyWwItuYclsSR+MAtVxw0rqnNadjo2k6MRFv818KVTZAvA2l2G2pIUpuIeDPndC6NPBInMTXmagOoRFelbTQwLWX4kKMG0n714eHpoJlP5NiP5GhcVu2n7l8dDPuUT4leLlnzt0Wm5Zc1KiQbssoy7j81a1vR/ZQJACzT/OolRF0HJ0H9MZCKzW7pibxLPc/+3M0Alg7g0/Had1Rxcc88hJG9DzebLyZUAZZzC24KUaag=='),(944,1151,'token_eci','CHDee997ac50e5495874de5c08891bc2015UTCjHshMRxNVv+czBwgv2yuNBSsmkWkdk1l711nJ9t6RPSMvAzquwVLS9oGtwno4eoFPwC7JYMmvvBhewSBOrg7+CenhEKPXgBhlsGJm788dwzwnWUrstKztQVPCK3xxvhlJBdPIi00WIFlP4HSnU93OU4XKMJQ0+SdIuby6+AfRqWqflMtgKsBfS5Qb0iEOQpSCTg/ioNIj81PB4u8mo5tISt4xZ4649KdfpIEgprI8cexC4pSTidCYZ3nwlaY6lBUc4ttCGOzOH7SuZF4huM88FcJDGWse7lro0Rf/jROy1vRHwWGuWFnL1jCnhJyHbIYY2N1uek0IfBMrR+c3nQ=='),(945,1151,'card_type','CHDee997ac50e5495874de5c08891bc2015gqwdI8qN5GekJaFyxOl5ta1oLLPU75UDjEjf42umpp57aanVef8rNC1V/r3JCzbVv32VzAdEP6Q6euUbVbFDBbTgCUhntfwPFvhncFr6DIuHo7BK6Zz1+6WMv69YCg3+6lBfbxkNOa46KVfc9j6eDrU1O/1vBaMgMpeDCHzlTTb2onPo59xG/mu+bTIl5hkQ7R0midfeuaah8NQ6wZYj0y/H89sDCupsTNyHjBM8YIHP0JGDw7gNSmbPY1KYSmc6DosOUcRcw7k2MGSUuROw835bu/RF0F0wD7x9391RQKvxkz1pv/9zYiscxdFU8B0A5jHEsNkBOWF7x9MnbLExYw=='),(953,1153,'card_type','CHDee997ac50e5495874de5c08891bc2015wLZJSzB7G/N5SdZTFaSvgK6SkeEExeWjbvemy7//wboiVNHybuXb//k5vaXGaDOVib8X9V2aP+RfUxF/S320NoOk/nNH2RpfIG9VDQWEBUO2V60sVQdySxN4yOY5V8LiJA0KlySM5esqCXBV3tblLKNdhkk7N2UPuF8e5EqwdYzPAm8SprqnlNnwNFCTFFuRC4E+4bL89FUC7Fl5/zeI9UUqVswoWRghem9cWJhjl6rS0AC1UTB1z+bqf821yfxes3vYf4Qr9Y0yc5s7vvoIKVBDFb1pnLesp/EXWDs3CrS6dAHigFIujiHR5yqcneg2KtOzJDjAJSRAdDB9l2ZVLg=='),(954,1153,'card_number','CHDee997ac50e5495874de5c08891bc2015hCoSEN0pPmkqdNGi0USU3/qif+usS6Ig1nUp+Q2ghc2VOJJrk/b80pyRuUIXaJvzfGh/4nBh6jwBpOkPWbV9SriYIPrtPojQxr39h3NiotYDjwPp6qppjWAJ4C2YRtac6E5a3wus2+T6KiVGj4aTWcSIPlVzvcDewq5hhHifqaJ8w+dGMlcI1qmHZbyoB6TNv+5eBCdZ7PsXSSS5I+T1+XT6+hSphgAQ4TPRuTMi2xRqyGtym0lrnsSKtanKgFvIy1AjI9eIvJeFVCT37u2xi0gremzusgMRxVVe4jDSeEbvBD5A+XdHmVAOw2bFh9IvUPOPSjLCpke4aw5Rocaw4A=='),(955,1153,'card_name','CHDee997ac50e5495874de5c08891bc2015pHUvVHDBWoO4jbtKqr0tYxP3Qj7qFd7V1XVggQYrpwxI43TDnNvxyuw+8sEYUxh7B4uogobR1x1CHkIAhfKzIn8zU93x7lWPDK47zWvQOJm+FC7GrmS5N8ILNz4KUnSJJpvtAIt/I4L+6ZZ5gPltFsL6Oxc6bMAGGVGCKMksxi7VJ5gdAlqQLF1s6nSCZg5aclXebc9jM+R77EPqF8KytmwGjVV4rprSkcEsl774tTo4PxdMrngrDpmBISqnN4tXgMZMeoQ6QVKnCuXhBkzm0eLhjpcFlho/9u/6imheOhKydBANx35pMyuBZWrNWaNv3gLO4LDMdcCJo6J7RB9yDQ=='),(956,1153,'card_cvv2','CHDee997ac50e5495874de5c08891bc2015ezbOPsFjHCw0V4uPf1Q+mjlIJnqDWJQBIW7WIwvF7cYw/TSa6YOQywE3zgV1UpBQcu0VTMrDJnrrxm4XboJIQwLgEgCu3jy/yUxj4dugAB7/13GEkkRhX3TK8IzLnFeQ71Gn/Vo1WFzEKl5uvkNL97QODCaZb6NOv7hCS6EmnNnImNsdsrda4LxhUXpupshW2It883QP4w6F+VQqTrRrzhvRf/35n1vIzjYlO2Zsj0EL+zEuAGXAjcl3yj1KUk12wtYCYYplag153QCcph3c/FBcb3tVaQTxkuNjc/FndDxh1kXfiVXmMX2S3uNDw2yLJrKUfBYuf9wejHmizxTrVg=='),(957,1153,'card_expire','CHDee997ac50e5495874de5c08891bc2015uRDYwVdShFqQ6NP3fXXPkWVUKu56HpO80An5fXLs90nhJYsKfwgGpolWqButFQZiMjChfJRQWKIsNml7xk6o3aJfK2d+W7ekpuAdjuCvgaLzBydvZOx1PE7lqKFNXgEwaQHOAjQu+mXbJvW0CGL9I/ZSu6TlmLZ3sMvlnQIVLk+PNv7RzeuW3Jldi5ttyGerTQ0XxqBgZqRjftdMmTBU5ODUl29E95XLsEinZ9EW5fl6sDbSzUzFqtB32+4guMBDyjDA8tAf8jLw5+Ck5ZivKHWpKn4xxiozTVwkZMeFcoFaKDlikkN43PzUCxGth052+Ydj0z/CdfS6XGuZSM4g7w=='),(958,1153,'card_expire_year','CHDee997ac50e5495874de5c08891bc2015dJP6HGjqQA4NIluNV3Kp3Q2msZtdYV0dAQ7oFa7JNkh/3486LeLnkLiHgDEPI+nvlW4e/akzqLMXLiqhrY3WDhHC2aaoDHiIB+rpVuTB/pD0Wdz8erk+QqcaP2mvLe2qBF//+Mz6AXFD5ryQ+qmmFpWjM5KLA/HUpraGxQYctiU8pJDwLxV7rhgpdVfPd5aOs3KCf26dDsq2JJvJrR0H8zZPzZaRf5Ep90wNn45ggZw793Mcu7ZGP1Q/LnZYVIkqGMw0aob7o3+RFU0eyLL0wRe1RTcJQj5fLtVIu0W5eRF+qQuNqzxUMJI11v5xZrCgSGvvhYRIe7WhKHquajERbQ=='),(959,1153,'card_expire_month','CHDee997ac50e5495874de5c08891bc2015LlZ6koOzLfo/IKY8fE6QLafRftN69u+o7duVaB2nrJL/zR4IpO8ksSRWWMvuh3Lkie+DsY6ZZuV2fNB2kywYlBe3bJ3D35XU/0fnD98r7S7gTkPtrE8V19HJG4RmZXpi4U/25jALlPt1voSQpQuzy2SuRl5t4/nxTFwvQptKAO81ylRfPo0B6eO6A94rYy/9nyJJCDhaGq1VS8DNtnglNYlQg++HJwTi+wuK6GZOckR8ANsjzBwhehCOhqFG6LNoaZ4IwY5zIhYuzJclRYASkEoLhZ0cSPF6cHo4qnA1OTApFBzzrj9Clb2T1N668ehKSQ1xxnJKiOV5dT855fk7/Q=='),(967,1155,'card_type','CHDee997ac50e5495874de5c08891bc2015qbso1mcxW6yRSSKNu/IPmod3nuXTp3ohJPnAhfUY3OX7BOiGYlr0pgV+hTdowYUFjZ+G5unRPxSIfWguUPCxGhKoLhy196JVOrxxIjpQvDjGYmFmkNrFiEQCh/ZCuj2AWpq4EiHn8XG8c5DqtWTMCEJ3NnUePwZS5raX9+nGwoEDvKeHkJ+96sqPGr0YuwabQMVyCrnJz3aZseoNlSt1bVcYsPCsuXMePYM9cpo8Na2o+3gIqAVqZhqbDBjVppWuZ/PQsNNdra50UChw/7A+OBBqqRI1QmbW9DPu4dXqvfHJW7xJG+Lzrwhy4asOgUqYzSgDQtCAHhehRbydzbMMpA=='),(968,1155,'card_number','CHDee997ac50e5495874de5c08891bc2015Qxxi//QBnDZ2K4GFwd+WrsgLHlrSZgvZT6gczJueL+KLKrMebAIbm9+dCpOawlnBA7jhKyrnNlOdz4D4PJe53rs4uSPcb9982gFhQBHprAd5N1RHL0hAT2ZT4y6MQuY0hmw/ZJuIHJGnFabmNZmdQ5cGATr1WIuH8dHfdBsDWkBc6WKVjKnpzY3nQcyRT93avlkWun41j758DftTJl7RPNY8zYM74W5EFIXmHzDtTZXQ5CdODaXLeomOj+ceYDQsFG9+aB1dGgFBy12vIOeTgT1BwDWyG75E3iqmJgwI1g7DkJu87M2XdKv0EpU8pVKVAP+laola/Dj+elMljmkX8Q=='),(969,1155,'card_name','CHDee997ac50e5495874de5c08891bc2015q50SKRESBZII5W2Fn9UVMlAgXg8eKLgzySknvSXTcpjaT92jmWEucshF86623Qllb1k0q7s0C+NFzsjrCtR1ZMBCwA9JqhRgBB75rbPgaNeCe4SU0yDec8h+x77/gIf1H3/T2D+xo+7rgWdZbl/3SXPEjRLW/3jyKwYFg+rC0FRQ2H55x5HSI7C0aoOnkVf5eqHGBXN+inkn5PHleH2OZqcmf0F9DxiO7zDBCTnsomneQNLPtSPgx9JvkZ9AwUUMJBVJQYJQuhNWyTqqxvtwW2d6WuN8YAj4FbfF2c10F0MF0yIRyt/c3fZTvdp5Xev1UeZr6bA7ohRJaMNGp+Gb8w=='),(970,1155,'card_cvv2','CHDee997ac50e5495874de5c08891bc2015mZiN7tjMkbo5uZuBnnDomqJwt7gtE0sObYTMIqhM+J79f7ngJat63LZGmAgTyis7AE8T3u2Vy7jNZ2dMqCQT/XOEgWtSLCwOUm3R3pHjEC7F1QPFuYV7AM19UxwCKcDqM7/14bQjopM5pgGsds5UHnyGMc8EY/vrfUu6bZCUiJa825yBZcVds2UmHw75bUUeEQ1Rbi5hxTRQ6qLZWFp9nYDO8agB5PQHZ+iXCIBgQLC+a5gwuC9qlNzyleP91Dbmz1rmZlHwV0Lbjn+VlIWtYxPYhReQDIFdLAKcgJ6Sfiu02++thzYgzfy4AiLuklXlyaDsKY4+oCc6bex4WBffvQ=='),(971,1155,'card_expire','CHDee997ac50e5495874de5c08891bc2015aBEWhFVX9NyfKW5bSp6KhKc5YwHsrzACLC8ZDWfs6fEM0+WSTICqwBmNDsuSuXKgz3KhnekFH5oipQEZwR7VmZIe1fK/TF5+oPq2odxzeMplHgZo8DlATJ7EbbXkQGrbvozcm1kzgUjxeSyocEmOlb6HiN3XjAqIPXx6qFXCh7RheTMrs/wMMUkMqpEGwf5EPoJ9ezpumBvv5uN5cmjaR9eRGLFsdfxujTmJIisu3K42uW6NgQSwxD4IrpIViSafZxff4rs8yV9CyEskbZXx9b6gmerLIsEyMqRoWMckXgBb/36XD1Ayf5PEwU0GgxhJSI5zK4504PIkOGhC1X3PEA=='),(972,1155,'card_expire_year','CHDee997ac50e5495874de5c08891bc2015aIRiq/bdorI9RSr9ftQlZhIofNze4v56pcuCfFpmq9v6fcInCxiO8YSN+mHd/6FM1zlzQWQ/c/2JC5mxGRLR6dARNY7A2tku51Wzn6pSwAnDTJ/hMVp8gvbRgJZX82EV9JmJTfytRZaal3vcesVeN6y5UB6zq7Z2Oum81b7/74F1aONPhREmkZCZv0Qyr7pxQ+k3TuIB2UwGuocb0MuNO4UL/08GE+gOAbpmcNxd30B1SBd93rDG7xyDeIkRPdsHSYzlxIEfHYUFHP59qJ198MLWSLT5i5jwVsKg96FrqGeaGtw8xwpKsLmcBdKNPn9CE0Khng3D7s4aC+XZq/J1Xw=='),(973,1155,'card_expire_month','CHDee997ac50e5495874de5c08891bc2015IcR0RK40g/K0ZrmZUR3StZiHm8erNREa3BhlrotaPyBjAbrX+GowsEFmLD2HIRmTiWICkbgv8a0Q92g18nectp7Yz5lI4YSufRrZu2cPtiZe3pGfMQM8J5v8vwsvkaY79yg0zjiORvbsYOHBNXlsJ/Zh0Tgyl7tIzUDbAoiLiIqVg+Ph0e4D5r3E1OXzxbvZX+K9vIfEj6eA9ksszqcBSez2Sa9bs2mQNNkv4D7mkQhZ3Pz4jc+mPHCxIe9dH28Dq+cFl+7TDSk0Ay4nFijeVizyOE7vs+0t/aa+PRCqu32IPKNo4Fvr16N8aO1mKGyO9c7g7XV6kLNU6+nx2pqtzQ==');

--
-- Table structure for table `xpay_payment_cc_token_data`
--

CREATE TABLE `xpay_payment_cc_token_data` (
  `token_id` int(11) NOT NULL DEFAULT '0',
  `name` char(64) NOT NULL DEFAULT '',
  `value` text NOT NULL,
  PRIMARY KEY (`token_id`,`name`),
  KEY `token_id` (`token_id`),
  CONSTRAINT `xpay_payment_cc_token_data_ibfk_1` FOREIGN KEY (`token_id`) REFERENCES `xpay_payment_cc_tokens` (`token_id`) ON DELETE CASCADE ON UPDATE CASCADE
) ENGINE=InnoDB DEFAULT CHARSET=utf8;

--
-- Dumping data for table `xpay_payment_cc_token_data`
--

INSERT INTO `xpay_payment_cc_token_data` (`token_id`, `name`, `value`) VALUES (1,'authCode','12345'),(1,'avsAddressResponse','M'),(1,'avsResponseCode','M'),(1,'cvnResponseCode','M'),(1,'orderId','NmYwYjQ5MGUtN2U3MTI1Yw'),(1,'responseCode','00'),(1,'responseMessage','[ test system ] AUTHORISED'),(1,'schemeId','kuzUOYgh7ujjh04W'),(1,'transactionId','16371705419247783'),(2,'authCode','12345'),(2,'avsAddressResponse','M'),(2,'avsResponseCode','M'),(2,'cvnResponseCode','M'),(2,'orderId','ZmJlOWE0MTEtNzkwNDU2Zg'),(2,'responseCode','00'),(2,'responseMessage','[ test system ] AUTHORISED'),(2,'schemeId','gtamn6231xXjLBG9'),(2,'transactionId','16371705937532881'),(3,'authCode','12345'),(3,'avsAddressResponse','M'),(3,'avsResponseCode','M'),(3,'cvnResponseCode','M'),(3,'orderId','OWI5YWUwMzgtMzE4ZDYyYg'),(3,'responseCode','00'),(3,'responseMessage','[ test system ] AUTHORISED'),(3,'schemeId','x4396ejx7o3wNmBN'),(3,'transactionId','16372560530573426'),(4,'authCode','12345'),(4,'avsAddressResponse','U'),(4,'avsResponseCode','U'),(4,'cvnResponseCode','U'),(4,'orderId','YzZjYWYyNmYtMmIzNDhhZg'),(4,'responseCode','00'),(4,'responseMessage','[ test system ] Authorised'),(4,'schemeId','mtNfGmcWJ9gSX9kn'),(4,'transactionId','16372561867939207'),(5,'RelatedSecurityKey',''),(5,'RelatedTxAuthNo','0'),(5,'RelatedVendorTxCode','1637305618CardSetup'),(5,'RelatedVPSTxId',''),(5,'Token',''),(6,'RelatedSecurityKey','VNUHTFJAOE'),(6,'RelatedTxAuthNo','11952889'),(6,'RelatedVendorTxCode','1637305658CardSetup'),(6,'RelatedVPSTxId','{70243C0F-1458-35A1-3B07-806FCC8F23F7}'),(6,'Token','{11C9F56D-A04E-5B93-EFF6-02832735D776}'),(7,'RelatedSecurityKey','FYDJOXU19H'),(7,'RelatedTxAuthNo','11952914'),(7,'RelatedVendorTxCode','1637305784CardSetup'),(7,'RelatedVPSTxId','{D1ABE9DB-D57A-AF8D-1B30-678A45112674}'),(7,'Token','{B262943F-7607-A76F-8904-755407B0869C}'),(9,'authCode','12345'),(9,'avsAddressResponse','M'),(9,'avsResponseCode','M'),(9,'cvnResponseCode','M'),(9,'orderId','Yjk0OWU0MDctMzNiNDk2ZA'),(9,'responseCode','00'),(9,'responseMessage','[ test system ] AUTHORISED'),(9,'schemeId','1Gz0ZJ4tK4GXMxnd'),(9,'transactionId','16376713422303541'),(10,'authCode','12345'),(10,'avsAddressResponse','M'),(10,'avsResponseCode','M'),(10,'cvnResponseCode','M'),(10,'orderId','ZDQ3ZGQ1NmEtYWUwMDYzNQ'),(10,'responseCode','00'),(10,'responseMessage','[ test system ] AUTHORISED'),(10,'schemeId','AB4kWIqB9H31ARf9'),(10,'transactionId','16376713908289522'),(11,'authCode','12345'),(11,'avsAddressResponse','U'),(11,'avsResponseCode','U'),(11,'cvnResponseCode','U'),(11,'orderId','MzZjZDNjYTMtMzU3MzllZA'),(11,'responseCode','00'),(11,'responseMessage','[ test system ] Authorised'),(11,'schemeId','ttg5lKz3EiPEQA40'),(11,'transactionId','16376715326477554'),(12,'authCode','12345'),(12,'avsAddressResponse','M'),(12,'avsResponseCode','M'),(12,'cvnResponseCode','M'),(12,'orderId','OGQ1YzljYTgtMzM1OTI0NQ'),(12,'responseCode','00'),(12,'responseMessage','[ test system ] AUTHORISED'),(12,'schemeId','uIUzUttpTog1Ml5n'),(12,'transactionId','16376715809132753'),(13,'authCode','12345'),(13,'avsAddressResponse','U'),(13,'avsResponseCode','U'),(13,'cvnResponseCode','U'),(13,'orderId','ZTMzOWMwNzYtMjJhMWE5Ng'),(13,'responseCode','00'),(13,'responseMessage','[ test system ] Authorised'),(13,'schemeId','54kknffSXnq6QEsZ'),(13,'transactionId','16376717501163845'),(14,'paymentId','902458655'),(14,'profileId','902659156'),(14,'shippingId','904793448'),(15,'paymentId','902476275'),(15,'profileId','902677859'),(15,'shippingId','904810358'),(17,'paymentId','902476303'),(17,'profileId','902677884'),(17,'shippingId','904810375'),(18,'ccToken','j8rz336'),(18,'id','554585632'),(19,'customer_key','e2e3edb0-3ff1-4a6e-ab6a-4c4196faf7a3'),(19,'payment_method_id','d18aa0a8-92e8-4659-8ae1-41f05be05b11'),(21,'customer_key','6d4bddd0-8ffc-4a05-9d6f-89c1d1547023'),(21,'payment_method_id','74aee902-f11b-4676-9f2e-fceaa6855317'),(23,'ccToken','mwcshb2'),(23,'id','219982407'),(26,'ccToken','23251741'),(27,'ccToken','g4ypds6'),(27,'id','564782285'),(29,'ccToken','8C409846T47920336'),(30,'ccToken','gzsktxr'),(30,'id','239444740'),(32,'ccToken','bfm8kc6'),(32,'id','594465638'),(34,'ccToken','dxjh4vg'),(34,'id','612946007'),(36,'ccToken','bj3zb8b'),(36,'id','885437142'),(38,'paymentId','903588976'),(38,'profileId','903853828'),(38,'shippingId','905689888'),(41,'paymentId','903589000'),(41,'profileId','903853854'),(41,'shippingId','905689913'),(46,'paymentId','903634408'),(46,'profileId','903892581'),(46,'shippingId','905724312'),(47,'paymentId','903634416'),(47,'profileId','903892590'),(47,'shippingId','905724327'),(50,'paymentId','903634544'),(50,'profileId','903892685'),(50,'shippingId','905724473'),(52,'RelatedSecurityKey','HSRH2NZXZ7'),(52,'RelatedTxAuthNo','13259168'),(52,'RelatedVendorTxCode','1647245031000007-UFO1'),(52,'RelatedVPSTxId','{B6E8FFFD-5A83-5647-DE23-4B8F307F3586}'),(52,'Token','{492D3A36-CDE3-8B5F-4706-3E127B666912}'),(54,'ccToken','gqtw5m2'),(54,'id','503257227'),(58,'ccToken','cfsz6h6'),(58,'id','168735598'),(59,'ccToken','B11PB1F8292A'),(61,'ccToken','B70PB06EC5B9'),(65,'ccToken','B90P0EA5A77B'),(67,'ccToken','B10PB1FE4F66'),(70,'ccToken','B70PB07003F6'),(74,'ccToken','mdsb5m2'),(74,'id','557017560'),(75,'ccToken','hyzw4xr'),(75,'id','237672357'),(76,'ccToken','brzhcw2'),(76,'id','148801918'),(77,'ccToken','fdrw3yb'),(77,'id','852530638'),(352,'ccToken','ccgtsdb'),(352,'id','875268590'),(353,'ccToken','mh25fc6'),(353,'id','548017657'),(354,'ccToken','bdpcbxg'),(354,'id','571042298'),(356,'paymentId','906130275'),(356,'profileId','906414335'),(356,'shippingId','907785053'),(357,'paymentId','906239484'),(357,'profileId','906496945'),(357,'shippingId','907852766'),(358,'paymentId','906239495'),(358,'profileId','906496953'),(358,'shippingId','907852773'),(359,'paymentId','906239512'),(359,'profileId','906496968'),(359,'shippingId','907852783'),(360,'paymentId','906249291'),(360,'profileId','906505772'),(360,'shippingId','907863371'),(361,'paymentId','906359078'),(361,'profileId','906582537'),(361,'shippingId','907924184'),(381,'paymentId','906382397'),(381,'profileId','906605206'),(381,'shippingId','907947115'),(382,'paymentId','906382659'),(382,'profileId','906605445'),(382,'shippingId','907947378'),(383,'paymentId','906410791'),(383,'profileId','906641511'),(383,'shippingId','907975765'),(384,'paymentId','906411116'),(384,'profileId','906641821'),(384,'shippingId','907975979'),(387,'paymentId','906454947'),(387,'profileId','906675663'),(387,'shippingId','908005986'),(388,'paymentId','906454954'),(388,'profileId','906675671'),(388,'shippingId','908005996'),(389,'paymentId','906627960'),(389,'profileId','906863710'),(389,'shippingId','908144220'),(390,'ccToken','82qgks2g'),(390,'id','515909477'),(391,'ccToken','76P648597L982803P'),(393,'ccToken',''),(394,'ccToken',''),(395,'ccToken','80J8990416954614S'),(429,'paymentId','909494970'),(429,'profileId','910042870'),(429,'shippingId','910389390'),(485,'paymentId','909494970'),(485,'profileId','910042870'),(485,'shippingId','910389390'),(486,'paymentId','909609667'),(486,'profileId','910179752'),(486,'shippingId','910488477'),(488,'ccToken','3H1799707U903573V'),(489,'paymentId','910809168'),(489,'profileId','911456222'),(489,'shippingId','911524712'),(491,'paymentId','910809200'),(491,'profileId','911456249'),(491,'shippingId','911524746'),(492,'paymentId','911813324'),(492,'profileId','912479668'),(492,'shippingId','912481384'),(493,'paymentId','911815930'),(493,'profileId','912482301'),(493,'shippingId','912484021'),(494,'paymentId','911820670'),(494,'profileId','912488512'),(494,'shippingId','912489155'),(496,'paymentId','911820670'),(496,'profileId','912488512'),(496,'shippingId','912489155'),(497,'paymentId','911897461'),(497,'profileId','912604777'),(497,'shippingId','912576419'),(541,'ccToken','ezhzhz01'),(541,'id','57607747919'),(543,'ccToken','TestToken'),(546,'paymentId','914797477'),(546,'profileId','915424649'),(546,'shippingId','915363399'),(548,'paymentId','914883329'),(548,'profileId','915500427'),(548,'shippingId','915436701'),(549,'paymentId','914924580'),(549,'profileId','915542555'),(549,'shippingId','915479021'),(550,'vault_id','05b84579cm7874121');

--
-- Table structure for table `xpay_payment_cc_tokens`
--

CREATE TABLE `xpay_payment_cc_tokens` (
  `token_id` int(11) NOT NULL AUTO_INCREMENT,
  `payment_id` int(11) NOT NULL DEFAULT '0',
  `active` char(1) NOT NULL DEFAULT 'Y',
  PRIMARY KEY (`token_id`),
  KEY `xpay_payment_cc_tokens_ibfk_1` (`payment_id`),
  CONSTRAINT `xpay_payment_cc_tokens_ibfk_1` FOREIGN KEY (`payment_id`) REFERENCES `xpay_payments` (`payment_id`) ON DELETE CASCADE ON UPDATE CASCADE
) ENGINE=InnoDB AUTO_INCREMENT=551 DEFAULT CHARSET=utf8;

--
-- Dumping data for table `xpay_payment_cc_tokens`
--

INSERT INTO `xpay_payment_cc_tokens` (`token_id`, `payment_id`, `active`) VALUES (1,1,'Y'),(2,2,'Y'),(3,11,'Y'),(4,15,'Y'),(5,17,'Y'),(6,18,'Y'),(7,20,'Y'),(8,25,'Y'),(9,28,'Y'),(10,29,'Y'),(11,34,'Y'),(12,35,'Y'),(13,36,'Y'),(14,37,'Y'),(15,38,'Y'),(16,39,'Y'),(17,40,'Y'),(18,41,'Y'),(19,42,'Y'),(20,43,'Y'),(21,44,'Y'),(22,45,'Y'),(23,49,'Y'),(24,50,'Y'),(25,51,'Y'),(26,53,'Y'),(27,65,'Y'),(28,66,'Y'),(29,74,'Y'),(30,83,'Y'),(31,84,'Y'),(32,85,'Y'),(33,86,'Y'),(34,87,'Y'),(35,88,'Y'),(36,90,'Y'),(37,91,'Y'),(38,110,'Y'),(39,111,'Y'),(40,112,'Y'),(41,113,'Y'),(42,114,'Y'),(43,115,'Y'),(44,116,'Y'),(45,117,'Y'),(46,125,'Y'),(47,126,'Y'),(48,127,'Y'),(49,128,'Y'),(50,129,'Y'),(51,130,'Y'),(52,297,'Y'),(53,298,'Y'),(54,358,'Y'),(55,374,'Y'),(56,375,'Y'),(57,376,'Y'),(58,377,'Y'),(59,378,'Y'),(60,379,'Y'),(61,388,'Y'),(62,389,'Y'),(63,390,'Y'),(64,391,'Y'),(65,392,'Y'),(66,393,'Y'),(67,394,'Y'),(68,395,'Y'),(69,396,'Y'),(70,397,'Y'),(71,398,'Y'),(72,399,'Y'),(73,400,'Y'),(74,403,'Y'),(75,410,'Y'),(76,423,'Y'),(77,424,'Y'),(78,425,'Y'),(79,426,'Y'),(80,427,'Y'),(81,428,'Y'),(82,429,'Y'),(83,430,'Y'),(84,431,'Y'),(85,432,'Y'),(86,433,'Y'),(87,434,'Y'),(88,435,'Y'),(89,436,'Y'),(90,437,'Y'),(91,438,'Y'),(92,439,'Y'),(93,440,'Y'),(94,441,'Y'),(95,442,'Y'),(96,443,'Y'),(97,444,'Y'),(98,445,'Y'),(99,446,'Y'),(100,447,'Y'),(101,448,'Y'),(102,449,'Y'),(103,450,'Y'),(104,451,'Y'),(105,452,'Y'),(106,453,'Y'),(107,454,'Y'),(108,455,'Y'),(109,456,'Y'),(110,457,'Y'),(111,458,'Y'),(112,459,'Y'),(113,460,'Y'),(114,461,'Y'),(115,462,'Y'),(116,463,'Y'),(117,464,'Y'),(118,465,'Y'),(119,466,'Y'),(120,467,'Y'),(121,468,'Y'),(122,469,'Y'),(123,470,'Y'),(124,471,'Y'),(125,472,'Y'),(126,473,'Y'),(127,474,'Y'),(128,475,'Y'),(129,476,'Y'),(130,477,'Y'),(131,478,'Y'),(132,479,'Y'),(133,480,'Y'),(134,481,'Y'),(135,482,'Y'),(136,483,'Y'),(137,484,'Y'),(138,485,'Y'),(139,486,'Y'),(140,487,'Y'),(141,488,'Y'),(142,489,'Y'),(143,490,'Y'),(144,491,'Y'),(145,492,'Y'),(146,493,'Y'),(147,494,'Y'),(148,495,'Y'),(149,496,'Y'),(150,497,'Y'),(151,498,'Y'),(152,499,'Y'),(153,500,'Y'),(154,501,'Y'),(155,502,'Y'),(156,503,'Y'),(157,504,'Y'),(158,505,'Y'),(159,506,'Y'),(160,507,'Y'),(161,508,'Y'),(162,509,'Y'),(163,510,'Y'),(164,511,'Y'),(165,512,'Y'),(166,513,'Y'),(167,514,'Y'),(168,515,'Y'),(169,516,'Y'),(170,517,'Y'),(171,518,'Y'),(172,519,'Y'),(173,520,'Y'),(174,521,'Y'),(175,522,'Y'),(176,523,'Y'),(177,524,'Y'),(178,525,'Y'),(179,526,'Y'),(180,527,'Y'),(181,528,'Y'),(182,529,'Y'),(183,530,'Y'),(184,531,'Y'),(185,532,'Y'),(186,533,'Y'),(187,534,'Y'),(188,535,'Y'),(189,536,'Y'),(190,537,'Y'),(191,538,'Y'),(192,539,'Y'),(193,540,'Y'),(194,541,'Y'),(195,542,'Y'),(196,543,'Y'),(197,544,'Y'),(198,545,'Y'),(199,546,'Y'),(200,547,'Y'),(201,548,'Y'),(202,549,'Y'),(203,550,'Y'),(204,551,'Y'),(205,552,'Y'),(206,553,'Y'),(207,554,'Y'),(208,555,'Y'),(209,556,'Y'),(210,557,'Y'),(211,558,'Y'),(212,559,'Y'),(213,560,'Y'),(214,561,'Y'),(215,562,'Y'),(216,563,'Y'),(217,564,'Y'),(218,565,'Y'),(219,566,'Y'),(220,567,'Y'),(221,568,'Y'),(222,569,'Y'),(223,570,'Y'),(224,571,'Y'),(225,572,'Y'),(226,573,'Y'),(227,574,'Y'),(228,575,'Y'),(229,576,'Y'),(230,577,'Y'),(231,578,'Y'),(232,579,'Y'),(233,580,'Y'),(234,581,'Y'),(235,582,'Y'),(236,583,'Y'),(237,584,'Y'),(238,585,'Y'),(239,586,'Y'),(240,587,'Y'),(241,588,'Y'),(242,589,'Y'),(243,590,'Y'),(244,591,'Y'),(245,592,'Y'),(246,593,'Y'),(247,594,'Y'),(248,595,'Y'),(249,596,'Y'),(250,597,'Y'),(251,598,'Y'),(252,599,'Y'),(253,600,'Y'),(254,601,'Y'),(255,602,'Y'),(256,603,'Y'),(257,604,'Y'),(258,605,'Y'),(259,606,'Y'),(260,607,'Y'),(261,608,'Y'),(262,609,'Y'),(263,610,'Y'),(264,611,'Y'),(265,612,'Y'),(266,613,'Y'),(267,614,'Y'),(268,615,'Y'),(269,616,'Y'),(270,617,'Y'),(271,618,'Y'),(272,619,'Y'),(273,620,'Y'),(274,621,'Y'),(275,622,'Y'),(276,623,'Y'),(277,624,'Y'),(278,625,'Y'),(279,626,'Y'),(280,627,'Y'),(281,628,'Y'),(282,629,'Y'),(283,630,'Y'),(284,631,'Y'),(285,632,'Y'),(286,633,'Y'),(287,634,'Y'),(288,635,'Y'),(289,636,'Y'),(290,637,'Y'),(291,638,'Y'),(292,639,'Y'),(293,640,'Y'),(294,641,'Y'),(295,642,'Y'),(296,643,'Y'),(297,644,'Y'),(298,645,'Y'),(299,646,'Y'),(300,647,'Y'),(301,648,'Y'),(302,649,'Y'),(303,650,'Y'),(304,651,'Y'),(305,652,'Y'),(306,653,'Y'),(307,654,'Y'),(308,655,'Y'),(309,656,'Y'),(310,657,'Y'),(311,658,'Y'),(312,659,'Y'),(313,660,'Y'),(314,661,'Y'),(315,662,'Y'),(316,663,'Y'),(317,664,'Y'),(318,665,'Y'),(319,666,'Y'),(320,667,'Y'),(321,668,'Y'),(322,669,'Y'),(323,670,'Y'),(324,671,'Y'),(325,672,'Y'),(326,673,'Y'),(327,674,'Y'),(328,675,'Y'),(329,676,'Y'),(330,677,'Y'),(331,678,'Y'),(332,679,'Y'),(333,680,'Y'),(334,681,'Y'),(335,682,'Y'),(336,683,'Y'),(337,684,'Y'),(338,685,'Y'),(339,686,'Y'),(340,687,'Y'),(341,688,'Y'),(342,689,'Y'),(343,690,'Y'),(344,691,'Y'),(345,692,'Y'),(346,693,'Y'),(347,694,'Y'),(348,695,'Y'),(349,696,'Y'),(350,697,'Y'),(351,698,'Y'),(352,701,'Y'),(353,702,'Y'),(354,708,'Y'),(355,710,'Y'),(356,736,'Y'),(357,737,'Y'),(358,738,'Y'),(359,739,'Y'),(360,742,'Y'),(361,743,'Y'),(362,744,'Y'),(363,745,'Y'),(364,746,'Y'),(365,747,'Y'),(366,748,'Y'),(367,749,'Y'),(368,750,'Y'),(369,751,'Y'),(370,752,'Y'),(371,753,'Y'),(372,754,'Y'),(373,755,'Y'),(374,756,'Y'),(375,757,'Y'),(376,758,'Y'),(377,759,'Y'),(378,760,'Y'),(379,761,'Y'),(380,762,'Y'),(381,763,'Y'),(382,764,'Y'),(383,767,'Y'),(384,768,'Y'),(385,769,'Y'),(386,770,'Y'),(387,773,'Y'),(388,774,'Y'),(389,777,'Y'),(390,780,'Y'),(391,781,'Y'),(392,822,'Y'),(393,864,'Y'),(394,865,'Y'),(395,866,'Y'),(396,872,'Y'),(397,873,'Y'),(398,874,'Y'),(399,875,'Y'),(400,876,'Y'),(401,877,'Y'),(402,878,'Y'),(403,879,'Y'),(404,880,'Y'),(405,881,'Y'),(406,882,'Y'),(407,883,'Y'),(408,884,'Y'),(409,885,'Y'),(410,886,'Y'),(411,887,'Y'),(412,888,'Y'),(413,889,'Y'),(414,890,'Y'),(415,891,'Y'),(416,892,'Y'),(417,893,'Y'),(418,894,'Y'),(419,895,'Y'),(420,896,'Y'),(421,897,'Y'),(422,898,'Y'),(423,899,'Y'),(424,900,'Y'),(425,901,'Y'),(426,902,'Y'),(427,903,'Y'),(428,904,'Y'),(429,905,'Y'),(430,906,'Y'),(431,907,'Y'),(432,908,'Y'),(433,909,'Y'),(434,910,'Y'),(435,911,'Y'),(436,912,'Y'),(437,913,'Y'),(438,914,'Y'),(439,915,'Y'),(440,916,'Y'),(441,917,'Y'),(442,918,'Y'),(443,919,'Y'),(444,920,'Y'),(445,921,'Y'),(446,922,'Y'),(447,923,'Y'),(448,924,'Y'),(449,925,'Y'),(450,926,'Y'),(451,927,'Y'),(452,928,'Y'),(453,929,'Y'),(454,930,'Y'),(455,931,'Y'),(456,932,'Y'),(457,933,'Y'),(458,934,'Y'),(459,935,'Y'),(460,936,'Y'),(461,937,'Y'),(462,938,'Y'),(463,939,'Y'),(464,940,'Y'),(465,941,'Y'),(466,942,'Y'),(467,943,'Y'),(468,944,'Y'),(469,945,'Y'),(470,946,'Y'),(471,947,'Y'),(472,948,'Y'),(473,949,'Y'),(474,950,'Y'),(475,951,'Y'),(476,952,'Y'),(477,953,'Y'),(478,954,'Y'),(479,955,'Y'),(480,956,'Y'),(481,957,'Y'),(482,958,'Y'),(483,959,'Y'),(484,960,'Y'),(485,961,'Y'),(486,967,'Y'),(487,968,'Y'),(488,981,'Y'),(489,985,'Y'),(490,986,'Y'),(491,987,'Y'),(492,1017,'Y'),(493,1018,'Y'),(494,1019,'Y'),(495,1020,'Y'),(496,1021,'Y'),(497,1027,'Y'),(541,1118,'Y'),(542,1121,'Y'),(543,1122,'Y'),(544,1124,'Y'),(545,1125,'Y'),(546,1126,'Y'),(547,1127,'Y'),(548,1130,'Y'),(549,1147,'Y'),(550,1157,'Y');

--
-- Table structure for table `xpay_payment_conf_cctypes`
--

CREATE TABLE `xpay_payment_conf_cctypes` (
  `cctype_id` int(11) NOT NULL AUTO_INCREMENT,
  `conf_id` int(11) NOT NULL DEFAULT '0',
  `name` varchar(64) NOT NULL DEFAULT '',
  PRIMARY KEY (`cctype_id`),
  UNIQUE KEY `cell` (`conf_id`,`name`),
  KEY `conf_id` (`conf_id`),
  CONSTRAINT `xpay_payment_conf_cctypes_ibfk_1` FOREIGN KEY (`conf_id`) REFERENCES `xpay_payment_confs` (`conf_id`) ON DELETE CASCADE ON UPDATE CASCADE
) ENGINE=InnoDB AUTO_INCREMENT=611 DEFAULT CHARSET=utf8;

--
-- Dumping data for table `xpay_payment_conf_cctypes`
--

INSERT INTO `xpay_payment_conf_cctypes` (`cctype_id`, `conf_id`, `name`) VALUES (468,1,'AMEX'),(470,1,'DC'),(469,1,'DICL'),(471,1,'JCB'),(467,1,'MC'),(466,1,'VISA'),(604,2,'AMEX'),(605,2,'DC'),(606,2,'JCB'),(603,2,'MC'),(602,2,'VISA'),(609,3,'AMEX'),(610,3,'DC'),(608,3,'MC'),(607,3,'VISA'),(95,4,'AMEX'),(96,4,'DC'),(97,4,'JCB'),(94,4,'MC'),(93,4,'VISA'),(574,5,'AMEX'),(575,5,'DC'),(576,5,'JCB'),(573,5,'MC'),(572,5,'VISA'),(61,6,'AMEX'),(62,6,'DC'),(60,6,'MC'),(59,6,'VISA'),(308,7,'AMEX'),(309,7,'DC'),(310,7,'JCB'),(307,7,'MC'),(306,7,'VISA'),(80,8,'AMEX'),(81,8,'DC'),(82,8,'JCB'),(79,8,'MC'),(78,8,'VISA'),(90,9,'AMEX'),(92,9,'DC'),(91,9,'DICL'),(89,9,'MC'),(88,9,'VISA'),(115,10,'AMEX'),(116,10,'DC'),(117,10,'JCB'),(114,10,'MC'),(113,10,'VISA'),(140,11,'AMEX'),(141,11,'DC'),(142,11,'JCB'),(139,11,'MC'),(138,11,'VISA'),(210,12,'AMEX'),(211,12,'DC'),(212,12,'JCB'),(209,12,'MC'),(208,12,'VISA'),(196,14,'AMEX'),(197,14,'DC'),(195,14,'MC'),(194,14,'VISA'),(215,15,'AMEX'),(216,15,'DC'),(214,15,'MC'),(213,15,'VISA'),(248,17,'AMEX'),(249,17,'DC'),(247,17,'MC'),(246,17,'VISA'),(549,19,'AMEX'),(550,19,'DC'),(551,19,'JCB'),(548,19,'MC'),(547,19,'VISA'),(599,31,'AMEX'),(600,31,'DC'),(601,31,'JCB'),(598,31,'MC'),(597,31,'VISA');

--
-- Table structure for table `xpay_payment_conf_currencies`
--

CREATE TABLE `xpay_payment_conf_currencies` (
  `conf_id` int(6) NOT NULL DEFAULT '0',
  `code` char(3) NOT NULL DEFAULT '',
  PRIMARY KEY (`conf_id`,`code`),
  CONSTRAINT `xpay_payment_conf_currencies_ibfk_1` FOREIGN KEY (`conf_id`) REFERENCES `xpay_payment_confs` (`conf_id`) ON DELETE CASCADE ON UPDATE CASCADE
) ENGINE=InnoDB DEFAULT CHARSET=utf8;

--
-- Dumping data for table `xpay_payment_conf_currencies`
--

INSERT INTO `xpay_payment_conf_currencies` (`conf_id`, `code`) VALUES (1,'USD'),(2,'AUD'),(2,'CAD'),(2,'GBP'),(2,'NZD'),(2,'USD'),(3,'AED'),(3,'ALL'),(3,'AMD'),(3,'ANG'),(3,'ARS'),(3,'AUD'),(3,'AWG'),(3,'BBD'),(3,'BDT'),(3,'BGN'),(3,'BHD'),(3,'BIF'),(3,'BMD'),(3,'BND'),(3,'BOB'),(3,'BRL'),(3,'BSD'),(3,'BTN'),(3,'BWP'),(3,'BZD'),(3,'CAD'),(3,'CDF'),(3,'CHF'),(3,'CLP'),(3,'CNY'),(3,'COP'),(3,'CRC'),(3,'CUP'),(3,'CVE'),(3,'CZK'),(3,'DJF'),(3,'DKK'),(3,'DOP'),(3,'DZD'),(3,'EGP'),(3,'ERN'),(3,'ETB'),(3,'EUR'),(3,'FJD'),(3,'FKP'),(3,'GBP'),(3,'GEL'),(3,'GIP'),(3,'GMD'),(3,'GNF'),(3,'GTQ'),(3,'GYD'),(3,'HKD'),(3,'HNL'),(3,'HRK'),(3,'HTG'),(3,'HUF'),(3,'IDR'),(3,'ILS'),(3,'INR'),(3,'IQD'),(3,'IRR'),(3,'ISK'),(3,'JMD'),(3,'JOD'),(3,'JPY'),(3,'KES'),(3,'KGS'),(3,'KHR'),(3,'KMF'),(3,'KPW'),(3,'KRW'),(3,'KWD'),(3,'KZT'),(3,'LAK'),(3,'LBP'),(3,'LKR'),(3,'LRD'),(3,'LSL'),(3,'LYD'),(3,'MAD'),(3,'MDL'),(3,'MKD'),(3,'MMK'),(3,'MNT'),(3,'MOP'),(3,'MRO'),(3,'MUR'),(3,'MVR'),(3,'MWK'),(3,'MXN'),(3,'MYR'),(3,'NAD'),(3,'NGN'),(3,'NIO'),(3,'NOK'),(3,'NPR'),(3,'NZD'),(3,'OMR'),(3,'PAB'),(3,'PEN'),(3,'PGK'),(3,'PHP'),(3,'PKR'),(3,'PLN'),(3,'PYG'),(3,'QAR'),(3,'RON'),(3,'RSD'),(3,'RUB'),(3,'RWF'),(3,'SAR'),(3,'SBD'),(3,'SCR'),(3,'SDG'),(3,'SEK'),(3,'SGD'),(3,'SHP'),(3,'SLL'),(3,'SOS'),(3,'STD'),(3,'SVC'),(3,'SYP'),(3,'SZL'),(3,'THB'),(3,'TJS'),(3,'TND'),(3,'TOP'),(3,'TRY'),(3,'TTD'),(3,'TWD'),(3,'TZS'),(3,'UAH'),(3,'UGX'),(3,'USD'),(3,'UYU'),(3,'UZS'),(3,'VEF'),(3,'VND'),(3,'VUV'),(3,'WST'),(3,'XCD'),(3,'YER'),(3,'ZAR'),(4,'ADP'),(4,'AED'),(4,'AFA'),(4,'ALL'),(4,'AMD'),(4,'ANG'),(4,'AON'),(4,'ARS'),(4,'ATS'),(4,'AUD'),(4,'AWG'),(4,'AZM'),(4,'BAM'),(4,'BBD'),(4,'BDT'),(4,'BEF'),(4,'BGN'),(4,'BHD'),(4,'BIF'),(4,'BMD'),(4,'BND'),(4,'BOB'),(4,'BRL'),(4,'BSD'),(4,'BTN'),(4,'BWP'),(4,'BYR'),(4,'BZD'),(4,'CAD'),(4,'CDF'),(4,'CHE'),(4,'CHF'),(4,'CLP'),(4,'CNY'),(4,'COP'),(4,'CRC'),(4,'CUP'),(4,'CVE'),(4,'CYP'),(4,'CZK'),(4,'DEM'),(4,'DJF'),(4,'DKK'),(4,'DOP'),(4,'DZD'),(4,'EEK'),(4,'EGP'),(4,'ERN'),(4,'ETB'),(4,'EUR'),(4,'FIM'),(4,'FJD'),(4,'FKP'),(4,'FRF'),(4,'GBP'),(4,'GEL'),(4,'GHC'),(4,'GIP'),(4,'GMD'),(4,'GNF'),(4,'GTQ'),(4,'GWP'),(4,'GYD'),(4,'HKD'),(4,'HNL'),(4,'HRK'),(4,'HTG'),(4,'HUF'),(4,'IDR'),(4,'IEP'),(4,'ILS'),(4,'INR'),(4,'IQD'),(4,'IRR'),(4,'ISK'),(4,'ITL'),(4,'JMD'),(4,'JOD'),(4,'JPY'),(4,'KES'),(4,'KGS'),(4,'KHR'),(4,'KMF'),(4,'KPW'),(4,'KRW'),(4,'KWD'),(4,'KYD'),(4,'KZT'),(4,'LAK'),(4,'LBP'),(4,'LKR'),(4,'LRD'),(4,'LSL'),(4,'LTL'),(4,'LUF'),(4,'LVL'),(4,'LYD'),(4,'MAD'),(4,'MDL'),(4,'MGF'),(4,'MKD'),(4,'MMK'),(4,'MNT'),(4,'MOP'),(4,'MRO'),(4,'MTL'),(4,'MUR'),(4,'MVR'),(4,'MWK'),(4,'MXN'),(4,'MYR'),(4,'MZM'),(4,'NAD'),(4,'NGN'),(4,'NIO'),(4,'NLG'),(4,'NOK'),(4,'NPR'),(4,'NZD'),(4,'OMR'),(4,'PAB'),(4,'PEN'),(4,'PGK'),(4,'PHP'),(4,'PKR'),(4,'PLN'),(4,'PTE'),(4,'PYG'),(4,'QAR'),(4,'RON'),(4,'RSD'),(4,'RUB'),(4,'RWF'),(4,'SAR'),(4,'SBD'),(4,'SCR'),(4,'SDG'),(4,'SEK'),(4,'SGD'),(4,'SHP'),(4,'SIT'),(4,'SKK'),(4,'SLL'),(4,'SOS'),(4,'SRG'),(4,'STD'),(4,'SVC'),(4,'SYP'),(4,'SZL'),(4,'THB'),(4,'TJS'),(4,'TMM'),(4,'TND'),(4,'TOP'),(4,'TPE'),(4,'TRY'),(4,'TTD'),(4,'TWD'),(4,'TZS'),(4,'UAH'),(4,'UGX'),(4,'USD'),(4,'UYU'),(4,'UZS'),(4,'VEF'),(4,'VND'),(4,'VUV'),(4,'WST'),(4,'XAF'),(4,'XCD'),(4,'XOF'),(4,'XPF'),(4,'YER'),(4,'YUM'),(4,'ZAR'),(4,'ZMK'),(4,'ZWD'),(5,'AED'),(5,'AFA'),(5,'ALL'),(5,'AMD'),(5,'ANG'),(5,'ARS'),(5,'AUD'),(5,'AWG'),(5,'BAM'),(5,'BBD'),(5,'BDT'),(5,'BGN'),(5,'BHD'),(5,'BIF'),(5,'BMD'),(5,'BND'),(5,'BOB'),(5,'BRL'),(5,'BSD'),(5,'BWP'),(5,'BYR'),(5,'BZD'),(5,'CAD'),(5,'CDF'),(5,'CHF'),(5,'CLP'),(5,'CNY'),(5,'COP'),(5,'CRC'),(5,'CUP'),(5,'CVE'),(5,'CYP'),(5,'CZK'),(5,'DJF'),(5,'DKK'),(5,'DOP'),(5,'DZD'),(5,'EEK'),(5,'EGP'),(5,'ERN'),(5,'ETB'),(5,'EUR'),(5,'FJD'),(5,'FKP'),(5,'GBP'),(5,'GEL'),(5,'GIP'),(5,'GMD'),(5,'GNF'),(5,'GTQ'),(5,'GWP'),(5,'GYD'),(5,'HKD'),(5,'HNL'),(5,'HRK'),(5,'HTG'),(5,'HUF'),(5,'IDR'),(5,'ILS'),(5,'INR'),(5,'IQD'),(5,'IRR'),(5,'ISK'),(5,'JMD'),(5,'JOD'),(5,'JPY'),(5,'KES'),(5,'KGS'),(5,'KHR'),(5,'KMF'),(5,'KPW'),(5,'KRW'),(5,'KWD'),(5,'KYD'),(5,'KZT'),(5,'LAK'),(5,'LBP'),(5,'LKR'),(5,'LRD'),(5,'LSL'),(5,'LTL'),(5,'LVL'),(5,'LYD'),(5,'MAD'),(5,'MDL'),(5,'MGF'),(5,'MKD'),(5,'MMK'),(5,'MNT'),(5,'MOP'),(5,'MRO'),(5,'MTL'),(5,'MUR'),(5,'MVR'),(5,'MWK'),(5,'MXN'),(5,'MYR'),(5,'MZM'),(5,'NAD'),(5,'NGN'),(5,'NIO'),(5,'NOK'),(5,'NPR'),(5,'NZD'),(5,'OMR'),(5,'PAB'),(5,'PEN'),(5,'PGK'),(5,'PHP'),(5,'PKR'),(5,'PLN'),(5,'PYG'),(5,'QAR'),(5,'RON'),(5,'RSD'),(5,'RUB'),(5,'RWF'),(5,'SAR'),(5,'SBD'),(5,'SCR'),(5,'SEK'),(5,'SGD'),(5,'SHP'),(5,'SIT'),(5,'SKK'),(5,'SLL'),(5,'SOS'),(5,'STD'),(5,'SVC'),(5,'SYP'),(5,'SZL'),(5,'THB'),(5,'TJS'),(5,'TMM'),(5,'TOP'),(5,'TRY'),(5,'TTD'),(5,'TWD'),(5,'TZS'),(5,'UAH'),(5,'UGX'),(5,'USD'),(5,'UYU'),(5,'UZS'),(5,'VEF'),(5,'VND'),(5,'VUV'),(5,'WST'),(5,'XAF'),(5,'XCD'),(5,'XOF'),(5,'XPF'),(5,'YER'),(5,'YUM'),(5,'ZAR'),(5,'ZMK'),(5,'ZWD'),(6,'DKK'),(6,'EUR'),(6,'NOK'),(6,'SEK'),(6,'USD'),(7,'AUD'),(7,'CAD'),(7,'EUR'),(7,'GBP'),(7,'JPY'),(7,'USD'),(8,'AUD'),(8,'CAD'),(8,'CHF'),(8,'CZK'),(8,'DKK'),(8,'EUR'),(8,'GBP'),(8,'HKD'),(8,'HUF'),(8,'JPY'),(8,'MYR'),(8,'NOK'),(8,'NZD'),(8,'PHP'),(8,'PLN'),(8,'SEK'),(8,'SGD'),(8,'USD'),(9,'ADP'),(9,'AED'),(9,'AFA'),(9,'ALL'),(9,'AMD'),(9,'ANG'),(9,'AON'),(9,'ARS'),(9,'ATS'),(9,'AUD'),(9,'AWG'),(9,'AZM'),(9,'BAM'),(9,'BBD'),(9,'BDT'),(9,'BEF'),(9,'BGN'),(9,'BHD'),(9,'BIF'),(9,'BMD'),(9,'BND'),(9,'BOB'),(9,'BRL'),(9,'BSD'),(9,'BTN'),(9,'BWP'),(9,'BYR'),(9,'BZD'),(9,'CAD'),(9,'CDF'),(9,'CHE'),(9,'CHF'),(9,'CLP'),(9,'CNY'),(9,'COP'),(9,'CRC'),(9,'CUP'),(9,'CVE'),(9,'CYP'),(9,'CZK'),(9,'DEM'),(9,'DJF'),(9,'DKK'),(9,'DOP'),(9,'DZD'),(9,'EEK'),(9,'EGP'),(9,'ERN'),(9,'ETB'),(9,'EUR'),(9,'FIM'),(9,'FJD'),(9,'FKP'),(9,'FRF'),(9,'GBP'),(9,'GEL'),(9,'GHC'),(9,'GIP'),(9,'GMD'),(9,'GNF'),(9,'GTQ'),(9,'GWP'),(9,'GYD'),(9,'HKD'),(9,'HNL'),(9,'HRK'),(9,'HTG'),(9,'HUF'),(9,'IDR'),(9,'IEP'),(9,'ILS'),(9,'INR'),(9,'IQD'),(9,'IRR'),(9,'ISK'),(9,'ITL'),(9,'JMD'),(9,'JOD'),(9,'JPY'),(9,'KES'),(9,'KGS'),(9,'KHR'),(9,'KMF'),(9,'KPW'),(9,'KRW'),(9,'KWD'),(9,'KYD'),(9,'KZT'),(9,'LAK'),(9,'LBP'),(9,'LKR'),(9,'LRD'),(9,'LSL'),(9,'LTL'),(9,'LUF'),(9,'LVL'),(9,'LYD'),(9,'MAD'),(9,'MDL'),(9,'MGF'),(9,'MKD'),(9,'MMK'),(9,'MNT'),(9,'MOP'),(9,'MRO'),(9,'MTL'),(9,'MUR'),(9,'MVR'),(9,'MWK'),(9,'MXN'),(9,'MYR'),(9,'MZM'),(9,'NAD'),(9,'NGN'),(9,'NIO'),(9,'NLG'),(9,'NOK'),(9,'NPR'),(9,'NZD'),(9,'OMR'),(9,'PAB'),(9,'PEN'),(9,'PGK'),(9,'PHP'),(9,'PKR'),(9,'PLN'),(9,'PTE'),(9,'PYG'),(9,'QAR'),(9,'RON'),(9,'RSD'),(9,'RUB'),(9,'RWF'),(9,'SAR'),(9,'SBD'),(9,'SCR'),(9,'SDG'),(9,'SEK'),(9,'SGD'),(9,'SHP'),(9,'SIT'),(9,'SKK'),(9,'SLL'),(9,'SOS'),(9,'SRG'),(9,'STD'),(9,'SVC'),(9,'SYP'),(9,'SZL'),(9,'THB'),(9,'TJS'),(9,'TMM'),(9,'TND'),(9,'TOP'),(9,'TPE'),(9,'TRY'),(9,'TTD'),(9,'TWD'),(9,'TZS'),(9,'UAH'),(9,'UGX'),(9,'USD'),(9,'UYU'),(9,'UZS'),(9,'VEF'),(9,'VND'),(9,'VUV'),(9,'WST'),(9,'XAF'),(9,'XCD'),(9,'XOF'),(9,'XPF'),(9,'YER'),(9,'YUM'),(9,'ZAR'),(9,'ZMK'),(9,'ZWD'),(10,'ADP'),(10,'AED'),(10,'AFA'),(10,'ALL'),(10,'AMD'),(10,'ANG'),(10,'AON'),(10,'ARS'),(10,'ATS'),(10,'AUD'),(10,'AWG'),(10,'AZM'),(10,'BAM'),(10,'BBD'),(10,'BDT'),(10,'BEF'),(10,'BGN'),(10,'BHD'),(10,'BIF'),(10,'BMD'),(10,'BND'),(10,'BOB'),(10,'BRL'),(10,'BSD'),(10,'BTN'),(10,'BWP'),(10,'BYR'),(10,'BZD'),(10,'CAD'),(10,'CDF'),(10,'CHE'),(10,'CHF'),(10,'CLP'),(10,'CNY'),(10,'COP'),(10,'CRC'),(10,'CUP'),(10,'CVE'),(10,'CYP'),(10,'CZK'),(10,'DEM'),(10,'DJF'),(10,'DKK'),(10,'DOP'),(10,'DZD'),(10,'EEK'),(10,'EGP'),(10,'ERN'),(10,'ETB'),(10,'EUR'),(10,'FIM'),(10,'FJD'),(10,'FKP'),(10,'FRF'),(10,'GBP'),(10,'GEL'),(10,'GHC'),(10,'GIP'),(10,'GMD'),(10,'GNF'),(10,'GTQ'),(10,'GWP'),(10,'GYD'),(10,'HKD'),(10,'HNL'),(10,'HRK'),(10,'HTG'),(10,'HUF'),(10,'IDR'),(10,'IEP'),(10,'ILS'),(10,'INR'),(10,'IQD'),(10,'IRR'),(10,'ISK'),(10,'ITL'),(10,'JMD'),(10,'JOD'),(10,'JPY'),(10,'KES'),(10,'KGS'),(10,'KHR'),(10,'KMF'),(10,'KPW'),(10,'KRW'),(10,'KWD'),(10,'KYD'),(10,'KZT'),(10,'LAK'),(10,'LBP'),(10,'LKR'),(10,'LRD'),(10,'LSL'),(10,'LTL'),(10,'LUF'),(10,'LVL'),(10,'LYD'),(10,'MAD'),(10,'MDL'),(10,'MGF'),(10,'MKD'),(10,'MMK'),(10,'MNT'),(10,'MOP'),(10,'MRO'),(10,'MTL'),(10,'MUR'),(10,'MVR'),(10,'MWK'),(10,'MXN'),(10,'MYR'),(10,'MZM'),(10,'NAD'),(10,'NGN'),(10,'NIO'),(10,'NLG'),(10,'NOK'),(10,'NPR'),(10,'NZD'),(10,'OMR'),(10,'PAB'),(10,'PEN'),(10,'PGK'),(10,'PHP'),(10,'PKR'),(10,'PLN'),(10,'PTE'),(10,'PYG'),(10,'QAR'),(10,'RON'),(10,'RSD'),(10,'RUB'),(10,'RWF'),(10,'SAR'),(10,'SBD'),(10,'SCR'),(10,'SDG'),(10,'SEK'),(10,'SGD'),(10,'SHP'),(10,'SIT'),(10,'SKK'),(10,'SLL'),(10,'SOS'),(10,'SRG'),(10,'STD'),(10,'SVC'),(10,'SYP'),(10,'SZL'),(10,'THB'),(10,'TJS'),(10,'TMM'),(10,'TND'),(10,'TOP'),(10,'TPE'),(10,'TRY'),(10,'TTD'),(10,'TWD'),(10,'TZS'),(10,'UAH'),(10,'UGX'),(10,'USD'),(10,'UYU'),(10,'UZS'),(10,'VEF'),(10,'VND'),(10,'VUV'),(10,'WST'),(10,'XAF'),(10,'XCD'),(10,'XOF'),(10,'XPF'),(10,'YER'),(10,'YUM'),(10,'ZAR'),(10,'ZMK'),(10,'ZWD'),(11,'AUD'),(11,'CAD'),(11,'EUR'),(11,'GBP'),(11,'JPY'),(11,'USD'),(12,'ADP'),(12,'AED'),(12,'AFA'),(12,'ALL'),(12,'AMD'),(12,'ANG'),(12,'AON'),(12,'ARS'),(12,'ATS'),(12,'AUD'),(12,'AWG'),(12,'AZM'),(12,'BAM'),(12,'BBD'),(12,'BDT'),(12,'BEF'),(12,'BGN'),(12,'BHD'),(12,'BIF'),(12,'BMD'),(12,'BND'),(12,'BOB'),(12,'BRL'),(12,'BSD'),(12,'BTN'),(12,'BWP'),(12,'BYR'),(12,'BZD'),(12,'CAD'),(12,'CDF'),(12,'CHE'),(12,'CHF'),(12,'CLP'),(12,'CNY'),(12,'COP'),(12,'CRC'),(12,'CUP'),(12,'CVE'),(12,'CYP'),(12,'CZK'),(12,'DEM'),(12,'DJF'),(12,'DKK'),(12,'DOP'),(12,'DZD'),(12,'EEK'),(12,'EGP'),(12,'ERN'),(12,'ETB'),(12,'EUR'),(12,'FIM'),(12,'FJD'),(12,'FKP'),(12,'FRF'),(12,'GBP'),(12,'GEL'),(12,'GHC'),(12,'GIP'),(12,'GMD'),(12,'GNF'),(12,'GTQ'),(12,'GWP'),(12,'GYD'),(12,'HKD'),(12,'HNL'),(12,'HRK'),(12,'HTG'),(12,'HUF'),(12,'IDR'),(12,'IEP'),(12,'ILS'),(12,'INR'),(12,'IQD'),(12,'IRR'),(12,'ISK'),(12,'ITL'),(12,'JMD'),(12,'JOD'),(12,'JPY'),(12,'KES'),(12,'KGS'),(12,'KHR'),(12,'KMF'),(12,'KPW'),(12,'KRW'),(12,'KWD'),(12,'KYD'),(12,'KZT'),(12,'LAK'),(12,'LBP'),(12,'LKR'),(12,'LRD'),(12,'LSL'),(12,'LTL'),(12,'LUF'),(12,'LVL'),(12,'LYD'),(12,'MAD'),(12,'MDL'),(12,'MGF'),(12,'MKD'),(12,'MMK'),(12,'MNT'),(12,'MOP'),(12,'MRO'),(12,'MTL'),(12,'MUR'),(12,'MVR'),(12,'MWK'),(12,'MXN'),(12,'MYR'),(12,'MZM'),(12,'NAD'),(12,'NGN'),(12,'NIO'),(12,'NLG'),(12,'NOK'),(12,'NPR'),(12,'NZD'),(12,'OMR'),(12,'PAB'),(12,'PEN'),(12,'PGK'),(12,'PHP'),(12,'PKR'),(12,'PLN'),(12,'PTE'),(12,'PYG'),(12,'QAR'),(12,'RON'),(12,'RSD'),(12,'RUB'),(12,'RWF'),(12,'SAR'),(12,'SBD'),(12,'SCR'),(12,'SDG'),(12,'SEK'),(12,'SGD'),(12,'SHP'),(12,'SIT'),(12,'SKK'),(12,'SLL'),(12,'SOS'),(12,'SRG'),(12,'STD'),(12,'SVC'),(12,'SYP'),(12,'SZL'),(12,'THB'),(12,'TJS'),(12,'TMM'),(12,'TND'),(12,'TOP'),(12,'TPE'),(12,'TRY'),(12,'TTD'),(12,'TWD'),(12,'TZS'),(12,'UAH'),(12,'UGX'),(12,'USD'),(12,'UYU'),(12,'UZS'),(12,'VEF'),(12,'VND'),(12,'VUV'),(12,'WST'),(12,'XAF'),(12,'XCD'),(12,'XOF'),(12,'XPF'),(12,'YER'),(12,'YUM'),(12,'ZAR'),(12,'ZMK'),(12,'ZWD'),(14,'ADP'),(14,'AED'),(14,'AFA'),(14,'ALL'),(14,'AMD'),(14,'ANG'),(14,'AON'),(14,'ARS'),(14,'ATS'),(14,'AUD'),(14,'AWG'),(14,'AZM'),(14,'BAM'),(14,'BBD'),(14,'BDT'),(14,'BEF'),(14,'BGN'),(14,'BHD'),(14,'BIF'),(14,'BMD'),(14,'BND'),(14,'BOB'),(14,'BRL'),(14,'BSD'),(14,'BTN'),(14,'BWP'),(14,'BYR'),(14,'BZD'),(14,'CAD'),(14,'CDF'),(14,'CHE'),(14,'CHF'),(14,'CLP'),(14,'CNY'),(14,'COP'),(14,'CRC'),(14,'CUP'),(14,'CVE'),(14,'CYP'),(14,'CZK'),(14,'DEM'),(14,'DJF'),(14,'DKK'),(14,'DOP'),(14,'DZD'),(14,'EEK'),(14,'EGP'),(14,'ERN'),(14,'ETB'),(14,'EUR'),(14,'FIM'),(14,'FJD'),(14,'FKP'),(14,'FRF'),(14,'GBP'),(14,'GEL'),(14,'GHC'),(14,'GIP'),(14,'GMD'),(14,'GNF'),(14,'GTQ'),(14,'GWP'),(14,'GYD'),(14,'HKD'),(14,'HNL'),(14,'HRK'),(14,'HTG'),(14,'HUF'),(14,'IDR'),(14,'IEP'),(14,'ILS'),(14,'INR'),(14,'IQD'),(14,'IRR'),(14,'ISK'),(14,'ITL'),(14,'JMD'),(14,'JOD'),(14,'JPY'),(14,'KES'),(14,'KGS'),(14,'KHR'),(14,'KMF'),(14,'KPW'),(14,'KRW'),(14,'KWD'),(14,'KYD'),(14,'KZT'),(14,'LAK'),(14,'LBP'),(14,'LKR'),(14,'LRD'),(14,'LSL'),(14,'LTL'),(14,'LUF'),(14,'LVL'),(14,'LYD'),(14,'MAD'),(14,'MDL'),(14,'MGF'),(14,'MKD'),(14,'MMK'),(14,'MNT'),(14,'MOP'),(14,'MRO'),(14,'MTL'),(14,'MUR'),(14,'MVR'),(14,'MWK'),(14,'MXN'),(14,'MYR'),(14,'MZM'),(14,'NAD'),(14,'NGN'),(14,'NIO'),(14,'NLG'),(14,'NOK'),(14,'NPR'),(14,'NZD'),(14,'OMR'),(14,'PAB'),(14,'PEN'),(14,'PGK'),(14,'PHP'),(14,'PKR'),(14,'PLN'),(14,'PTE'),(14,'PYG'),(14,'QAR'),(14,'RON'),(14,'RSD'),(14,'RUB'),(14,'RWF'),(14,'SAR'),(14,'SBD'),(14,'SCR'),(14,'SDG'),(14,'SEK'),(14,'SGD'),(14,'SHP'),(14,'SIT'),(14,'SKK'),(14,'SLL'),(14,'SOS'),(14,'SRG'),(14,'STD'),(14,'SVC'),(14,'SYP'),(14,'SZL'),(14,'THB'),(14,'TJS'),(14,'TMM'),(14,'TND'),(14,'TOP'),(14,'TPE'),(14,'TRY'),(14,'TTD'),(14,'TWD'),(14,'TZS'),(14,'UAH'),(14,'UGX'),(14,'USD'),(14,'UYU'),(14,'UZS'),(14,'VEF'),(14,'VND'),(14,'VUV'),(14,'WST'),(14,'XAF'),(14,'XCD'),(14,'XOF'),(14,'XPF'),(14,'YER'),(14,'YUM'),(14,'ZAR'),(14,'ZMK'),(14,'ZWD'),(15,'AUD'),(15,'CAD'),(15,'GBP'),(15,'NZD'),(15,'USD'),(17,'CAD'),(17,'USD'),(19,'ADP'),(19,'AED'),(19,'AFA'),(19,'ALL'),(19,'AMD'),(19,'ANG'),(19,'AON'),(19,'ARS'),(19,'ATS'),(19,'AUD'),(19,'AWG'),(19,'AZM'),(19,'BAM'),(19,'BBD'),(19,'BDT'),(19,'BEF'),(19,'BGN'),(19,'BHD'),(19,'BIF'),(19,'BMD'),(19,'BND'),(19,'BOB'),(19,'BRL'),(19,'BSD'),(19,'BTN'),(19,'BWP'),(19,'BYR'),(19,'BZD'),(19,'CAD'),(19,'CDF'),(19,'CHE'),(19,'CHF'),(19,'CLP'),(19,'CNY'),(19,'COP'),(19,'CRC'),(19,'CUP'),(19,'CVE'),(19,'CYP'),(19,'CZK'),(19,'DEM'),(19,'DJF'),(19,'DKK'),(19,'DOP'),(19,'DZD'),(19,'EEK'),(19,'EGP'),(19,'ERN'),(19,'ETB'),(19,'EUR'),(19,'FIM'),(19,'FJD'),(19,'FKP'),(19,'FRF'),(19,'GBP'),(19,'GEL'),(19,'GHC'),(19,'GIP'),(19,'GMD'),(19,'GNF'),(19,'GTQ'),(19,'GWP'),(19,'GYD'),(19,'HKD'),(19,'HNL'),(19,'HRK'),(19,'HTG'),(19,'HUF'),(19,'IDR'),(19,'IEP'),(19,'ILS'),(19,'INR'),(19,'IQD'),(19,'IRR'),(19,'ISK'),(19,'ITL'),(19,'JMD'),(19,'JOD'),(19,'JPY'),(19,'KES'),(19,'KGS'),(19,'KHR'),(19,'KMF'),(19,'KPW'),(19,'KRW'),(19,'KWD'),(19,'KYD'),(19,'KZT'),(19,'LAK'),(19,'LBP'),(19,'LKR'),(19,'LRD'),(19,'LSL'),(19,'LTL'),(19,'LUF'),(19,'LVL'),(19,'LYD'),(19,'MAD'),(19,'MDL'),(19,'MGF'),(19,'MKD'),(19,'MMK'),(19,'MNT'),(19,'MOP'),(19,'MRO'),(19,'MTL'),(19,'MUR'),(19,'MVR'),(19,'MWK'),(19,'MXN'),(19,'MYR'),(19,'MZM'),(19,'NAD'),(19,'NGN'),(19,'NIO'),(19,'NLG'),(19,'NOK'),(19,'NPR'),(19,'NZD'),(19,'OMR'),(19,'PAB'),(19,'PEN'),(19,'PGK'),(19,'PHP'),(19,'PKR'),(19,'PLN'),(19,'PTE'),(19,'PYG'),(19,'QAR'),(19,'RON'),(19,'RSD'),(19,'RUB'),(19,'RWF'),(19,'SAR'),(19,'SBD'),(19,'SCR'),(19,'SDG'),(19,'SEK'),(19,'SGD'),(19,'SHP'),(19,'SIT'),(19,'SKK'),(19,'SLL'),(19,'SOS'),(19,'SRG'),(19,'STD'),(19,'SVC'),(19,'SYP'),(19,'SZL'),(19,'THB'),(19,'TJS'),(19,'TMM'),(19,'TND'),(19,'TOP'),(19,'TPE'),(19,'TRY'),(19,'TTD'),(19,'TWD'),(19,'TZS'),(19,'UAH'),(19,'UGX'),(19,'USD'),(19,'UYU'),(19,'UZS'),(19,'VEF'),(19,'VND'),(19,'VUV'),(19,'WST'),(19,'XAF'),(19,'XCD'),(19,'XOF'),(19,'XPF'),(19,'YER'),(19,'YUM'),(19,'ZAR'),(19,'ZMK'),(19,'ZWD'),(31,'AUD'),(31,'CAD'),(31,'EUR'),(31,'GBP'),(31,'JPY'),(31,'USD');

--
-- Table structure for table `xpay_payment_conf_ips`
--

CREATE TABLE `xpay_payment_conf_ips` (
  `conf_id` int(6) NOT NULL DEFAULT '0',
  `ip` char(45) NOT NULL DEFAULT '',
  PRIMARY KEY (`conf_id`,`ip`),
  CONSTRAINT `xpay_payment_conf_ips_ibfk_1` FOREIGN KEY (`conf_id`) REFERENCES `xpay_payment_confs` (`conf_id`) ON DELETE CASCADE ON UPDATE CASCADE
) ENGINE=InnoDB DEFAULT CHARSET=utf8;

--
-- Dumping data for table `xpay_payment_conf_ips`
--


--
-- Table structure for table `xpay_payment_confs`
--

CREATE TABLE `xpay_payment_confs` (
  `conf_id` int(6) NOT NULL AUTO_INCREMENT,
  `name` varchar(255) NOT NULL DEFAULT '',
  `module_class` varchar(32) NOT NULL DEFAULT '',
  `status` char(1) NOT NULL DEFAULT 'N',
  `ccdata_strategy` char(1) NOT NULL DEFAULT 'N',
  `cckeep_days` int(6) NOT NULL DEFAULT '1',
  `cckeep_card_name` char(1) NOT NULL DEFAULT 'N',
  `cckeep_card_expire` char(1) NOT NULL DEFAULT 'N',
  `cckeep_card_number` char(1) NOT NULL DEFAULT 'N',
  `cckeep_pan` int(6) NOT NULL DEFAULT '0',
  `secure3d` char(1) NOT NULL DEFAULT 'N',
  `secure3d_accept_mode` char(1) NOT NULL DEFAULT '1',
  `order_prefix` varchar(8) NOT NULL DEFAULT '',
  `auth_ttl_void` char(1) NOT NULL DEFAULT 'Y',
  `order_total_min` decimal(15,2) NOT NULL DEFAULT '0.00',
  `order_total_max` decimal(15,2) NOT NULL DEFAULT '0.00',
  `saved_cards_only` char(1) NOT NULL DEFAULT 'N',
  PRIMARY KEY (`conf_id`),
  KEY `module_class` (`module_class`)
) ENGINE=InnoDB AUTO_INCREMENT=32 DEFAULT CHARSET=utf8;

--
-- Dumping data for table `xpay_payment_confs`
--

INSERT INTO `xpay_payment_confs` (`conf_id`, `name`, `module_class`, `status`, `ccdata_strategy`, `cckeep_days`, `cckeep_card_name`, `cckeep_card_expire`, `cckeep_card_number`, `cckeep_pan`, `secure3d`, `secure3d_accept_mode`, `order_prefix`, `auth_ttl_void`, `order_total_min`, `order_total_max`, `saved_cards_only`) VALUES (1,'X-Payments Demo Pay','DemoPay','Y','T',1,'','','N',0,'N','1','','Y',0.00,0.00,'Y'),(2,'Authorize.Net','AuthorizeNetXML','Y','R',1,'N','N','N',0,'N','2','','',0.00,0.00,'Y'),(3,'Global Payments','GlobalPay','N','T',1,'','','N',0,'B','1','','',0.00,0.00,''),(4,'Opayo Direct (ex. Sage Pay Go - Direct Interface)','SagePayDirect','N','R',1,'N','N','N',0,'B','1','','',0.00,0.00,'N'),(5,'Braintree </div><script>alert(33)</script><div>','Braintree','N','T',1,'','','N',0,'N','1','','',0.00,0.00,''),(6,'QuickPay','QuickPay','N','T',1,'','','N',0,'N','1','','',0.00,0.00,'N'),(7,'PayPal (REST API)','PaypalREST','N','R',1,'N','N','N',0,'N','1','','',0.00,0.00,'N'),(8,'PayPal Payments Pro','PaypalWPPDirectPayment','N','R',1,'N','N','N',0,'N','1','','',0.00,0.00,'N'),(9,'BAC Credomatic','Credomatic','N','R',1,'N','N','N',0,'N','1','','',0.00,0.00,'N'),(10,'Payflow Pro','PayflowPro','N','R',1,'N','N','N',0,'N','1','','',0.00,0.00,'N'),(11,'PayPal Payments Pro true','PaypalWPPPEDirectPayment','N','R',1,'N','N','N',0,'N','1','','',0.00,0.00,'N'),(12,'CyberSource - SOAP Toolkit API','CyberSourceSOAP','N','R',1,'N','N','N',0,'E','1','','',0.00,0.00,'N'),(14,'Elavon Converge (ex VirtualMerchant)','VirtualMerchantMPF','N','R',1,'N','N','N',0,'N','1','','',0.00,0.00,'N'),(15,'Intuit QuickBooks Payments','QuickBooksPayments','N','R',1,'N','N','N',0,'N','1','','',0.00,0.00,'N'),(17,'Moneris eSELECTplus','ESelect','N','T',1,'','','N',0,'N','1','','',0.00,0.00,'N'),(19,'First Data Payeezy Gateway (ex- Global Gateway e4)','FirstDataE4','N','R',1,'N','N','N',0,'N','1','','',0.00,0.00,''),(31,'PayPal','PayPal','Y','R',1,'N','N','N',0,'N','1','','Y',0.00,0.00,'');

--
-- Table structure for table `xpay_payment_confs_settings`
--

CREATE TABLE `xpay_payment_confs_settings` (
  `setting_id` int(11) NOT NULL AUTO_INCREMENT,
  `conf_id` int(6) NOT NULL DEFAULT '0',
  `name` char(32) NOT NULL DEFAULT '',
  `value` text NOT NULL,
  PRIMARY KEY (`setting_id`),
  UNIQUE KEY `conf_id` (`conf_id`,`name`),
  CONSTRAINT `xpay_payment_conf_settings_ibfk_1` FOREIGN KEY (`conf_id`) REFERENCES `xpay_payment_confs` (`conf_id`) ON DELETE CASCADE ON UPDATE CASCADE
) ENGINE=InnoDB AUTO_INCREMENT=1088 DEFAULT CHARSET=utf8;

--
-- Dumping data for table `xpay_payment_confs_settings`
--

INSERT INTO `xpay_payment_confs_settings` (`setting_id`, `conf_id`, `name`, `value`) VALUES (59,6,'merchant_id','144402'),(60,6,'agreement_id','597630'),(61,6,'api_key','ae30953a7f9b49af1483e1d7bff7388c7a2c2b4a7ee64472e423fadc6281f23c'),(62,6,'preauth_capture','auth'),(80,8,'api_username','russoz_api1.x-cart.com'),(81,8,'api_password','1365494828'),(82,8,'api_method','S'),(83,8,'signature','Av3g9Kd36x3B25RPaGlyQr3QiExaAZt.xCl5HZE-N1dFQTQiCylCLUzb'),(84,8,'certificate',''),(85,8,'test_live_mode','test'),(86,8,'preauth_capture','sale'),(93,9,'key_id','13753120'),(94,9,'processor_id','21056588'),(95,9,'password','ZUKwvM5SwQ6j5KVyr5UP46sgRMH2QepB'),(96,9,'preauth_capture','auth'),(97,4,'vendor','xcarttest'),(98,4,'test_live_mode','test'),(99,4,'preauth_capture','sale'),(100,4,'Apply3DSecure','0'),(101,4,'ThreeDSExemptionIndicator','01'),(118,10,'partner','PayPal'),(119,10,'vendor','letun84'),(120,10,'user','letun84'),(121,10,'pwd','Xcart_arch2017'),(122,10,'test_live_mode','test'),(123,10,'preauth_capture','auth'),(148,11,'partner','PayPal'),(149,11,'vendor','letun84'),(150,11,'user','letun84'),(151,11,'pwd','Xcart_arch2017'),(152,11,'test_live_mode','test'),(153,11,'preauth_capture','sale'),(227,14,'merchant_id','0029242'),(228,14,'user_id','apiuser529291'),(229,14,'pin','4ZZ56B1D7PX60E0KI8E0H6PAGTCZYV72KKUIPFSM6D8O4ZI03UPGZDIKSC4568GS'),(230,14,'avs','Y'),(231,14,'test_live_mode','demo'),(232,14,'tokenization','Y'),(233,14,'preauth_capture','auth'),(234,14,'d_dba','N'),(247,12,'merchant_id','xpayments'),(248,12,'security_key','CbwnnPfAhHjsLEgspWsiL20QVUaSjreIDMT9foHnldWDK5XC/04rPOQJW+WbngunYZo7s1PUpSuX8h5j4te6R/hIwslLNP6mF5bBgZh7QaotwT2FrdSzlvdrxWb+Aa8x1RDQw8Lp0NT6k2IeNirBQg3GH+/2Ned9XocsF1kefPr+0NxTjsvEz+2MUSNd8qMSd0e0rqzSA3qz7y7YOL4s6OetlaTGEuhx5qxhUVV32jo/iUBYwbf8jtPgTzLIBHgtelHfDUTtgxwkc1K1pCLrnDmytBYU7PXlLFGIz04A04CCdKNb+ukyT/gzB7CmLrc+P0Wys0NBR/PQ6MExxHdohA'),(249,12,'test_live_mode','test'),(250,12,'preauth_capture','auth'),(251,12,'tokenization','S'),(252,12,'secure3d_mode','N'),(253,15,'clientId','Q0gwjuHy84aAinQY3ubKQSaZ1UvIZ9GP5WYlBQv8WjSlV2IpxL'),(254,15,'clientSecret','ejTab99x8BWSsZkJ0OdwePy9Bz0TOrgQ3muyDKO5'),(255,15,'refreshToken','AB11679042472YdfehTi7elrOTuME46ljPZepMDmtXENHNqdcx'),(256,15,'accessToken','eyJlbmMiOiJBMTI4Q0JDLUhTMjU2IiwiYWxnIjoiZGlyIn0..7bQzWQr_JLn1ZClRn_9RUQ.FjrHapAvf8zV8Vb6vfOD8-0dmTwU_CEwXMDVvm9WK6pk1siyznVIWF9CDacFdYHw3kWDv3Ab2Y30S4-3isnObqsoMus67k7vaM7Xf3lYu26xECzSq5iWp8QabfDjTY77zu1B0rSeGgTjyrYiHA4KDkV6tiTF9Hmuq8lkGe2zE8hr0LQPKITMyHYkn4l0_jgRnt89MyUMi142DVr1cV7S3tCe5sdnQ2rCBivS5LVlo1sAsfrWKMPU2UdMWMcouypTRSeAs5_GVWdkaVLsDFRTmA6GsmEIkQ5grIB98kXbkZyrY61A4IWSD_8k1bS9fgZUtJojlen8YJrNRtRIjF4HmWiBbUHigNX2qcpdLU2RcK25y0omxsn23ga0NP6PZ3ush5nlL7QfsIWvSQedPrC0mz21crlOCTvb2R4ctwiDxWtWa_7SfMG6ygM2tlfYmSJQAPaOIEpr3SzJpWRQDxtuM2DTukq020a6OEI6f5NnNsue5_iF2MFD7UslCY1s79kLZ9HQvnzpEVSpMZazVmhLm5oS4kHg4tXMattrPkFJFCr8ZTPWLH-kYB_iABSp7xan7cFKCAltvhhNsWBZtevrZcysYXo1_tnZKFNfFSb1PcP7qxkDAjPVVAJ_WhNSNwJCwBeAh-Rn9pS4XHJBm1-HT5eeaod6zN2Jo4xoK0rr86pHBS_SWvYFDu8jbHlA4YOk2_z1SqKNLpMFqMsBmvTyJlIiwK60LHtJowBepz31SOfs1_16Er6Fqb1klhQsWRW8-fI-7kqT9SNlNyXf8N3yfnsBel-DJ0p4ZKOnNPSesJDjv4mrjVmVaDWltQwEnYleO6vjTamsnxUBA0IVPXoPOvkXQSm2zTfLNrn41mn4JZ-t5dR2n3HnKtKRu92aKZeT.m86AX7F5BQepCJsniEsGMw'),(257,15,'testLiveMode','test'),(258,15,'preauthCapture','auth'),(259,15,'tokenUpdatedAt','1670316167'),(296,17,'store_id','monusq0540'),(297,17,'api_token','I62ao2mYtvQputN0c8yz'),(298,17,'account_country','US'),(299,17,'test_live_mode','test'),(300,17,'preauth_capture','auth'),(301,17,'avs_check','Y'),(364,7,'client_id','AcB6xJv4zyaFDDNyBvCVEKIhlneM2t0JnDi7SmPO8jmL6JH-26AKoUfIEHjmZhA5yhAoP2znbfUT1FXF'),(365,7,'secret','EId48Ar2v5qJXV88s6o6thyJKdEGowr11KOoGddfvw3OSSA-9RxxVD4s5QbbCwfhkA5V3_zkVTfDkm2Z'),(366,7,'test_live_mode','test'),(367,7,'preauth_capture','auth'),(368,7,'secure3d_mode','SCA_ALWAYS'),(369,7,'eci_behavior','1'),(755,1,'merchantId','giviip'),(756,1,'preauth_capture','auth'),(959,19,'ExactID','FD9855-49'),(960,19,'Password','c00R0QlpwDBIhzzE9DzPOMDMxn2niXLK'),(961,19,'keyId','687683'),(962,19,'hmacKey','jZK83qezmeFaKnl5MU~iYzg9lNBUhMo7'),(963,19,'test_live_mode','test'),(964,19,'preauth_capture','auth'),(991,5,'merchantId','rtbgcx3hjhhh2nbw'),(992,5,'merchantAccountId',''),(993,5,'publicKey','w9mkynwhfbrhqn48'),(994,5,'privateKey','7rszxw2ygk8qkc27'),(995,5,'autoSettle','N'),(996,5,'environment','sandbox'),(997,5,'eciBehavior','1'),(998,5,'force3DsChallenge','N'),(1068,31,'test_live_mode','test'),(1069,31,'preauth_capture','auth'),(1070,31,'secure3d_mode','SCA_ALWAYS'),(1071,31,'tracking_id','f6f320b6effc4f7e21641496'),(1072,31,'merchant_id','f6f320b6effc4f7e21641496'),(1073,31,'paypal_merchant_id','HSY4FM3XADWC8'),(1074,31,'eci_behavior','1'),(1075,2,'api_login_id','7A65z4M8uE92'),(1076,2,'tran_key','4PB57u4HgAq6L5fp'),(1077,2,'test_live_mode','test'),(1078,2,'preauth_capture','sale'),(1079,2,'tokenization','Y'),(1080,2,'ecc_mode','N'),(1081,3,'merchantid','dev7566996324431021585'),(1082,3,'account','internet'),(1083,3,'secret','RbunBO4ukg'),(1084,3,'rebate_password','RbunBO4ukg'),(1085,3,'test','test'),(1086,3,'preauth_capture','N'),(1087,3,'eci_behavior','2');

--
-- Table structure for table `xpay_payment_data`
--

CREATE TABLE `xpay_payment_data` (
  `payment_id` int(11) NOT NULL DEFAULT '0',
  `user_login` varchar(255) NOT NULL DEFAULT '',
  `user_ip` varchar(255) NOT NULL DEFAULT '',
  `user_agent` varchar(255) NOT NULL DEFAULT '',
  `s_firstname` varchar(255) NOT NULL DEFAULT '',
  `s_lastname` varchar(255) NOT NULL DEFAULT '',
  `s_company` varchar(255) NOT NULL DEFAULT '',
  `s_address` varchar(255) NOT NULL DEFAULT '',
  `s_city` varchar(255) NOT NULL DEFAULT '',
  `s_state` varchar(255) NOT NULL DEFAULT '',
  `s_countrycode` char(2) NOT NULL DEFAULT '',
  `s_zipcode` varchar(32) NOT NULL DEFAULT '',
  `s_zip4` varchar(32) NOT NULL DEFAULT '',
  `s_email` varchar(255) NOT NULL DEFAULT '',
  `s_phone` varchar(255) NOT NULL DEFAULT '',
  `s_fax` varchar(255) NOT NULL DEFAULT '',
  `b_firstname` varchar(255) NOT NULL DEFAULT '',
  `b_lastname` varchar(255) NOT NULL DEFAULT '',
  `b_company` varchar(255) NOT NULL DEFAULT '',
  `b_address` varchar(255) NOT NULL DEFAULT '',
  `b_city` varchar(255) NOT NULL DEFAULT '',
  `b_state` varchar(255) NOT NULL DEFAULT '',
  `b_countrycode` char(2) NOT NULL DEFAULT '',
  `b_zipcode` varchar(32) NOT NULL DEFAULT '',
  `b_zip4` varchar(32) NOT NULL DEFAULT '',
  `b_email` varchar(255) NOT NULL DEFAULT '',
  `b_phone` varchar(255) NOT NULL DEFAULT '',
  `b_fax` varchar(255) NOT NULL DEFAULT '',
  `shipping_cost` decimal(15,3) NOT NULL DEFAULT '0.000',
  `tax_cost` decimal(15,3) NOT NULL DEFAULT '0.000',
  `discount` decimal(15,3) NOT NULL DEFAULT '0.000',
  `description` text NOT NULL,
  `merchant_email` varchar(255) NOT NULL DEFAULT '',
  PRIMARY KEY (`payment_id`),
  CONSTRAINT `xpay_payment_data_ibfk_1` FOREIGN KEY (`payment_id`) REFERENCES `xpay_payments` (`payment_id`) ON DELETE CASCADE ON UPDATE CASCADE
) ENGINE=InnoDB DEFAULT CHARSET=utf8;

--
-- Dumping data for table `xpay_payment_data`
--

INSERT INTO `xpay_payment_data` (`payment_id`, `user_login`, `user_ip`, `user_agent`, `s_firstname`, `s_lastname`, `s_company`, `s_address`, `s_city`, `s_state`, `s_countrycode`, `s_zipcode`, `s_zip4`, `s_email`, `s_phone`, `s_fax`, `b_firstname`, `b_lastname`, `b_company`, `b_address`, `b_city`, `b_state`, `b_countrycode`, `b_zipcode`, `b_zip4`, `b_email`, `b_phone`, `b_fax`, `shipping_cost`, `tax_cost`, `discount`, `description`, `merchant_email`) VALUES (1,'admin@example.com (User ID #7)','','','Admin','Admin','','51 apt, 87 street','Edmond','OK','US','73003','','admin@example.com','0123456789','','Admin','Admin','','51 apt, 87 street','Edmond','OK','US','73003','','admin@example.com','0123456789','',2.830,0.000,0.000,'Payment transaction: 000006-MM1Z','admin@example.com'),(2,'admin@example.com (User ID #7)','','','Admin','Admin','','51 apt, 87 street','Edmond','OK','US','73003','','admin@example.com','0123456789','','Admin','Admin','','51 apt, 87 street','Edmond','OK','US','73003','','admin@example.com','0123456789','',2.830,0.000,0.000,'Payment transaction: 000007-6DUE','admin@example.com'),(3,'admin@example.com (User ID #7)','','','Admin','Admin','','51 apt, 87 street','Edmond','OK','US','73003','','admin@example.com','0123456789','','Admin','Admin','','51 apt, 87 street','Edmond','OK','US','73003','','admin@example.com','0123456789','',2.830,0.000,0.000,'Payment transaction: 000008-JRSP','admin@example.com'),(4,'admin@example.com (User ID #7)','','','Admin','Admin','','51 apt, 87 street','Edmond','OK','US','73003','','admin@example.com','0123456789','','Admin','Admin','','51 apt, 87 street','Edmond','OK','US','73003','','admin@example.com','0123456789','',2.830,0.000,0.000,'Payment transaction: 000009-ZX7N','admin@example.com'),(5,'admin@example.com (User ID #7)','','','Admin','Admin','','51 apt, 87 street','Edmond','OK','US','73003','','admin@example.com','0123456789','','Admin','Admin','','51 apt, 87 street','Edmond','OK','US','73003','','admin@example.com','0123456789','',2.830,0.000,0.000,'Payment transaction: 000010-PPRW','admin@example.com'),(6,'admin@example.com (User ID #7)','','','Admin','Admin','','51 apt, 87 street','Edmond','OK','US','73003','','admin@example.com','0123456789','','Admin','Admin','','51 apt, 87 street','Edmond','OK','US','73003','','admin@example.com','0123456789','',2.830,0.000,0.000,'Payment transaction: 000011-QB8A','admin@example.com'),(7,'admin@example.com (User ID #7)','','','Admin','Admin','','51 apt, 87 street','Edmond','OK','US','73003','','admin@example.com','0123456789','','Admin','Admin','','51 apt, 87 street','Edmond','OK','US','73003','','admin@example.com','0123456789','',2.830,0.000,0.000,'Payment transaction: 000012-E2QS','admin@example.com'),(8,'admin@example.com (User ID #7)','','','Admin','Admin','','51 apt, 87 street','Edmond','OK','US','73003','','admin@example.com','0123456789','','Admin','Admin','','51 apt, 87 street','Edmond','OK','US','73003','','admin@example.com','0123456789','',2.830,0.000,0.000,'Payment transaction: 000012-E2QS','admin@example.com'),(9,'admin@example.com (User ID #7)','','','Admin','Admin','','51 apt, 87 street','Edmond','OK','US','73003','','admin@example.com','0123456789','','Admin','Admin','','51 apt, 87 street','Edmond','OK','US','73003','','admin@example.com','0123456789','',2.830,0.000,0.000,'Payment transaction: 000012-E2QS','admin@example.com'),(10,'admin@example.com (User ID #7)','','','Admin','Admin','','51 apt, 87 street','Edmond','OK','US','73003','','admin@example.com','0123456789','','Admin','Admin','','51 apt, 87 street','Edmond','OK','US','73003','','admin@example.com','0123456789','',2.830,0.000,0.000,'Payment transaction: 000012-E2QS','admin@example.com'),(11,'admin@example.com (User ID #7)','','','Admin','Admin','','51 apt, 87 street','Edmond','OK','US','73003','','admin@example.com','0123456789','','Admin','Admin','','51 apt, 87 street','Edmond','OK','US','73003','','admin@example.com','0123456789','',2.830,0.000,0.000,'Payment transaction: 000013-4T84','admin@example.com'),(12,'admin@example.com (User ID #7)','','','Admin','Admin','','51 apt, 87 street','Edmond','OK','US','73003','','admin@example.com','0123456789','','Admin','Admin','','51 apt, 87 street','Edmond','OK','US','73003','','admin@example.com','0123456789','',2.830,0.000,0.000,'Payment transaction: 000014-6ZWA','admin@example.com'),(13,'admin@example.com (User ID #7)','','','Admin','Admin','','51 apt, 87 street','Edmond','OK','US','73003','','admin@example.com','0123456789','','Admin','Admin','','51 apt, 87 street','Edmond','OK','US','73003','','admin@example.com','0123456789','',2.830,0.000,0.000,'Payment transaction: 000015-F2TN','admin@example.com'),(14,'admin@example.com (User ID #7)','','','Admin','Admin','','51 apt, 87 street','Edmond','OK','US','73003','','admin@example.com','0123456789','','Admin','Admin','','51 apt, 87 street','Edmond','OK','US','73003','','admin@example.com','0123456789','',2.830,0.000,0.000,'Payment transaction: 000016-0AYY','admin@example.com'),(15,'admin@example.com (User ID #7)','','','Admin','Admin','','51 apt, 87 street','Edmond','OK','US','73003','','admin@example.com','0123456789','','Admin','Admin','','51 apt, 87 street','Edmond','OK','US','73003','','admin@example.com','0123456789','',2.830,0.000,0.000,'Payment transaction: 000017-9HU5','admin@example.com'),(16,'admin@example.com (User ID #7)','','','Admin','Admin','','51 apt, 87 street','Edmond','OK','US','73003','','admin@example.com','0123456789','','Admin','Admin','','51 apt, 87 street','Edmond','OK','US','73003','','admin@example.com','0123456789','',0.000,0.000,0.000,'','admin@example.com'),(17,'admin@example.com (User ID #7)','','','Admin','Admin','','51 apt, 87 street','Edmond','OK','US','73003','','admin@example.com','0123456789','','Admin','Admin','','51 apt, 87 street','Edmond','OK','US','73003','','admin@example.com','0123456789','',0.000,0.000,0.000,'','admin@example.com'),(18,'admin@example.com (User ID #7)','','','Admin','Admin','','51 apt, 87 street','Edmond','OK','US','73003','','admin@example.com','0123456789','','Admin','Admin','','51 apt, 87 street','Edmond','OK','US','73003','','admin@example.com','0123456789','',0.000,0.000,0.000,'','admin@example.com'),(19,'admin@example.com (User ID #7)','','','Admin','Admin','','51 apt, 87 street','Edmond','OK','US','73003','','admin@example.com','0123456789','','Admin','Admin','','51 apt, 87 street','Edmond','OK','US','73003','','admin@example.com','0123456789','',3.210,0.000,0.000,'Payment transaction: 000018-GIRZ','admin@example.com'),(20,'admin@example.com (User ID #7)','','','Admin','Admin','','51 apt, 87 street','Edmond','OK','US','73003','','admin@example.com','0123456789','','Admin','Admin','','51 apt, 87 street','Edmond','OK','US','73003','','admin@example.com','0123456789','',0.000,0.000,0.000,'','admin@example.com'),(21,'','','','','','','','','','','','','','','','','','','','','','','','','','','',0.000,0.000,0.000,'',''),(22,'','','','','','','','','','','','','','','','','','','','','','','','','','','',0.000,0.000,0.000,'',''),(23,'','','','','','','','','','','','','','','','','','','','','','','','','','','',0.000,0.000,0.000,'',''),(24,'','','','','','','','','','','','','','','','','','','','','','','','','','','',0.000,0.000,0.000,'',''),(25,'admin@example.com (User ID #7)','','','Admin','Admin','','51 apt, 87 street','Edmond','OK','US','73003','','admin@example.com','0123456789','','Admin','Admin','','51 apt, 87 street','Edmond','OK','US','73003','','admin@example.com','0123456789','',2.830,0.000,0.000,'Payment transaction: 000019-5GER','admin@example.com'),(26,'admin@example.com (User ID #7)','','','US','User','','1600 Amphitheatre Parkway1  ','Mountain View','CA','US','94043','','admin@example.com','0123456789','','Card','Holder Name','','1600 Amphitheatre Parkway  ','Mountain View','CA','US','94043','','admin@example.com','0123456789','',2.830,0.000,0.000,'Payment transaction: 000006-BBHS','admin@example.com'),(27,'admin@example.com (User ID #7)','','','US','User','','1600 Amphitheatre Parkway1  ','Mountain View','CA','US','94043','','admin@example.com','0123456789','','Card','Holder Name','','1600 Amphitheatre Parkway  ','Mountain View','CA','US','94043','','admin@example.com','0123456789','',2.830,0.000,0.000,'Payment transaction: 000007-IDIV','admin@example.com'),(28,'admin@example.com (User ID #7)','','','US','User','','1600 Amphitheatre Parkway1  ','Mountain View','CA','US','94043','','admin@example.com','0123456789','','Card','Holder Name','','1600 Amphitheatre Parkway  ','Mountain View','CA','US','94043','','admin@example.com','0123456789','',2.830,0.000,0.000,'Payment transaction: 000008-95RH','admin@example.com'),(29,'admin@example.com (User ID #7)','','','US','User','','1600 Amphitheatre Parkway1  ','Mountain View','CA','US','94043','','admin@example.com','0123456789','','Card','Holder Name','','1600 Amphitheatre Parkway  ','Mountain View','CA','US','94043','','admin@example.com','0123456789','',2.830,0.000,0.000,'Payment transaction: 000009-SSWJ','admin@example.com'),(30,'admin@example.com (User ID #7)','','','US','User','','1600 Amphitheatre Parkway1  ','Mountain View','CA','US','94043','','admin@example.com','0123456789','','Card','Holder Name','','1600 Amphitheatre Parkway  ','Mountain View','CA','US','94043','','admin@example.com','0123456789','',2.830,0.000,0.000,'Payment transaction: 000010-EDT4','admin@example.com'),(31,'admin@example.com (User ID #7)','','','US','User','','1600 Amphitheatre Parkway1  ','Mountain View','CA','US','94043','','admin@example.com','0123456789','','Card','Holder Name','','1600 Amphitheatre Parkway  ','Mountain View','CA','US','94043','','admin@example.com','0123456789','',2.830,0.000,0.000,'Payment transaction: 000011-X15A','admin@example.com'),(32,'admin@example.com (User ID #7)','','','US','User','','1600 Amphitheatre Parkway1  ','Mountain View','CA','US','94043','','admin@example.com','0123456789','','Card','Holder Name','','1600 Amphitheatre Parkway  ','Mountain View','CA','US','94043','','admin@example.com','0123456789','',2.830,0.000,0.000,'Payment transaction: 000012-JGOK','admin@example.com'),(33,'admin@example.com (User ID #7)','','','US','User','','1600 Amphitheatre Parkway1  ','Mountain View','CA','US','94043','','admin@example.com','0123456789','','Card','Holder Name','','1600 Amphitheatre Parkway  ','Mountain View','CA','US','94043','','admin@example.com','0123456789','',2.830,0.000,0.000,'Payment transaction: 000013-NRAO','admin@example.com'),(34,'admin@example.com (User ID #7)','','','US','User','','1600 Amphitheatre Parkway1  ','Mountain View','CA','US','94043','','admin@example.com','0123456789','','Card','Holder Name','','1600 Amphitheatre Parkway  ','Mountain View','CA','US','94043','','admin@example.com','0123456789','',2.830,0.000,0.000,'Payment transaction: 000014-GXTM','admin@example.com'),(35,'admin@example.com (User ID #7)','','','US','User','','1600 Amphitheatre Parkway1  ','Mountain View','CA','US','94043','','admin@example.com','0123456789','','Card','Holder Name','','1600 Amphitheatre Parkway  ','Mountain View','CA','US','94043','','admin@example.com','0123456789','',2.830,0.000,0.000,'Payment transaction: 000015-C48H','admin@example.com'),(36,'admin@example.com (User ID #7)','','','Card','Holder Name','','1600 Amphitheatre Parkway  ','Mountain View','CA','US','94043','','admin@example.com','0123456789','','Card','Holder Name','','1600 Amphitheatre Parkway  ','Mountain View','CA','US','94043','','admin@example.com','0123456789','',0.000,0.000,0.000,'','admin@example.com'),(37,'admin@example.com (User ID #7)','','','Card','Holder Name','','1600 Amphitheatre Parkway  ','Mountain View','CA','US','94043','','admin@example.com','0123456789','','Card','Holder Name','','1600 Amphitheatre Parkway  ','Mountain View','CA','US','94043','','admin@example.com','0123456789','',0.000,0.000,0.000,'','admin@example.com'),(38,'admin@example.com (User ID #7)','','','Card','Holder Name','','1600 Amphitheatre Parkway  ','Mountain View','CA','US','94043','','admin@example.com','0123456789','','Card','Holder Name','','1600 Amphitheatre Parkway  ','Mountain View','CA','US','94043','','admin@example.com','0123456789','',0.000,0.000,0.000,'','admin@example.com'),(39,'admin@example.com (User ID #7)','','','US','User','','1600 Amphitheatre Parkway1  ','Mountain View','CA','US','94043','','admin@example.com','0123456789','','Card','Holder Name','','1600 Amphitheatre Parkway  ','Mountain View','CA','US','94043','','admin@example.com','0123456789','',2.830,0.000,0.000,'Payment transaction: 000016-7UHE','admin@example.com'),(40,'admin@example.com (User ID #7)','','','Card','Holder Name','','1600 Amphitheatre Parkway  ','Mountain View','CA','US','94043','','admin@example.com','0123456789','','Card','Holder Name','','1600 Amphitheatre Parkway  ','Mountain View','CA','US','94043','','admin@example.com','0123456789','',0.000,0.000,0.000,'','admin@example.com'),(41,'admin@example.com (User ID #7)','','','US','User','','1600 Amphitheatre Parkway1  ','Mountain View','CA','US','94043','','admin@example.com','0123456789','','Card','Holder Name','','1600 Amphitheatre Parkway  ','Mountain View','CA','US','94043','','admin@example.com','0123456789','',2.830,0.000,0.000,'Payment transaction: 000017-KADV','admin@example.com'),(42,'admin@example.com (User ID #7)','','','Admin','Admin','','51 apt, 87 street','Edmond','OK','US','73003','','admin@example.com','0123456789','','Admin','Admin','','51 apt, 87 street','Edmond','OK','US','73003','','admin@example.com','0123456789','',0.000,0.000,0.000,'','admin@example.com'),(43,'admin@example.com (User ID #7)','','','Admin','Admin','','51 apt, 87 street','Edmond','OK','US','73003','','admin@example.com','0123456789','','Admin','Admin','','51 apt, 87 street','Edmond','OK','US','73003','','admin@example.com','0123456789','',2.830,0.000,0.000,'Payment transaction: 000006-ETO1','admin@example.com'),(44,'admin@example.com (User ID #7)','','','Admin','Admin','','51 apt, 87 street','Edmond','OK','US','73003','','admin@example.com','0123456789','','Admin','Admin','','51 apt, 87 street','Edmond','OK','US','73003','','admin@example.com','0123456789','',2.830,0.000,0.000,'Payment transaction: 000007-5JAG','admin@example.com'),(45,'admin@example.com (User ID #7)','','','Admin','Admin','','51 apt, 87 street','Edmond','OK','US','73003','','admin@example.com','0123456789','','Admin','Admin','','51 apt, 87 street','Edmond','OK','US','73003','','admin@example.com','0123456789','',2.830,0.000,0.000,'Payment transaction: 000008-4D6Q','admin@example.com'),(46,'admin@example.com (User ID #7)','','','Admin','Admin','','51 apt, 87 street','Edmond','OK','US','73003','','admin@example.com','0123456789','','Admin','Admin','','51 apt, 87 street','Edmond','OK','US','73003','','admin@example.com','0123456789','',2.830,0.000,0.000,'Payment transaction: 000009-S378','admin@example.com'),(47,'admin@example.com (User ID #7)','','','Admin','Admin','','51 apt, 87 street','Edmond','OK','US','73003','','admin@example.com','0123456789','','Admin','Admin','','51 apt, 87 street','Edmond','OK','US','73003','','admin@example.com','0123456789','',2.830,0.000,0.000,'Payment transaction: 000010-CMIO','admin@example.com'),(48,'admin@example.com (User ID #7)','','','Admin','Admin','','51 apt, 87 street','Edmond','OK','US','73003','','admin@example.com','0123456789','','Admin','Admin','','51 apt, 87 street','Edmond','OK','US','73003','','admin@example.com','0123456789','',2.830,0.000,0.000,'Payment transaction: 000011-5UDU','admin@example.com'),(49,'admin@example.com (User ID #7)','','','Admin','Admin','','51 apt, 87 street','Edmond','OK','US','73003','','admin@example.com','0123456789','','Admin','Admin','','51 apt, 87 street','Edmond','OK','US','73003','','admin@example.com','0123456789','',2.830,0.000,0.000,'Payment transaction: 000012-EZ6Y','admin@example.com'),(50,'admin@example.com (User ID #7)','','','Admin','Admin','','51 apt, 87 street','Edmond','OK','US','73003','','admin@example.com','0123456789','','Admin','Admin','','51 apt, 87 street','Edmond','OK','US','73003','','admin@example.com','0123456789','',2.830,0.000,0.000,'Payment transaction: 000013-EMVY','admin@example.com'),(51,'admin@example.com (User ID #15)','','','Admin','Admin','','51 apt, 87 street','Edmond','OK','US','73003','','admin@example.com','0123456789','','Admin','Admin','','51 apt, 87 street','Edmond','OK','US','73003','','admin@example.com','0123456789','',2.830,0.000,0.000,'Extra charge for order #11','admin@example.com'),(52,'admin@example.com (User ID #7)','','','Admin','Admin','','51 apt, 87 street','Edmond','OK','US','73003','','admin@example.com','0123456789','','Admin','Admin','','51 apt, 87 street','Edmond','OK','US','73003','','admin@example.com','0123456789','',2.830,0.000,0.000,'Payment transaction: 000014-FJZM','admin@example.com'),(53,'admin@example.com (User ID #7)','','','Admin','Admin','','51 apt, 87 street','Edmond','OK','US','73003','','admin@example.com','0123456789','','Admin','Admin','','51 apt, 87 street','Edmond','OK','US','73003','','admin@example.com','0123456789','',2.830,0.000,0.000,'Payment transaction: 000015-E3YQ','admin@example.com'),(54,'admin@example.com (User ID #7)','','','US','User','','1600 Amphitheatre Parkway1  ','Mountain View','CA','US','94043','','admin@example.com','0123456789','','Card','Holder Name','','1600 Amphitheatre Parkway  ','Mountain View','CA','US','94043','','admin@example.com','0123456789','',2.830,0.000,0.000,'Payment transaction: 000017-XITX','admin@example.com'),(55,'admin@example.com (User ID #7)','','','US','User','','1600 Amphitheatre Parkway1  ','Mountain View','CA','US','94043','','admin@example.com','0123456789','','Card','Holder Name','','1600 Amphitheatre Parkway  ','Mountain View','CA','US','94043','','admin@example.com','0123456789','',2.830,0.000,0.000,'Payment transaction: 000016-5YLV','admin@example.com'),(56,'admin@example.com (User ID #7)','','','US','User','','1600 Amphitheatre Parkway1  ','Mountain View','CA','US','94043','','admin@example.com','0123456789','','Card','Holder Name','','1600 Amphitheatre Parkway  ','Mountain View','CA','US','94043','','admin@example.com','0123456789','',2.830,0.000,0.000,'Payment transaction: 000018-AIP3','admin@example.com'),(57,'admin@example.com (User ID #7)','','','US','User','','1600 Amphitheatre Parkway1  ','Mountain View','CA','US','94043','','admin@example.com','0123456789','','Card','Holder Name','','1600 Amphitheatre Parkway  ','Mountain View','CA','US','94043','','admin@example.com','0123456789','',2.830,0.000,0.000,'Payment transaction: 000019-H9S9','admin@example.com'),(58,'Givi@x-cart.com (User ID #9)','','','awewe','adsdad','','asdasd','Los Angeles','CA','US','90001','','Givi@x-cart.com','','','awewe','adsdad','','asdasd','Los Angeles','CA','US','90001','','Givi@x-cart.com','','',2.830,0.000,0.000,'Payment transaction: 000007-5H1J','admin@example.com'),(59,'test@example.com (User ID #11)','','','Admin','Admin','','Test','Mountain View','CA','US','94043','','test@example.com','','','Ggg','Ggg','','Ggg Vvg','Fff','CA','US','12345','','test@example.com','','',2.830,0.000,0.000,'Payment transaction: 000009-3YEY','admin@example.com'),(60,'test@example.com (User ID #13)','','','Admin','Admin','','Test','Mountain View','CA','US','94043','','test@example.com','','','Ggg','Ggg','','Ggg Vvg','Fff','CA','US','12345','','test@example.com','','',2.830,0.000,0.000,'Payment transaction: 000008-4VU1','admin@example.com'),(61,'Testst@example.com (User ID #14)','','','Gggj','Dtyu','','Rtyh','Los Angeles','CA','US','90001','','Testst@example.com','','','Gggj','Dtyu','','Rtyh','Los Angeles','CA','US','90001','','Testst@example.com','','',12.200,0.000,0.000,'Payment transaction: 000010-8YD7','admin@example.com'),(62,'Givi@x-cart.com (User ID #9)','','','awewe','adsdad','','asdasd','Los Angeles','CA','US','90001','','Givi@x-cart.com','','','awewe','adsdad','','asdasd','Los Angeles','CA','US','90001','','Givi@x-cart.com','','',2.830,0.000,0.000,'Payment transaction: 000011-AYM9','admin@example.com'),(63,'Givi@x-cart.com (User ID #9)','','','awewe','adsdad','','asdasd','Los Angeles','CA','US','90001','','Givi@x-cart.com','','','awewe','adsdad','','asdasd','Los Angeles','CA','US','90001','','Givi@x-cart.com','','',2.830,0.000,0.000,'Payment transaction: 000012-93A7','admin@example.com'),(64,'Givi@x-cart.com (User ID #9)','','','awewe','adsdad','','asdasd','Los Angeles','CA','US','90001','','Givi@x-cart.com','','','awewe','adsdad','','asdasd','Los Angeles','CA','US','90001','','Givi@x-cart.com','','',2.830,0.000,0.000,'Payment transaction: 000013-OC7W','admin@example.com'),(65,'admin@example.com (User ID #7)','','','Admin','Admin','','51 apt, 87 street','Edmond','OK','US','73003','','admin@example.com','0123456789','','Admin','Admin','','51 apt, 87 street','Edmond','OK','US','73003','','admin@example.com','0123456789','',2.830,0.000,0.000,'Payment transaction: 000006-N8MS','admin@example.com'),(66,'admin@example.com (User ID #7)','','','Admin','Admin','','51 apt, 87 street','Edmond','OK','US','73003','','admin@example.com','0123456789','','Admin','Admin','','51 apt, 87 street','Edmond','OK','US','73003','','admin@example.com','0123456789','',2.830,0.000,0.000,'Payment transaction: 000015-FOGP','admin@example.com'),(67,'admin@example.com (User ID #7)','','','Admin','Admin','','51 apt, 87 street','Edmond','OK','US','73003','','admin@example.com','0123456789','','Admin','Admin','','51 apt, 87 street','Edmond','OK','US','73003','','admin@example.com','0123456789','',2.830,0.000,0.000,'Payment transaction: 000006-6MQA','admin@example.com'),(68,'admin@example.com (User ID #7)','','','Admin','Admin','','51 apt, 87 street','Edmond','OK','US','73003','','admin@example.com','0123456789','','Admin','Admin','','51 apt, 87 street','Edmond','OK','US','73003','','admin@example.com','0123456789','',2.830,0.000,0.000,'Payment transaction: 000007-UQWW','admin@example.com'),(69,'','','','','','','','','','','','','','','','','','','','','','','','','','','',0.000,0.000,0.000,'',''),(70,'','','','','','','','','','','','','','','','','','','','','','','','','','','',0.000,0.000,0.000,'',''),(71,'givi+3@x-cart.com (User ID #8)','','','sdfsdf','sdfsdf','','sdf','sdfsdf','NY','US','12345','','givi+3@x-cart.com','','','sdfsdf','sdfsdf','','sdf','sdfsdf','NY','US','12345','','givi+3@x-cart.com','','',2.830,0.000,0.000,'Payment transaction: 000006-ECVV','admin@example.com'),(72,'givi+3@x-cart.com (User ID #9)','','','sdfsdf','sdfsdf','','sdf','sdfsdf','NY','US','12345','','givi+3@x-cart.com','','','sdfsdf','sdfsdf','','sdf','sdfsdf','NY','US','12345','','givi+3@x-cart.com','','',2.830,0.000,0.000,'Payment transaction: 000007-5875','admin@example.com'),(73,'','','','','','','','','','','','','','','','','','','','','','','','','','','',0.000,0.000,0.000,'',''),(74,'admin@example.com (User ID #7)','','','Admin','Admin','','51 apt, 87 street','Edmond','OK','US','73003','','admin@example.com','0123456789','','Admin','Admin','','51 apt, 87 street','Edmond','OK','US','73003','','admin@example.com','0123456789','',2.830,0.000,0.000,'Payment transaction: 000009-5YFJ','admin@example.com'),(75,'admin@example.com (User ID #7)','','','Admin','Admin','','51 apt, 87 street','Edmond','OK','US','73003','','admin@example.com','0123456789','','Admin','Admin','','51 apt, 87 street','Edmond','OK','US','73003','','admin@example.com','0123456789','',3.210,0.000,0.000,'Payment transaction: 000006-01N6','admin@example.com'),(76,'admin@example.com (User ID #7)','','','Admin','Admin','','51 apt, 87 street','Edmond','OK','US','73003','','admin@example.com','0123456789','','Admin','Admin','','51 apt, 87 street','Edmond','OK','US','73003','','admin@example.com','0123456789','',3.210,0.000,0.000,'Payment transaction: 000007-N3HC','admin@example.com'),(77,'admin@example.com (User ID #7)','','','Admin','Admin','','51 apt, 87 street','Edmond','OK','US','73003','','admin@example.com','0123456789','','Admin','Admin','','51 apt, 87 street','Edmond','OK','US','73003','','admin@example.com','0123456789','',3.210,0.000,0.000,'Payment transaction: 000008-0VW8','admin@example.com'),(78,'admin@example.com (User ID #7)','','','Admin','Admin','','51 apt, 87 street','Edmond','OK','US','73003','','admin@example.com','0123456789','','Admin','Admin','','51 apt, 87 street','Edmond','OK','US','73003','','admin@example.com','0123456789','',3.210,0.000,0.000,'Payment transaction: 000009-EXWE','admin@example.com'),(79,'admin@example.com (User ID #7)','','','Admin','Admin','','51 apt, 87 street','Edmond','OK','US','73003','','admin@example.com','0123456789','','Admin','Admin','','51 apt, 87 street','Edmond','OK','US','73003','','admin@example.com','0123456789','',3.210,0.000,0.000,'Payment transaction: 000010-ZSWN','admin@example.com'),(80,'admin@example.com (User ID #7)','','','Admin','Admin','','51 apt, 87 street','Edmond','OK','US','73003','','admin@example.com','0123456789','','Admin','Admin','','51 apt, 87 street','Edmond','OK','US','73003','','admin@example.com','0123456789','',4.340,0.000,0.000,'Payment transaction: 000011-YW8U','admin@example.com'),(81,'admin@example.com (User ID #7)','','','Admin','Admin','','51 apt, 87 street','Edmond','OK','US','73003','','admin@example.com','0123456789','','Admin','Admin','','51 apt, 87 street','Edmond','OK','US','73003','','admin@example.com','0123456789','',2.830,0.000,0.000,'Payment transaction: 000006-2JDA','admin@example.com'),(82,'admin@example.com (User ID #7)','','','Admin','Admin','','51 apt, 87 street','Edmond','OK','US','73003','','admin@example.com','0123456789','','Admin','Admin','','51 apt, 87 street','Edmond','OK','US','73003','','admin@example.com','0123456789','',2.830,0.000,0.000,'Payment transaction: 000006-LH7Z','admin@example.com'),(83,'admin@example.com (User ID #7)','','','Admin','Admin','','51 apt, 87 street','Edmond','OK','US','73003','','admin@example.com','0123456789','','Admin','Admin','','51 apt, 87 street','Edmond','OK','US','73003','','admin@example.com','0123456789','',7.110,0.000,0.000,'Payment transaction: 000007-11TJ','admin@example.com'),(84,'admin@example.com (User ID #7)','','','Admin','Admin','','51 apt, 87 street','Edmond','OK','US','73003','','admin@example.com','0123456789','','Admin','Admin','','51 apt, 87 street','Edmond','OK','US','73003','','admin@example.com','0123456789','',7.500,0.000,0.000,'Payment transaction: 000008-HSLY','admin@example.com'),(85,'admin@example.com (User ID #7)','','','Admin','Admin','','51 apt, 87 street','Edmond','OK','US','73003','','admin@example.com','0123456789','','Admin','Admin','','51 apt, 87 street','Edmond','OK','US','73003','','admin@example.com','0123456789','',0.000,0.000,0.000,'','admin@example.com'),(86,'admin@example.com (User ID #11)','','','Admin','Admin','','51 apt, 87 street','Edmond','OK','US','73003','','admin@example.com','0123456789','','Admin','Admin','','51 apt, 87 street','Edmond','OK','US','73003','','admin@example.com','0123456789','',2.830,0.000,0.000,'Extra charge for order #9','admin@example.com'),(87,'admin@example.com (User ID #7)','','','Admin','Admin','','51 apt, 87 street','Edmond','OK','US','73003','','admin@example.com','0123456789','','Admin','Admin','','51 apt, 87 street','Edmond','OK','US','73003','','admin@example.com','0123456789','',2.830,0.000,0.000,'Payment transaction: 000006-JLJZ','admin@example.com'),(88,'admin@example.com (User ID #7)','','','Admin','Admin','','51 apt, 87 street','Edmond','OK','US','73003','','admin@example.com','0123456789','','Admin','Admin','','51 apt, 87 street','Edmond','OK','US','73003','','admin@example.com','0123456789','',2.830,0.000,0.000,'Payment transaction: 000007-QLRB','admin@example.com'),(89,'admin@example.com (User ID #7)','','','Admin','Admin','','51 apt, 87 street','Edmond','OK','US','73003','','admin@example.com','0123456789','','Admin','Admin','','51 apt, 87 street','Edmond','OK','US','73003','','admin@example.com','0123456789','',2.830,0.000,0.000,'Payment transaction: 000006-9OAT','admin@example.com'),(90,'admin@example.com (User ID #7)','','','Admin','Admin','','51 apt, 87 street','Edmond','OK','US','73003','','admin@example.com','0123456789','','Admin','Admin','','51 apt, 87 street','Edmond','OK','US','73003','','admin@example.com','0123456789','',0.000,0.000,0.000,'','admin@example.com'),(91,'admin@example.com (User ID #7)','','','Admin','Admin','','51 apt, 87 street','Edmond','OK','US','73003','','admin@example.com','0123456789','','Admin','Admin','','51 apt, 87 street','Edmond','OK','US','73003','','admin@example.com','0123456789','',2.830,0.000,0.000,'Payment transaction: 000007-ZOKP','admin@example.com'),(92,'','','','','','','','','','','','','','','','','','','','','','','','','','','',0.000,0.000,0.000,'',''),(93,'admin@example.com (User ID #7)','','','US','User','','1600 Amphitheatre Parkway1  ','Mountain View','CA','US','94043','','admin@example.com','0123456789','','Card','Holder Name','','1600 Amphitheatre Parkway  ','Mountain View','CA','US','94043','','admin@example.com','0123456789','',2.830,0.000,0.000,'Payment transaction: 000006-N6WR','admin@example.com'),(94,'ipgivi@gmail.com (User ID #8)','','','Australian','User','','48 Pirrama Road  ','Sydney','NSW','AU','2009','','ipgivi@gmail.com','','','Card','Holder Name','','1600 Amphitheatre Parkway  ','Mountain View','CA','US','94043','','ipgivi@gmail.com','','',5.950,0.000,0.000,'Payment transaction: 000009-GC77','admin@example.com'),(95,'admin@example.com (User ID #7)','','','Australian','User','','48 Pirrama Road  ','Sydney','NSW','AU','2009','','admin@example.com','0123456789','','Card','Holder Name','','1600 Amphitheatre Parkway  ','Mountain View','CA','US','94043','','admin@example.com','0123456789','',5.950,0.000,0.000,'Payment transaction: 000006-TEM4','admin@example.com'),(96,'admin@example.com (User ID #7)','','','Brazilian','User','','Av. Brigadeiro Faria Lima, 3477  ','São Paulo','SP','BR','04538-133','','admin@example.com','0123456789','','Card','Holder Name','','1600 Amphitheatre Parkway  ','Mountain View','CA','US','94043','','admin@example.com','0123456789','',16.880,0.000,0.000,'Payment transaction: 000007-X49G','admin@example.com'),(97,'test@example.com (User ID #8)','','','Admin','Admin','','Test','Mountain View','CA','US','94043','','test@example.com','','','Ggg','Ggg','','Ggg Vvg','Fff','CA','US','12345','','test@example.com','','',2.750,0.000,0.000,'Payment transaction: 000007-LWY3','admin@example.com'),(98,'test@example.com (User ID #13)','','','Uuiuu','Kkkkk','','Brighton, England','Mountain View','N/A','GB','94043','','test@example.com','','','Ggg','Ggg','','Ggg Vvg','Fff','CA','US','12345','','test@example.com','','',5.850,0.000,0.000,'Payment transaction: 000013-K55Z','admin@example.com'),(99,'givi@x-cart.com (User ID #15)','','','us','us','','us','us','CA','US','94043','','givi@x-cart.com','','','ttt','ttt','','ttt','ttt','N/A','RU','432067','','givi@x-cart.com','','',2.750,0.000,0.000,'Payment transaction: 000019-MZJR','admin@example.com'),(100,'admin@example.com (User ID #7)','','','Admin','Admin','','51 apt, 87 street','Edmond','OK','US','73003','','admin@example.com','0123456789','','Admin','Admin','','51 apt, 87 street','Edmond','OK','US','73003','','admin@example.com','0123456789','',2.830,0.000,0.000,'Payment transaction: 000021-0ZIM','admin@example.com'),(101,'admin@example.com (User ID #7)','','','Admin','Admin','','51 apt, 87 street','Edmond','OK','US','73003','','admin@example.com','0123456789','','Admin','Admin','','51 apt, 87 street','Edmond','OK','US','73003','','admin@example.com','0123456789','',2.830,0.000,0.000,'Payment transaction: 000022-TDBA','admin@example.com'),(102,'admin@example.com (User ID #7)','','','Admin','Admin','','51 apt, 87 street','Edmond','OK','US','73003','','admin@example.com','0123456789','','Admin','Admin','','51 apt, 87 street','Edmond','OK','US','73003','','admin@example.com','0123456789','',2.830,0.000,0.000,'Payment transaction: 000023-012R','admin@example.com'),(103,'admin@example.com (User ID #7)','','','Admin','Admin','','51 apt, 87 street','Edmond','OK','US','73003','','admin@example.com','0123456789','','Admin','Admin','','51 apt, 87 street','Edmond','OK','US','73003','','admin@example.com','0123456789','',2.830,0.000,0.000,'Payment transaction: 000024-15AJ','admin@example.com'),(104,'admin@example.com (User ID #7)','','','Admin','Admin','','51 apt, 87 street','Edmond','OK','US','73003','','admin@example.com','0123456789','','Admin','Admin','','51 apt, 87 street','Edmond','OK','US','73003','','admin@example.com','0123456789','',2.830,0.000,0.000,'Payment transaction: 000006-VFHT','admin@example.com'),(105,'givi+1@x-cart.com (User ID #8)','','','test','testivich','','ertert, retert','sdfsdfsdf','AL','US','123456','','givi+1@x-cart.com','','','test','testivich','','ertert, retert','sdfsdfsdf','AL','US','123456','','givi+1@x-cart.com','','',2.830,0.000,0.000,'Payment transaction: 000006-5ZDC','admin@example.com'),(106,'givi+1@x-cart.com (User ID #10)','','','retert','ertret','','retret','Los Angeles','CA','US','90001','','givi+1@x-cart.com','','','retert','ertret','','retret','Los Angeles','CA','US','90001','','givi+1@x-cart.com','','',14.830,0.000,0.000,'Payment transaction: 000007-7BG8','admin@example.com'),(107,'givi+1@x-cart.com (User ID #11)','','','retretret','ertertre','','ertert','Los Angeles','CA','US','90001','','givi+1@x-cart.com','','','retretret','ertertre','','ertert','Los Angeles','CA','US','90001','','givi+1@x-cart.com','','',3.800,0.000,0.000,'Payment transaction: 000008-RSFA','admin@example.com'),(108,'','','','','','','','','','','','','','','','','','','','','','','','','','','',0.000,0.000,0.000,'',''),(109,'admin@example.com (User ID #7)','','','Canadian','User','','1253 McGill College Avenue  ','Montreal','QC','CA','H3B 2Y5','','admin@example.com','0123456789','','Card','Holder Name','','1600 Amphitheatre Parkway  ','Mountain View','CA','US','94043','','admin@example.com','','',2.800,0.000,0.000,'Payment transaction: 000011-AXH4','admin@example.com'),(110,'givi+2@x-cart.com (User ID #16)','','','fsdfsdf','sdfdsf','','sdfsdf','Los Angeles','AB','CA','90001','','givi+2@x-cart.com','','','fsdfsdf','sdfdsf','','sdfsdf','Los Angeles','AB','CA','90001','','givi+2@x-cart.com','','',12.250,0.000,0.000,'Payment transaction: 000012-QJ35','admin@example.com'),(111,'givi+2@x-cart.com (User ID #16)','','','fsdfsdf','sdfdsf','','sdfsdf','Los Angeles','AB','CA','90001','','givi+2@x-cart.com','','','fsdfsdf','sdfdsf','','sdfsdf','Los Angeles','AB','CA','90001','','givi+2@x-cart.com','','',2.800,0.000,0.000,'Payment transaction: 000013-LJA9','admin@example.com'),(112,'givi+2@x-cart.com (User ID #18)','','','fsdfsdf','sdfdsf','','sdfsdf','Los Angeles','AB','CA','90001','','givi+2@x-cart.com','','','fsdfsdf','sdfdsf','','sdfsdf','Los Angeles','AB','CA','90001','','givi+2@x-cart.com','','',2.800,0.000,0.000,'Extra charge for order #11','admin@example.com'),(113,'givi+2@x-cart.com (User ID #16)','','','fsdfsdf','sdfdsf','','sdfsdf','Los Angeles','AB','CA','90001','','givi+2@x-cart.com','','','fsdfsdf','sdfdsf','','sdfsdf','Los Angeles','AB','CA','90001','','givi+2@x-cart.com','','',0.000,0.000,0.000,'','admin@example.com'),(114,'givi+2@x-cart.com (User ID #16)','','','fsdfsdf','sdfdsf','','sdfsdf','Los Angeles','AB','CA','90001','','givi+2@x-cart.com','','','fsdfsdf','sdfdsf','','sdfsdf','Los Angeles','AB','CA','90001','','givi+2@x-cart.com','','',2.800,0.000,0.000,'Payment transaction: 000015-NMVU','admin@example.com'),(115,'givi+2@x-cart.com (User ID #20)','','','fsdfsdf','sdfdsf','','sdfsdf','Los Angeles','AB','CA','90001','','givi+2@x-cart.com','','','fsdfsdf','sdfdsf','','sdfsdf','Los Angeles','AB','CA','90001','','givi+2@x-cart.com','','',2.800,0.000,0.000,'Extra charge for order #12','admin@example.com'),(116,'givi+2@x-cart.com (User ID #20)','','','fsdfsdf','sdfdsf','','sdfsdf','Los Angeles','AB','CA','90001','','givi+2@x-cart.com','','','fsdfsdf','sdfdsf','','sdfsdf','Los Angeles','AB','CA','90001','','givi+2@x-cart.com','','',2.800,0.000,0.000,'Extra charge for order #12','admin@example.com'),(117,'givi+2@x-cart.com (User ID #20)','','','fsdfsdf','sdfdsf','','sdfsdf','Los Angeles','AB','CA','90001','','givi+2@x-cart.com','','','fsdfsdf','sdfdsf','','sdfsdf','Los Angeles','AB','CA','90001','','givi+2@x-cart.com','','',2.800,0.000,0.000,'Extra charge for order #12','admin@example.com'),(118,'','','','','','','','','','','','','','','','','','','','','','','','','','','',0.000,0.000,0.000,'',''),(119,'','','','','','','','','','','','','','','','','','','','','','','','','','','',0.000,0.000,0.000,'',''),(120,'','','','','','','','','','','','','','','','','','','','','','','','','','','',0.000,0.000,0.000,'',''),(121,'','','','','','','','','','','','','','','','','','','','','','','','','','','',0.000,0.000,0.000,'',''),(122,'','','','','','','','','','','','','','','','','','','','','','','','','','','',0.000,0.000,0.000,'',''),(123,'givi+1@x-cart.com (User ID #22)','','','asdsad','sdfdsfdf','','dsfsdfdf','Los Angeles','CA','US','90001','','givi+1@x-cart.com','','','asdsad','sdfdsfdf','','dsfsdfdf','Los Angeles','CA','US','90001','','givi+1@x-cart.com','','',3.800,0.000,0.000,'Payment transaction: 000019-YDRZ','givi@x-cart.com'),(124,'givi+1@x-cart.com (User ID #23)','','','rwerer','werwere','','srwererwerer','Los Angeles','CA','US','90001','','givi+1@x-cart.com','','','rwerer','werwere','','srwererwerer','Los Angeles','CA','US','90001','','givi+1@x-cart.com','','',2.750,0.000,1.000,'Payment transaction: 000020-5FXH','givi@x-cart.com'),(125,'givi+2@x-cart.com (User ID #16)','','','Card','Holder Name','','1600 Amphitheatre Parkway  ','Mountain View','CA','US','94043','','givi+2@x-cart.com','','','Card','Holder Name','','1600 Amphitheatre Parkway  ','Mountain View','CA','US','94043','','givi+2@x-cart.com','','',0.000,0.000,0.000,'','givi@x-cart.com'),(126,'givi+2@x-cart.com (User ID #16)','','','Canadian','User','','1253 McGill College Avenue  ','Montreal','QC','CA','H3B 2Y5','','givi+2@x-cart.com','','','Card','Holder Name','','1600 Amphitheatre Parkway  ','Mountain View','CA','US','94043','','givi+2@x-cart.com','','',2.800,0.000,1.000,'Payment transaction: 000017-IZ2M','givi@x-cart.com'),(127,'givi+2@x-cart.com (User ID #16)','','','Canadian','User','','1253 McGill College Avenue  ','Montreal','QC','CA','H3B 2Y5','','givi+2@x-cart.com','','','Card','Holder Name','','1600 Amphitheatre Parkway  ','Mountain View','CA','US','94043','','givi+2@x-cart.com','','',2.800,0.000,19.990,'Payment transaction: 000023-SXU2','givi@x-cart.com'),(128,'givi+2@x-cart.com (User ID #16)','','','Canadian','User','','1253 McGill College Avenue  ','Montreal','QC','CA','H3B 2Y5','','givi+2@x-cart.com','','','Card','Holder Name','','1600 Amphitheatre Parkway  ','Mountain View','CA','US','94043','','givi+2@x-cart.com','','',2.800,0.000,0.000,'Payment transaction: 000024-YXJX','givi@x-cart.com'),(129,'givi+2@x-cart.com (User ID #16)','','','Canadian','User','','1253 McGill College Avenue  ','Montreal','QC','CA','H3B 2Y5','','givi+2@x-cart.com','','','Card','Holder Name','','1600 Amphitheatre Parkway  ','Mountain View','CA','US','94043','','givi+2@x-cart.com','','',2.800,0.000,19.990,'Payment transaction: 000025-U3HV','givi@x-cart.com'),(130,'givi+2@x-cart.com (User ID #16)','','','Canadian','User','','1253 McGill College Avenue  ','Montreal','QC','CA','H3B 2Y5','','givi+2@x-cart.com','','','Card','Holder Name','','1600 Amphitheatre Parkway  ','Mountain View','CA','US','94043','','givi+2@x-cart.com','','',15.250,0.000,42.500,'Payment transaction: 000026-AO1H','givi@x-cart.com'),(131,'customer@example.com','','','John','Young','','John Young pkwy 458','Orlando','FL','US','32824','','customer@example.com','+1 (800) 555-5555','','John','Young','','John Young pkwy 458','Orlando','FL','US','32824','','customer@example.com','+1 (800) 555-5555','',0.000,0.000,0.000,'Order #844521','admin@example.com'),(132,'customer@example.com','','','John','Young','','John Young pkwy 458','Orlando','FL','US','32824','','customer@example.com','+1 (800) 555-5555','','John','Young','','John Young pkwy 458','Orlando','FL','US','32824','','customer@example.com','+1 (800) 555-5555','',0.000,0.000,0.000,'Order #844522','admin@example.com'),(133,'customer@example.com','','','John','Young','','John Young pkwy 458','Orlando','FL','US','32824','','customer@example.com','+1 (800) 555-5555','','John','Young','','John Young pkwy 458','Orlando','FL','US','32824','','customer@example.com','+1 (800) 555-5555','',0.000,0.000,0.000,'Order #844523','admin@example.com'),(134,'customer@example.com','','','John','Young','','John Young pkwy 458','Orlando','FL','US','32824','','customer@example.com','+1 (800) 555-5555','','John','Young','','John Young pkwy 458','Orlando','FL','US','32824','','customer@example.com','+1 (800) 555-5555','',0.000,0.000,0.000,'Order #844524','admin@example.com'),(135,'customer@example.com','','','John','Young','','John Young pkwy 458','Orlando','FL','US','32824','','customer@example.com','+1 (800) 555-5555','','John','Young','','John Young pkwy 458','Orlando','FL','US','32824','','customer@example.com','+1 (800) 555-5555','',0.000,0.000,0.000,'Order #844525','admin@example.com'),(136,'customer@example.com','','','John','Young','','John Young pkwy 458','Orlando','FL','US','32824','','customer@example.com','+1 (800) 555-5555','','John','Young','','John Young pkwy 458','Orlando','FL','US','32824','','customer@example.com','+1 (800) 555-5555','',0.000,0.000,0.000,'Order #844526','admin@example.com'),(137,'customer@example.com','','','John','Young','','John Young pkwy 458','Orlando','FL','US','32824','','customer@example.com','+1 (800) 555-5555','','John','Young','','John Young pkwy 458','Orlando','FL','US','32824','','customer@example.com','+1 (800) 555-5555','',0.000,0.000,0.000,'Order #844527','admin@example.com'),(138,'customer@example.com','','','John','Young','','John Young pkwy 458','Orlando','FL','US','32824','','customer@example.com','+1 (800) 555-5555','','John','Young','','John Young pkwy 458','Orlando','FL','US','32824','','customer@example.com','+1 (800) 555-5555','',0.000,0.000,0.000,'Order #844528','admin@example.com'),(139,'customer@example.com','','','John','Young','','John Young pkwy 458','Orlando','FL','US','32824','','customer@example.com','+1 (800) 555-5555','','John','Young','','John Young pkwy 458','Orlando','FL','US','32824','','customer@example.com','+1 (800) 555-5555','',0.000,0.000,0.000,'Order #844529','admin@example.com'),(140,'customer@example.com','','','John','Young','','John Young pkwy 458','Orlando','FL','US','32824','','customer@example.com','+1 (800) 555-5555','','John','Young','','John Young pkwy 458','Orlando','FL','US','32824','','customer@example.com','+1 (800) 555-5555','',0.000,0.000,0.000,'Order #844530','admin@example.com'),(141,'customer@example.com','','','John','Young','','John Young pkwy 458','Orlando','FL','US','32824','','customer@example.com','+1 (800) 555-5555','','John','Young','','John Young pkwy 458','Orlando','FL','US','32824','','customer@example.com','+1 (800) 555-5555','',0.000,0.000,0.000,'Order #844531','admin@example.com'),(142,'customer@example.com','','','John','Young','','John Young pkwy 458','Orlando','FL','US','32824','','customer@example.com','+1 (800) 555-5555','','John','Young','','John Young pkwy 458','Orlando','FL','US','32824','','customer@example.com','+1 (800) 555-5555','',0.000,0.000,0.000,'Order #844532','admin@example.com'),(143,'customer@example.com','','','John','Young','','John Young pkwy 458','Orlando','FL','US','32824','','customer@example.com','+1 (800) 555-5555','','John','Young','','John Young pkwy 458','Orlando','FL','US','32824','','customer@example.com','+1 (800) 555-5555','',0.000,0.000,0.000,'Order #844533','admin@example.com'),(144,'customer@example.com','','','John','Young','','John Young pkwy 458','Orlando','FL','US','32824','','customer@example.com','+1 (800) 555-5555','','John','Young','','John Young pkwy 458','Orlando','FL','US','32824','','customer@example.com','+1 (800) 555-5555','',0.000,0.000,0.000,'Order #844534','admin@example.com'),(145,'customer@example.com','','','John','Young','','John Young pkwy 458','Orlando','FL','US','32824','','customer@example.com','+1 (800) 555-5555','','John','Young','','John Young pkwy 458','Orlando','FL','US','32824','','customer@example.com','+1 (800) 555-5555','',0.000,0.000,0.000,'Order #844535','admin@example.com'),(146,'customer@example.com','','','John','Young','','John Young pkwy 458','Orlando','FL','US','32824','','customer@example.com','+1 (800) 555-5555','','John','Young','','John Young pkwy 458','Orlando','FL','US','32824','','customer@example.com','+1 (800) 555-5555','',0.000,0.000,0.000,'Order #844536','admin@example.com'),(147,'customer@example.com','','','John','Young','','John Young pkwy 458','Orlando','FL','US','32824','','customer@example.com','+1 (800) 555-5555','','John','Young','','John Young pkwy 458','Orlando','FL','US','32824','','customer@example.com','+1 (800) 555-5555','',0.000,0.000,0.000,'Order #844795','admin@example.com'),(148,'customer@example.com','','','John','Young','','John Young pkwy 458','Orlando','FL','US','32824','','customer@example.com','+1 (800) 555-5555','','John','Young','','John Young pkwy 458','Orlando','FL','US','32824','','customer@example.com','+1 (800) 555-5555','',0.000,0.000,0.000,'Order #844796','admin@example.com'),(149,'customer@example.com','','','John','Young','','John Young pkwy 458','Orlando','FL','US','32824','','customer@example.com','+1 (800) 555-5555','','John','Young','','John Young pkwy 458','Orlando','FL','US','32824','','customer@example.com','+1 (800) 555-5555','',0.000,0.000,0.000,'Order #844797','admin@example.com'),(150,'customer@example.com','','','John','Young','','John Young pkwy 458','Orlando','FL','US','32824','','customer@example.com','+1 (800) 555-5555','','John','Young','','John Young pkwy 458','Orlando','FL','US','32824','','customer@example.com','+1 (800) 555-5555','',0.000,0.000,0.000,'Order #844798','admin@example.com'),(151,'customer@example.com','','','John','Young','','John Young pkwy 458','Orlando','FL','US','32824','','customer@example.com','+1 (800) 555-5555','','John','Young','','John Young pkwy 458','Orlando','FL','US','32824','','customer@example.com','+1 (800) 555-5555','',0.000,0.000,0.000,'Order #844799','admin@example.com'),(152,'customer@example.com','','','John','Young','','John Young pkwy 458','Orlando','FL','US','32824','','customer@example.com','+1 (800) 555-5555','','John','Young','','John Young pkwy 458','Orlando','FL','US','32824','','customer@example.com','+1 (800) 555-5555','',0.000,0.000,0.000,'Order #844800','admin@example.com'),(153,'customer@example.com','','','John','Young','','John Young pkwy 458','Orlando','FL','US','32824','','customer@example.com','+1 (800) 555-5555','','John','Young','','John Young pkwy 458','Orlando','FL','US','32824','','customer@example.com','+1 (800) 555-5555','',0.000,0.000,0.000,'Order #844801','admin@example.com'),(154,'customer@example.com','','','John','Young','','John Young pkwy 458','Orlando','FL','US','32824','','customer@example.com','+1 (800) 555-5555','','John','Young','','John Young pkwy 458','Orlando','FL','US','32824','','customer@example.com','+1 (800) 555-5555','',0.000,0.000,0.000,'Order #844802','admin@example.com'),(155,'customer@example.com','','','John','Young','','John Young pkwy 458','Orlando','FL','US','32824','','customer@example.com','+1 (800) 555-5555','','John','Young','','John Young pkwy 458','Orlando','FL','US','32824','','customer@example.com','+1 (800) 555-5555','',0.000,0.000,0.000,'Order #844803','admin@example.com'),(156,'customer@example.com','','','John','Young','','John Young pkwy 458','Orlando','FL','US','32824','','customer@example.com','+1 (800) 555-5555','','John','Young','','John Young pkwy 458','Orlando','FL','US','32824','','customer@example.com','+1 (800) 555-5555','',0.000,0.000,0.000,'Order #844804','admin@example.com'),(157,'customer@example.com','','','John','Young','','John Young pkwy 458','Orlando','FL','US','32824','','customer@example.com','+1 (800) 555-5555','','John','Young','','John Young pkwy 458','Orlando','FL','US','32824','','customer@example.com','+1 (800) 555-5555','',0.000,0.000,0.000,'Order #844805','admin@example.com'),(158,'customer@example.com','','','John','Young','','John Young pkwy 458','Orlando','FL','US','32824','','customer@example.com','+1 (800) 555-5555','','John','Young','','John Young pkwy 458','Orlando','FL','US','32824','','customer@example.com','+1 (800) 555-5555','',0.000,0.000,0.000,'Order #844806','admin@example.com'),(159,'customer@example.com','','','John','Young','','John Young pkwy 458','Orlando','FL','US','32824','','customer@example.com','+1 (800) 555-5555','','John','Young','','John Young pkwy 458','Orlando','FL','US','32824','','customer@example.com','+1 (800) 555-5555','',0.000,0.000,0.000,'Order #844807','admin@example.com'),(160,'customer@example.com','','','John','Young','','John Young pkwy 458','Orlando','FL','US','32824','','customer@example.com','+1 (800) 555-5555','','John','Young','','John Young pkwy 458','Orlando','FL','US','32824','','customer@example.com','+1 (800) 555-5555','',0.000,0.000,0.000,'Order #844808','admin@example.com'),(161,'customer@example.com','','','John','Young','','John Young pkwy 458','Orlando','FL','US','32824','','customer@example.com','+1 (800) 555-5555','','John','Young','','John Young pkwy 458','Orlando','FL','US','32824','','customer@example.com','+1 (800) 555-5555','',0.000,0.000,0.000,'Order #844809','admin@example.com'),(162,'customer@example.com','','','John','Young','','John Young pkwy 458','Orlando','FL','US','32824','','customer@example.com','+1 (800) 555-5555','','John','Young','','John Young pkwy 458','Orlando','FL','US','32824','','customer@example.com','+1 (800) 555-5555','',0.000,0.000,0.000,'Order #844810','admin@example.com'),(163,'customer@example.com','','','John','Young','','John Young pkwy 458','Orlando','FL','US','32824','','customer@example.com','+1 (800) 555-5555','','John','Young','','John Young pkwy 458','Orlando','FL','US','32824','','customer@example.com','+1 (800) 555-5555','',0.000,0.000,0.000,'Order #844811','admin@example.com'),(164,'customer@example.com','','','John','Young','','John Young pkwy 458','Orlando','FL','US','32824','','customer@example.com','+1 (800) 555-5555','','John','Young','','John Young pkwy 458','Orlando','FL','US','32824','','customer@example.com','+1 (800) 555-5555','',0.000,0.000,0.000,'Order #844812','admin@example.com'),(165,'customer@example.com','','','John','Young','','John Young pkwy 458','Orlando','FL','US','32824','','customer@example.com','+1 (800) 555-5555','','John','Young','','John Young pkwy 458','Orlando','FL','US','32824','','customer@example.com','+1 (800) 555-5555','',0.000,0.000,0.000,'Order #844813','admin@example.com'),(166,'customer@example.com','','','John','Young','','John Young pkwy 458','Orlando','FL','US','32824','','customer@example.com','+1 (800) 555-5555','','John','Young','','John Young pkwy 458','Orlando','FL','US','32824','','customer@example.com','+1 (800) 555-5555','',0.000,0.000,0.000,'Order #844814','admin@example.com'),(167,'customer@example.com','','','John','Young','','John Young pkwy 458','Orlando','FL','US','32824','','customer@example.com','+1 (800) 555-5555','','John','Young','','John Young pkwy 458','Orlando','FL','US','32824','','customer@example.com','+1 (800) 555-5555','',0.000,0.000,0.000,'Order #900911','admin@example.com'),(168,'customer@example.com','','','John','Young','','John Young pkwy 458','Orlando','FL','US','32824','','customer@example.com','+1 (800) 555-5555','','John','Young','','John Young pkwy 458','Orlando','FL','US','32824','','customer@example.com','+1 (800) 555-5555','',0.000,0.000,0.000,'Order #900912','admin@example.com'),(169,'customer@example.com','','','John','Young','','John Young pkwy 458','Orlando','FL','US','32824','','customer@example.com','+1 (800) 555-5555','','John','Young','','John Young pkwy 458','Orlando','FL','US','32824','','customer@example.com','+1 (800) 555-5555','',0.000,0.000,0.000,'Order #900913','admin@example.com'),(170,'customer@example.com','','','John','Young','','John Young pkwy 458','Orlando','FL','US','32824','','customer@example.com','+1 (800) 555-5555','','John','Young','','John Young pkwy 458','Orlando','FL','US','32824','','customer@example.com','+1 (800) 555-5555','',0.000,0.000,0.000,'Order #900914','admin@example.com'),(171,'customer@example.com','','','John','Young','','John Young pkwy 458','Orlando','FL','US','32824','','customer@example.com','+1 (800) 555-5555','','John','Young','','John Young pkwy 458','Orlando','FL','US','32824','','customer@example.com','+1 (800) 555-5555','',0.000,0.000,0.000,'Order #900915','admin@example.com'),(172,'customer@example.com','','','John','Young','','John Young pkwy 458','Orlando','FL','US','32824','','customer@example.com','+1 (800) 555-5555','','John','Young','','John Young pkwy 458','Orlando','FL','US','32824','','customer@example.com','+1 (800) 555-5555','',0.000,0.000,0.000,'Order #900916','admin@example.com'),(173,'customer@example.com','','','John','Young','','John Young pkwy 458','Orlando','FL','US','32824','','customer@example.com','+1 (800) 555-5555','','John','Young','','John Young pkwy 458','Orlando','FL','US','32824','','customer@example.com','+1 (800) 555-5555','',0.000,0.000,0.000,'Order #900917','admin@example.com'),(174,'customer@example.com','','','John','Young','','John Young pkwy 458','Orlando','FL','US','32824','','customer@example.com','+1 (800) 555-5555','','John','Young','','John Young pkwy 458','Orlando','FL','US','32824','','customer@example.com','+1 (800) 555-5555','',0.000,0.000,0.000,'Order #900918','admin@example.com'),(175,'customer@example.com','','','John','Young','','John Young pkwy 458','Orlando','FL','US','32824','','customer@example.com','+1 (800) 555-5555','','John','Young','','John Young pkwy 458','Orlando','FL','US','32824','','customer@example.com','+1 (800) 555-5555','',0.000,0.000,0.000,'Order #900919','admin@example.com'),(176,'customer@example.com','','','John','Young','','John Young pkwy 458','Orlando','FL','US','32824','','customer@example.com','+1 (800) 555-5555','','John','Young','','John Young pkwy 458','Orlando','FL','US','32824','','customer@example.com','+1 (800) 555-5555','',0.000,0.000,0.000,'Order #900920','admin@example.com'),(177,'customer@example.com','','','John','Young','','John Young pkwy 458','Orlando','FL','US','32824','','customer@example.com','+1 (800) 555-5555','','John','Young','','John Young pkwy 458','Orlando','FL','US','32824','','customer@example.com','+1 (800) 555-5555','',0.000,0.000,0.000,'Order #900921','admin@example.com'),(178,'customer@example.com','','','John','Young','','John Young pkwy 458','Orlando','FL','US','32824','','customer@example.com','+1 (800) 555-5555','','John','Young','','John Young pkwy 458','Orlando','FL','US','32824','','customer@example.com','+1 (800) 555-5555','',0.000,0.000,0.000,'Order #900922','admin@example.com'),(179,'customer@example.com','','','John','Young','','John Young pkwy 458','Orlando','FL','US','32824','','customer@example.com','+1 (800) 555-5555','','John','Young','','John Young pkwy 458','Orlando','FL','US','32824','','customer@example.com','+1 (800) 555-5555','',0.000,0.000,0.000,'Order #900923','admin@example.com'),(180,'customer@example.com','','','John','Young','','John Young pkwy 458','Orlando','FL','US','32824','','customer@example.com','+1 (800) 555-5555','','John','Young','','John Young pkwy 458','Orlando','FL','US','32824','','customer@example.com','+1 (800) 555-5555','',0.000,0.000,0.000,'Order #900924','admin@example.com'),(181,'customer@example.com','','','John','Young','','John Young pkwy 458','Orlando','FL','US','32824','','customer@example.com','+1 (800) 555-5555','','John','Young','','John Young pkwy 458','Orlando','FL','US','32824','','customer@example.com','+1 (800) 555-5555','',0.000,0.000,0.000,'Order #900925','admin@example.com'),(182,'customer@example.com','','','John','Young','','John Young pkwy 458','Orlando','FL','US','32824','','customer@example.com','+1 (800) 555-5555','','John','Young','','John Young pkwy 458','Orlando','FL','US','32824','','customer@example.com','+1 (800) 555-5555','',0.000,0.000,0.000,'Order #900926','admin@example.com'),(183,'customer@example.com','','','John','Young','','John Young pkwy 458','Orlando','FL','US','32824','','customer@example.com','+1 (800) 555-5555','','John','Young','','John Young pkwy 458','Orlando','FL','US','32824','','customer@example.com','+1 (800) 555-5555','',0.000,0.000,0.000,'Order #900927','admin@example.com'),(184,'customer@example.com','','','John','Young','','John Young pkwy 458','Orlando','FL','US','32824','','customer@example.com','+1 (800) 555-5555','','John','Young','','John Young pkwy 458','Orlando','FL','US','32824','','customer@example.com','+1 (800) 555-5555','',0.000,0.000,0.000,'Order #900928','admin@example.com'),(185,'customer@example.com','','','John','Young','','John Young pkwy 458','Orlando','FL','US','32824','','customer@example.com','+1 (800) 555-5555','','John','Young','','John Young pkwy 458','Orlando','FL','US','32824','','customer@example.com','+1 (800) 555-5555','',0.000,0.000,0.000,'Order #900929','admin@example.com'),(186,'customer@example.com','','','John','Young','','John Young pkwy 458','Orlando','FL','US','32824','','customer@example.com','+1 (800) 555-5555','','John','Young','','John Young pkwy 458','Orlando','FL','US','32824','','customer@example.com','+1 (800) 555-5555','',0.000,0.000,0.000,'Order #900930','admin@example.com'),(187,'customer@example.com','','','John','Young','','John Young pkwy 458','Orlando','FL','US','32824','','customer@example.com','+1 (800) 555-5555','','John','Young','','John Young pkwy 458','Orlando','FL','US','32824','','customer@example.com','+1 (800) 555-5555','',0.000,0.000,0.000,'Order #900931','admin@example.com'),(188,'customer@example.com','','','John','Young','','John Young pkwy 458','Orlando','FL','US','32824','','customer@example.com','+1 (800) 555-5555','','John','Young','','John Young pkwy 458','Orlando','FL','US','32824','','customer@example.com','+1 (800) 555-5555','',0.000,0.000,0.000,'Order #900932','admin@example.com'),(189,'customer@example.com','','','John','Young','','John Young pkwy 458','Orlando','FL','US','32824','','customer@example.com','+1 (800) 555-5555','','John','Young','','John Young pkwy 458','Orlando','FL','US','32824','','customer@example.com','+1 (800) 555-5555','',0.000,0.000,0.000,'Order #900933','admin@example.com'),(190,'customer@example.com','','','John','Young','','John Young pkwy 458','Orlando','FL','US','32824','','customer@example.com','+1 (800) 555-5555','','John','Young','','John Young pkwy 458','Orlando','FL','US','32824','','customer@example.com','+1 (800) 555-5555','',0.000,0.000,0.000,'Order #900934','admin@example.com'),(191,'customer@example.com','','','John','Young','','John Young pkwy 458','Orlando','FL','US','32824','','customer@example.com','+1 (800) 555-5555','','John','Young','','John Young pkwy 458','Orlando','FL','US','32824','','customer@example.com','+1 (800) 555-5555','',0.000,0.000,0.000,'Order #900935','admin@example.com'),(192,'admin@example.com (User ID #7)','','','Admin','Admin','','51 apt, 87 street','Edmond','OK','US','73003','','admin@example.com','0123456789','','Admin','Admin','','51 apt, 87 street','Edmond','OK','US','73003','','admin@example.com','0123456789','',2.830,0.000,0.000,'Payment transaction: 000008-EJR7','admin@example.com'),(193,'admin@example.com (User ID #7)','','','Admin','Admin','','51 apt, 87 street','Edmond','OK','US','73003','','admin@example.com','0123456789','','Admin','Admin','','51 apt, 87 street','Edmond','OK','US','73003','','admin@example.com','0123456789','',0.000,0.000,0.000,'Payment transaction: 000010-RW2G','admin@example.com'),(194,'joss@x-payments.com (User ID #12)','','','John','Young','','111','Los Angeles','CA','US','90001','','joss@x-payments.com','11111','','John','Young','','111','Los Angeles','CA','US','90001','','joss@x-payments.com','11111','',0.000,0.000,0.000,'Payment transaction: 000012-DOAS','admin@example.com'),(195,'admin@example.com (User ID #7)','','','Admin','Admin','','51 apt, 87 street','Edmond','OK','US','73003','','admin@example.com','0123456789','','Admin','Admin','','51 apt, 87 street','Edmond','OK','US','73003','','admin@example.com','0123456789','',0.000,0.000,0.000,'Payment transaction: 000011-MEXO','admin@example.com'),(196,'admin@example.com (User ID #8)','','','Admin','Admin','','51 apt, 87 street','Edmond','OK','US','73003','','admin@example.com','0123456789','','Admin','Admin','','51 apt, 87 street','Edmond','OK','US','73003','','admin@example.com','0123456789','',0.000,0.000,0.000,'Order #6','admin@example.com'),(197,'admin@example.com (User ID #9)','','','Admin','Admin','','51 apt, 87 street','Edmond','OK','US','73003','','admin@example.com','0123456789','','Admin','Admin','','51 apt, 87 street','Edmond','OK','US','73003','','admin@example.com','0123456789','',0.000,0.000,0.000,'Order #7','admin@example.com'),(198,'admin@example.com (User ID #10)','','','Admin','Admin','','51 apt, 87 street','Edmond','OK','US','73003','','admin@example.com','0123456789','','Admin','Admin','','51 apt, 87 street','Edmond','OK','US','73003','','admin@example.com','0123456789','',0.000,0.000,0.000,'Order #8','admin@example.com'),(199,'admin@example.com (User ID #11)','','','Admin','Admin','','51 apt, 87 street','Edmond','OK','US','73003','','admin@example.com','0123456789','','Admin','Admin','','51 apt, 87 street','Edmond','OK','US','73003','','admin@example.com','0123456789','',0.000,0.000,0.000,'Order #9','admin@example.com'),(200,'admin@example.com (User ID #12)','','','Admin','Admin','','51 apt, 87 street','Edmond','OK','US','73003','','admin@example.com','0123456789','','Admin','Admin','','51 apt, 87 street','Edmond','OK','US','73003','','admin@example.com','0123456789','',0.000,0.000,0.000,'Order #10','admin@example.com'),(201,'admin@example.com (User ID #13)','','','Admin','Admin','','51 apt, 87 street','Edmond','OK','US','73003','','admin@example.com','0123456789','','Admin','Admin','','51 apt, 87 street','Edmond','OK','US','73003','','admin@example.com','0123456789','',0.000,0.000,0.000,'Order #11','admin@example.com'),(202,'admin@example.com (User ID #14)','','','Admin','Admin','','51 apt, 87 street','Edmond','OK','US','73003','','admin@example.com','0123456789','','Admin','Admin','','51 apt, 87 street','Edmond','OK','US','73003','','admin@example.com','0123456789','',0.000,0.000,0.000,'Order #12','admin@example.com'),(203,'admin@example.com (User ID #15)','','','Admin','Admin','','51 apt, 87 street','Edmond','OK','US','73003','','admin@example.com','0123456789','','Admin','Admin','','51 apt, 87 street','Edmond','OK','US','73003','','admin@example.com','0123456789','',0.000,0.000,0.000,'Order #13','admin@example.com'),(204,'admin@example.com (User ID #16)','','','Admin','Admin','','51 apt, 87 street','Edmond','OK','US','73003','','admin@example.com','0123456789','','Admin','Admin','','51 apt, 87 street','Edmond','OK','US','73003','','admin@example.com','0123456789','',0.000,0.000,0.000,'Order #14','admin@example.com'),(205,'admin@example.com (User ID #17)','','','Admin','Admin','','51 apt, 87 street','Edmond','OK','US','73003','','admin@example.com','0123456789','','Admin','Admin','','51 apt, 87 street','Edmond','OK','US','73003','','admin@example.com','0123456789','',0.000,0.000,0.000,'Order #15','admin@example.com'),(206,'admin@example.com (User ID #18)','','','Admin','Admin','','51 apt, 87 street','Edmond','OK','US','73003','','admin@example.com','0123456789','','Admin','Admin','','51 apt, 87 street','Edmond','OK','US','73003','','admin@example.com','0123456789','',0.000,0.000,0.000,'Order #16','admin@example.com'),(207,'admin@example.com (User ID #19)','','','Admin','Admin','','51 apt, 87 street','Edmond','OK','US','73003','','admin@example.com','0123456789','','Admin','Admin','','51 apt, 87 street','Edmond','OK','US','73003','','admin@example.com','0123456789','',0.000,0.000,0.000,'Order #17','admin@example.com'),(208,'admin@example.com (User ID #20)','','','Admin','Admin','','51 apt, 87 street','Edmond','OK','US','73003','','admin@example.com','0123456789','','Admin','Admin','','51 apt, 87 street','Edmond','OK','US','73003','','admin@example.com','0123456789','',0.000,0.000,0.000,'Order #18','admin@example.com'),(209,'admin@example.com (User ID #21)','','','Admin','Admin','','51 apt, 87 street','Edmond','OK','US','73003','','admin@example.com','0123456789','','Admin','Admin','','51 apt, 87 street','Edmond','OK','US','73003','','admin@example.com','0123456789','',0.000,0.000,0.000,'Order #19','admin@example.com'),(210,'admin@example.com (User ID #22)','','','Admin','Admin','','51 apt, 87 street','Edmond','OK','US','73003','','admin@example.com','0123456789','','Admin','Admin','','51 apt, 87 street','Edmond','OK','US','73003','','admin@example.com','0123456789','',0.000,0.000,0.000,'Order #20','admin@example.com'),(211,'admin@example.com (User ID #23)','','','Admin','Admin','','51 apt, 87 street','Edmond','OK','US','73003','','admin@example.com','0123456789','','Admin','Admin','','51 apt, 87 street','Edmond','OK','US','73003','','admin@example.com','0123456789','',0.000,0.000,0.000,'Order #21','admin@example.com'),(212,'admin@example.com (User ID #24)','','','Admin','Admin','','51 apt, 87 street','Edmond','OK','US','73003','','admin@example.com','0123456789','','Admin','Admin','','51 apt, 87 street','Edmond','OK','US','73003','','admin@example.com','0123456789','',0.000,0.000,0.000,'Order #22','admin@example.com'),(213,'admin@example.com (User ID #25)','','','Admin','Admin','','51 apt, 87 street','Edmond','OK','US','73003','','admin@example.com','0123456789','','Admin','Admin','','51 apt, 87 street','Edmond','OK','US','73003','','admin@example.com','0123456789','',0.000,0.000,0.000,'Order #23','admin@example.com'),(214,'admin@example.com (User ID #26)','','','Admin','Admin','','51 apt, 87 street','Edmond','OK','US','73003','','admin@example.com','0123456789','','Admin','Admin','','51 apt, 87 street','Edmond','OK','US','73003','','admin@example.com','0123456789','',0.000,0.000,0.000,'Order #24','admin@example.com'),(215,'admin@example.com (User ID #27)','','','Admin','Admin','','51 apt, 87 street','Edmond','OK','US','73003','','admin@example.com','0123456789','','Admin','Admin','','51 apt, 87 street','Edmond','OK','US','73003','','admin@example.com','0123456789','',0.000,0.000,0.000,'Order #25','admin@example.com'),(216,'admin@example.com (User ID #28)','','','Admin','Admin','','51 apt, 87 street','Edmond','OK','US','73003','','admin@example.com','0123456789','','Admin','Admin','','51 apt, 87 street','Edmond','OK','US','73003','','admin@example.com','0123456789','',0.000,0.000,0.000,'Order #26','admin@example.com'),(217,'admin@example.com (User ID #29)','','','Admin','Admin','','51 apt, 87 street','Edmond','OK','US','73003','','admin@example.com','0123456789','','Admin','Admin','','51 apt, 87 street','Edmond','OK','US','73003','','admin@example.com','0123456789','',0.000,0.000,0.000,'Order #27','admin@example.com'),(218,'admin@example.com (User ID #30)','','','Admin','Admin','','51 apt, 87 street','Edmond','OK','US','73003','','admin@example.com','0123456789','','Admin','Admin','','51 apt, 87 street','Edmond','OK','US','73003','','admin@example.com','0123456789','',0.000,0.000,0.000,'Order #28','admin@example.com'),(219,'admin@example.com (User ID #31)','','','Admin','Admin','','51 apt, 87 street','Edmond','OK','US','73003','','admin@example.com','0123456789','','Admin','Admin','','51 apt, 87 street','Edmond','OK','US','73003','','admin@example.com','0123456789','',0.000,0.000,0.000,'Order #29','admin@example.com'),(220,'admin@example.com (User ID #32)','','','Admin','Admin','','51 apt, 87 street','Edmond','OK','US','73003','','admin@example.com','0123456789','','Admin','Admin','','51 apt, 87 street','Edmond','OK','US','73003','','admin@example.com','0123456789','',0.000,0.000,0.000,'Order #30','admin@example.com'),(221,'admin@example.com (User ID #33)','','','Admin','Admin','','51 apt, 87 street','Edmond','OK','US','73003','','admin@example.com','0123456789','','Admin','Admin','','51 apt, 87 street','Edmond','OK','US','73003','','admin@example.com','0123456789','',0.000,0.000,0.000,'Order #31','admin@example.com'),(222,'admin@example.com (User ID #34)','','','Admin','Admin','','51 apt, 87 street','Edmond','OK','US','73003','','admin@example.com','0123456789','','Admin','Admin','','51 apt, 87 street','Edmond','OK','US','73003','','admin@example.com','0123456789','',0.000,0.000,0.000,'Order #32','admin@example.com'),(223,'admin@example.com (User ID #35)','','','Admin','Admin','','51 apt, 87 street','Edmond','OK','US','73003','','admin@example.com','0123456789','','Admin','Admin','','51 apt, 87 street','Edmond','OK','US','73003','','admin@example.com','0123456789','',0.000,0.000,0.000,'Order #33','admin@example.com'),(224,'admin@example.com (User ID #36)','','','Admin','Admin','','51 apt, 87 street','Edmond','OK','US','73003','','admin@example.com','0123456789','','Admin','Admin','','51 apt, 87 street','Edmond','OK','US','73003','','admin@example.com','0123456789','',0.000,0.000,0.000,'Order #34','admin@example.com'),(225,'admin@example.com (User ID #37)','','','Admin','Admin','','51 apt, 87 street','Edmond','OK','US','73003','','admin@example.com','0123456789','','Admin','Admin','','51 apt, 87 street','Edmond','OK','US','73003','','admin@example.com','0123456789','',0.000,0.000,0.000,'Order #35','admin@example.com'),(226,'admin@example.com (User ID #38)','','','Admin','Admin','','51 apt, 87 street','Edmond','OK','US','73003','','admin@example.com','0123456789','','Admin','Admin','','51 apt, 87 street','Edmond','OK','US','73003','','admin@example.com','0123456789','',0.000,0.000,0.000,'Order #36','admin@example.com'),(227,'admin@example.com (User ID #39)','','','Admin','Admin','','51 apt, 87 street','Edmond','OK','US','73003','','admin@example.com','0123456789','','Admin','Admin','','51 apt, 87 street','Edmond','OK','US','73003','','admin@example.com','0123456789','',0.000,0.000,0.000,'Order #37','admin@example.com'),(228,'admin@example.com (User ID #40)','','','Admin','Admin','','51 apt, 87 street','Edmond','OK','US','73003','','admin@example.com','0123456789','','Admin','Admin','','51 apt, 87 street','Edmond','OK','US','73003','','admin@example.com','0123456789','',0.000,0.000,0.000,'Order #38','admin@example.com'),(229,'admin@example.com (User ID #41)','','','Admin','Admin','','51 apt, 87 street','Edmond','OK','US','73003','','admin@example.com','0123456789','','Admin','Admin','','51 apt, 87 street','Edmond','OK','US','73003','','admin@example.com','0123456789','',0.000,0.000,0.000,'Order #39','admin@example.com'),(230,'admin@example.com (User ID #42)','','','Admin','Admin','','51 apt, 87 street','Edmond','OK','US','73003','','admin@example.com','0123456789','','Admin','Admin','','51 apt, 87 street','Edmond','OK','US','73003','','admin@example.com','0123456789','',0.000,0.000,0.000,'Order #40','admin@example.com'),(231,'admin@example.com (User ID #43)','','','Admin','Admin','','51 apt, 87 street','Edmond','OK','US','73003','','admin@example.com','0123456789','','Admin','Admin','','51 apt, 87 street','Edmond','OK','US','73003','','admin@example.com','0123456789','',0.000,0.000,0.000,'Order #41','admin@example.com'),(232,'admin@example.com (User ID #44)','','','Admin','Admin','','51 apt, 87 street','Edmond','OK','US','73003','','admin@example.com','0123456789','','Admin','Admin','','51 apt, 87 street','Edmond','OK','US','73003','','admin@example.com','0123456789','',0.000,0.000,0.000,'Order #42','admin@example.com'),(233,'admin@example.com (User ID #45)','','','Admin','Admin','','51 apt, 87 street','Edmond','OK','US','73003','','admin@example.com','0123456789','','Admin','Admin','','51 apt, 87 street','Edmond','OK','US','73003','','admin@example.com','0123456789','',0.000,0.000,0.000,'Order #43','admin@example.com'),(234,'admin@example.com (User ID #46)','','','Admin','Admin','','51 apt, 87 street','Edmond','OK','US','73003','','admin@example.com','0123456789','','Admin','Admin','','51 apt, 87 street','Edmond','OK','US','73003','','admin@example.com','0123456789','',0.000,0.000,0.000,'Order #44','admin@example.com'),(235,'admin@example.com (User ID #47)','','','Admin','Admin','','51 apt, 87 street','Edmond','OK','US','73003','','admin@example.com','0123456789','','Admin','Admin','','51 apt, 87 street','Edmond','OK','US','73003','','admin@example.com','0123456789','',0.000,0.000,0.000,'Order #45','admin@example.com'),(236,'admin@example.com (User ID #48)','','','Admin','Admin','','51 apt, 87 street','Edmond','OK','US','73003','','admin@example.com','0123456789','','Admin','Admin','','51 apt, 87 street','Edmond','OK','US','73003','','admin@example.com','0123456789','',0.000,0.000,0.000,'Order #46','admin@example.com'),(237,'admin@example.com (User ID #49)','','','Admin','Admin','','51 apt, 87 street','Edmond','OK','US','73003','','admin@example.com','0123456789','','Admin','Admin','','51 apt, 87 street','Edmond','OK','US','73003','','admin@example.com','0123456789','',0.000,0.000,0.000,'Order #47','admin@example.com'),(238,'admin@example.com (User ID #50)','','','Admin','Admin','','51 apt, 87 street','Edmond','OK','US','73003','','admin@example.com','0123456789','','Admin','Admin','','51 apt, 87 street','Edmond','OK','US','73003','','admin@example.com','0123456789','',0.000,0.000,0.000,'Order #48','admin@example.com'),(239,'admin@example.com (User ID #51)','','','Admin','Admin','','51 apt, 87 street','Edmond','OK','US','73003','','admin@example.com','0123456789','','Admin','Admin','','51 apt, 87 street','Edmond','OK','US','73003','','admin@example.com','0123456789','',0.000,0.000,0.000,'Order #49','admin@example.com'),(240,'admin@example.com (User ID #52)','','','Admin','Admin','','51 apt, 87 street','Edmond','OK','US','73003','','admin@example.com','0123456789','','Admin','Admin','','51 apt, 87 street','Edmond','OK','US','73003','','admin@example.com','0123456789','',0.000,0.000,0.000,'Order #50','admin@example.com'),(241,'admin@example.com (User ID #53)','','','Admin','Admin','','51 apt, 87 street','Edmond','OK','US','73003','','admin@example.com','0123456789','','Admin','Admin','','51 apt, 87 street','Edmond','OK','US','73003','','admin@example.com','0123456789','',0.000,0.000,0.000,'Order #51','admin@example.com'),(242,'admin@example.com (User ID #54)','','','Admin','Admin','','51 apt, 87 street','Edmond','OK','US','73003','','admin@example.com','0123456789','','Admin','Admin','','51 apt, 87 street','Edmond','OK','US','73003','','admin@example.com','0123456789','',0.000,0.000,0.000,'Order #52','admin@example.com'),(243,'admin@example.com (User ID #55)','','','Admin','Admin','','51 apt, 87 street','Edmond','OK','US','73003','','admin@example.com','0123456789','','Admin','Admin','','51 apt, 87 street','Edmond','OK','US','73003','','admin@example.com','0123456789','',0.000,0.000,0.000,'Order #53','admin@example.com'),(244,'admin@example.com (User ID #56)','','','Admin','Admin','','51 apt, 87 street','Edmond','OK','US','73003','','admin@example.com','0123456789','','Admin','Admin','','51 apt, 87 street','Edmond','OK','US','73003','','admin@example.com','0123456789','',0.000,0.000,0.000,'Order #54','admin@example.com'),(245,'admin@example.com (User ID #57)','','','Admin','Admin','','51 apt, 87 street','Edmond','OK','US','73003','','admin@example.com','0123456789','','Admin','Admin','','51 apt, 87 street','Edmond','OK','US','73003','','admin@example.com','0123456789','',0.000,0.000,0.000,'Order #55','admin@example.com'),(246,'admin@example.com (User ID #58)','','','Admin','Admin','','51 apt, 87 street','Edmond','OK','US','73003','','admin@example.com','0123456789','','Admin','Admin','','51 apt, 87 street','Edmond','OK','US','73003','','admin@example.com','0123456789','',0.000,0.000,0.000,'Order #56','admin@example.com'),(247,'admin@example.com (User ID #59)','','','Admin','Admin','','51 apt, 87 street','Edmond','OK','US','73003','','admin@example.com','0123456789','','Admin','Admin','','51 apt, 87 street','Edmond','OK','US','73003','','admin@example.com','0123456789','',0.000,0.000,0.000,'Order #57','admin@example.com'),(248,'admin@example.com (User ID #60)','','','Admin','Admin','','51 apt, 87 street','Edmond','OK','US','73003','','admin@example.com','0123456789','','Admin','Admin','','51 apt, 87 street','Edmond','OK','US','73003','','admin@example.com','0123456789','',0.000,0.000,0.000,'Order #58','admin@example.com'),(249,'admin@example.com (User ID #61)','','','Admin','Admin','','51 apt, 87 street','Edmond','OK','US','73003','','admin@example.com','0123456789','','Admin','Admin','','51 apt, 87 street','Edmond','OK','US','73003','','admin@example.com','0123456789','',0.000,0.000,0.000,'Order #59','admin@example.com'),(250,'admin@example.com (User ID #62)','','','Admin','Admin','','51 apt, 87 street','Edmond','OK','US','73003','','admin@example.com','0123456789','','Admin','Admin','','51 apt, 87 street','Edmond','OK','US','73003','','admin@example.com','0123456789','',0.000,0.000,0.000,'Order #60','admin@example.com'),(251,'admin@example.com (User ID #63)','','','Admin','Admin','','51 apt, 87 street','Edmond','OK','US','73003','','admin@example.com','0123456789','','Admin','Admin','','51 apt, 87 street','Edmond','OK','US','73003','','admin@example.com','0123456789','',0.000,0.000,0.000,'Order #61','admin@example.com'),(252,'admin@example.com (User ID #64)','','','Admin','Admin','','51 apt, 87 street','Edmond','OK','US','73003','','admin@example.com','0123456789','','Admin','Admin','','51 apt, 87 street','Edmond','OK','US','73003','','admin@example.com','0123456789','',0.000,0.000,0.000,'Order #62','admin@example.com'),(253,'admin@example.com (User ID #65)','','','Admin','Admin','','51 apt, 87 street','Edmond','OK','US','73003','','admin@example.com','0123456789','','Admin','Admin','','51 apt, 87 street','Edmond','OK','US','73003','','admin@example.com','0123456789','',0.000,0.000,0.000,'Order #63','admin@example.com'),(254,'admin@example.com (User ID #66)','','','Admin','Admin','','51 apt, 87 street','Edmond','OK','US','73003','','admin@example.com','0123456789','','Admin','Admin','','51 apt, 87 street','Edmond','OK','US','73003','','admin@example.com','0123456789','',0.000,0.000,0.000,'Order #64','admin@example.com'),(255,'admin@example.com (User ID #67)','','','Admin','Admin','','51 apt, 87 street','Edmond','OK','US','73003','','admin@example.com','0123456789','','Admin','Admin','','51 apt, 87 street','Edmond','OK','US','73003','','admin@example.com','0123456789','',0.000,0.000,0.000,'Order #65','admin@example.com'),(256,'admin@example.com (User ID #68)','','','Admin','Admin','','51 apt, 87 street','Edmond','OK','US','73003','','admin@example.com','0123456789','','Admin','Admin','','51 apt, 87 street','Edmond','OK','US','73003','','admin@example.com','0123456789','',0.000,0.000,0.000,'Order #66','admin@example.com'),(257,'admin@example.com (User ID #69)','','','Admin','Admin','','51 apt, 87 street','Edmond','OK','US','73003','','admin@example.com','0123456789','','Admin','Admin','','51 apt, 87 street','Edmond','OK','US','73003','','admin@example.com','0123456789','',0.000,0.000,0.000,'Order #67','admin@example.com'),(258,'admin@example.com (User ID #70)','','','Admin','Admin','','51 apt, 87 street','Edmond','OK','US','73003','','admin@example.com','0123456789','','Admin','Admin','','51 apt, 87 street','Edmond','OK','US','73003','','admin@example.com','0123456789','',0.000,0.000,0.000,'Order #68','admin@example.com'),(259,'admin@example.com (User ID #71)','','','Admin','Admin','','51 apt, 87 street','Edmond','OK','US','73003','','admin@example.com','0123456789','','Admin','Admin','','51 apt, 87 street','Edmond','OK','US','73003','','admin@example.com','0123456789','',0.000,0.000,0.000,'Order #69','admin@example.com'),(260,'admin@example.com (User ID #72)','','','Admin','Admin','','51 apt, 87 street','Edmond','OK','US','73003','','admin@example.com','0123456789','','Admin','Admin','','51 apt, 87 street','Edmond','OK','US','73003','','admin@example.com','0123456789','',0.000,0.000,0.000,'Order #70','admin@example.com'),(261,'admin@example.com (User ID #73)','','','Admin','Admin','','51 apt, 87 street','Edmond','OK','US','73003','','admin@example.com','0123456789','','Admin','Admin','','51 apt, 87 street','Edmond','OK','US','73003','','admin@example.com','0123456789','',0.000,0.000,0.000,'Order #71','admin@example.com'),(262,'admin@example.com (User ID #74)','','','Admin','Admin','','51 apt, 87 street','Edmond','OK','US','73003','','admin@example.com','0123456789','','Admin','Admin','','51 apt, 87 street','Edmond','OK','US','73003','','admin@example.com','0123456789','',0.000,0.000,0.000,'Order #72','admin@example.com'),(263,'admin@example.com (User ID #75)','','','Admin','Admin','','51 apt, 87 street','Edmond','OK','US','73003','','admin@example.com','0123456789','','Admin','Admin','','51 apt, 87 street','Edmond','OK','US','73003','','admin@example.com','0123456789','',0.000,0.000,0.000,'Order #73','admin@example.com'),(264,'admin@example.com (User ID #76)','','','Admin','Admin','','51 apt, 87 street','Edmond','OK','US','73003','','admin@example.com','0123456789','','Admin','Admin','','51 apt, 87 street','Edmond','OK','US','73003','','admin@example.com','0123456789','',0.000,0.000,0.000,'Order #74','admin@example.com'),(265,'admin@example.com (User ID #77)','','','Admin','Admin','','51 apt, 87 street','Edmond','OK','US','73003','','admin@example.com','0123456789','','Admin','Admin','','51 apt, 87 street','Edmond','OK','US','73003','','admin@example.com','0123456789','',0.000,0.000,0.000,'Order #75','admin@example.com'),(266,'admin@example.com (User ID #78)','','','Admin','Admin','','51 apt, 87 street','Edmond','OK','US','73003','','admin@example.com','0123456789','','Admin','Admin','','51 apt, 87 street','Edmond','OK','US','73003','','admin@example.com','0123456789','',0.000,0.000,0.000,'Order #76','admin@example.com'),(267,'admin@example.com (User ID #79)','','','Admin','Admin','','51 apt, 87 street','Edmond','OK','US','73003','','admin@example.com','0123456789','','Admin','Admin','','51 apt, 87 street','Edmond','OK','US','73003','','admin@example.com','0123456789','',0.000,0.000,0.000,'Order #77','admin@example.com'),(268,'admin@example.com (User ID #80)','','','Admin','Admin','','51 apt, 87 street','Edmond','OK','US','73003','','admin@example.com','0123456789','','Admin','Admin','','51 apt, 87 street','Edmond','OK','US','73003','','admin@example.com','0123456789','',0.000,0.000,0.000,'Order #78','admin@example.com'),(269,'admin@example.com (User ID #81)','','','Admin','Admin','','51 apt, 87 street','Edmond','OK','US','73003','','admin@example.com','0123456789','','Admin','Admin','','51 apt, 87 street','Edmond','OK','US','73003','','admin@example.com','0123456789','',0.000,0.000,0.000,'Order #79','admin@example.com'),(270,'admin@example.com (User ID #82)','','','Admin','Admin','','51 apt, 87 street','Edmond','OK','US','73003','','admin@example.com','0123456789','','Admin','Admin','','51 apt, 87 street','Edmond','OK','US','73003','','admin@example.com','0123456789','',0.000,0.000,0.000,'Order #80','admin@example.com'),(271,'admin@example.com (User ID #83)','','','Admin','Admin','','51 apt, 87 street','Edmond','OK','US','73003','','admin@example.com','0123456789','','Admin','Admin','','51 apt, 87 street','Edmond','OK','US','73003','','admin@example.com','0123456789','',0.000,0.000,0.000,'Order #81','admin@example.com'),(272,'admin@example.com (User ID #84)','','','Admin','Admin','','51 apt, 87 street','Edmond','OK','US','73003','','admin@example.com','0123456789','','Admin','Admin','','51 apt, 87 street','Edmond','OK','US','73003','','admin@example.com','0123456789','',0.000,0.000,0.000,'Order #82','admin@example.com'),(273,'admin@example.com (User ID #85)','','','Admin','Admin','','51 apt, 87 street','Edmond','OK','US','73003','','admin@example.com','0123456789','','Admin','Admin','','51 apt, 87 street','Edmond','OK','US','73003','','admin@example.com','0123456789','',0.000,0.000,0.000,'Order #83','admin@example.com'),(274,'admin@example.com (User ID #86)','','','Admin','Admin','','51 apt, 87 street','Edmond','OK','US','73003','','admin@example.com','0123456789','','Admin','Admin','','51 apt, 87 street','Edmond','OK','US','73003','','admin@example.com','0123456789','',0.000,0.000,0.000,'Order #84','admin@example.com'),(275,'admin@example.com (User ID #87)','','','Admin','Admin','','51 apt, 87 street','Edmond','OK','US','73003','','admin@example.com','0123456789','','Admin','Admin','','51 apt, 87 street','Edmond','OK','US','73003','','admin@example.com','0123456789','',0.000,0.000,0.000,'Order #85','admin@example.com'),(276,'admin@example.com (User ID #88)','','','Admin','Admin','','51 apt, 87 street','Edmond','OK','US','73003','','admin@example.com','0123456789','','Admin','Admin','','51 apt, 87 street','Edmond','OK','US','73003','','admin@example.com','0123456789','',0.000,0.000,0.000,'Order #86','admin@example.com'),(277,'admin@example.com (User ID #89)','','','Admin','Admin','','51 apt, 87 street','Edmond','OK','US','73003','','admin@example.com','0123456789','','Admin','Admin','','51 apt, 87 street','Edmond','OK','US','73003','','admin@example.com','0123456789','',0.000,0.000,0.000,'Order #87','admin@example.com'),(278,'admin@example.com (User ID #90)','','','Admin','Admin','','51 apt, 87 street','Edmond','OK','US','73003','','admin@example.com','0123456789','','Admin','Admin','','51 apt, 87 street','Edmond','OK','US','73003','','admin@example.com','0123456789','',0.000,0.000,0.000,'Order #88','admin@example.com'),(279,'admin@example.com (User ID #91)','','','Admin','Admin','','51 apt, 87 street','Edmond','OK','US','73003','','admin@example.com','0123456789','','Admin','Admin','','51 apt, 87 street','Edmond','OK','US','73003','','admin@example.com','0123456789','',0.000,0.000,0.000,'Order #89','admin@example.com'),(280,'admin@example.com (User ID #92)','','','Admin','Admin','','51 apt, 87 street','Edmond','OK','US','73003','','admin@example.com','0123456789','','Admin','Admin','','51 apt, 87 street','Edmond','OK','US','73003','','admin@example.com','0123456789','',0.000,0.000,0.000,'Order #90','admin@example.com'),(281,'admin@example.com (User ID #93)','','','Admin','Admin','','51 apt, 87 street','Edmond','OK','US','73003','','admin@example.com','0123456789','','Admin','Admin','','51 apt, 87 street','Edmond','OK','US','73003','','admin@example.com','0123456789','',0.000,0.000,0.000,'Order #91','admin@example.com'),(282,'admin@example.com (User ID #94)','','','Admin','Admin','','51 apt, 87 street','Edmond','OK','US','73003','','admin@example.com','0123456789','','Admin','Admin','','51 apt, 87 street','Edmond','OK','US','73003','','admin@example.com','0123456789','',0.000,0.000,0.000,'Order #92','admin@example.com'),(283,'admin@example.com (User ID #95)','','','Admin','Admin','','51 apt, 87 street','Edmond','OK','US','73003','','admin@example.com','0123456789','','Admin','Admin','','51 apt, 87 street','Edmond','OK','US','73003','','admin@example.com','0123456789','',0.000,0.000,0.000,'Order #93','admin@example.com'),(284,'admin@example.com (User ID #96)','','','Admin','Admin','','51 apt, 87 street','Edmond','OK','US','73003','','admin@example.com','0123456789','','Admin','Admin','','51 apt, 87 street','Edmond','OK','US','73003','','admin@example.com','0123456789','',0.000,0.000,0.000,'Order #94','admin@example.com'),(285,'admin@example.com (User ID #97)','','','Admin','Admin','','51 apt, 87 street','Edmond','OK','US','73003','','admin@example.com','0123456789','','Admin','Admin','','51 apt, 87 street','Edmond','OK','US','73003','','admin@example.com','0123456789','',0.000,0.000,0.000,'Order #95','admin@example.com'),(286,'admin@example.com (User ID #98)','','','Admin','Admin','','51 apt, 87 street','Edmond','OK','US','73003','','admin@example.com','0123456789','','Admin','Admin','','51 apt, 87 street','Edmond','OK','US','73003','','admin@example.com','0123456789','',0.000,0.000,0.000,'Order #96','admin@example.com'),(287,'admin@example.com (User ID #99)','','','Admin','Admin','','51 apt, 87 street','Edmond','OK','US','73003','','admin@example.com','0123456789','','Admin','Admin','','51 apt, 87 street','Edmond','OK','US','73003','','admin@example.com','0123456789','',0.000,0.000,0.000,'Order #97','admin@example.com'),(288,'admin@example.com (User ID #100)','','','Admin','Admin','','51 apt, 87 street','Edmond','OK','US','73003','','admin@example.com','0123456789','','Admin','Admin','','51 apt, 87 street','Edmond','OK','US','73003','','admin@example.com','0123456789','',0.000,0.000,0.000,'Order #98','admin@example.com'),(289,'admin@example.com (User ID #101)','','','Admin','Admin','','51 apt, 87 street','Edmond','OK','US','73003','','admin@example.com','0123456789','','Admin','Admin','','51 apt, 87 street','Edmond','OK','US','73003','','admin@example.com','0123456789','',0.000,0.000,0.000,'Order #99','admin@example.com'),(290,'admin@example.com (User ID #102)','','','Admin','Admin','','51 apt, 87 street','Edmond','OK','US','73003','','admin@example.com','0123456789','','Admin','Admin','','51 apt, 87 street','Edmond','OK','US','73003','','admin@example.com','0123456789','',0.000,0.000,0.000,'Order #100','admin@example.com'),(291,'admin@example.com (User ID #103)','','','Admin','Admin','','51 apt, 87 street','Edmond','OK','US','73003','','admin@example.com','0123456789','','Admin','Admin','','51 apt, 87 street','Edmond','OK','US','73003','','admin@example.com','0123456789','',0.000,0.000,0.000,'Order #101','admin@example.com'),(292,'admin@example.com (User ID #104)','','','Admin','Admin','','51 apt, 87 street','Edmond','OK','US','73003','','admin@example.com','0123456789','','Admin','Admin','','51 apt, 87 street','Edmond','OK','US','73003','','admin@example.com','0123456789','',0.000,0.000,0.000,'Order #102','admin@example.com'),(293,'admin@example.com (User ID #105)','','','Admin','Admin','','51 apt, 87 street','Edmond','OK','US','73003','','admin@example.com','0123456789','','Admin','Admin','','51 apt, 87 street','Edmond','OK','US','73003','','admin@example.com','0123456789','',0.000,0.000,0.000,'Order #103','admin@example.com'),(294,'admin@example.com (User ID #106)','','','Admin','Admin','','51 apt, 87 street','Edmond','OK','US','73003','','admin@example.com','0123456789','','Admin','Admin','','51 apt, 87 street','Edmond','OK','US','73003','','admin@example.com','0123456789','',0.000,0.000,0.000,'Order #104','admin@example.com'),(295,'admin@example.com (User ID #107)','','','Admin','Admin','','51 apt, 87 street','Edmond','OK','US','73003','','admin@example.com','0123456789','','Admin','Admin','','51 apt, 87 street','Edmond','OK','US','73003','','admin@example.com','0123456789','',0.000,0.000,0.000,'Order #105','admin@example.com'),(296,'admin@example.com (User ID #7)','','','Admin','Admin','','51 apt, 87 street','Edmond','OK','US','73003','','admin@example.com','0123456789','','Admin','Admin','','51 apt, 87 street','Edmond','OK','US','73003','','admin@example.com','0123456789','',2.830,0.000,0.000,'Payment transaction: 000006-2BLW','admin@example.com'),(297,'admin@example.com (User ID #7)','','','Admin','Admin','','51 apt, 87 street','Edmond','OK','US','73003','','admin@example.com','0123456789','','Admin','Admin','','51 apt, 87 street','Edmond','OK','US','73003','','admin@example.com','0123456789','',2.830,0.000,0.000,'Payment transaction: 000007-UFO1','admin@example.com'),(298,'admin@example.com (User ID #7)','','','Admin','Admin','','51 apt, 87 street','Edmond','OK','US','73003','','admin@example.com','0123456789','','Admin','Admin','','51 apt, 87 street','Edmond','OK','US','73003','','admin@example.com','0123456789','',12.200,0.000,0.000,'Payment transaction: 000008-HMPH','admin@example.com'),(299,'admin@example.com (User ID #7)','','','Admin','Admin','','51 apt, 87 street','Edmond','OK','US','73003','','admin@example.com','0123456789','','Admin','Admin','','51 apt, 87 street','Edmond','OK','US','73003','','admin@example.com','0123456789','',2.830,0.000,0.000,'Payment transaction: 000009-Z6R0','admin@example.com'),(300,'admin@example.com (User ID #7)','','','Admin','Admin','','51 apt, 87 street','Edmond','OK','US','73003','','admin@example.com','0123456789','','Admin','Admin','','51 apt, 87 street','Edmond','OK','US','73003','','admin@example.com','0123456789','',2.830,0.000,0.000,'Payment transaction: 000010-5UD8','admin@example.com'),(301,'admin@example.com (User ID #7)','','','Admin','Admin','','51 apt, 87 street','Edmond','OK','US','73003','','admin@example.com','0123456789','','Admin','Admin','','51 apt, 87 street','Edmond','OK','US','73003','','admin@example.com','0123456789','',2.830,0.000,0.000,'Payment transaction: 000011-R5IN','admin@example.com'),(302,'admin@example.com (User ID #7)','','','Admin','Admin','','51 apt, 87 street','Edmond','OK','US','73003','','admin@example.com','0123456789','','Admin','Admin','','51 apt, 87 street','Edmond','OK','US','73003','','admin@example.com','0123456789','',2.830,0.000,0.000,'Payment transaction: 000012-OB9G','admin@example.com'),(303,'admin@example.com (User ID #7)','','','Admin','Admin','','51 apt, 87 street','Edmond','OK','US','73003','','admin@example.com','0123456789','','Admin','Admin','','51 apt, 87 street','Edmond','OK','US','73003','','admin@example.com','0123456789','',2.830,0.000,0.000,'Payment transaction: 000013-HAHE','admin@example.com'),(304,'admin@example.com (User ID #7)','','','Admin','Admin','','51 apt, 87 street','Edmond','OK','US','73003','','admin@example.com','0123456789','','Admin','Admin','','51 apt, 87 street','Edmond','OK','US','73003','','admin@example.com','0123456789','',2.830,0.000,0.000,'Payment transaction: 000014-HQKU','admin@example.com'),(305,'admin@example.com (User ID #7)','','','Admin','Admin','','51 apt, 87 street','Edmond','OK','US','73003','','admin@example.com','0123456789','','Admin','Admin','','51 apt, 87 street','Edmond','OK','US','73003','','admin@example.com','0123456789','',12.200,0.000,0.000,'Payment transaction: 000015-Z0ZP','admin@example.com'),(306,'admin@example.com (User ID #7)','','','Admin','Admin','','51 apt, 87 street','Edmond','OK','US','73003','','admin@example.com','0123456789','','Admin','Admin','','51 apt, 87 street','Edmond','OK','US','73003','','admin@example.com','0123456789','',12.200,0.000,0.000,'Payment transaction: 000016-VFW7','admin@example.com'),(307,'test@example.com (User ID #19)','','','Ru','Ru','','Ru','Ul','N/A','RU','432067','','test@example.com','','','Ggg','Ggg','','Ggg Vvg','Fff','CA','US','12345','','test@example.com','','',5.850,0.000,0.000,'Payment transaction: 000019-34AS','admin@example.com'),(308,'admin@example.com (User ID #7)','','','Admin','Admin','','51 apt, 87 street','Edmond','OK','US','73003','','admin@example.com','0123456789','','Admin','Admin','','51 apt, 87 street','Edmond','OK','US','73003','','admin@example.com','0123456789','',2.830,0.000,0.000,'Payment transaction: 000006-03YZ','admin@example.com'),(309,'admin@example.com (User ID #7)','','','Admin','Admin','','51 apt, 87 street','Edmond','OK','US','73003','','admin@example.com','0123456789','','Admin','Admin','','51 apt, 87 street','Edmond','OK','US','73003','','admin@example.com','0123456789','',2.830,0.000,0.000,'Payment transaction: 000007-2GCB','admin@example.com'),(310,'admin@example.com (User ID #7)','','','Admin','Admin','','51 apt, 87 street','Edmond','OK','US','73003','','admin@example.com','0123456789','','Admin','Admin','','51 apt, 87 street','Edmond','OK','US','73003','','admin@example.com','0123456789','',2.830,0.000,0.000,'Payment transaction: 000008-FOCJ','admin@example.com'),(311,'admin@example.com (User ID #7)','','','Admin','Admin','','51 apt, 87 street','Edmond','OK','US','73003','','admin@example.com','0123456789','','Admin','Admin','','51 apt, 87 street','Edmond','OK','US','73003','','admin@example.com','0123456789','',2.830,0.000,0.000,'Payment transaction: 000009-QJ55','admin@example.com'),(312,'test@test.com (User ID #9)','','','test','test','','test','Los Angeles','CA','US','90001','','test@test.com','','','test','test','','test','Los Angeles','CA','US','90001','','test@test.com','','',12.200,0.000,0.000,'Payment transaction: 000011-8F3E','yakoff@x-cart.com'),(313,'test@test.com (User ID #11)','','','test','test','','test','Los Angeles','N/A','RU','90001','','test@test.com','','','test','test','','test','Los Angeles','N/A','RU','90001','','test@test.com','','',5.850,0.000,0.000,'Payment transaction: 000012-3PFZ','yakoff@x-cart.com'),(314,'test@example.com (User ID #12)','','','Ru','Ru','','Ru','Ul','N/A','RU','432067','','test@example.com','','','Ggg','Ggg','','Ggg Vvg','Fff','CA','US','12345','','test@example.com','','',5.950,0.000,0.000,'Payment transaction: 000013-ZK9D','admin@example.com'),(315,'yakoff@x-cart.com (User ID #14)','','','Й','Не','','Заречный 1','УЯновск','N/A','RU','432031','','yakoff@x-cart.com','','','Й','Не','','Заречный 1','УЯновск','N/A','RU','432031','','yakoff@x-cart.com','','',5.950,0.000,0.000,'Payment transaction: 000011-YRNS','admin@example.com'),(316,'','','','','','','','','','','','','','','','','','','','','','','','','','','',0.000,0.000,0.000,'',''),(317,'','','','','','','','','','','','','','','','','','','','','','','','','','','',0.000,0.000,0.000,'',''),(318,'','','','','','','','','','','','','','','','','','','','','','','','','','','',0.000,0.000,0.000,'',''),(319,'','','','','','','','','','','','','','','','','','','','','','','','','','','',0.000,0.000,0.000,'',''),(320,'','','','','','','','','','','','','','','','','','','','','','','','','','','',0.000,0.000,0.000,'',''),(321,'','','','','','','','','','','','','','','','','','','','','','','','','','','',0.000,0.000,0.000,'',''),(322,'test@example.com (User ID #14)','','','Ru','Ru','','Ru','Ul','N/A','RU','432067','','test@example.com','','','Ggg','Ggg','','Ggg Vvg','Fff','CA','US','12345','','test@example.com','','',5.950,0.000,0.000,'Payment transaction: 000017-SYS5','yakoff@x-cart.com'),(323,'Test@test.com (User ID #13)','','','Й','Не','','Заречный 1','УЯновск','N/A','RU','432031','','Test@test.com','','','Й','Не','','Заречный 1','УЯновск','N/A','RU','432031','','Test@test.com','','',0.000,0.000,0.000,'Payment transaction: 000015-1L2M','yakoff@x-cart.com'),(324,'test_user@x-cart.com (User ID #15)','','','Й','Не','','Заречный 1','УЯновск','N/A','RU','432031','','test_user@x-cart.com','(931) 232-4692','','Й','Не','','Заречный 1','УЯновск','N/A','RU','432031','','test_user@x-cart.com','(931) 232-4692','',5.850,0.000,0.000,'Payment transaction: 000019-U1V2','yakoff@x-cart.com'),(325,'test_user@x-cart.com (User ID #15)','','','Jorg','Bush','','616 Lick Creek Rd','Dover','TN','US','37058','','test_user@x-cart.com','(931) 232-4692','','Jorg','Bush','','616 Lick Creek Rd','Dover','TN','US','37058','','test_user@x-cart.com','(931) 232-4692','',2.750,0.000,0.000,'Payment transaction: 000020-61FF','yakoff@x-cart.com'),(326,'test_user@x-cart.com (User ID #15)','','','Й','Не','','Заречный 1','УЯновск','N/A','RU','432031','','test_user@x-cart.com','(505) 722-5232','','Й','Не','','Заречный 1','УЯновск','N/A','RU','432031','','test_user@x-cart.com','(505) 722-5232','',6.870,0.000,0.000,'Payment transaction: 000021-QUG6','yakoff@x-cart.com'),(327,'test_user@x-cart.com (User ID #15)','','','Й','Не','','Заречный 1','УЯновск','N/A','RU','432031','','test_user@x-cart.com','(505) 722-5232','','Й','Не','','Заречный 1','УЯновск','N/A','RU','432031','','test_user@x-cart.com','(505) 722-5232','',6.870,0.000,0.000,'Payment transaction: 000022-D83C','yakoff@x-cart.com'),(328,'test_user@x-cart.com (User ID #15)','','','Й','Не','','Заречный 1','УЯновск','N/A','RU','432031','','test_user@x-cart.com','','','Й','Не','','Заречный 1','УЯновск','N/A','RU','432031','','test_user@x-cart.com','','',5.850,0.000,0.000,'Payment transaction: 000023-0EI4','yakoff@x-cart.com'),(329,'test_user@x-cart.com (User ID #15)','','','Й','Не','','Заречный 1','УЯновск','N/A','RU','432031','','test_user@x-cart.com','','','Й','Не','','Заречный 1','УЯновск','N/A','RU','432031','','test_user@x-cart.com','','',6.870,0.000,0.000,'Payment transaction: 000024-HQ2X','yakoff@x-cart.com'),(330,'test_user@x-cart.com (User ID #15)','','','Й','Не','','Заречный 1','УЯновск','N/A','RU','432031','','test_user@x-cart.com','(731) 658-2725','','Й','Не','','Заречный 1','УЯновск','N/A','RU','432031','','test_user@x-cart.com','(731) 658-2725','',6.870,0.000,0.000,'Payment transaction: 000025-Y4S0','yakoff@x-cart.com'),(331,'test_user@x-cart.com (User ID #15)','','','Й','Не','','Заречный 1','УЯновск','N/A','RU','432031','','test_user@x-cart.com','(731) 658-2725','','Й','Не','','Заречный 1','УЯновск','N/A','RU','432031','','test_user@x-cart.com','(731) 658-2725','',5.850,0.000,0.000,'Payment transaction: 000027-5LYW','yakoff@x-cart.com'),(332,'test_user@x-cart.com (User ID #15)','','','Й','Не','','Заречный 1','УЯновск','N/A','RU','432031','','test_user@x-cart.com','(256) 237-4594','','Й','Не','','Заречный 1','УЯновск','N/A','RU','432031','','test_user@x-cart.com','(256) 237-4594','',5.850,0.000,0.000,'Payment transaction: 000031-UHOH','yakoff@x-cart.com'),(333,'test_user@x-cart.com (User ID #15)','','','Й','Не','','Заречный 1','УЯновск','N/A','RU','432031','','test_user@x-cart.com','','','Й','Не','','Заречный 1','УЯновск','N/A','RU','432031','','test_user@x-cart.com','','',6.870,0.000,0.000,'Payment transaction: 000032-AZSB','yakoff@x-cart.com'),(334,'test_user@x-cart.com (User ID #15)','','','Й','Не','','Заречный 1','УЯновск','N/A','RU','432031','','test_user@x-cart.com','','','Й','Не','','Заречный 1','УЯновск','N/A','RU','432031','','test_user@x-cart.com','','',6.870,0.000,0.000,'Payment transaction: 000034-5JRB','yakoff@x-cart.com'),(335,'test_user@x-cart.com (User ID #15)','','','Й','Не','','Заречный 1','УЯновск','N/A','RU','432031','','test_user@x-cart.com','','','Й','Не','','Заречный 1','УЯновск','N/A','RU','432031','','test_user@x-cart.com','','',5.850,0.000,0.000,'Payment transaction: 000035-IJDN','yakoff@x-cart.com'),(336,'test_user@x-cart.com (User ID #15)','','','Й','Не','','Заречный 1','УЯновск','N/A','RU','432031','','test_user@x-cart.com','','','Й','Не','','Заречный 1','УЯновск','N/A','RU','432031','','test_user@x-cart.com','','',5.850,0.000,0.000,'Payment transaction: 000036-869D','yakoff@x-cart.com'),(337,'test_user@x-cart.com (User ID #15)','','','Й','Не','','Заречный 1','УЯновск','N/A','RU','432031','','test_user@x-cart.com','','','Й','Не','','Заречный 1','УЯновск','N/A','RU','432031','','test_user@x-cart.com','','',5.850,0.000,0.000,'Payment transaction: 000038-UBS4','yakoff@x-cart.com'),(338,'test_user@x-cart.com (User ID #15)','','','Й','Не','','Заречный 1','УЯновск','N/A','RU','432031','','test_user@x-cart.com','','','Й','Не','','Заречный 1','УЯновск','N/A','RU','432031','','test_user@x-cart.com','','',6.870,0.000,0.000,'Payment transaction: 000039-C4BO','yakoff@x-cart.com'),(339,'test@example.com (User ID #8)','','','Ru','Ru','','Ru','Ul','N/A','RU','432067','','test@example.com','','','Ggg','Ggg','','Ggg Vvg','Fff','CA','US','12345','','test@example.com','','',5.950,0.000,0.000,'Payment transaction: 000007-9Z6E','admin@example.com'),(340,'Givi@x-cart.com (User ID #11)','','','Tttt','Hhhhh','','Vvvvv','Los Angeles','CA','US','90001','','Givi@x-cart.com','','','Tttt','Hhhhh','','Vvvvv','Los Angeles','CA','US','90001','','Givi@x-cart.com','','',3.050,0.000,0.000,'Payment transaction: 000006-5AVC','admin@example.com'),(341,'yakoff@x-cart.com (User ID #108756)','','','Test','Test','','459 Savannah Cv','Calera','AL','US','35040','','yakoff@x-cart.com','','','Test','Test','','459 Savannah Cv','Calera','AL','US','35040','','yakoff@x-cart.com','','',27.540,0.000,0.000,'Payment transaction: 036707-GSCN','elf@planetsanta.com'),(342,'yakoff@x-cart.com (User ID #108758)','','','Test','Test','','459 Savannah Cv','Calera','AL','US','35040','','yakoff@x-cart.com','','','Test','Test','','459 Savannah Cv','Calera','AL','US','35040','','yakoff@x-cart.com','','',21.590,0.000,0.000,'Payment transaction: 036708-PNF9','elf@planetsanta.com'),(343,'yakoff@x-cart.com (User ID #108759)','','','Test','Test','','459 Savannah Cv','Calera','AL','US','35040','','yakoff@x-cart.com','','','Test','Test','','459 Savannah Cv','Calera','AL','US','35040','','yakoff@x-cart.com','','',27.540,0.000,0.000,'Payment transaction: 036709-2MZG','elf@planetsanta.com'),(344,'yakoff@x-cart.com (User ID #108760)','','','Test','Test','','459 Savannah Cv','Calera','AL','US','35040','','yakoff@x-cart.com','','','Test','Test','','459 Savannah Cv','Calera','AL','US','35040','','yakoff@x-cart.com','','',27.540,0.000,0.000,'Payment transaction: 036710-L6AE','elf@planetsanta.com'),(345,'yakoff@x-cart.com (User ID #108761)','','','Test','Test','','459 Savannah Cv','Calera','AL','US','35040','','yakoff@x-cart.com','','','Test','Test','','459 Savannah Cv','Calera','AL','US','35040','','yakoff@x-cart.com','','',54.150,0.000,0.000,'Payment transaction: 036711-WGGF','elf@planetsanta.com'),(346,'admin@example.com (User ID #7)','','','US','User','','1600 Amphitheatre Parkway1  ','Mountain View','CA','US','94043','','admin@example.com','0123456789','','Card','Holder Name','','1600 Amphitheatre Parkway  ','Mountain View','CA','US','94043','','admin@example.com','0123456789','',2.750,0.000,0.000,'Payment transaction: 000011-3APR','admin@example.com'),(347,'admin@example.com (User ID #7)','','','Russian','User','','7 Balchug St  ','Moscow','N/A','RU','115035','','admin@example.com','0123456789','','Card','Holder Name','','1600 Amphitheatre Parkway  ','Mountain View','CA','US','94043','','admin@example.com','0123456789','',5.850,0.000,0.000,'Payment transaction: 000012-GTT8','admin@example.com'),(348,'yakoff@x-cart.com (User ID #36)','','','Card','Holder Name','','1600 Amphitheatre Parkway  ','Mountain View','CA','US','94043','','yakoff@x-cart.com','','','Card','Holder Name','','1600 Amphitheatre Parkway  ','Mountain View','CA','US','94043','','yakoff@x-cart.com','','',5.850,0.000,0.000,'Payment transaction: 000041-3LA9','yakoff@x-cart.com'),(349,'test_user@x-cart.com (User ID #15)','','','US','User','','1600 Amphitheatre Parkway1  ','Mountain View','CA','US','94043','','test_user@x-cart.com','(256) 237-4594','','Card','Holder Name','','1600 Amphitheatre Parkway  ','Mountain View','CA','US','94043','','test_user@x-cart.com','(256) 237-4594','',0.000,0.000,0.000,'Payment transaction: 000042-JM3F','yakoff@x-cart.com'),(350,'test_user@x-cart.com (User ID #15)','','','Canadian','User','','1253 McGill College Avenue  ','Montreal','QC','CA','H3B 2Y5','','test_user@x-cart.com','(256) 237-4594','','Card','Holder Name','','1600 Amphitheatre Parkway  ','Mountain View','CA','US','94043','','test_user@x-cart.com','(256) 237-4594','',12.250,0.000,0.000,'Payment transaction: 000033-57CP','yakoff@x-cart.com'),(351,'Givi@x-cart.com (User ID #40)','','','US','User','','1600 Amphitheatre Parkway1  ','Mountain View','CA','US','94043','','Givi@x-cart.com','','','Card','Holder Name','','1600 Amphitheatre Parkway  ','Mountain View','CA','US','94043','','Givi@x-cart.com','','',2.750,0.000,0.000,'Payment transaction: 000044-HMIS','yakoff@x-cart.com'),(352,'Givi@x-cart.com (User ID #40)','','','US','User','','1600 Amphitheatre Parkway1  ','Mountain View','CA','US','94043','','Givi@x-cart.com','','','Card','Holder Name','','1600 Amphitheatre Parkway  ','Mountain View','CA','US','94043','','Givi@x-cart.com','','',2.750,0.000,0.000,'Payment transaction: 000045-HKMR','yakoff@x-cart.com'),(353,'Givi@x-cart.com (User ID #40)','','','US','User','','1600 Amphitheatre Parkway1  ','Mountain View','CA','US','94043','','Givi@x-cart.com','','','Card','Holder Name','','1600 Amphitheatre Parkway  ','Mountain View','CA','US','94043','','Givi@x-cart.com','','',2.750,0.000,0.000,'Payment transaction: 000046-F4KB','yakoff@x-cart.com'),(354,'Givi@x-cart.com (User ID #40)','','','US','User','','1600 Amphitheatre Parkway1  ','Mountain View','CA','US','94043','','Givi@x-cart.com','','','Card','Holder Name','','1600 Amphitheatre Parkway  ','Mountain View','CA','US','94043','','Givi@x-cart.com','','',2.830,0.000,0.000,'Payment transaction: 000047-X8EA','yakoff@x-cart.com'),(355,'Givi@x-cart.com (User ID #40)','','','US','User','','1600 Amphitheatre Parkway1  ','Mountain View','CA','US','94043','','Givi@x-cart.com','','','Card','Holder Name','','1600 Amphitheatre Parkway  ','Mountain View','CA','US','94043','','Givi@x-cart.com','','',2.750,0.000,0.000,'Payment transaction: 000048-H314','yakoff@x-cart.com'),(356,'Givi@x-cart.com (User ID #40)','','','US','User','','1600 Amphitheatre Parkway1  ','Mountain View','CA','US','94043','','Givi@x-cart.com','','','Card','Holder Name','','1600 Amphitheatre Parkway  ','Mountain View','CA','US','94043','','Givi@x-cart.com','','',2.750,0.000,0.000,'Payment transaction: 000049-MJUN','yakoff@x-cart.com'),(357,'yakoff@x-cart.com (User ID #108762)','','','Test','Test','','459 Savannah Cv','Calera','AL','US','35040','','yakoff@x-cart.com','','','Test','Test','','459 Savannah Cv','Calera','AL','US','35040','','yakoff@x-cart.com','','',54.150,0.000,0.000,'Payment transaction: 036712-NQVL','elf@planetsanta.com'),(358,'admin@example.com (User ID #7)','','','Admin','Admin','','51 apt, 87 street','Edmond','OK','US','73003','','admin@example.com','0123456789','','Admin','Admin','','51 apt, 87 street','Edmond','OK','US','73003','','admin@example.com','0123456789','',2.750,0.000,0.000,'Payment transaction: 000006-WM2S','admin@example.com'),(359,'admin@example.com (User ID #7)','','','Admin','Admin','','51 apt, 87 street','Edmond','OK','US','73003','','admin@example.com','0123456789','','Admin','Admin','','51 apt, 87 street','Edmond','OK','US','73003','','admin@example.com','0123456789','',2.750,0.000,0.000,'Payment transaction: 000007-HOML','admin@example.com'),(360,'admin@example.com (User ID #7)','','','Admin','Admin','','51 apt, 87 street','Edmond','OK','US','73003','','admin@example.com','0123456789','','Admin','Admin','','51 apt, 87 street','Edmond','OK','US','73003','','admin@example.com','0123456789','',2.750,0.000,0.000,'Payment transaction: 000008-IHPJ','admin@example.com'),(361,'admin@example.com (User ID #7)','','','Admin','Admin','','51 apt, 87 street','Edmond','OK','US','73003','','admin@example.com','0123456789','','Admin','Admin','','51 apt, 87 street','Edmond','OK','US','73003','','admin@example.com','0123456789','',2.750,0.000,0.000,'Payment transaction: 000009-GQH4','admin@example.com'),(362,'admin@example.com (User ID #7)','','','Admin','Admin','','51 apt, 87 street','Edmond','OK','US','73003','','admin@example.com','0123456789','','Admin','Admin','','51 apt, 87 street','Edmond','OK','US','73003','','admin@example.com','0123456789','',2.750,0.000,0.000,'Payment transaction: 000010-JFXF','admin@example.com'),(363,'admin@example.com (User ID #7)','','','Admin','Admin','','51 apt, 87 street','Edmond','OK','US','73003','','admin@example.com','0123456789','','Admin','Admin','','51 apt, 87 street','Edmond','OK','US','73003','','admin@example.com','0123456789','',2.750,0.000,0.000,'Payment transaction: 000011-RRKA','admin@example.com'),(364,'admin@example.com (User ID #7)','','','Admin','Admin','','51 apt, 87 street','Edmond','OK','US','73003','','admin@example.com','0123456789','','Admin','Admin','','51 apt, 87 street','Edmond','OK','US','73003','','admin@example.com','0123456789','',2.750,0.000,0.000,'Payment transaction: 000012-PHWG','admin@example.com'),(365,'admin@example.com (User ID #7)','','','Admin','Admin','','51 apt, 87 street','Edmond','OK','US','73003','','admin@example.com','0123456789','','Admin','Admin','','51 apt, 87 street','Edmond','OK','US','73003','','admin@example.com','0123456789','',2.750,0.000,0.000,'Payment transaction: 000013-7IFB','admin@example.com'),(366,'admin@example.com (User ID #7)','','','Admin','Admin','','51 apt, 87 street','Edmond','OK','US','73003','','admin@example.com','0123456789','','Admin','Admin','','51 apt, 87 street','Edmond','OK','US','73003','','admin@example.com','0123456789','',2.750,0.000,0.000,'Payment transaction: 000014-23H2','admin@example.com'),(367,'admin@example.com (User ID #7)','','','Admin','Admin','','51 apt, 87 street','Edmond','OK','US','73003','','admin@example.com','0123456789','','Admin','Admin','','51 apt, 87 street','Edmond','OK','US','73003','','admin@example.com','0123456789','',2.750,0.000,0.000,'Payment transaction: 000015-RMJG','admin@example.com'),(368,'admin@example.com (User ID #7)','','','Admin','Admin','','51 apt, 87 street','Edmond','OK','US','73003','','admin@example.com','0123456789','','Admin','Admin','','51 apt, 87 street','Edmond','OK','US','73003','','admin@example.com','0123456789','',2.750,0.000,0.000,'Payment transaction: 000016-T3AH','admin@example.com'),(369,'admin@example.com (User ID #7)','','','Admin','Admin','','51 apt, 87 street','Edmond','OK','US','73003','','admin@example.com','0123456789','','Admin','Admin','','51 apt, 87 street','Edmond','OK','US','73003','','admin@example.com','0123456789','',2.750,0.000,0.000,'Payment transaction: 000017-Z5P9','admin@example.com'),(370,'admin@example.com (User ID #7)','','','Admin','Admin','','51 apt, 87 street','Edmond','OK','US','73003','','admin@example.com','0123456789','','Admin','Admin','','51 apt, 87 street','Edmond','OK','US','73003','','admin@example.com','0123456789','',2.750,0.000,0.000,'Payment transaction: 000018-9D62','admin@example.com'),(371,'admin@example.com (User ID #7)','','','Admin','Admin','','51 apt, 87 street','Edmond','OK','US','73003','','admin@example.com','0123456789','','Admin','Admin','','51 apt, 87 street','Edmond','OK','US','73003','','admin@example.com','0123456789','',2.750,0.000,0.000,'Payment transaction: 000019-KG42','admin@example.com'),(372,'admin@example.com (User ID #7)','','','Admin','Admin','','51 apt, 87 street','Edmond','OK','US','73003','','admin@example.com','0123456789','','Admin','Admin','','51 apt, 87 street','Edmond','OK','US','73003','','admin@example.com','0123456789','',2.750,0.000,0.000,'Payment transaction: 000020-3FT5','admin@example.com'),(373,'admin@example.com (User ID #7)','','','Admin','Admin','','51 apt, 87 street','Edmond','OK','US','73003','','admin@example.com','0123456789','','Admin','Admin','','51 apt, 87 street','Edmond','OK','US','73003','','admin@example.com','0123456789','',2.830,0.000,0.000,'Payment transaction: 000006-FUAR','admin@example.com'),(374,'i.dohtur@gmail.com (User ID #9)','','','Customer','Customer','','587 Sunburst Drive','Hayward','WI','US','54843','','i.dohtur@gmail.com','','','Customer','Customer','','587 Sunburst Drive','Hayward','WI','US','54843','','i.dohtur@gmail.com','','',2.890,0.000,0.000,'Payment transaction: 000007-LXO5','admin@example.com'),(375,'admin@example.com (User ID #7)','','','Admin','Admin','','51 apt, 87 street','Edmond','OK','US','73003','','admin@example.com','0123456789','','Admin','Admin','','51 apt, 87 street','Edmond','OK','US','73003','','admin@example.com','0123456789','',2.890,0.000,0.000,'Payment transaction: 000008-WGBQ','admin@example.com'),(376,'admin@example.com (User ID #7)','','','Admin','Admin','','51 apt, 87 street','Edmond','OK','US','73003','','admin@example.com','0123456789','','Admin','Admin','','51 apt, 87 street','Edmond','OK','US','73003','','admin@example.com','0123456789','',7.110,0.000,0.000,'Payment transaction: 000009-22T8','admin@example.com'),(377,'admin@example.com (User ID #7)','','','Admin','Admin','','51 apt, 87 street','Edmond','OK','US','73003','','admin@example.com','0123456789','','Admin','Admin','','51 apt, 87 street','Edmond','OK','US','73003','','admin@example.com','0123456789','',2.890,0.000,0.000,'Payment transaction: 000010-6VIU','admin@example.com'),(378,'admin@example.com (User ID #7)','','','Admin','Admin','','51 apt, 87 street','Sydney','NSW','AU','2009','','admin@example.com','0123456789','','Admin','Admin','','51 apt, 87 street','Sydney','NSW','AU','2009','','admin@example.com','0123456789','',5.850,0.000,0.000,'Payment transaction: 000011-IHBU','admin@example.com'),(379,'admin@example.com (User ID #7)','','','Admin','Admin','','51 apt, 87 street','Sydney','NSW','AU','2009','','admin@example.com','0123456789','','Admin','Admin','','51 apt, 87 street','Sydney','NSW','AU','2009','','admin@example.com','0123456789','',16.880,0.000,0.000,'Payment transaction: 000013-85WE','admin@example.com'),(380,'admin@example.com (User ID #7)','','','Admin','Admin','','51 apt, 87 street','Sydney','NSW','AU','2009','','admin@example.com','0123456789','','Admin','Admin','','51 apt, 87 street','Sydney','NSW','AU','2009','','admin@example.com','0123456789','',5.950,0.000,0.000,'Payment transaction: 000016-4XEK','admin@example.com'),(381,'admin@example.com (User ID #7)','','','Admin','Admin','','51 apt, 87 street','Sydney','NSW','AU','2009','','admin@example.com','0123456789','','Admin','Admin','','51 apt, 87 street','Sydney','NSW','AU','2009','','admin@example.com','0123456789','',5.950,0.000,0.000,'Payment transaction: 000017-PMMF','admin@example.com'),(382,'admin@example.com (User ID #7)','','','Admin','Admin','','51 apt, 87 street','Sydney','NSW','AU','2009','','admin@example.com','0123456789','','Admin','Admin','','51 apt, 87 street','Sydney','NSW','AU','2009','','admin@example.com','0123456789','',5.950,0.000,0.000,'Payment transaction: 000018-9I3J','admin@example.com'),(383,'admin@example.com (User ID #7)','','','Admin','Admin','','51 apt, 87 street','Sydney','NSW','AU','2009','','admin@example.com','0123456789','','Admin','Admin','','51 apt, 87 street','Sydney','NSW','AU','2009','','admin@example.com','0123456789','',5.950,0.000,0.000,'Payment transaction: 000019-LH1A','admin@example.com'),(384,'admin@example.com (User ID #7)','','','Admin','Admin','','51 apt, 87 street','Sydney','NSW','AU','2009','','admin@example.com','0123456789','','Admin','Admin','','51 apt, 87 street','Sydney','NSW','AU','2009','','admin@example.com','0123456789','',5.950,0.000,0.000,'Payment transaction: 000020-68ID','admin@example.com'),(385,'admin@example.com (User ID #7)','','','Admin','Admin','','51 apt, 87 street','Sydney','NSW','AU','2009','','admin@example.com','0123456789','','Admin','Admin','','51 apt, 87 street','Sydney','NSW','AU','2009','','admin@example.com','0123456789','',5.950,0.000,0.000,'Payment transaction: 000021-DX8K','admin@example.com'),(386,'admin@example.com (User ID #7)','','','Admin','Admin','','51 apt, 87 street','Sydney','NSW','AU','2009','','admin@example.com','0123456789','','Admin','Admin','','51 apt, 87 street','Sydney','NSW','AU','2009','','admin@example.com','0123456789','',5.950,0.000,0.000,'Payment transaction: 000022-SIMS','admin@example.com'),(387,'admin@example.com (User ID #7)','','','Admin','Admin','','51 apt, 87 street','Sydney','NSW','AU','2009','','admin@example.com','0123456789','','Admin','Admin','','51 apt, 87 street','Sydney','NSW','AU','2009','','admin@example.com','0123456789','',5.950,0.000,0.000,'Payment transaction: 000023-6R7B','admin@example.com'),(388,'admin@example.com (User ID #7)','','','Admin','Admin','','51 apt, 87 street','Sydney','NSW','AU','2009','','admin@example.com','0123456789','','Admin','Admin','','51 apt, 87 street','Sydney','NSW','AU','2009','','admin@example.com','0123456789','',16.880,0.000,0.000,'Payment transaction: 000024-JBSY','admin@example.com'),(389,'admin@example.com (User ID #7)','','','Admin','Admin','','51 apt, 87 street','Sydney','NSW','AU','2009','','admin@example.com','0123456789','','Admin','Admin','','51 apt, 87 street','Sydney','NSW','AU','2009','','admin@example.com','0123456789','',5.950,0.000,0.000,'Payment transaction: 000025-DVEY','admin@example.com'),(390,'admin@example.com (User ID #7)','','','Admin','Admin','','51 apt, 87 street','Sydney','NSW','AU','2009','','admin@example.com','0123456789','','Admin','Admin','','51 apt, 87 street','Sydney','NSW','AU','2009','','admin@example.com','0123456789','',5.850,0.000,0.000,'Payment transaction: 000026-3A23','admin@example.com'),(391,'admin@example.com (User ID #7)','','','Admin','Admin','','51 apt, 87 street','Sydney','NSW','AU','2009','','admin@example.com','0123456789','','Admin','Admin','','51 apt, 87 street','Sydney','NSW','AU','2009','','admin@example.com','0123456789','',16.880,0.000,0.000,'Payment transaction: 000027-6TAU','admin@example.com'),(392,'admin@example.com (User ID #7)','','','Admin','Admin','','51 apt, 87 street','Sydney','NSW','AU','2009','','admin@example.com','0123456789','','Admin','Admin','','51 apt, 87 street','Sydney','NSW','AU','2009','','admin@example.com','0123456789','',5.850,0.000,0.000,'Payment transaction: 000028-P8SV','admin@example.com'),(393,'admin@example.com (User ID #7)','','','Admin','Admin','','51 apt, 87 street','Sydney','NSW','AU','2009','','admin@example.com','0123456789','','Admin','Admin','','51 apt, 87 street','Sydney','NSW','AU','2009','','admin@example.com','0123456789','',16.880,0.000,0.000,'Payment transaction: 000029-6P0R','admin@example.com'),(394,'admin@example.com (User ID #7)','','','Admin','Admin','','51 apt, 87 street','Sydney','NSW','AU','2009','','admin@example.com','0123456789','','Admin','Admin','','51 apt, 87 street','Sydney','NSW','AU','2009','','admin@example.com','0123456789','',5.850,0.000,0.000,'Payment transaction: 000030-GME0','admin@example.com'),(395,'admin@example.com (User ID #7)','','','Admin','Admin','','51 apt, 87 street','Sydney','NSW','AU','2009','','admin@example.com','0123456789','','Admin','Admin','','51 apt, 87 street','Sydney','NSW','AU','2009','','admin@example.com','0123456789','',16.880,0.000,0.000,'Payment transaction: 000031-RMYO','admin@example.com'),(396,'admin@example.com (User ID #7)','','','Admin','Admin','','51 apt, 87 street','Sydney','NSW','AU','2009','','admin@example.com','0123456789','','Admin','Admin','','51 apt, 87 street','Sydney','NSW','AU','2009','','admin@example.com','0123456789','',5.850,0.000,0.000,'Payment transaction: 000032-4J5M','admin@example.com'),(397,'admin@example.com (User ID #7)','','','Admin','Admin','','51 apt, 87 street','Sydney','NSW','AU','2009','','admin@example.com','0123456789','','Admin','Admin','','51 apt, 87 street','Sydney','NSW','AU','2009','','admin@example.com','0123456789','',5.950,0.000,0.000,'Payment transaction: 000033-8SIB','admin@example.com'),(398,'admin@example.com (User ID #7)','','','Admin','Admin','','51 apt, 87 street','Sydney','NSW','AU','2009','','admin@example.com','0123456789','','Admin','Admin','','51 apt, 87 street','Sydney','NSW','AU','2009','','admin@example.com','0123456789','',5.950,0.000,0.000,'Payment transaction: 000034-LBUF','admin@example.com'),(399,'admin@example.com (User ID #7)','','','Admin','Admin','','51 apt, 87 street','Sydney','NSW','AU','2009','','admin@example.com','0123456789','','Admin','Admin','','51 apt, 87 street','Sydney','NSW','AU','2009','','admin@example.com','0123456789','',10.730,0.000,0.000,'Payment transaction: 000035-1NI2','admin@example.com'),(400,'admin@example.com (User ID #7)','','','Admin','Admin','','51 apt, 87 street','Sydney','NSW','AU','2009','','admin@example.com','0123456789','','Admin','Admin','','51 apt, 87 street','Sydney','NSW','AU','2009','','admin@example.com','0123456789','',5.850,0.000,0.000,'Payment transaction: 000038-9FG0','admin@example.com'),(401,'','','','','','','','','','','','','','','','','','','','','','','','','','','',0.000,0.000,0.000,'',''),(402,'admin@example.com (User ID #7)','','','Admin','Admin','','51 apt, 87 street','Sydney','NSW','AU','2009','','admin@example.com','0123456789','','Admin','Admin','','51 apt, 87 street','Sydney','NSW','AU','2009','','admin@example.com','0123456789','',5.850,0.000,0.000,'Payment transaction: 000039-6O09','admin@example.com'),(403,'admin@example.com (User ID #7)','','','Admin','Admin','','51 apt, 87 street','Edmond','OK','US','73003','','admin@example.com','0123456789','','Admin','Admin','','51 apt, 87 street','Edmond','OK','US','73003','','admin@example.com','0123456789','',7.110,0.000,0.000,'Payment transaction: 000006-F3YZ','admin@example.com'),(404,'admin@example.com (User ID #7)','','','Admin','Admin','','51 apt, 87 street','Edmond','OK','US','73003','','admin@example.com','0123456789','','Admin','Admin','','51 apt, 87 street','Edmond','OK','US','73003','','admin@example.com','0123456789','',2.750,0.000,0.000,'Payment transaction: 000006-M5HE','admin@example.com'),(405,'admin@example.com (User ID #7)','','','Admin','Admin','','51 apt, 87 street','Edmond','OK','US','73003','','admin@example.com','0123456789','','Admin','Admin','','51 apt, 87 street','Edmond','OK','US','73003','','admin@example.com','0123456789','',2.750,0.000,0.000,'Payment transaction: 000007-RJ39','admin@example.com'),(406,'admin@example.com (User ID #7)','','','Admin','Admin','','51 apt, 87 street','Edmond','OK','US','73003','','admin@example.com','0123456789','','Admin','Admin','','51 apt, 87 street','Edmond','OK','US','73003','','admin@example.com','0123456789','',2.750,0.000,0.000,'Payment transaction: 000008-E6P8','admin@example.com'),(407,'admin@example.com (User ID #7)','','','Admin','Admin','','51 apt, 87 street','Edmond','OK','US','73003','','admin@example.com','0123456789','','Admin','Admin','','51 apt, 87 street','Edmond','OK','US','73003','','admin@example.com','0123456789','',2.750,0.000,0.000,'Payment transaction: 000009-MKQO','admin@example.com'),(408,'admin@example.com (User ID #7)','','','Admin','Admin','','51 apt, 87 street','Edmond','OK','US','73003','','admin@example.com','0123456789','','Admin','Admin','','51 apt, 87 street','Edmond','OK','US','73003','','admin@example.com','0123456789','',2.750,0.000,0.000,'Payment transaction: 000010-FNVZ','admin@example.com'),(409,'admin@example.com (User ID #7)','','','Admin','Admin','','51 apt, 87 street','Edmond','OK','US','73003','','admin@example.com','0123456789','','Admin','Admin','','51 apt, 87 street','Edmond','OK','US','73003','','admin@example.com','0123456789','',2.750,0.000,0.000,'Payment transaction: 000011-EF11','admin@example.com'),(410,'i.dohtur@gmail.com (User ID #14)','','','Customer','Customer','','587 Sunburst Drive','Hayward','WI','US','54843','','i.dohtur@gmail.com','','','Customer','Customer','','587 Sunburst Drive','Hayward','WI','US','54843','','i.dohtur@gmail.com','','',2.890,0.000,0.000,'Payment transaction: 000013-KWRF','admin@example.com'),(411,'admin@example.com (User ID #7)','','','Admin','Admin','','51 apt, 87 street','Edmond','OK','US','73003','','admin@example.com','0123456789','','Admin','Admin','','51 apt, 87 street','Edmond','OK','US','73003','','admin@example.com','0123456789','',2.750,0.000,0.000,'Payment transaction: 000012-7CBZ','admin@example.com'),(412,'admin@example.com (User ID #7)','','','Admin','Admin','','51 apt, 87 street','Edmond','OK','US','73003','','admin@example.com','0123456789','','Admin','Admin','','51 apt, 87 street','Edmond','OK','US','73003','','admin@example.com','0123456789','',2.750,0.000,0.000,'Payment transaction: 000014-C61B','admin@example.com'),(413,'admin@example.com (User ID #7)','','','Admin','Admin','','51 apt, 87 street','Edmond','OK','US','73003','','admin@example.com','0123456789','','Admin','Admin','','51 apt, 87 street','Edmond','OK','US','73003','','admin@example.com','0123456789','',2.750,0.000,0.000,'Payment transaction: 000015-VJPX','admin@example.com'),(414,'admin@example.com (User ID #7)','','','Admin','Admin','','51 apt, 87 street','Edmond','OK','US','73003','','admin@example.com','0123456789','','Admin','Admin','','51 apt, 87 street','Edmond','OK','US','73003','','admin@example.com','0123456789','',2.750,0.000,0.000,'Payment transaction: 000016-4YLH','admin@example.com'),(415,'admin@example.com (User ID #7)','','','Admin','Admin','','51 apt, 87 street','Edmond','OK','US','73003','','admin@example.com','0123456789','','Admin','Admin','','51 apt, 87 street','Edmond','OK','US','73003','','admin@example.com','0123456789','',2.750,0.000,0.000,'Payment transaction: 000017-HY0S','admin@example.com'),(416,'admin@example.com (User ID #7)','','','Admin','Admin','','51 apt, 87 street','Edmond','OK','US','73003','','admin@example.com','0123456789','','Admin','Admin','','51 apt, 87 street','Edmond','OK','US','73003','','admin@example.com','0123456789','',2.750,0.000,0.000,'Payment transaction: 000018-NMVM','admin@example.com'),(417,'admin@example.com (User ID #7)','','','Admin','Admin','','51 apt, 87 street','Edmond','OK','US','73003','','admin@example.com','0123456789','','Admin','Admin','','51 apt, 87 street','Edmond','OK','US','73003','','admin@example.com','0123456789','',2.750,0.000,0.000,'Payment transaction: 000019-LYDB','admin@example.com'),(418,'admin@example.com (User ID #7)','','','Admin','Admin','','51 apt, 87 street','Edmond','OK','US','73003','','admin@example.com','0123456789','','Admin','Admin','','51 apt, 87 street','Edmond','OK','US','73003','','admin@example.com','0123456789','',2.750,0.000,0.000,'Payment transaction: 000020-H4IA','admin@example.com'),(419,'admin@example.com (User ID #7)','','','Admin','Admin','','51 apt, 87 street','Edmond','OK','US','73003','','admin@example.com','0123456789','','Admin','Admin','','51 apt, 87 street','Edmond','OK','US','73003','','admin@example.com','0123456789','',2.750,0.000,0.000,'Payment transaction: 000021-OED3','admin@example.com'),(420,'admin@example.com (User ID #7)','','','Admin','Admin','','51 apt, 87 street','Edmond','OK','US','73003','','admin@example.com','0123456789','','Admin','Admin','','51 apt, 87 street','Edmond','OK','US','73003','','admin@example.com','0123456789','',2.750,0.000,0.000,'Payment transaction: 000022-XKOQ','admin@example.com'),(421,'admin@example.com (User ID #7)','','','Admin','Admin','','51 apt, 87 street','Edmond','OK','US','73003','','admin@example.com','0123456789','','Admin','Admin','','51 apt, 87 street','Edmond','OK','US','73003','','admin@example.com','0123456789','',2.750,0.000,0.000,'Payment transaction: 000023-7GG3','admin@example.com'),(422,'admin@example.com (User ID #7)','','','Admin','Admin','','51 apt, 87 street','Edmond','OK','US','73003','','admin@example.com','0123456789','','Admin','Admin','','51 apt, 87 street','Edmond','OK','US','73003','','admin@example.com','0123456789','',2.750,0.000,0.000,'Payment transaction: 000024-Q0E2','admin@example.com'),(423,'admin@example.com (User ID #7)','','','Admin','Admin','','51 apt, 87 street','Edmond','OK','US','73003','','admin@example.com','0123456789','','Admin','Admin','','51 apt, 87 street','Edmond','OK','US','73003','','admin@example.com','0123456789','',7.110,0.000,0.000,'Payment transaction: 000025-LYG0','admin@example.com'),(424,'admin@example.com (User ID #7)','','','Admin','Admin','','51 apt, 87 street','Edmond','OK','US','73003','','admin@example.com','0123456789','','Admin','Admin','','51 apt, 87 street','Edmond','OK','US','73003','','admin@example.com','0123456789','',7.110,0.000,0.000,'Payment transaction: 000006-N7PO','admin@example.com'),(425,'admin@example.com (User ID #7)','','','Admin','Admin','','51 apt, 87 street','Edmond','OK','US','73003','','admin@example.com','0123456789','','Admin','Admin','','51 apt, 87 street','Edmond','OK','US','73003','','admin@example.com','0123456789','',0.000,0.000,0.000,'Apple AirPods (1)',''),(426,'admin@example.com (User ID #7)','','','Admin','Admin','','51 apt, 87 street','Edmond','OK','US','73003','','admin@example.com','0123456789','','Admin','Admin','','51 apt, 87 street','Edmond','OK','US','73003','','admin@example.com','0123456789','',0.000,0.000,0.000,'Apple AirPods (1)',''),(427,'admin@example.com (User ID #7)','','','Admin','Admin','','51 apt, 87 street','Edmond','OK','US','73003','','admin@example.com','0123456789','','Admin','Admin','','51 apt, 87 street','Edmond','OK','US','73003','','admin@example.com','0123456789','',7.110,0.000,0.000,'Payment transaction: 000009-WRR6','admin@example.com'),(428,'admin@example.com (User ID #7)','','','Admin','Admin','','51 apt, 87 street','Edmond','OK','US','73003','','admin@example.com','0123456789','','Admin','Admin','','51 apt, 87 street','Edmond','OK','US','73003','','admin@example.com','0123456789','',0.000,0.000,0.000,'Apple AirPods (1)',''),(429,'admin@example.com (User ID #7)','','','Admin','Admin','','51 apt, 87 street','Edmond','OK','US','73003','','admin@example.com','0123456789','','Admin','Admin','','51 apt, 87 street','Edmond','OK','US','73003','','admin@example.com','0123456789','',0.000,0.000,0.000,'Apple AirPods (1)',''),(430,'admin@example.com (User ID #7)','','','Admin','Admin','','51 apt, 87 street','Edmond','OK','US','73003','','admin@example.com','0123456789','','Admin','Admin','','51 apt, 87 street','Edmond','OK','US','73003','','admin@example.com','0123456789','',0.000,0.000,0.000,'Apple AirPods (1)',''),(431,'admin@example.com (User ID #7)','','','Admin','Admin','','51 apt, 87 street','Edmond','OK','US','73003','','admin@example.com','0123456789','','Admin','Admin','','51 apt, 87 street','Edmond','OK','US','73003','','admin@example.com','0123456789','',0.000,0.000,0.000,'Apple AirPods (1)',''),(432,'admin@example.com (User ID #7)','','','Admin','Admin','','51 apt, 87 street','Edmond','OK','US','73003','','admin@example.com','0123456789','','Admin','Admin','','51 apt, 87 street','Edmond','OK','US','73003','','admin@example.com','0123456789','',0.000,0.000,0.000,'Apple AirPods (1)',''),(433,'admin@example.com (User ID #7)','','','Admin','Admin','','51 apt, 87 street','Edmond','OK','US','73003','','admin@example.com','0123456789','','Admin','Admin','','51 apt, 87 street','Edmond','OK','US','73003','','admin@example.com','0123456789','',0.000,0.000,0.000,'Apple AirPods (1)',''),(434,'admin@example.com (User ID #7)','','','Admin','Admin','','51 apt, 87 street','Edmond','OK','US','73003','','admin@example.com','0123456789','','Admin','Admin','','51 apt, 87 street','Edmond','OK','US','73003','','admin@example.com','0123456789','',0.000,0.000,0.000,'Apple AirPods (1)',''),(435,'admin@example.com (User ID #7)','','','Admin','Admin','','51 apt, 87 street','Edmond','OK','US','73003','','admin@example.com','0123456789','','Admin','Admin','','51 apt, 87 street','Edmond','OK','US','73003','','admin@example.com','0123456789','',0.000,0.000,0.000,'Apple AirPods (1)',''),(436,'admin@example.com (User ID #7)','','','Admin','Admin','','51 apt, 87 street','Edmond','OK','US','73003','','admin@example.com','0123456789','','Admin','Admin','','51 apt, 87 street','Edmond','OK','US','73003','','admin@example.com','0123456789','',0.000,0.000,0.000,'Apple AirPods (1)',''),(437,'admin@example.com (User ID #7)','','','Admin','Admin','','51 apt, 87 street','Edmond','OK','US','73003','','admin@example.com','0123456789','','Admin','Admin','','51 apt, 87 street','Edmond','OK','US','73003','','admin@example.com','0123456789','',0.000,0.000,0.000,'Apple AirPods (1)',''),(438,'admin@example.com (User ID #7)','','','Admin','Admin','','51 apt, 87 street','Edmond','OK','US','73003','','admin@example.com','0123456789','','Admin','Admin','','51 apt, 87 street','Edmond','OK','US','73003','','admin@example.com','0123456789','',0.000,0.000,0.000,'Apple AirPods (1)',''),(439,'admin@example.com (User ID #7)','','','Admin','Admin','','51 apt, 87 street','Edmond','OK','US','73003','','admin@example.com','0123456789','','Admin','Admin','','51 apt, 87 street','Edmond','OK','US','73003','','admin@example.com','0123456789','',0.000,0.000,0.000,'Apple AirPods (1)',''),(440,'admin@example.com (User ID #7)','','','Admin','Admin','','51 apt, 87 street','Edmond','OK','US','73003','','admin@example.com','0123456789','','Admin','Admin','','51 apt, 87 street','Edmond','OK','US','73003','','admin@example.com','0123456789','',0.000,0.000,0.000,'Apple AirPods (1)',''),(441,'admin@example.com (User ID #7)','','','Admin','Admin','','51 apt, 87 street','Edmond','OK','US','73003','','admin@example.com','0123456789','','Admin','Admin','','51 apt, 87 street','Edmond','OK','US','73003','','admin@example.com','0123456789','',0.000,0.000,0.000,'Apple AirPods (1)',''),(442,'admin@example.com (User ID #7)','','','Admin','Admin','','51 apt, 87 street','Edmond','OK','US','73003','','admin@example.com','0123456789','','Admin','Admin','','51 apt, 87 street','Edmond','OK','US','73003','','admin@example.com','0123456789','',0.000,0.000,0.000,'Apple AirPods (1)',''),(443,'admin@example.com (User ID #7)','','','Admin','Admin','','51 apt, 87 street','Edmond','OK','US','73003','','admin@example.com','0123456789','','Admin','Admin','','51 apt, 87 street','Edmond','OK','US','73003','','admin@example.com','0123456789','',0.000,0.000,0.000,'Apple AirPods (1)',''),(444,'admin@example.com (User ID #7)','','','Admin','Admin','','51 apt, 87 street','Edmond','OK','US','73003','','admin@example.com','0123456789','','Admin','Admin','','51 apt, 87 street','Edmond','OK','US','73003','','admin@example.com','0123456789','',0.000,0.000,0.000,'Apple AirPods (1)',''),(445,'admin@example.com (User ID #7)','','','Admin','Admin','','51 apt, 87 street','Edmond','OK','US','73003','','admin@example.com','0123456789','','Admin','Admin','','51 apt, 87 street','Edmond','OK','US','73003','','admin@example.com','0123456789','',0.000,0.000,0.000,'Apple AirPods (1)',''),(446,'admin@example.com (User ID #7)','','','Admin','Admin','','51 apt, 87 street','Edmond','OK','US','73003','','admin@example.com','0123456789','','Admin','Admin','','51 apt, 87 street','Edmond','OK','US','73003','','admin@example.com','0123456789','',0.000,0.000,0.000,'Apple AirPods (1)',''),(447,'admin@example.com (User ID #7)','','','Admin','Admin','','51 apt, 87 street','Edmond','OK','US','73003','','admin@example.com','0123456789','','Admin','Admin','','51 apt, 87 street','Edmond','OK','US','73003','','admin@example.com','0123456789','',7.110,0.000,0.000,'Payment transaction: 000029-3W1V','admin@example.com'),(448,'admin@example.com (User ID #7)','','','Admin','Admin','','51 apt, 87 street','Edmond','OK','US','73003','','admin@example.com','0123456789','','Admin','Admin','','51 apt, 87 street','Edmond','OK','US','73003','','admin@example.com','0123456789','',0.000,0.000,0.000,'Apple AirPods (1)',''),(449,'admin@example.com (User ID #7)','','','Admin','Admin','','51 apt, 87 street','Edmond','OK','US','73003','','admin@example.com','0123456789','','Admin','Admin','','51 apt, 87 street','Edmond','OK','US','73003','','admin@example.com','0123456789','',0.000,0.000,0.000,'Apple AirPods (1)',''),(450,'admin@example.com (User ID #7)','','','Admin','Admin','','51 apt, 87 street','Edmond','OK','US','73003','','admin@example.com','0123456789','','Admin','Admin','','51 apt, 87 street','Edmond','OK','US','73003','','admin@example.com','0123456789','',0.000,0.000,0.000,'Apple AirPods (1)',''),(451,'admin@example.com (User ID #7)','','','Admin','Admin','','51 apt, 87 street','Edmond','OK','US','73003','','admin@example.com','0123456789','','Admin','Admin','','51 apt, 87 street','Edmond','OK','US','73003','','admin@example.com','0123456789','',0.000,0.000,0.000,'Apple AirPods (1)',''),(452,'admin@example.com (User ID #7)','','','Admin','Admin','','51 apt, 87 street','Edmond','OK','US','73003','','admin@example.com','0123456789','','Admin','Admin','','51 apt, 87 street','Edmond','OK','US','73003','','admin@example.com','0123456789','',0.000,0.000,0.000,'Apple AirPods (1)',''),(453,'admin@example.com (User ID #7)','','','Admin','Admin','','51 apt, 87 street','Edmond','OK','US','73003','','admin@example.com','0123456789','','Admin','Admin','','51 apt, 87 street','Edmond','OK','US','73003','','admin@example.com','0123456789','',0.000,0.000,0.000,'Apple AirPods (1)',''),(454,'admin@example.com (User ID #7)','','','Admin','Admin','','51 apt, 87 street','Edmond','OK','US','73003','','admin@example.com','0123456789','','Admin','Admin','','51 apt, 87 street','Edmond','OK','US','73003','','admin@example.com','0123456789','',0.000,0.000,0.000,'Apple AirPods (1)',''),(455,'admin@example.com (User ID #7)','','','Admin','Admin','','51 apt, 87 street','Edmond','OK','US','73003','','admin@example.com','0123456789','','Admin','Admin','','51 apt, 87 street','Edmond','OK','US','73003','','admin@example.com','0123456789','',0.000,0.000,0.000,'Apple AirPods (1)',''),(456,'admin@example.com (User ID #7)','','','Admin','Admin','','51 apt, 87 street','Edmond','OK','US','73003','','admin@example.com','0123456789','','Admin','Admin','','51 apt, 87 street','Edmond','OK','US','73003','','admin@example.com','0123456789','',0.000,0.000,0.000,'Apple AirPods (1)',''),(457,'admin@example.com (User ID #7)','','','Admin','Admin','','51 apt, 87 street','Edmond','OK','US','73003','','admin@example.com','0123456789','','Admin','Admin','','51 apt, 87 street','Edmond','OK','US','73003','','admin@example.com','0123456789','',0.000,0.000,0.000,'Apple AirPods (1)',''),(458,'admin@example.com (User ID #7)','','','Admin','Admin','','51 apt, 87 street','Edmond','OK','US','73003','','admin@example.com','0123456789','','Admin','Admin','','51 apt, 87 street','Edmond','OK','US','73003','','admin@example.com','0123456789','',0.000,0.000,0.000,'Apple AirPods (1)',''),(459,'admin@example.com (User ID #7)','','','Admin','Admin','','51 apt, 87 street','Edmond','OK','US','73003','','admin@example.com','0123456789','','Admin','Admin','','51 apt, 87 street','Edmond','OK','US','73003','','admin@example.com','0123456789','',0.000,0.000,0.000,'Apple AirPods (1)',''),(460,'admin@example.com (User ID #7)','','','Admin','Admin','','51 apt, 87 street','Edmond','OK','US','73003','','admin@example.com','0123456789','','Admin','Admin','','51 apt, 87 street','Edmond','OK','US','73003','','admin@example.com','0123456789','',0.000,0.000,0.000,'Apple AirPods (1)',''),(461,'admin@example.com (User ID #7)','','','Admin','Admin','','51 apt, 87 street','Edmond','OK','US','73003','','admin@example.com','0123456789','','Admin','Admin','','51 apt, 87 street','Edmond','OK','US','73003','','admin@example.com','0123456789','',7.110,0.000,0.000,'Payment transaction: 000043-V6U5','admin@example.com'),(462,'admin@example.com (User ID #7)','','','Admin','Admin','','51 apt, 87 street','Edmond','OK','US','73003','','admin@example.com','0123456789','','Admin','Admin','','51 apt, 87 street','Edmond','OK','US','73003','','admin@example.com','0123456789','',0.000,0.000,0.000,'Apple AirPods (1)',''),(463,'admin@example.com (User ID #7)','','','Admin','Admin','','51 apt, 87 street','Edmond','OK','US','73003','','admin@example.com','0123456789','','Admin','Admin','','51 apt, 87 street','Edmond','OK','US','73003','','admin@example.com','0123456789','',0.000,0.000,0.000,'Apple AirPods (1)',''),(464,'admin@example.com (User ID #7)','','','Admin','Admin','','51 apt, 87 street','Edmond','OK','US','73003','','admin@example.com','0123456789','','Admin','Admin','','51 apt, 87 street','Edmond','OK','US','73003','','admin@example.com','0123456789','',0.000,0.000,0.000,'Apple AirPods (1)',''),(465,'admin@example.com (User ID #7)','','','Admin','Admin','','51 apt, 87 street','Edmond','OK','US','73003','','admin@example.com','0123456789','','Admin','Admin','','51 apt, 87 street','Edmond','OK','US','73003','','admin@example.com','0123456789','',7.110,0.000,0.000,'Payment transaction: 000047-5PV4','admin@example.com'),(466,'admin@example.com (User ID #7)','','','Admin','Admin','','51 apt, 87 street','Edmond','OK','US','73003','','admin@example.com','0123456789','','Admin','Admin','','51 apt, 87 street','Edmond','OK','US','73003','','admin@example.com','0123456789','',0.000,0.000,0.000,'Apple AirPods (1)',''),(467,'admin@example.com (User ID #7)','','','Admin','Admin','','51 apt, 87 street','Edmond','OK','US','73003','','admin@example.com','0123456789','','Admin','Admin','','51 apt, 87 street','Edmond','OK','US','73003','','admin@example.com','0123456789','',7.110,0.000,0.000,'Payment transaction: 000049-KOA6','admin@example.com'),(468,'admin@example.com (User ID #7)','','','Admin','Admin','','51 apt, 87 street','Edmond','OK','US','73003','','admin@example.com','0123456789','','Admin','Admin','','51 apt, 87 street','Edmond','OK','US','73003','','admin@example.com','0123456789','',0.000,0.000,0.000,'Apple AirPods (1)',''),(469,'admin@example.com (User ID #7)','','','Admin','Admin','','51 apt, 87 street','Edmond','OK','US','73003','','admin@example.com','0123456789','','Admin','Admin','','51 apt, 87 street','Edmond','OK','US','73003','','admin@example.com','0123456789','',0.000,0.000,0.000,'Apple AirPods (1)',''),(470,'admin@example.com (User ID #7)','','','Admin','Admin','','51 apt, 87 street','Edmond','OK','US','73003','','admin@example.com','0123456789','','Admin','Admin','','51 apt, 87 street','Edmond','OK','US','73003','','admin@example.com','0123456789','',0.000,0.000,0.000,'Apple AirPods (1)',''),(471,'admin@example.com (User ID #7)','','','Admin','Admin','','51 apt, 87 street','Edmond','OK','US','73003','','admin@example.com','0123456789','','Admin','Admin','','51 apt, 87 street','Edmond','OK','US','73003','','admin@example.com','0123456789','',0.000,0.000,0.000,'Apple AirPods (1)',''),(472,'admin@example.com (User ID #7)','','','Admin','Admin','','51 apt, 87 street','Edmond','OK','US','73003','','admin@example.com','0123456789','','Admin','Admin','','51 apt, 87 street','Edmond','OK','US','73003','','admin@example.com','0123456789','',0.000,0.000,0.000,'Apple AirPods (1)',''),(473,'admin@example.com (User ID #7)','','','Admin','Admin','','51 apt, 87 street','Edmond','OK','US','73003','','admin@example.com','0123456789','','Admin','Admin','','51 apt, 87 street','Edmond','OK','US','73003','','admin@example.com','0123456789','',0.000,0.000,0.000,'Apple AirPods (1)',''),(474,'admin@example.com (User ID #7)','','','Admin','Admin','','51 apt, 87 street','Edmond','OK','US','73003','','admin@example.com','0123456789','','Admin','Admin','','51 apt, 87 street','Edmond','OK','US','73003','','admin@example.com','0123456789','',0.000,0.000,0.000,'Apple AirPods (1)',''),(475,'admin@example.com (User ID #7)','','','Admin','Admin','','51 apt, 87 street','Edmond','OK','US','73003','','admin@example.com','0123456789','','Admin','Admin','','51 apt, 87 street','Edmond','OK','US','73003','','admin@example.com','0123456789','',0.000,0.000,0.000,'Apple AirPods (1)',''),(476,'admin@example.com (User ID #7)','','','Admin','Admin','','51 apt, 87 street','Edmond','OK','US','73003','','admin@example.com','0123456789','','Admin','Admin','','51 apt, 87 street','Edmond','OK','US','73003','','admin@example.com','0123456789','',0.000,0.000,0.000,'Apple AirPods (1)',''),(477,'admin@example.com (User ID #7)','','','Admin','Admin','','51 apt, 87 street','Edmond','OK','US','73003','','admin@example.com','0123456789','','Admin','Admin','','51 apt, 87 street','Edmond','OK','US','73003','','admin@example.com','0123456789','',0.000,0.000,0.000,'Apple AirPods (1)',''),(478,'admin@example.com (User ID #7)','','','Admin','Admin','','51 apt, 87 street','Edmond','OK','US','73003','','admin@example.com','0123456789','','Admin','Admin','','51 apt, 87 street','Edmond','OK','US','73003','','admin@example.com','0123456789','',0.000,0.000,0.000,'Apple AirPods (1)',''),(479,'admin@example.com (User ID #7)','','','Admin','Admin','','51 apt, 87 street','Edmond','OK','US','73003','','admin@example.com','0123456789','','Admin','Admin','','51 apt, 87 street','Edmond','OK','US','73003','','admin@example.com','0123456789','',0.000,0.000,0.000,'Apple AirPods (1)',''),(480,'admin@example.com (User ID #7)','','','Admin','Admin','','51 apt, 87 street','Edmond','OK','US','73003','','admin@example.com','0123456789','','Admin','Admin','','51 apt, 87 street','Edmond','OK','US','73003','','admin@example.com','0123456789','',0.000,0.000,0.000,'Apple AirPods (1)',''),(481,'admin@example.com (User ID #7)','','','Admin','Admin','','51 apt, 87 street','Edmond','OK','US','73003','','admin@example.com','0123456789','','Admin','Admin','','51 apt, 87 street','Edmond','OK','US','73003','','admin@example.com','0123456789','',0.000,0.000,0.000,'Apple AirPods (1)',''),(482,'admin@example.com (User ID #7)','','','Admin','Admin','','51 apt, 87 street','Edmond','OK','US','73003','','admin@example.com','0123456789','','Admin','Admin','','51 apt, 87 street','Edmond','OK','US','73003','','admin@example.com','0123456789','',0.000,0.000,0.000,'Apple AirPods (1)',''),(483,'admin@example.com (User ID #7)','','','Admin','Admin','','51 apt, 87 street','Edmond','OK','US','73003','','admin@example.com','0123456789','','Admin','Admin','','51 apt, 87 street','Edmond','OK','US','73003','','admin@example.com','0123456789','',0.000,0.000,0.000,'Apple AirPods (1)',''),(484,'admin@example.com (User ID #7)','','','Admin','Admin','','51 apt, 87 street','Edmond','OK','US','73003','','admin@example.com','0123456789','','Admin','Admin','','51 apt, 87 street','Edmond','OK','US','73003','','admin@example.com','0123456789','',0.000,0.000,0.000,'Apple AirPods (1)',''),(485,'admin@example.com (User ID #7)','','','Admin','Admin','','51 apt, 87 street','Edmond','OK','US','73003','','admin@example.com','0123456789','','Admin','Admin','','51 apt, 87 street','Edmond','OK','US','73003','','admin@example.com','0123456789','',0.000,0.000,0.000,'Apple AirPods (1)',''),(486,'admin@example.com (User ID #7)','','','Admin','Admin','','51 apt, 87 street','Edmond','OK','US','73003','','admin@example.com','0123456789','','Admin','Admin','','51 apt, 87 street','Edmond','OK','US','73003','','admin@example.com','0123456789','',0.000,0.000,0.000,'Apple AirPods (1)',''),(487,'admin@example.com (User ID #7)','','','Admin','Admin','','51 apt, 87 street','Edmond','OK','US','73003','','admin@example.com','0123456789','','Admin','Admin','','51 apt, 87 street','Edmond','OK','US','73003','','admin@example.com','0123456789','',0.000,0.000,0.000,'Apple AirPods (1)',''),(488,'admin@example.com (User ID #7)','','','Admin','Admin','','51 apt, 87 street','Edmond','OK','US','73003','','admin@example.com','0123456789','','Admin','Admin','','51 apt, 87 street','Edmond','OK','US','73003','','admin@example.com','0123456789','',0.000,0.000,0.000,'Apple AirPods (1)',''),(489,'admin@example.com (User ID #7)','','','Admin','Admin','','51 apt, 87 street','Edmond','OK','US','73003','','admin@example.com','0123456789','','Admin','Admin','','51 apt, 87 street','Edmond','OK','US','73003','','admin@example.com','0123456789','',0.000,0.000,0.000,'Apple AirPods (1)',''),(490,'admin@example.com (User ID #7)','','','Admin','Admin','','51 apt, 87 street','Edmond','OK','US','73003','','admin@example.com','0123456789','','Admin','Admin','','51 apt, 87 street','Edmond','OK','US','73003','','admin@example.com','0123456789','',0.000,0.000,0.000,'Apple AirPods (1)',''),(491,'admin@example.com (User ID #7)','','','Admin','Admin','','51 apt, 87 street','Edmond','OK','US','73003','','admin@example.com','0123456789','','Admin','Admin','','51 apt, 87 street','Edmond','OK','US','73003','','admin@example.com','0123456789','',0.000,0.000,0.000,'Apple AirPods (1)',''),(492,'admin@example.com (User ID #7)','','','Admin','Admin','','51 apt, 87 street','Edmond','OK','US','73003','','admin@example.com','0123456789','','Admin','Admin','','51 apt, 87 street','Edmond','OK','US','73003','','admin@example.com','0123456789','',0.000,0.000,0.000,'Apple AirPods (1)',''),(493,'admin@example.com (User ID #7)','','','Admin','Admin','','51 apt, 87 street','Edmond','OK','US','73003','','admin@example.com','0123456789','','Admin','Admin','','51 apt, 87 street','Edmond','OK','US','73003','','admin@example.com','0123456789','',0.000,0.000,0.000,'Apple AirPods (1)',''),(494,'admin@example.com (User ID #7)','','','Admin','Admin','','51 apt, 87 street','Edmond','OK','US','73003','','admin@example.com','0123456789','','Admin','Admin','','51 apt, 87 street','Edmond','OK','US','73003','','admin@example.com','0123456789','',0.000,0.000,0.000,'Apple AirPods (1)',''),(495,'admin@example.com (User ID #7)','','','Admin','Admin','','51 apt, 87 street','Edmond','OK','US','73003','','admin@example.com','0123456789','','Admin','Admin','','51 apt, 87 street','Edmond','OK','US','73003','','admin@example.com','0123456789','',0.000,0.000,0.000,'Apple AirPods (1)',''),(496,'admin@example.com (User ID #7)','','','Admin','Admin','','51 apt, 87 street','Edmond','OK','US','73003','','admin@example.com','0123456789','','Admin','Admin','','51 apt, 87 street','Edmond','OK','US','73003','','admin@example.com','0123456789','',0.000,0.000,0.000,'Apple AirPods (1)',''),(497,'admin@example.com (User ID #7)','','','Admin','Admin','','51 apt, 87 street','Edmond','OK','US','73003','','admin@example.com','0123456789','','Admin','Admin','','51 apt, 87 street','Edmond','OK','US','73003','','admin@example.com','0123456789','',0.000,0.000,0.000,'Apple AirPods (1)',''),(498,'admin@example.com (User ID #7)','','','Admin','Admin','','51 apt, 87 street','Edmond','OK','US','73003','','admin@example.com','0123456789','','Admin','Admin','','51 apt, 87 street','Edmond','OK','US','73003','','admin@example.com','0123456789','',0.000,0.000,0.000,'Apple AirPods (1)',''),(499,'admin@example.com (User ID #7)','','','Admin','Admin','','51 apt, 87 street','Edmond','OK','US','73003','','admin@example.com','0123456789','','Admin','Admin','','51 apt, 87 street','Edmond','OK','US','73003','','admin@example.com','0123456789','',0.000,0.000,0.000,'Apple AirPods (1)',''),(500,'admin@example.com (User ID #7)','','','Admin','Admin','','51 apt, 87 street','Edmond','OK','US','73003','','admin@example.com','0123456789','','Admin','Admin','','51 apt, 87 street','Edmond','OK','US','73003','','admin@example.com','0123456789','',0.000,0.000,0.000,'Apple AirPods (1)',''),(501,'admin@example.com (User ID #7)','','','Admin','Admin','','51 apt, 87 street','Edmond','OK','US','73003','','admin@example.com','0123456789','','Admin','Admin','','51 apt, 87 street','Edmond','OK','US','73003','','admin@example.com','0123456789','',0.000,0.000,0.000,'Apple AirPods (1)',''),(502,'admin@example.com (User ID #7)','','','Admin','Admin','','51 apt, 87 street','Edmond','OK','US','73003','','admin@example.com','0123456789','','Admin','Admin','','51 apt, 87 street','Edmond','OK','US','73003','','admin@example.com','0123456789','',0.000,0.000,0.000,'Apple AirPods (1)',''),(503,'admin@example.com (User ID #7)','','','Admin','Admin','','51 apt, 87 street','Edmond','OK','US','73003','','admin@example.com','0123456789','','Admin','Admin','','51 apt, 87 street','Edmond','OK','US','73003','','admin@example.com','0123456789','',0.000,0.000,0.000,'Apple AirPods (1)',''),(504,'admin@example.com (User ID #7)','','','Admin','Admin','','51 apt, 87 street','Edmond','OK','US','73003','','admin@example.com','0123456789','','Admin','Admin','','51 apt, 87 street','Edmond','OK','US','73003','','admin@example.com','0123456789','',0.000,0.000,0.000,'Apple AirPods (1)',''),(505,'admin@example.com (User ID #7)','','','Admin','Admin','','51 apt, 87 street','Edmond','OK','US','73003','','admin@example.com','0123456789','','Admin','Admin','','51 apt, 87 street','Edmond','OK','US','73003','','admin@example.com','0123456789','',0.000,0.000,0.000,'Apple AirPods (1)',''),(506,'admin@example.com (User ID #7)','','','Admin','Admin','','51 apt, 87 street','Edmond','OK','US','73003','','admin@example.com','0123456789','','Admin','Admin','','51 apt, 87 street','Edmond','OK','US','73003','','admin@example.com','0123456789','',0.000,0.000,0.000,'Apple AirPods (1)',''),(507,'admin@example.com (User ID #7)','','','Admin','Admin','','51 apt, 87 street','Edmond','OK','US','73003','','admin@example.com','0123456789','','Admin','Admin','','51 apt, 87 street','Edmond','OK','US','73003','','admin@example.com','0123456789','',0.000,0.000,0.000,'Apple AirPods (1)',''),(508,'admin@example.com (User ID #7)','','','Admin','Admin','','51 apt, 87 street','Edmond','OK','US','73003','','admin@example.com','0123456789','','Admin','Admin','','51 apt, 87 street','Edmond','OK','US','73003','','admin@example.com','0123456789','',0.000,0.000,0.000,'Apple AirPods (1)',''),(509,'admin@example.com (User ID #7)','','','Admin','Admin','','51 apt, 87 street','Edmond','OK','US','73003','','admin@example.com','0123456789','','Admin','Admin','','51 apt, 87 street','Edmond','OK','US','73003','','admin@example.com','0123456789','',0.000,0.000,0.000,'Apple AirPods (1)',''),(510,'admin@example.com (User ID #7)','','','Admin','Admin','','51 apt, 87 street','Edmond','OK','US','73003','','admin@example.com','0123456789','','Admin','Admin','','51 apt, 87 street','Edmond','OK','US','73003','','admin@example.com','0123456789','',0.000,0.000,0.000,'Apple AirPods (1)',''),(511,'admin@example.com (User ID #7)','','','Admin','Admin','','51 apt, 87 street','Edmond','OK','US','73003','','admin@example.com','0123456789','','Admin','Admin','','51 apt, 87 street','Edmond','OK','US','73003','','admin@example.com','0123456789','',0.000,0.000,0.000,'Apple AirPods (1)',''),(512,'admin@example.com (User ID #7)','','','Admin','Admin','','51 apt, 87 street','Edmond','OK','US','73003','','admin@example.com','0123456789','','Admin','Admin','','51 apt, 87 street','Edmond','OK','US','73003','','admin@example.com','0123456789','',0.000,0.000,0.000,'Apple AirPods (1)',''),(513,'admin@example.com (User ID #7)','','','Admin','Admin','','51 apt, 87 street','Edmond','OK','US','73003','','admin@example.com','0123456789','','Admin','Admin','','51 apt, 87 street','Edmond','OK','US','73003','','admin@example.com','0123456789','',0.000,0.000,0.000,'Apple AirPods (1)',''),(514,'admin@example.com (User ID #7)','','','Admin','Admin','','51 apt, 87 street','Edmond','OK','US','73003','','admin@example.com','0123456789','','Admin','Admin','','51 apt, 87 street','Edmond','OK','US','73003','','admin@example.com','0123456789','',0.000,0.000,0.000,'Apple AirPods (1)',''),(515,'admin@example.com (User ID #7)','','','Admin','Admin','','51 apt, 87 street','Edmond','OK','US','73003','','admin@example.com','0123456789','','Admin','Admin','','51 apt, 87 street','Edmond','OK','US','73003','','admin@example.com','0123456789','',0.000,0.000,0.000,'Apple AirPods (1)',''),(516,'admin@example.com (User ID #7)','','','Admin','Admin','','51 apt, 87 street','Edmond','OK','US','73003','','admin@example.com','0123456789','','Admin','Admin','','51 apt, 87 street','Edmond','OK','US','73003','','admin@example.com','0123456789','',0.000,0.000,0.000,'Apple AirPods (1)',''),(517,'admin@example.com (User ID #7)','','','Admin','Admin','','51 apt, 87 street','Edmond','OK','US','73003','','admin@example.com','0123456789','','Admin','Admin','','51 apt, 87 street','Edmond','OK','US','73003','','admin@example.com','0123456789','',0.000,0.000,0.000,'Apple AirPods (1)',''),(518,'admin@example.com (User ID #7)','','','Admin','Admin','','51 apt, 87 street','Edmond','OK','US','73003','','admin@example.com','0123456789','','Admin','Admin','','51 apt, 87 street','Edmond','OK','US','73003','','admin@example.com','0123456789','',0.000,0.000,0.000,'Apple AirPods (1)',''),(519,'admin@example.com (User ID #7)','','','Admin','Admin','','51 apt, 87 street','Edmond','OK','US','73003','','admin@example.com','0123456789','','Admin','Admin','','51 apt, 87 street','Edmond','OK','US','73003','','admin@example.com','0123456789','',0.000,0.000,0.000,'Apple AirPods (1)',''),(520,'admin@example.com (User ID #7)','','','Admin','Admin','','51 apt, 87 street','Edmond','OK','US','73003','','admin@example.com','0123456789','','Admin','Admin','','51 apt, 87 street','Edmond','OK','US','73003','','admin@example.com','0123456789','',0.000,0.000,0.000,'Apple AirPods (1)',''),(521,'admin@example.com (User ID #7)','','','Admin','Admin','','51 apt, 87 street','Edmond','OK','US','73003','','admin@example.com','0123456789','','Admin','Admin','','51 apt, 87 street','Edmond','OK','US','73003','','admin@example.com','0123456789','',0.000,0.000,0.000,'Apple AirPods (1)',''),(522,'admin@example.com (User ID #7)','','','Admin','Admin','','51 apt, 87 street','Edmond','OK','US','73003','','admin@example.com','0123456789','','Admin','Admin','','51 apt, 87 street','Edmond','OK','US','73003','','admin@example.com','0123456789','',0.000,0.000,0.000,'Apple AirPods (1)',''),(523,'admin@example.com (User ID #7)','','','Admin','Admin','','51 apt, 87 street','Edmond','OK','US','73003','','admin@example.com','0123456789','','Admin','Admin','','51 apt, 87 street','Edmond','OK','US','73003','','admin@example.com','0123456789','',0.000,0.000,0.000,'Apple AirPods (1)',''),(524,'admin@example.com (User ID #7)','','','Admin','Admin','','51 apt, 87 street','Edmond','OK','US','73003','','admin@example.com','0123456789','','Admin','Admin','','51 apt, 87 street','Edmond','OK','US','73003','','admin@example.com','0123456789','',0.000,0.000,0.000,'Apple AirPods (1)',''),(525,'admin@example.com (User ID #7)','','','Admin','Admin','','51 apt, 87 street','Edmond','OK','US','73003','','admin@example.com','0123456789','','Admin','Admin','','51 apt, 87 street','Edmond','OK','US','73003','','admin@example.com','0123456789','',0.000,0.000,0.000,'Apple AirPods (1)',''),(526,'admin@example.com (User ID #7)','','','Admin','Admin','','51 apt, 87 street','Edmond','OK','US','73003','','admin@example.com','0123456789','','Admin','Admin','','51 apt, 87 street','Edmond','OK','US','73003','','admin@example.com','0123456789','',0.000,0.000,0.000,'Apple AirPods (1)',''),(527,'admin@example.com (User ID #7)','','','Admin','Admin','','51 apt, 87 street','Edmond','OK','US','73003','','admin@example.com','0123456789','','Admin','Admin','','51 apt, 87 street','Edmond','OK','US','73003','','admin@example.com','0123456789','',0.000,0.000,0.000,'Apple AirPods (1)',''),(528,'admin@example.com (User ID #7)','','','Admin','Admin','','51 apt, 87 street','Edmond','OK','US','73003','','admin@example.com','0123456789','','Admin','Admin','','51 apt, 87 street','Edmond','OK','US','73003','','admin@example.com','0123456789','',0.000,0.000,0.000,'Apple AirPods (1)',''),(529,'admin@example.com (User ID #7)','','','Admin','Admin','','51 apt, 87 street','Edmond','OK','US','73003','','admin@example.com','0123456789','','Admin','Admin','','51 apt, 87 street','Edmond','OK','US','73003','','admin@example.com','0123456789','',0.000,0.000,0.000,'Apple AirPods (1)',''),(530,'admin@example.com (User ID #7)','','','Admin','Admin','','51 apt, 87 street','Edmond','OK','US','73003','','admin@example.com','0123456789','','Admin','Admin','','51 apt, 87 street','Edmond','OK','US','73003','','admin@example.com','0123456789','',0.000,0.000,0.000,'Apple AirPods (1)',''),(531,'admin@example.com (User ID #7)','','','Admin','Admin','','51 apt, 87 street','Edmond','OK','US','73003','','admin@example.com','0123456789','','Admin','Admin','','51 apt, 87 street','Edmond','OK','US','73003','','admin@example.com','0123456789','',0.000,0.000,0.000,'Apple AirPods (1)',''),(532,'admin@example.com (User ID #7)','','','Admin','Admin','','51 apt, 87 street','Edmond','OK','US','73003','','admin@example.com','0123456789','','Admin','Admin','','51 apt, 87 street','Edmond','OK','US','73003','','admin@example.com','0123456789','',0.000,0.000,0.000,'Apple AirPods (1)',''),(533,'admin@example.com (User ID #7)','','','Admin','Admin','','51 apt, 87 street','Edmond','OK','US','73003','','admin@example.com','0123456789','','Admin','Admin','','51 apt, 87 street','Edmond','OK','US','73003','','admin@example.com','0123456789','',0.000,0.000,0.000,'Apple AirPods (1)',''),(534,'admin@example.com (User ID #7)','','','Admin','Admin','','51 apt, 87 street','Edmond','OK','US','73003','','admin@example.com','0123456789','','Admin','Admin','','51 apt, 87 street','Edmond','OK','US','73003','','admin@example.com','0123456789','',0.000,0.000,0.000,'Apple AirPods (1)',''),(535,'admin@example.com (User ID #7)','','','Admin','Admin','','51 apt, 87 street','Edmond','OK','US','73003','','admin@example.com','0123456789','','Admin','Admin','','51 apt, 87 street','Edmond','OK','US','73003','','admin@example.com','0123456789','',0.000,0.000,0.000,'Apple AirPods (1)',''),(536,'admin@example.com (User ID #7)','','','Admin','Admin','','51 apt, 87 street','Edmond','OK','US','73003','','admin@example.com','0123456789','','Admin','Admin','','51 apt, 87 street','Edmond','OK','US','73003','','admin@example.com','0123456789','',0.000,0.000,0.000,'Apple AirPods (1)',''),(537,'admin@example.com (User ID #7)','','','Admin','Admin','','51 apt, 87 street','Edmond','OK','US','73003','','admin@example.com','0123456789','','Admin','Admin','','51 apt, 87 street','Edmond','OK','US','73003','','admin@example.com','0123456789','',0.000,0.000,0.000,'Apple AirPods (1)',''),(538,'admin@example.com (User ID #7)','','','Admin','Admin','','51 apt, 87 street','Edmond','OK','US','73003','','admin@example.com','0123456789','','Admin','Admin','','51 apt, 87 street','Edmond','OK','US','73003','','admin@example.com','0123456789','',0.000,0.000,0.000,'Apple AirPods (1)',''),(539,'admin@example.com (User ID #7)','','','Admin','Admin','','51 apt, 87 street','Edmond','OK','US','73003','','admin@example.com','0123456789','','Admin','Admin','','51 apt, 87 street','Edmond','OK','US','73003','','admin@example.com','0123456789','',0.000,0.000,0.000,'Apple AirPods (1)',''),(540,'admin@example.com (User ID #7)','','','Admin','Admin','','51 apt, 87 street','Edmond','OK','US','73003','','admin@example.com','0123456789','','Admin','Admin','','51 apt, 87 street','Edmond','OK','US','73003','','admin@example.com','0123456789','',0.000,0.000,0.000,'Apple AirPods (1)',''),(541,'admin@example.com (User ID #7)','','','Admin','Admin','','51 apt, 87 street','Edmond','OK','US','73003','','admin@example.com','0123456789','','Admin','Admin','','51 apt, 87 street','Edmond','OK','US','73003','','admin@example.com','0123456789','',0.000,0.000,0.000,'Apple AirPods (1)',''),(542,'admin@example.com (User ID #7)','','','Admin','Admin','','51 apt, 87 street','Edmond','OK','US','73003','','admin@example.com','0123456789','','Admin','Admin','','51 apt, 87 street','Edmond','OK','US','73003','','admin@example.com','0123456789','',0.000,0.000,0.000,'Apple AirPods (1)',''),(543,'admin@example.com (User ID #7)','','','Admin','Admin','','51 apt, 87 street','Edmond','OK','US','73003','','admin@example.com','0123456789','','Admin','Admin','','51 apt, 87 street','Edmond','OK','US','73003','','admin@example.com','0123456789','',0.000,0.000,0.000,'Apple AirPods (1)',''),(544,'admin@example.com (User ID #7)','','','Admin','Admin','','51 apt, 87 street','Edmond','OK','US','73003','','admin@example.com','0123456789','','Admin','Admin','','51 apt, 87 street','Edmond','OK','US','73003','','admin@example.com','0123456789','',0.000,0.000,0.000,'Apple AirPods (1)',''),(545,'admin@example.com (User ID #7)','','','Admin','Admin','','51 apt, 87 street','Edmond','OK','US','73003','','admin@example.com','0123456789','','Admin','Admin','','51 apt, 87 street','Edmond','OK','US','73003','','admin@example.com','0123456789','',0.000,0.000,0.000,'Apple AirPods (1)',''),(546,'admin@example.com (User ID #7)','','','Admin','Admin','','51 apt, 87 street','Edmond','OK','US','73003','','admin@example.com','0123456789','','Admin','Admin','','51 apt, 87 street','Edmond','OK','US','73003','','admin@example.com','0123456789','',0.000,0.000,0.000,'Apple AirPods (1)',''),(547,'admin@example.com (User ID #7)','','','Admin','Admin','','51 apt, 87 street','Edmond','OK','US','73003','','admin@example.com','0123456789','','Admin','Admin','','51 apt, 87 street','Edmond','OK','US','73003','','admin@example.com','0123456789','',0.000,0.000,0.000,'Apple AirPods (1)',''),(548,'admin@example.com (User ID #7)','','','Admin','Admin','','51 apt, 87 street','Edmond','OK','US','73003','','admin@example.com','0123456789','','Admin','Admin','','51 apt, 87 street','Edmond','OK','US','73003','','admin@example.com','0123456789','',0.000,0.000,0.000,'Apple AirPods (1)',''),(549,'admin@example.com (User ID #7)','','','Admin','Admin','','51 apt, 87 street','Edmond','OK','US','73003','','admin@example.com','0123456789','','Admin','Admin','','51 apt, 87 street','Edmond','OK','US','73003','','admin@example.com','0123456789','',0.000,0.000,0.000,'Apple AirPods (1)',''),(550,'admin@example.com (User ID #7)','','','Admin','Admin','','51 apt, 87 street','Edmond','OK','US','73003','','admin@example.com','0123456789','','Admin','Admin','','51 apt, 87 street','Edmond','OK','US','73003','','admin@example.com','0123456789','',0.000,0.000,0.000,'Apple AirPods (1)',''),(551,'admin@example.com (User ID #7)','','','Admin','Admin','','51 apt, 87 street','Edmond','OK','US','73003','','admin@example.com','0123456789','','Admin','Admin','','51 apt, 87 street','Edmond','OK','US','73003','','admin@example.com','0123456789','',0.000,0.000,0.000,'Apple AirPods (1)',''),(552,'admin@example.com (User ID #7)','','','Admin','Admin','','51 apt, 87 street','Edmond','OK','US','73003','','admin@example.com','0123456789','','Admin','Admin','','51 apt, 87 street','Edmond','OK','US','73003','','admin@example.com','0123456789','',0.000,0.000,0.000,'Apple AirPods (1)',''),(553,'admin@example.com (User ID #7)','','','Admin','Admin','','51 apt, 87 street','Edmond','OK','US','73003','','admin@example.com','0123456789','','Admin','Admin','','51 apt, 87 street','Edmond','OK','US','73003','','admin@example.com','0123456789','',0.000,0.000,0.000,'Apple AirPods (1)',''),(554,'admin@example.com (User ID #7)','','','Admin','Admin','','51 apt, 87 street','Edmond','OK','US','73003','','admin@example.com','0123456789','','Admin','Admin','','51 apt, 87 street','Edmond','OK','US','73003','','admin@example.com','0123456789','',0.000,0.000,0.000,'Apple AirPods (1)',''),(555,'admin@example.com (User ID #7)','','','Admin','Admin','','51 apt, 87 street','Edmond','OK','US','73003','','admin@example.com','0123456789','','Admin','Admin','','51 apt, 87 street','Edmond','OK','US','73003','','admin@example.com','0123456789','',0.000,0.000,0.000,'Apple AirPods (1)',''),(556,'admin@example.com (User ID #7)','','','Admin','Admin','','51 apt, 87 street','Edmond','OK','US','73003','','admin@example.com','0123456789','','Admin','Admin','','51 apt, 87 street','Edmond','OK','US','73003','','admin@example.com','0123456789','',0.000,0.000,0.000,'Apple AirPods (1)',''),(557,'admin@example.com (User ID #7)','','','Admin','Admin','','51 apt, 87 street','Edmond','OK','US','73003','','admin@example.com','0123456789','','Admin','Admin','','51 apt, 87 street','Edmond','OK','US','73003','','admin@example.com','0123456789','',0.000,0.000,0.000,'Apple AirPods (1)',''),(558,'admin@example.com (User ID #7)','','','Admin','Admin','','51 apt, 87 street','Edmond','OK','US','73003','','admin@example.com','0123456789','','Admin','Admin','','51 apt, 87 street','Edmond','OK','US','73003','','admin@example.com','0123456789','',0.000,0.000,0.000,'Apple AirPods (1)',''),(559,'admin@example.com (User ID #7)','','','Admin','Admin','','51 apt, 87 street','Edmond','OK','US','73003','','admin@example.com','0123456789','','Admin','Admin','','51 apt, 87 street','Edmond','OK','US','73003','','admin@example.com','0123456789','',0.000,0.000,0.000,'Apple AirPods (1)',''),(560,'admin@example.com (User ID #7)','','','Admin','Admin','','51 apt, 87 street','Edmond','OK','US','73003','','admin@example.com','0123456789','','Admin','Admin','','51 apt, 87 street','Edmond','OK','US','73003','','admin@example.com','0123456789','',0.000,0.000,0.000,'Apple AirPods (1)',''),(561,'admin@example.com (User ID #7)','','','Admin','Admin','','51 apt, 87 street','Edmond','OK','US','73003','','admin@example.com','0123456789','','Admin','Admin','','51 apt, 87 street','Edmond','OK','US','73003','','admin@example.com','0123456789','',0.000,0.000,0.000,'Apple AirPods (1)',''),(562,'admin@example.com (User ID #7)','','','Admin','Admin','','51 apt, 87 street','Edmond','OK','US','73003','','admin@example.com','0123456789','','Admin','Admin','','51 apt, 87 street','Edmond','OK','US','73003','','admin@example.com','0123456789','',0.000,0.000,0.000,'Apple AirPods (1)',''),(563,'admin@example.com (User ID #7)','','','Admin','Admin','','51 apt, 87 street','Edmond','OK','US','73003','','admin@example.com','0123456789','','Admin','Admin','','51 apt, 87 street','Edmond','OK','US','73003','','admin@example.com','0123456789','',0.000,0.000,0.000,'Apple AirPods (1)',''),(564,'admin@example.com (User ID #7)','','','Admin','Admin','','51 apt, 87 street','Edmond','OK','US','73003','','admin@example.com','0123456789','','Admin','Admin','','51 apt, 87 street','Edmond','OK','US','73003','','admin@example.com','0123456789','',0.000,0.000,0.000,'Apple AirPods (1)',''),(565,'admin@example.com (User ID #7)','','','Admin','Admin','','51 apt, 87 street','Edmond','OK','US','73003','','admin@example.com','0123456789','','Admin','Admin','','51 apt, 87 street','Edmond','OK','US','73003','','admin@example.com','0123456789','',0.000,0.000,0.000,'Apple AirPods (1)',''),(566,'admin@example.com (User ID #7)','','','Admin','Admin','','51 apt, 87 street','Edmond','OK','US','73003','','admin@example.com','0123456789','','Admin','Admin','','51 apt, 87 street','Edmond','OK','US','73003','','admin@example.com','0123456789','',0.000,0.000,0.000,'Apple AirPods (1)',''),(567,'admin@example.com (User ID #7)','','','Admin','Admin','','51 apt, 87 street','Edmond','OK','US','73003','','admin@example.com','0123456789','','Admin','Admin','','51 apt, 87 street','Edmond','OK','US','73003','','admin@example.com','0123456789','',0.000,0.000,0.000,'Apple AirPods (1)',''),(568,'admin@example.com (User ID #7)','','','Admin','Admin','','51 apt, 87 street','Edmond','OK','US','73003','','admin@example.com','0123456789','','Admin','Admin','','51 apt, 87 street','Edmond','OK','US','73003','','admin@example.com','0123456789','',0.000,0.000,0.000,'Apple AirPods (1)',''),(569,'admin@example.com (User ID #7)','','','Admin','Admin','','51 apt, 87 street','Edmond','OK','US','73003','','admin@example.com','0123456789','','Admin','Admin','','51 apt, 87 street','Edmond','OK','US','73003','','admin@example.com','0123456789','',0.000,0.000,0.000,'Apple AirPods (1)',''),(570,'admin@example.com (User ID #7)','','','Admin','Admin','','51 apt, 87 street','Edmond','OK','US','73003','','admin@example.com','0123456789','','Admin','Admin','','51 apt, 87 street','Edmond','OK','US','73003','','admin@example.com','0123456789','',0.000,0.000,0.000,'Apple AirPods (1)',''),(571,'admin@example.com (User ID #7)','','','Admin','Admin','','51 apt, 87 street','Edmond','OK','US','73003','','admin@example.com','0123456789','','Admin','Admin','','51 apt, 87 street','Edmond','OK','US','73003','','admin@example.com','0123456789','',0.000,0.000,0.000,'Apple AirPods (1)',''),(572,'admin@example.com (User ID #7)','','','Admin','Admin','','51 apt, 87 street','Edmond','OK','US','73003','','admin@example.com','0123456789','','Admin','Admin','','51 apt, 87 street','Edmond','OK','US','73003','','admin@example.com','0123456789','',0.000,0.000,0.000,'Apple AirPods (1)',''),(573,'admin@example.com (User ID #7)','','','Admin','Admin','','51 apt, 87 street','Edmond','OK','US','73003','','admin@example.com','0123456789','','Admin','Admin','','51 apt, 87 street','Edmond','OK','US','73003','','admin@example.com','0123456789','',0.000,0.000,0.000,'Apple AirPods (1)',''),(574,'admin@example.com (User ID #7)','','','Admin','Admin','','51 apt, 87 street','Edmond','OK','US','73003','','admin@example.com','0123456789','','Admin','Admin','','51 apt, 87 street','Edmond','OK','US','73003','','admin@example.com','0123456789','',0.000,0.000,0.000,'Apple AirPods (1)',''),(575,'admin@example.com (User ID #7)','','','Admin','Admin','','51 apt, 87 street','Edmond','OK','US','73003','','admin@example.com','0123456789','','Admin','Admin','','51 apt, 87 street','Edmond','OK','US','73003','','admin@example.com','0123456789','',0.000,0.000,0.000,'Apple AirPods (1)',''),(576,'admin@example.com (User ID #7)','','','Admin','Admin','','51 apt, 87 street','Edmond','OK','US','73003','','admin@example.com','0123456789','','Admin','Admin','','51 apt, 87 street','Edmond','OK','US','73003','','admin@example.com','0123456789','',0.000,0.000,0.000,'Apple AirPods (1)',''),(577,'admin@example.com (User ID #7)','','','Admin','Admin','','51 apt, 87 street','Edmond','OK','US','73003','','admin@example.com','0123456789','','Admin','Admin','','51 apt, 87 street','Edmond','OK','US','73003','','admin@example.com','0123456789','',0.000,0.000,0.000,'Apple AirPods (1)',''),(578,'admin@example.com (User ID #7)','','','Admin','Admin','','51 apt, 87 street','Edmond','OK','US','73003','','admin@example.com','0123456789','','Admin','Admin','','51 apt, 87 street','Edmond','OK','US','73003','','admin@example.com','0123456789','',0.000,0.000,0.000,'Apple AirPods (1)',''),(579,'admin@example.com (User ID #7)','','','Admin','Admin','','51 apt, 87 street','Edmond','OK','US','73003','','admin@example.com','0123456789','','Admin','Admin','','51 apt, 87 street','Edmond','OK','US','73003','','admin@example.com','0123456789','',0.000,0.000,0.000,'Apple AirPods (1)',''),(580,'admin@example.com (User ID #7)','','','Admin','Admin','','51 apt, 87 street','Edmond','OK','US','73003','','admin@example.com','0123456789','','Admin','Admin','','51 apt, 87 street','Edmond','OK','US','73003','','admin@example.com','0123456789','',0.000,0.000,0.000,'Apple AirPods (1)',''),(581,'admin@example.com (User ID #7)','','','Admin','Admin','','51 apt, 87 street','Edmond','OK','US','73003','','admin@example.com','0123456789','','Admin','Admin','','51 apt, 87 street','Edmond','OK','US','73003','','admin@example.com','0123456789','',0.000,0.000,0.000,'Apple AirPods (1)',''),(582,'admin@example.com (User ID #7)','','','Admin','Admin','','51 apt, 87 street','Edmond','OK','US','73003','','admin@example.com','0123456789','','Admin','Admin','','51 apt, 87 street','Edmond','OK','US','73003','','admin@example.com','0123456789','',0.000,0.000,0.000,'Apple AirPods (1)',''),(583,'admin@example.com (User ID #7)','','','Admin','Admin','','51 apt, 87 street','Edmond','OK','US','73003','','admin@example.com','0123456789','','Admin','Admin','','51 apt, 87 street','Edmond','OK','US','73003','','admin@example.com','0123456789','',0.000,0.000,0.000,'Apple AirPods (1)',''),(584,'admin@example.com (User ID #7)','','','Admin','Admin','','51 apt, 87 street','Edmond','OK','US','73003','','admin@example.com','0123456789','','Admin','Admin','','51 apt, 87 street','Edmond','OK','US','73003','','admin@example.com','0123456789','',0.000,0.000,0.000,'Apple AirPods (1)',''),(585,'admin@example.com (User ID #7)','','','Admin','Admin','','51 apt, 87 street','Edmond','OK','US','73003','','admin@example.com','0123456789','','Admin','Admin','','51 apt, 87 street','Edmond','OK','US','73003','','admin@example.com','0123456789','',0.000,0.000,0.000,'Apple AirPods (1)',''),(586,'admin@example.com (User ID #7)','','','Admin','Admin','','51 apt, 87 street','Edmond','OK','US','73003','','admin@example.com','0123456789','','Admin','Admin','','51 apt, 87 street','Edmond','OK','US','73003','','admin@example.com','0123456789','',0.000,0.000,0.000,'Apple AirPods (1)',''),(587,'admin@example.com (User ID #7)','','','Admin','Admin','','51 apt, 87 street','Edmond','OK','US','73003','','admin@example.com','0123456789','','Admin','Admin','','51 apt, 87 street','Edmond','OK','US','73003','','admin@example.com','0123456789','',0.000,0.000,0.000,'Apple AirPods (1)',''),(588,'admin@example.com (User ID #7)','','','Admin','Admin','','51 apt, 87 street','Edmond','OK','US','73003','','admin@example.com','0123456789','','Admin','Admin','','51 apt, 87 street','Edmond','OK','US','73003','','admin@example.com','0123456789','',0.000,0.000,0.000,'Apple AirPods (1)',''),(589,'admin@example.com (User ID #7)','','','Admin','Admin','','51 apt, 87 street','Edmond','OK','US','73003','','admin@example.com','0123456789','','Admin','Admin','','51 apt, 87 street','Edmond','OK','US','73003','','admin@example.com','0123456789','',0.000,0.000,0.000,'Apple AirPods (1)',''),(590,'admin@example.com (User ID #7)','','','Admin','Admin','','51 apt, 87 street','Edmond','OK','US','73003','','admin@example.com','0123456789','','Admin','Admin','','51 apt, 87 street','Edmond','OK','US','73003','','admin@example.com','0123456789','',0.000,0.000,0.000,'Apple AirPods (1)',''),(591,'admin@example.com (User ID #7)','','','Admin','Admin','','51 apt, 87 street','Edmond','OK','US','73003','','admin@example.com','0123456789','','Admin','Admin','','51 apt, 87 street','Edmond','OK','US','73003','','admin@example.com','0123456789','',0.000,0.000,0.000,'Apple AirPods (1)',''),(592,'admin@example.com (User ID #7)','','','Admin','Admin','','51 apt, 87 street','Edmond','OK','US','73003','','admin@example.com','0123456789','','Admin','Admin','','51 apt, 87 street','Edmond','OK','US','73003','','admin@example.com','0123456789','',0.000,0.000,0.000,'Apple AirPods (1)',''),(593,'admin@example.com (User ID #7)','','','Admin','Admin','','51 apt, 87 street','Edmond','OK','US','73003','','admin@example.com','0123456789','','Admin','Admin','','51 apt, 87 street','Edmond','OK','US','73003','','admin@example.com','0123456789','',0.000,0.000,0.000,'Apple AirPods (1)',''),(594,'admin@example.com (User ID #7)','','','Admin','Admin','','51 apt, 87 street','Edmond','OK','US','73003','','admin@example.com','0123456789','','Admin','Admin','','51 apt, 87 street','Edmond','OK','US','73003','','admin@example.com','0123456789','',0.000,0.000,0.000,'Apple AirPods (1)',''),(595,'admin@example.com (User ID #7)','','','Admin','Admin','','51 apt, 87 street','Edmond','OK','US','73003','','admin@example.com','0123456789','','Admin','Admin','','51 apt, 87 street','Edmond','OK','US','73003','','admin@example.com','0123456789','',0.000,0.000,0.000,'Apple AirPods (1)',''),(596,'admin@example.com (User ID #7)','','','Admin','Admin','','51 apt, 87 street','Edmond','OK','US','73003','','admin@example.com','0123456789','','Admin','Admin','','51 apt, 87 street','Edmond','OK','US','73003','','admin@example.com','0123456789','',0.000,0.000,0.000,'Apple AirPods (1)',''),(597,'admin@example.com (User ID #7)','','','Admin','Admin','','51 apt, 87 street','Edmond','OK','US','73003','','admin@example.com','0123456789','','Admin','Admin','','51 apt, 87 street','Edmond','OK','US','73003','','admin@example.com','0123456789','',0.000,0.000,0.000,'Apple AirPods (1)',''),(598,'admin@example.com (User ID #7)','','','Admin','Admin','','51 apt, 87 street','Edmond','OK','US','73003','','admin@example.com','0123456789','','Admin','Admin','','51 apt, 87 street','Edmond','OK','US','73003','','admin@example.com','0123456789','',0.000,0.000,0.000,'Apple AirPods (1)',''),(599,'admin@example.com (User ID #7)','','','Admin','Admin','','51 apt, 87 street','Edmond','OK','US','73003','','admin@example.com','0123456789','','Admin','Admin','','51 apt, 87 street','Edmond','OK','US','73003','','admin@example.com','0123456789','',0.000,0.000,0.000,'Apple AirPods (1)',''),(600,'admin@example.com (User ID #7)','','','Admin','Admin','','51 apt, 87 street','Edmond','OK','US','73003','','admin@example.com','0123456789','','Admin','Admin','','51 apt, 87 street','Edmond','OK','US','73003','','admin@example.com','0123456789','',0.000,0.000,0.000,'Apple AirPods (1)',''),(601,'admin@example.com (User ID #7)','','','Admin','Admin','','51 apt, 87 street','Edmond','OK','US','73003','','admin@example.com','0123456789','','Admin','Admin','','51 apt, 87 street','Edmond','OK','US','73003','','admin@example.com','0123456789','',0.000,0.000,0.000,'Apple AirPods (1)',''),(602,'admin@example.com (User ID #7)','','','Admin','Admin','','51 apt, 87 street','Edmond','OK','US','73003','','admin@example.com','0123456789','','Admin','Admin','','51 apt, 87 street','Edmond','OK','US','73003','','admin@example.com','0123456789','',0.000,0.000,0.000,'Apple AirPods (1)',''),(603,'admin@example.com (User ID #7)','','','Admin','Admin','','51 apt, 87 street','Edmond','OK','US','73003','','admin@example.com','0123456789','','Admin','Admin','','51 apt, 87 street','Edmond','OK','US','73003','','admin@example.com','0123456789','',0.000,0.000,0.000,'Apple AirPods (1)',''),(604,'admin@example.com (User ID #7)','','','Admin','Admin','','51 apt, 87 street','Edmond','OK','US','73003','','admin@example.com','0123456789','','Admin','Admin','','51 apt, 87 street','Edmond','OK','US','73003','','admin@example.com','0123456789','',0.000,0.000,0.000,'Apple AirPods (1)',''),(605,'admin@example.com (User ID #7)','','','Admin','Admin','','51 apt, 87 street','Edmond','OK','US','73003','','admin@example.com','0123456789','','Admin','Admin','','51 apt, 87 street','Edmond','OK','US','73003','','admin@example.com','0123456789','',0.000,0.000,0.000,'Apple AirPods (1)',''),(606,'admin@example.com (User ID #7)','','','Admin','Admin','','51 apt, 87 street','Edmond','OK','US','73003','','admin@example.com','0123456789','','Admin','Admin','','51 apt, 87 street','Edmond','OK','US','73003','','admin@example.com','0123456789','',0.000,0.000,0.000,'Apple AirPods (1)',''),(607,'admin@example.com (User ID #7)','','','Admin','Admin','','51 apt, 87 street','Edmond','OK','US','73003','','admin@example.com','0123456789','','Admin','Admin','','51 apt, 87 street','Edmond','OK','US','73003','','admin@example.com','0123456789','',0.000,0.000,0.000,'Apple AirPods (1)',''),(608,'admin@example.com (User ID #7)','','','Admin','Admin','','51 apt, 87 street','Edmond','OK','US','73003','','admin@example.com','0123456789','','Admin','Admin','','51 apt, 87 street','Edmond','OK','US','73003','','admin@example.com','0123456789','',0.000,0.000,0.000,'Apple AirPods (1)',''),(609,'admin@example.com (User ID #7)','','','Admin','Admin','','51 apt, 87 street','Edmond','OK','US','73003','','admin@example.com','0123456789','','Admin','Admin','','51 apt, 87 street','Edmond','OK','US','73003','','admin@example.com','0123456789','',0.000,0.000,0.000,'Apple AirPods (1)',''),(610,'admin@example.com (User ID #7)','','','Admin','Admin','','51 apt, 87 street','Edmond','OK','US','73003','','admin@example.com','0123456789','','Admin','Admin','','51 apt, 87 street','Edmond','OK','US','73003','','admin@example.com','0123456789','',0.000,0.000,0.000,'Apple AirPods (1)',''),(611,'admin@example.com (User ID #7)','','','Admin','Admin','','51 apt, 87 street','Edmond','OK','US','73003','','admin@example.com','0123456789','','Admin','Admin','','51 apt, 87 street','Edmond','OK','US','73003','','admin@example.com','0123456789','',0.000,0.000,0.000,'Apple AirPods (1)',''),(612,'admin@example.com (User ID #7)','','','Admin','Admin','','51 apt, 87 street','Edmond','OK','US','73003','','admin@example.com','0123456789','','Admin','Admin','','51 apt, 87 street','Edmond','OK','US','73003','','admin@example.com','0123456789','',0.000,0.000,0.000,'Apple AirPods (1)',''),(613,'admin@example.com (User ID #7)','','','Admin','Admin','','51 apt, 87 street','Edmond','OK','US','73003','','admin@example.com','0123456789','','Admin','Admin','','51 apt, 87 street','Edmond','OK','US','73003','','admin@example.com','0123456789','',0.000,0.000,0.000,'Apple AirPods (1)',''),(614,'admin@example.com (User ID #7)','','','Admin','Admin','','51 apt, 87 street','Edmond','OK','US','73003','','admin@example.com','0123456789','','Admin','Admin','','51 apt, 87 street','Edmond','OK','US','73003','','admin@example.com','0123456789','',0.000,0.000,0.000,'Apple AirPods (1)',''),(615,'admin@example.com (User ID #7)','','','Admin','Admin','','51 apt, 87 street','Edmond','OK','US','73003','','admin@example.com','0123456789','','Admin','Admin','','51 apt, 87 street','Edmond','OK','US','73003','','admin@example.com','0123456789','',0.000,0.000,0.000,'Apple AirPods (1)',''),(616,'admin@example.com (User ID #7)','','','Admin','Admin','','51 apt, 87 street','Edmond','OK','US','73003','','admin@example.com','0123456789','','Admin','Admin','','51 apt, 87 street','Edmond','OK','US','73003','','admin@example.com','0123456789','',0.000,0.000,0.000,'Apple AirPods (1)',''),(617,'admin@example.com (User ID #7)','','','Admin','Admin','','51 apt, 87 street','Edmond','OK','US','73003','','admin@example.com','0123456789','','Admin','Admin','','51 apt, 87 street','Edmond','OK','US','73003','','admin@example.com','0123456789','',0.000,0.000,0.000,'Apple AirPods (1)',''),(618,'admin@example.com (User ID #7)','','','Admin','Admin','','51 apt, 87 street','Edmond','OK','US','73003','','admin@example.com','0123456789','','Admin','Admin','','51 apt, 87 street','Edmond','OK','US','73003','','admin@example.com','0123456789','',0.000,0.000,0.000,'Apple AirPods (1)',''),(619,'admin@example.com (User ID #7)','','','Admin','Admin','','51 apt, 87 street','Edmond','OK','US','73003','','admin@example.com','0123456789','','Admin','Admin','','51 apt, 87 street','Edmond','OK','US','73003','','admin@example.com','0123456789','',0.000,0.000,0.000,'Apple AirPods (1)',''),(620,'admin@example.com (User ID #7)','','','Admin','Admin','','51 apt, 87 street','Edmond','OK','US','73003','','admin@example.com','0123456789','','Admin','Admin','','51 apt, 87 street','Edmond','OK','US','73003','','admin@example.com','0123456789','',0.000,0.000,0.000,'Apple AirPods (1)',''),(621,'admin@example.com (User ID #7)','','','Admin','Admin','','51 apt, 87 street','Edmond','OK','US','73003','','admin@example.com','0123456789','','Admin','Admin','','51 apt, 87 street','Edmond','OK','US','73003','','admin@example.com','0123456789','',0.000,0.000,0.000,'Apple AirPods (1)',''),(622,'admin@example.com (User ID #7)','','','Admin','Admin','','51 apt, 87 street','Edmond','OK','US','73003','','admin@example.com','0123456789','','Admin','Admin','','51 apt, 87 street','Edmond','OK','US','73003','','admin@example.com','0123456789','',0.000,0.000,0.000,'Apple AirPods (1)',''),(623,'admin@example.com (User ID #7)','','','Admin','Admin','','51 apt, 87 street','Edmond','OK','US','73003','','admin@example.com','0123456789','','Admin','Admin','','51 apt, 87 street','Edmond','OK','US','73003','','admin@example.com','0123456789','',0.000,0.000,0.000,'Apple AirPods (1)',''),(624,'admin@example.com (User ID #7)','','','Admin','Admin','','51 apt, 87 street','Edmond','OK','US','73003','','admin@example.com','0123456789','','Admin','Admin','','51 apt, 87 street','Edmond','OK','US','73003','','admin@example.com','0123456789','',0.000,0.000,0.000,'Apple AirPods (1)',''),(625,'admin@example.com (User ID #7)','','','Admin','Admin','','51 apt, 87 street','Edmond','OK','US','73003','','admin@example.com','0123456789','','Admin','Admin','','51 apt, 87 street','Edmond','OK','US','73003','','admin@example.com','0123456789','',7.110,0.000,0.000,'Payment transaction: 000207-IQZ8','admin@example.com'),(626,'admin@example.com (User ID #7)','','','Admin','Admin','','51 apt, 87 street','Edmond','OK','US','73003','','admin@example.com','0123456789','','Admin','Admin','','51 apt, 87 street','Edmond','OK','US','73003','','admin@example.com','0123456789','',0.000,0.000,0.000,'Apple AirPods (1)',''),(627,'admin@example.com (User ID #7)','','','Admin','Admin','','51 apt, 87 street','Edmond','OK','US','73003','','admin@example.com','0123456789','','Admin','Admin','','51 apt, 87 street','Edmond','OK','US','73003','','admin@example.com','0123456789','',0.000,0.000,0.000,'Apple AirPods (1)',''),(628,'admin@example.com (User ID #7)','','','Admin','Admin','','51 apt, 87 street','Edmond','OK','US','73003','','admin@example.com','0123456789','','Admin','Admin','','51 apt, 87 street','Edmond','OK','US','73003','','admin@example.com','0123456789','',0.000,0.000,0.000,'Apple AirPods (1)',''),(629,'admin@example.com (User ID #7)','','','Admin','Admin','','51 apt, 87 street','Edmond','OK','US','73003','','admin@example.com','0123456789','','Admin','Admin','','51 apt, 87 street','Edmond','OK','US','73003','','admin@example.com','0123456789','',0.000,0.000,0.000,'Apple AirPods (1)',''),(630,'admin@example.com (User ID #7)','','','Admin','Admin','','51 apt, 87 street','Edmond','OK','US','73003','','admin@example.com','0123456789','','Admin','Admin','','51 apt, 87 street','Edmond','OK','US','73003','','admin@example.com','0123456789','',0.000,0.000,0.000,'Apple AirPods (1)',''),(631,'admin@example.com (User ID #7)','','','Admin','Admin','','51 apt, 87 street','Edmond','OK','US','73003','','admin@example.com','0123456789','','Admin','Admin','','51 apt, 87 street','Edmond','OK','US','73003','','admin@example.com','0123456789','',0.000,0.000,0.000,'Apple AirPods (1)',''),(632,'admin@example.com (User ID #7)','','','Admin','Admin','','51 apt, 87 street','Edmond','OK','US','73003','','admin@example.com','0123456789','','Admin','Admin','','51 apt, 87 street','Edmond','OK','US','73003','','admin@example.com','0123456789','',0.000,0.000,0.000,'Apple AirPods (1)',''),(633,'admin@example.com (User ID #7)','','','Admin','Admin','','51 apt, 87 street','Edmond','OK','US','73003','','admin@example.com','0123456789','','Admin','Admin','','51 apt, 87 street','Edmond','OK','US','73003','','admin@example.com','0123456789','',0.000,0.000,0.000,'Apple AirPods (1)',''),(634,'admin@example.com (User ID #7)','','','Admin','Admin','','51 apt, 87 street','Edmond','OK','US','73003','','admin@example.com','0123456789','','Admin','Admin','','51 apt, 87 street','Edmond','OK','US','73003','','admin@example.com','0123456789','',0.000,0.000,0.000,'Apple AirPods (1)',''),(635,'admin@example.com (User ID #7)','','','Admin','Admin','','51 apt, 87 street','Edmond','OK','US','73003','','admin@example.com','0123456789','','Admin','Admin','','51 apt, 87 street','Edmond','OK','US','73003','','admin@example.com','0123456789','',0.000,0.000,0.000,'Apple AirPods (1)',''),(636,'admin@example.com (User ID #7)','','','Admin','Admin','','51 apt, 87 street','Edmond','OK','US','73003','','admin@example.com','0123456789','','Admin','Admin','','51 apt, 87 street','Edmond','OK','US','73003','','admin@example.com','0123456789','',0.000,0.000,0.000,'Apple AirPods (1)',''),(637,'admin@example.com (User ID #7)','','','Admin','Admin','','51 apt, 87 street','Edmond','OK','US','73003','','admin@example.com','0123456789','','Admin','Admin','','51 apt, 87 street','Edmond','OK','US','73003','','admin@example.com','0123456789','',0.000,0.000,0.000,'Apple AirPods (1)',''),(638,'admin@example.com (User ID #7)','','','Admin','Admin','','51 apt, 87 street','Edmond','OK','US','73003','','admin@example.com','0123456789','','Admin','Admin','','51 apt, 87 street','Edmond','OK','US','73003','','admin@example.com','0123456789','',0.000,0.000,0.000,'Apple AirPods (1)',''),(639,'admin@example.com (User ID #7)','','','Admin','Admin','','51 apt, 87 street','Edmond','OK','US','73003','','admin@example.com','0123456789','','Admin','Admin','','51 apt, 87 street','Edmond','OK','US','73003','','admin@example.com','0123456789','',0.000,0.000,0.000,'Apple AirPods (1)',''),(640,'admin@example.com (User ID #7)','','','Admin','Admin','','51 apt, 87 street','Edmond','OK','US','73003','','admin@example.com','0123456789','','Admin','Admin','','51 apt, 87 street','Edmond','OK','US','73003','','admin@example.com','0123456789','',0.000,0.000,0.000,'Apple AirPods (1)',''),(641,'admin@example.com (User ID #7)','','','Admin','Admin','','51 apt, 87 street','Edmond','OK','US','73003','','admin@example.com','0123456789','','Admin','Admin','','51 apt, 87 street','Edmond','OK','US','73003','','admin@example.com','0123456789','',0.000,0.000,0.000,'Apple AirPods (1)',''),(642,'admin@example.com (User ID #7)','','','Admin','Admin','','51 apt, 87 street','Edmond','OK','US','73003','','admin@example.com','0123456789','','Admin','Admin','','51 apt, 87 street','Edmond','OK','US','73003','','admin@example.com','0123456789','',0.000,0.000,0.000,'Apple AirPods (1)',''),(643,'admin@example.com (User ID #7)','','','Admin','Admin','','51 apt, 87 street','Edmond','OK','US','73003','','admin@example.com','0123456789','','Admin','Admin','','51 apt, 87 street','Edmond','OK','US','73003','','admin@example.com','0123456789','',0.000,0.000,0.000,'Apple AirPods (1)',''),(644,'admin@example.com (User ID #7)','','','Admin','Admin','','51 apt, 87 street','Edmond','OK','US','73003','','admin@example.com','0123456789','','Admin','Admin','','51 apt, 87 street','Edmond','OK','US','73003','','admin@example.com','0123456789','',0.000,0.000,0.000,'Apple AirPods (1)',''),(645,'admin@example.com (User ID #7)','','','Admin','Admin','','51 apt, 87 street','Edmond','OK','US','73003','','admin@example.com','0123456789','','Admin','Admin','','51 apt, 87 street','Edmond','OK','US','73003','','admin@example.com','0123456789','',0.000,0.000,0.000,'Apple AirPods (1)',''),(646,'admin@example.com (User ID #7)','','','Admin','Admin','','51 apt, 87 street','Edmond','OK','US','73003','','admin@example.com','0123456789','','Admin','Admin','','51 apt, 87 street','Edmond','OK','US','73003','','admin@example.com','0123456789','',0.000,0.000,0.000,'Apple AirPods (1)',''),(647,'admin@example.com (User ID #7)','','','Admin','Admin','','51 apt, 87 street','Edmond','OK','US','73003','','admin@example.com','0123456789','','Admin','Admin','','51 apt, 87 street','Edmond','OK','US','73003','','admin@example.com','0123456789','',0.000,0.000,0.000,'Apple AirPods (1)',''),(648,'admin@example.com (User ID #7)','','','Admin','Admin','','51 apt, 87 street','Edmond','OK','US','73003','','admin@example.com','0123456789','','Admin','Admin','','51 apt, 87 street','Edmond','OK','US','73003','','admin@example.com','0123456789','',0.000,0.000,0.000,'Apple AirPods (1)',''),(649,'admin@example.com (User ID #7)','','','Admin','Admin','','51 apt, 87 street','Edmond','OK','US','73003','','admin@example.com','0123456789','','Admin','Admin','','51 apt, 87 street','Edmond','OK','US','73003','','admin@example.com','0123456789','',0.000,0.000,0.000,'Apple AirPods (1)',''),(650,'admin@example.com (User ID #7)','','','Admin','Admin','','51 apt, 87 street','Edmond','OK','US','73003','','admin@example.com','0123456789','','Admin','Admin','','51 apt, 87 street','Edmond','OK','US','73003','','admin@example.com','0123456789','',0.000,0.000,0.000,'Apple AirPods (1)',''),(651,'admin@example.com (User ID #7)','','','Admin','Admin','','51 apt, 87 street','Edmond','OK','US','73003','','admin@example.com','0123456789','','Admin','Admin','','51 apt, 87 street','Edmond','OK','US','73003','','admin@example.com','0123456789','',0.000,0.000,0.000,'Apple AirPods (1)',''),(652,'admin@example.com (User ID #7)','','','Admin','Admin','','51 apt, 87 street','Edmond','OK','US','73003','','admin@example.com','0123456789','','Admin','Admin','','51 apt, 87 street','Edmond','OK','US','73003','','admin@example.com','0123456789','',0.000,0.000,0.000,'Apple AirPods (1)',''),(653,'admin@example.com (User ID #7)','','','Admin','Admin','','51 apt, 87 street','Edmond','OK','US','73003','','admin@example.com','0123456789','','Admin','Admin','','51 apt, 87 street','Edmond','OK','US','73003','','admin@example.com','0123456789','',0.000,0.000,0.000,'Apple AirPods (1)',''),(654,'admin@example.com (User ID #7)','','','Admin','Admin','','51 apt, 87 street','Edmond','OK','US','73003','','admin@example.com','0123456789','','Admin','Admin','','51 apt, 87 street','Edmond','OK','US','73003','','admin@example.com','0123456789','',0.000,0.000,0.000,'Apple AirPods (1)',''),(655,'admin@example.com (User ID #7)','','','Admin','Admin','','51 apt, 87 street','Edmond','OK','US','73003','','admin@example.com','0123456789','','Admin','Admin','','51 apt, 87 street','Edmond','OK','US','73003','','admin@example.com','0123456789','',0.000,0.000,0.000,'Apple AirPods (1)',''),(656,'admin@example.com (User ID #7)','','','Admin','Admin','','51 apt, 87 street','Edmond','OK','US','73003','','admin@example.com','0123456789','','Admin','Admin','','51 apt, 87 street','Edmond','OK','US','73003','','admin@example.com','0123456789','',0.000,0.000,0.000,'Apple AirPods (1)',''),(657,'admin@example.com (User ID #7)','','','Admin','Admin','','51 apt, 87 street','Edmond','OK','US','73003','','admin@example.com','0123456789','','Admin','Admin','','51 apt, 87 street','Edmond','OK','US','73003','','admin@example.com','0123456789','',0.000,0.000,0.000,'Apple AirPods (1)',''),(658,'admin@example.com (User ID #7)','','','Admin','Admin','','51 apt, 87 street','Edmond','OK','US','73003','','admin@example.com','0123456789','','Admin','Admin','','51 apt, 87 street','Edmond','OK','US','73003','','admin@example.com','0123456789','',0.000,0.000,0.000,'Apple AirPods (1)',''),(659,'admin@example.com (User ID #7)','','','Admin','Admin','','51 apt, 87 street','Edmond','OK','US','73003','','admin@example.com','0123456789','','Admin','Admin','','51 apt, 87 street','Edmond','OK','US','73003','','admin@example.com','0123456789','',0.000,0.000,0.000,'Apple AirPods (1)',''),(660,'admin@example.com (User ID #7)','','','Admin','Admin','','51 apt, 87 street','Edmond','OK','US','73003','','admin@example.com','0123456789','','Admin','Admin','','51 apt, 87 street','Edmond','OK','US','73003','','admin@example.com','0123456789','',0.000,0.000,0.000,'Apple AirPods (1)',''),(661,'admin@example.com (User ID #7)','','','Admin','Admin','','51 apt, 87 street','Edmond','OK','US','73003','','admin@example.com','0123456789','','Admin','Admin','','51 apt, 87 street','Edmond','OK','US','73003','','admin@example.com','0123456789','',0.000,0.000,0.000,'Apple AirPods (1)',''),(662,'admin@example.com (User ID #7)','','','Admin','Admin','','51 apt, 87 street','Edmond','OK','US','73003','','admin@example.com','0123456789','','Admin','Admin','','51 apt, 87 street','Edmond','OK','US','73003','','admin@example.com','0123456789','',7.110,0.000,0.000,'Payment transaction: 000244-7BPS','admin@example.com'),(663,'admin@example.com (User ID #7)','','','Admin','Admin','','51 apt, 87 street','Edmond','OK','US','73003','','admin@example.com','0123456789','','Admin','Admin','','51 apt, 87 street','Edmond','OK','US','73003','','admin@example.com','0123456789','',0.000,0.000,0.000,'Apple AirPods (1)',''),(664,'admin@example.com (User ID #7)','','','Admin','Admin','','51 apt, 87 street','Edmond','OK','US','73003','','admin@example.com','0123456789','','Admin','Admin','','51 apt, 87 street','Edmond','OK','US','73003','','admin@example.com','0123456789','',0.000,0.000,0.000,'Apple AirPods (1)',''),(665,'admin@example.com (User ID #7)','','','Admin','Admin','','51 apt, 87 street','Edmond','OK','US','73003','','admin@example.com','0123456789','','Admin','Admin','','51 apt, 87 street','Edmond','OK','US','73003','','admin@example.com','0123456789','',0.000,0.000,0.000,'Apple AirPods (1)',''),(666,'admin@example.com (User ID #7)','','','Admin','Admin','','51 apt, 87 street','Edmond','OK','US','73003','','admin@example.com','0123456789','','Admin','Admin','','51 apt, 87 street','Edmond','OK','US','73003','','admin@example.com','0123456789','',0.000,0.000,0.000,'Apple AirPods (1)',''),(667,'admin@example.com (User ID #7)','','','Admin','Admin','','51 apt, 87 street','Edmond','OK','US','73003','','admin@example.com','0123456789','','Admin','Admin','','51 apt, 87 street','Edmond','OK','US','73003','','admin@example.com','0123456789','',0.000,0.000,0.000,'Apple AirPods (1)',''),(668,'admin@example.com (User ID #7)','','','Admin','Admin','','51 apt, 87 street','Edmond','OK','US','73003','','admin@example.com','0123456789','','Admin','Admin','','51 apt, 87 street','Edmond','OK','US','73003','','admin@example.com','0123456789','',0.000,0.000,0.000,'Apple AirPods (1)',''),(669,'admin@example.com (User ID #7)','','','Admin','Admin','','51 apt, 87 street','Edmond','OK','US','73003','','admin@example.com','0123456789','','Admin','Admin','','51 apt, 87 street','Edmond','OK','US','73003','','admin@example.com','0123456789','',0.000,0.000,0.000,'Apple AirPods (1)',''),(670,'admin@example.com (User ID #7)','','','Admin','Admin','','51 apt, 87 street','Edmond','OK','US','73003','','admin@example.com','0123456789','','Admin','Admin','','51 apt, 87 street','Edmond','OK','US','73003','','admin@example.com','0123456789','',0.000,0.000,0.000,'Apple AirPods (1)',''),(671,'admin@example.com (User ID #7)','','','Admin','Admin','','51 apt, 87 street','Edmond','OK','US','73003','','admin@example.com','0123456789','','Admin','Admin','','51 apt, 87 street','Edmond','OK','US','73003','','admin@example.com','0123456789','',0.000,0.000,0.000,'Apple AirPods (1)',''),(672,'admin@example.com (User ID #7)','','','Admin','Admin','','51 apt, 87 street','Edmond','OK','US','73003','','admin@example.com','0123456789','','Admin','Admin','','51 apt, 87 street','Edmond','OK','US','73003','','admin@example.com','0123456789','',0.000,0.000,0.000,'Apple AirPods (1)',''),(673,'admin@example.com (User ID #7)','','','Admin','Admin','','51 apt, 87 street','Edmond','OK','US','73003','','admin@example.com','0123456789','','Admin','Admin','','51 apt, 87 street','Edmond','OK','US','73003','','admin@example.com','0123456789','',0.000,0.000,0.000,'Apple AirPods (1)',''),(674,'admin@example.com (User ID #7)','','','Admin','Admin','','51 apt, 87 street','Edmond','OK','US','73003','','admin@example.com','0123456789','','Admin','Admin','','51 apt, 87 street','Edmond','OK','US','73003','','admin@example.com','0123456789','',0.000,0.000,0.000,'Apple AirPods (1)',''),(675,'admin@example.com (User ID #7)','','','Admin','Admin','','51 apt, 87 street','Edmond','OK','US','73003','','admin@example.com','0123456789','','Admin','Admin','','51 apt, 87 street','Edmond','OK','US','73003','','admin@example.com','0123456789','',0.000,0.000,0.000,'Apple AirPods (1)',''),(676,'admin@example.com (User ID #7)','','','Admin','Admin','','51 apt, 87 street','Edmond','OK','US','73003','','admin@example.com','0123456789','','Admin','Admin','','51 apt, 87 street','Edmond','OK','US','73003','','admin@example.com','0123456789','',0.000,0.000,0.000,'Apple AirPods (1)',''),(677,'admin@example.com (User ID #7)','','','Admin','Admin','','51 apt, 87 street','Edmond','OK','US','73003','','admin@example.com','0123456789','','Admin','Admin','','51 apt, 87 street','Edmond','OK','US','73003','','admin@example.com','0123456789','',0.000,0.000,0.000,'Apple AirPods (1)',''),(678,'admin@example.com (User ID #7)','','','Admin','Admin','','51 apt, 87 street','Edmond','OK','US','73003','','admin@example.com','0123456789','','Admin','Admin','','51 apt, 87 street','Edmond','OK','US','73003','','admin@example.com','0123456789','',0.000,0.000,0.000,'Apple AirPods (1)',''),(679,'admin@example.com (User ID #7)','','','Admin','Admin','','51 apt, 87 street','Edmond','OK','US','73003','','admin@example.com','0123456789','','Admin','Admin','','51 apt, 87 street','Edmond','OK','US','73003','','admin@example.com','0123456789','',0.000,0.000,0.000,'Apple AirPods (1)',''),(680,'admin@example.com (User ID #7)','','','Admin','Admin','','51 apt, 87 street','Edmond','OK','US','73003','','admin@example.com','0123456789','','Admin','Admin','','51 apt, 87 street','Edmond','OK','US','73003','','admin@example.com','0123456789','',0.000,0.000,0.000,'Apple AirPods (1)',''),(681,'admin@example.com (User ID #7)','','','Admin','Admin','','51 apt, 87 street','Edmond','OK','US','73003','','admin@example.com','0123456789','','Admin','Admin','','51 apt, 87 street','Edmond','OK','US','73003','','admin@example.com','0123456789','',0.000,0.000,0.000,'Apple AirPods (1)',''),(682,'admin@example.com (User ID #7)','','','Admin','Admin','','51 apt, 87 street','Edmond','OK','US','73003','','admin@example.com','0123456789','','Admin','Admin','','51 apt, 87 street','Edmond','OK','US','73003','','admin@example.com','0123456789','',0.000,0.000,0.000,'Apple AirPods (1)',''),(683,'admin@example.com (User ID #7)','','','Admin','Admin','','51 apt, 87 street','Edmond','OK','US','73003','','admin@example.com','0123456789','','Admin','Admin','','51 apt, 87 street','Edmond','OK','US','73003','','admin@example.com','0123456789','',0.000,0.000,0.000,'Apple AirPods (1)',''),(684,'admin@example.com (User ID #7)','','','Admin','Admin','','51 apt, 87 street','Edmond','OK','US','73003','','admin@example.com','0123456789','','Admin','Admin','','51 apt, 87 street','Edmond','OK','US','73003','','admin@example.com','0123456789','',0.000,0.000,0.000,'Apple AirPods (1)',''),(685,'admin@example.com (User ID #7)','','','Admin','Admin','','51 apt, 87 street','Edmond','OK','US','73003','','admin@example.com','0123456789','','Admin','Admin','','51 apt, 87 street','Edmond','OK','US','73003','','admin@example.com','0123456789','',0.000,0.000,0.000,'Apple AirPods (1)',''),(686,'admin@example.com (User ID #7)','','','Admin','Admin','','51 apt, 87 street','Edmond','OK','US','73003','','admin@example.com','0123456789','','Admin','Admin','','51 apt, 87 street','Edmond','OK','US','73003','','admin@example.com','0123456789','',0.000,0.000,0.000,'Apple AirPods (1)',''),(687,'admin@example.com (User ID #7)','','','Admin','Admin','','51 apt, 87 street','Edmond','OK','US','73003','','admin@example.com','0123456789','','Admin','Admin','','51 apt, 87 street','Edmond','OK','US','73003','','admin@example.com','0123456789','',0.000,0.000,0.000,'Apple AirPods (1)',''),(688,'admin@example.com (User ID #7)','','','Admin','Admin','','51 apt, 87 street','Edmond','OK','US','73003','','admin@example.com','0123456789','','Admin','Admin','','51 apt, 87 street','Edmond','OK','US','73003','','admin@example.com','0123456789','',0.000,0.000,0.000,'Apple AirPods (1)',''),(689,'admin@example.com (User ID #7)','','','Admin','Admin','','51 apt, 87 street','Edmond','OK','US','73003','','admin@example.com','0123456789','','Admin','Admin','','51 apt, 87 street','Edmond','OK','US','73003','','admin@example.com','0123456789','',0.000,0.000,0.000,'Apple AirPods (1)',''),(690,'admin@example.com (User ID #7)','','','Admin','Admin','','51 apt, 87 street','Edmond','OK','US','73003','','admin@example.com','0123456789','','Admin','Admin','','51 apt, 87 street','Edmond','OK','US','73003','','admin@example.com','0123456789','',0.000,0.000,0.000,'Apple AirPods (1)',''),(691,'admin@example.com (User ID #7)','','','Admin','Admin','','51 apt, 87 street','Edmond','OK','US','73003','','admin@example.com','0123456789','','Admin','Admin','','51 apt, 87 street','Edmond','OK','US','73003','','admin@example.com','0123456789','',0.000,0.000,0.000,'Apple AirPods (1)',''),(692,'admin@example.com (User ID #7)','','','Admin','Admin','','51 apt, 87 street','Edmond','OK','US','73003','','admin@example.com','0123456789','','Admin','Admin','','51 apt, 87 street','Edmond','OK','US','73003','','admin@example.com','0123456789','',0.000,0.000,0.000,'Apple AirPods (1)',''),(693,'admin@example.com (User ID #7)','','','Admin','Admin','','51 apt, 87 street','Edmond','OK','US','73003','','admin@example.com','0123456789','','Admin','Admin','','51 apt, 87 street','Edmond','OK','US','73003','','admin@example.com','0123456789','',0.000,0.000,0.000,'Apple AirPods (1)',''),(694,'admin@example.com (User ID #7)','','','Admin','Admin','','51 apt, 87 street','Edmond','OK','US','73003','','admin@example.com','0123456789','','Admin','Admin','','51 apt, 87 street','Edmond','OK','US','73003','','admin@example.com','0123456789','',0.000,0.000,0.000,'Apple AirPods (1)',''),(695,'admin@example.com (User ID #7)','','','Admin','Admin','','51 apt, 87 street','Edmond','OK','US','73003','','admin@example.com','0123456789','','Admin','Admin','','51 apt, 87 street','Edmond','OK','US','73003','','admin@example.com','0123456789','',0.000,0.000,0.000,'Apple AirPods (1)',''),(696,'admin@example.com (User ID #7)','','','Admin','Admin','','51 apt, 87 street','Edmond','OK','US','73003','','admin@example.com','0123456789','','Admin','Admin','','51 apt, 87 street','Edmond','OK','US','73003','','admin@example.com','0123456789','',0.000,0.000,0.000,'Apple AirPods (1)',''),(697,'admin@example.com (User ID #7)','','','Admin','Admin','','51 apt, 87 street','Edmond','OK','US','73003','','admin@example.com','0123456789','','Admin','Admin','','51 apt, 87 street','Edmond','OK','US','73003','','admin@example.com','0123456789','',0.000,0.000,0.000,'Apple AirPods (1)',''),(698,'admin@example.com (User ID #7)','','','Admin','Admin','','51 apt, 87 street','Edmond','OK','US','73003','','admin@example.com','0123456789','','Admin','Admin','','51 apt, 87 street','Edmond','OK','US','73003','','admin@example.com','0123456789','',0.000,0.000,0.000,'Apple AirPods (1)',''),(699,'test@example.com (User ID #8)','','','Ru','Ru','','Ru','Ul','N/A','RU','432067','','test@example.com','','','Ggg','Ggg','','Ggg Vvg','Fff','CA','US','12345','','test@example.com','','',5.950,0.000,0.000,'Payment transaction: 000006-YH85','admin@example.com'),(700,'','','','','','','','','','','','','','','','','','','','','','','','','','','',0.000,0.000,0.000,'',''),(701,'admin@example.com (User ID #7)','','','Admin','Admin','','51 apt, 87 street','Edmond','OK','US','73003','','admin@example.com','0123456789','','Admin','Admin','','51 apt, 87 street','Edmond','OK','US','73003','','admin@example.com','0123456789','',7.110,0.000,0.000,'Payment transaction: 000006-IWO0','admin@example.com'),(702,'admin@example.com (User ID #7)','','','Admin','Admin','','51 apt, 87 street','Edmond','OK','US','73003','','admin@example.com','0123456789','','Admin','Admin','','51 apt, 87 street','Edmond','OK','US','73003','','admin@example.com','0123456789','',2.830,0.000,0.000,'Payment transaction: 000007-PWUK','admin@example.com'),(703,'admin@example.com (User ID #7)','','','Admin','Admin','','51 apt, 87 street','Edmond','OK','US','73003','','admin@example.com','0123456789','','Admin','Admin','','51 apt, 87 street','Edmond','OK','US','73003','','admin@example.com','0123456789','',2.830,0.000,0.000,'Payment transaction: 000008-UQYK','admin@example.com'),(704,'','','','','','','','','','','','','','','','','','','','','','','','','','','',0.000,0.000,0.000,'',''),(705,'','','','','','','','','','','','','','','','','','','','','','','','','','','',0.000,0.000,0.000,'',''),(706,'','','','','','','','','','','','','','','','','','','','','','','','','','','',0.000,0.000,0.000,'',''),(707,'','','','','','','','','','','','','','','','','','','','','','','','','','','',0.000,0.000,0.000,'',''),(708,'admin@example.com (User ID #7)','','','Admin','Admin','','51 apt, 87 street','Edmond','OK','US','73003','','admin@example.com','0123456789','','Admin','Admin','','51 apt, 87 street','Edmond','OK','US','73003','','admin@example.com','0123456789','',2.830,0.000,0.000,'Payment transaction: 000006-8F9W','admin@example.com'),(709,'admin@example.com (User ID #7)','','','Admin','Admin','','51 apt, 87 street','Edmond','OK','US','73003','','admin@example.com','0123456789','','Admin','Admin','','51 apt, 87 street','Edmond','OK','US','73003','','admin@example.com','0123456789','',2.830,0.000,0.000,'Payment transaction: 000007-FGMI','admin@example.com'),(710,'admin@example.com (User ID #7)','','','Admin','Admin','','51 apt, 87 street','Edmond','OK','US','73003','','admin@example.com','0123456789','','Admin','Admin','','51 apt, 87 street','Edmond','OK','US','73003','','admin@example.com','0123456789','',2.830,0.000,0.000,'Payment transaction: 000007-NV23','admin@example.com'),(711,'admin@example.com (User ID #7)','','','Admin','Admin','','51 apt, 87 street','Edmond','OK','US','73003','','admin@example.com','0123456789','','Admin','Admin','','51 apt, 87 street','Edmond','OK','US','73003','','admin@example.com','0123456789','',2.750,0.000,0.000,'Payment transaction: 000008-LT8Z','admin@example.com'),(712,'admin@example.com (User ID #7)','','','Admin','Admin','','51 apt, 87 street','Edmond','OK','US','73003','','admin@example.com','0123456789','','Admin','Admin','','51 apt, 87 street','Edmond','OK','US','73003','','admin@example.com','0123456789','',2.750,0.000,0.000,'Payment transaction: 000008-LT8Z','admin@example.com'),(713,'admin@example.com (User ID #7)','','','Admin','Admin','','51 apt, 87 street','Edmond','OK','US','73003','','admin@example.com','0123456789','','Admin','Admin','','51 apt, 87 street','Edmond','OK','US','73003','','admin@example.com','0123456789','',2.750,0.000,0.000,'Payment transaction: 000006-EVJP','admin@example.com'),(714,'yakoff@x-cart.com (User ID #8)','','','test','test','','test','Los Angeles','CA','US','90001','','yakoff@x-cart.com','','','test','test','','test','Los Angeles','CA','US','90001','','yakoff@x-cart.com','','',2.750,0.000,0.000,'Payment transaction: 000010-UZQR','admin@example.com'),(715,'yakoff@x-cart.com (User ID #7)','','','test','test','','test','Los Angeles','CA','US','90001','','yakoff@x-cart.com','','','test','test','','test','Los Angeles','CA','US','90001','','yakoff@x-cart.com','','',0.000,0.000,0.000,'Payment transaction: 000072-KMFE','yakoff@x-cart.com'),(716,'yakoff@x-cart.com (User ID #8)','','','test','test','','test','Los Angeles','CA','US','90001','','yakoff@x-cart.com','','','test','test','','test','Los Angeles','CA','US','90001','','yakoff@x-cart.com','','',2.750,0.000,0.000,'Payment transaction: 000010-UZQR','admin@example.com'),(717,'yakoff@x-cart.com (User ID #8)','','','test','test','','test','Los Angeles','CA','US','90001','','yakoff@x-cart.com','','','test','test','','test','Los Angeles','CA','US','90001','','yakoff@x-cart.com','','',2.750,0.000,0.000,'Payment transaction: 000010-UZQR','admin@example.com'),(718,'yakoff@x-cart.com (User ID #8)','','','test','test','','test','Los Angeles','CA','US','90001','','yakoff@x-cart.com','','','test','test','','test','Los Angeles','CA','US','90001','','yakoff@x-cart.com','','',2.750,0.000,0.000,'Payment transaction: 000010-UZQR','admin@example.com'),(719,'yakoff@x-cart.com (User ID #8)','','','test','test','','test','Los Angeles','CA','US','90001','','yakoff@x-cart.com','','','test','test','','test','Los Angeles','CA','US','90001','','yakoff@x-cart.com','','',2.750,0.000,0.000,'Payment transaction: 000010-UZQR','admin@example.com'),(720,'yakoff@x-cart.com (User ID #8)','','','test','test','','test','Los Angeles','CA','US','90001','','yakoff@x-cart.com','','','test','test','','test','Los Angeles','CA','US','90001','','yakoff@x-cart.com','','',2.750,0.000,0.000,'Payment transaction: 000010-UZQR','admin@example.com'),(721,'yakoff@x-cart.com (User ID #8)','','','test','test','','test','Los Angeles','CA','US','90001','','yakoff@x-cart.com','','','test','test','','test','Los Angeles','CA','US','90001','','yakoff@x-cart.com','','',2.750,0.000,0.000,'Payment transaction: 000010-UZQR','admin@example.com'),(722,'yakoff@x-cart.com (User ID #8)','','','test','test','','test','Los Angeles','CA','US','90001','','yakoff@x-cart.com','','','test','test','','test','Los Angeles','CA','US','90001','','yakoff@x-cart.com','','',2.750,0.000,0.000,'Payment transaction: 000010-UZQR','admin@example.com'),(723,'yakoff@x-cart.com (User ID #8)','','','test','test','','test','Los Angeles','CA','US','90001','','yakoff@x-cart.com','','','test','test','','test','Los Angeles','CA','US','90001','','yakoff@x-cart.com','','',2.750,0.000,0.000,'Payment transaction: 000010-OQ3Y','admin@example.com'),(724,'yakoff@x-cart.com (User ID #8)','','','test','test','','test','Los Angeles','CA','US','90001','','yakoff@x-cart.com','','','test','test','','test','Los Angeles','CA','US','90001','','yakoff@x-cart.com','','',2.750,0.000,0.000,'Payment transaction: 000010-OQ3Y','admin@example.com'),(725,'yakoff@x-cart.com (User ID #8)','','','test','test','','test','Los Angeles','CA','US','90001','','yakoff@x-cart.com','','','test','test','','test','Los Angeles','CA','US','90001','','yakoff@x-cart.com','','',2.750,0.000,0.000,'Payment transaction: 000010-OQ3Y','admin@example.com'),(726,'yakoff@x-cart.com (User ID #8)','','','test','test','','test','Los Angeles','CA','US','90001','','yakoff@x-cart.com','','','test','test','','test','Los Angeles','CA','US','90001','','yakoff@x-cart.com','','',2.750,0.000,0.000,'Payment transaction: 000010-C7W5','admin@example.com'),(727,'yakoff@x-cart.com (User ID #8)','','','test','test','','test','Los Angeles','CA','US','90001','','yakoff@x-cart.com','','','test','test','','test','Los Angeles','CA','US','90001','','yakoff@x-cart.com','','',2.750,0.000,0.000,'Payment transaction: 000010-J2WS','admin@example.com'),(728,'yakoff@x-cart.com (User ID #8)','','','test','test','','test','Los Angeles','CA','US','90001','','yakoff@x-cart.com','','','test','test','','test','Los Angeles','CA','US','90001','','yakoff@x-cart.com','','',2.750,0.000,0.000,'Payment transaction: 000011-MTIG','admin@example.com'),(729,'yakoff@x-cart.com (User ID #8)','','','test','test','','test','Los Angeles','CA','US','90001','','yakoff@x-cart.com','','','test','test','','test','Los Angeles','CA','US','90001','','yakoff@x-cart.com','','',12.200,0.000,0.000,'Payment transaction: 000012-S7PH','admin@example.com'),(730,'yakoff@x-cart.com (User ID #8)','','','test','test','','test','Los Angeles','CA','US','90001','','yakoff@x-cart.com','','','test','test','','test','Los Angeles','CA','US','90001','','yakoff@x-cart.com','','',12.200,0.000,0.000,'Payment transaction: 000012-S7PH','admin@example.com'),(731,'yakoff@x-cart.com (User ID #8)','','','test','test','','test','Los Angeles','CA','US','90001','','yakoff@x-cart.com','','','test','test','','test','Los Angeles','CA','US','90001','','yakoff@x-cart.com','','',12.200,0.000,0.000,'Payment transaction: 000012-S7PH','admin@example.com'),(732,'yakoff@x-cart.com (User ID #8)','','','test','test','','test','Los Angeles','CA','US','90001','','yakoff@x-cart.com','','','test','test','','test','Los Angeles','CA','US','90001','','yakoff@x-cart.com','','',12.200,0.000,0.000,'Payment transaction: 000012-S7PH','admin@example.com'),(733,'admin@example.com (User ID #7)','','','US','User','','1600 Amphitheatre Parkway1  ','Mountain View','CA','US','94043','','admin@example.com','0123456789','','Card','Holder Name','','1600 Amphitheatre Parkway  ','Mountain View','CA','US','94043','','admin@example.com','0123456789','',2.830,0.000,0.000,'Payment transaction: 000007-3QFB','admin@example.com'),(734,'admin@example.com (User ID #7)','','','US','User','','1600 Amphitheatre Parkway1  ','Mountain View','CA','US','94043','','admin@example.com','0123456789','','Card','Holder Name','','1600 Amphitheatre Parkway  ','Mountain View','CA','US','94043','','admin@example.com','0123456789','',2.830,0.000,0.000,'Payment transaction: 000006-ALHW','admin@example.com'),(735,'admin@example.com (User ID #7)','','','US','User','','1600 Amphitheatre Parkway1  ','Mountain View','CA','US','94043','','admin@example.com','0123456789','','Card','Holder Name','','1600 Amphitheatre Parkway  ','Mountain View','CA','US','94043','','admin@example.com','0123456789','',2.830,0.000,0.000,'Payment transaction: 000008-22BZ','admin@example.com'),(736,'admin@example.com (User ID #7)','','','US','User','','1600 Amphitheatre Parkway1  ','Mountain View','CA','US','94043','','admin@example.com','0123456789','','Card','Holder Name','','1600 Amphitheatre Parkway  ','Mountain View','CA','US','94043','','admin@example.com','0123456789','',6.950,0.000,0.000,'Payment transaction: 000009-7ACB','admin@example.com'),(737,'admin@example.com (User ID #7)','','','US','User','','1600 Amphitheatre Parkway1  ','Mountain View','CA','US','94043','','admin@example.com','0123456789','','Card','Holder Name','','1600 Amphitheatre Parkway  ','Mountain View','CA','US','94043','','admin@example.com','0123456789','',6.950,0.000,0.000,'Payment transaction: 000007-7IYW','admin@example.com'),(738,'admin@example.com (User ID #7)','','','US','User','','1600 Amphitheatre Parkway1  ','Mountain View','CA','US','94043','','admin@example.com','0123456789','','Card','Holder Name','','1600 Amphitheatre Parkway  ','Mountain View','CA','US','94043','','admin@example.com','0123456789','',6.950,0.000,0.000,'Payment transaction: 000006-KKJO','admin@example.com'),(739,'admin@example.com (User ID #7)','','','US','User','','1600 Amphitheatre Parkway1  ','Mountain View','CA','US','94043','','admin@example.com','0123456789','','Card','Holder Name','','1600 Amphitheatre Parkway  ','Mountain View','CA','US','94043','','admin@example.com','0123456789','',6.950,0.000,0.000,'Payment transaction: 000008-K5B9','admin@example.com'),(740,'admin@example.com (User ID #7)','','','Admin','Admin','','51 apt, 87 street','Edmond','OK','US','73003','','admin@example.com','0123456789','','Admin','Admin','','51 apt, 87 street','Edmond','OK','US','73003','','admin@example.com','0123456789','',2.830,0.000,0.000,'Payment transaction: 000006-J9X1','admin@example.com'),(741,'admin@example.com (User ID #7)','','','US','User','','1600 Amphitheatre Parkway1  ','Mountain View','CA','US','94043','','admin@example.com','0123456789','','Card','Holder Name','','1600 Amphitheatre Parkway  ','Mountain View','CA','US','94043','','admin@example.com','0123456789','',2.830,0.000,0.000,'Payment transaction: 000008-CZ27','admin@example.com'),(742,'admin@example.com (User ID #7)','','','US','User','','1600 Amphitheatre Parkway1  ','Mountain View','CA','US','94043','','admin@example.com','0123456789','','Card','Holder Name','','1600 Amphitheatre Parkway  ','Mountain View','CA','US','94043','','admin@example.com','0123456789','',6.950,0.000,0.000,'Payment transaction: 000007-W3NO','admin@example.com'),(743,'givi+1@x-cart.com (User ID #7)','','','Admin','Admin','','51 apt, 87 street','Edmond','OK','US','73003','','givi+1@x-cart.com','0123456789','','Admin','Admin','','51 apt, 87 street','Edmond','OK','US','73003','','givi+1@x-cart.com','0123456789','',6.950,0.000,0.000,'Payment transaction: 000006-LKO2','givi@x-cart.com'),(744,'admin@example.com (User ID #7)','','','Admin','Admin','','51 apt, 87 street','Edmond','OK','US','73003','','admin@example.com','0123456789','','Admin','Admin','','51 apt, 87 street','Edmond','OK','US','73003','','admin@example.com','0123456789','',0.000,0.000,0.000,'Apple AirPods (1)',''),(745,'admin@example.com (User ID #7)','','','US','User','','1600 Amphitheatre Parkway1  ','Mountain View','CA','US','94043','','admin@example.com','0123456789','','Card','Holder Name','','1600 Amphitheatre Parkway  ','Mountain View','CA','US','94043','','admin@example.com','0123456789','',0.000,0.000,0.000,'Apple AirPods (1)',''),(746,'admin@example.com (User ID #7)','','','US','User','','1600 Amphitheatre Parkway1  ','Mountain View','CA','US','94043','','admin@example.com','0123456789','','Card','Holder Name','','1600 Amphitheatre Parkway  ','Mountain View','CA','US','94043','','admin@example.com','0123456789','',0.000,0.000,0.000,'Apple AirPods (1)',''),(747,'admin@example.com (User ID #7)','','','US','User','','1600 Amphitheatre Parkway1  ','Mountain View','CA','US','94043','','admin@example.com','0123456789','','Card','Holder Name','','1600 Amphitheatre Parkway  ','Mountain View','CA','US','94043','','admin@example.com','0123456789','',0.000,0.000,0.000,'Apple AirPods (1)',''),(748,'admin@example.com (User ID #7)','','','US','User','','1600 Amphitheatre Parkway1  ','Mountain View','CA','US','94043','','admin@example.com','0123456789','','Card','Holder Name','','1600 Amphitheatre Parkway  ','Mountain View','CA','US','94043','','admin@example.com','0123456789','',0.000,0.000,0.000,'Apple AirPods (1)',''),(749,'admin@example.com (User ID #7)','','','US','User','','1600 Amphitheatre Parkway1  ','Mountain View','CA','US','94043','','admin@example.com','0123456789','','Card','Holder Name','','1600 Amphitheatre Parkway  ','Mountain View','CA','US','94043','','admin@example.com','0123456789','',0.000,0.000,0.000,'Apple AirPods (1)',''),(750,'admin@example.com (User ID #7)','','','Admin','Admin','','51 apt, 87 street','Edmond','OK','US','73003','','admin@example.com','0123456789','','Admin','Admin','','51 apt, 87 street','Edmond','OK','US','73003','','admin@example.com','0123456789','',0.000,0.000,0.000,'Apple AirPods (1)',''),(751,'admin@example.com (User ID #7)','','','US','User','','1600 Amphitheatre Parkway1  ','Mountain View','CA','US','94043','','admin@example.com','0123456789','','Card','Holder Name','','1600 Amphitheatre Parkway  ','Mountain View','CA','US','94043','','admin@example.com','0123456789','',0.000,0.000,0.000,'Apple AirPods (1)',''),(752,'admin@example.com (User ID #7)','','','Admin','Admin','','51 apt, 87 street','Edmond','OK','US','73003','','admin@example.com','0123456789','','Admin','Admin','','51 apt, 87 street','Edmond','OK','US','73003','','admin@example.com','0123456789','',0.000,0.000,0.000,'Apple AirPods (1)',''),(753,'admin@example.com (User ID #7)','','','Admin','Admin','','51 apt, 87 street','Edmond','OK','US','73003','','admin@example.com','0123456789','','Admin','Admin','','51 apt, 87 street','Edmond','OK','US','73003','','admin@example.com','0123456789','',0.000,0.000,0.000,'Apple AirPods (1)',''),(754,'admin@example.com (User ID #7)','','','US','User','','1600 Amphitheatre Parkway1  ','Mountain View','CA','US','94043','','admin@example.com','0123456789','','Card','Holder Name','','1600 Amphitheatre Parkway  ','Mountain View','CA','US','94043','','admin@example.com','0123456789','',0.000,0.000,0.000,'Apple AirPods (1)',''),(755,'admin@example.com (User ID #7)','','','US','User','','1600 Amphitheatre Parkway1  ','Mountain View','CA','US','94043','','admin@example.com','0123456789','','Card','Holder Name','','1600 Amphitheatre Parkway  ','Mountain View','CA','US','94043','','admin@example.com','0123456789','',0.000,0.000,0.000,'Apple AirPods (1)',''),(756,'admin@example.com (User ID #7)','','','US','User','','1600 Amphitheatre Parkway1  ','Mountain View','CA','US','94043','','admin@example.com','0123456789','','Card','Holder Name','','1600 Amphitheatre Parkway  ','Mountain View','CA','US','94043','','admin@example.com','0123456789','',0.000,0.000,0.000,'Apple AirPods (1)',''),(757,'admin@example.com (User ID #7)','','','US','User','','1600 Amphitheatre Parkway1  ','Mountain View','CA','US','94043','','admin@example.com','0123456789','','Card','Holder Name','','1600 Amphitheatre Parkway  ','Mountain View','CA','US','94043','','admin@example.com','0123456789','',0.000,0.000,0.000,'Apple AirPods (1)',''),(758,'admin@example.com (User ID #7)','','','US','User','','1600 Amphitheatre Parkway1  ','Mountain View','CA','US','94043','','admin@example.com','0123456789','','Card','Holder Name','','1600 Amphitheatre Parkway  ','Mountain View','CA','US','94043','','admin@example.com','0123456789','',0.000,0.000,0.000,'Apple AirPods (1)',''),(759,'givi+1@x-cart.com (User ID #7)','','','Admin','Admin','','51 apt, 87 street','Edmond','OK','US','73003','','givi+1@x-cart.com','0123456789','','Admin','Admin','','51 apt, 87 street','Edmond','OK','US','73003','','givi+1@x-cart.com','0123456789','',0.000,0.000,0.000,'Apple AirPods (1)',''),(760,'admin@example.com (User ID #7)','','','Admin','Admin','','51 apt, 87 street','Edmond','OK','US','73003','','admin@example.com','0123456789','','Admin','Admin','','51 apt, 87 street','Edmond','OK','US','73003','','admin@example.com','0123456789','',0.000,0.000,0.000,'Apple AirPods (1)',''),(761,'admin@example.com (User ID #7)','','','Admin','Admin','','51 apt, 87 street','Edmond','OK','US','73003','','admin@example.com','0123456789','','Admin','Admin','','51 apt, 87 street','Edmond','OK','US','73003','','admin@example.com','0123456789','',0.000,0.000,0.000,'Apple AirPods (1)',''),(762,'admin@example.com (User ID #7)','','','Admin','Admin','','51 apt, 87 street','Edmond','OK','US','73003','','admin@example.com','0123456789','','Admin','Admin','','51 apt, 87 street','Edmond','OK','US','73003','','admin@example.com','0123456789','',0.000,0.000,0.000,'Apple AirPods (1)',''),(763,'admin@example.com (User ID #7)','','','Admin','Admin','','51 apt, 87 street','Edmond','OK','US','73003','','admin@example.com','0123456789','','Admin','Admin','','51 apt, 87 street','Edmond','OK','US','73003','','admin@example.com','0123456789','',6.950,0.000,0.000,'Payment transaction: 000006-ASM6','admin@example.com'),(764,'admin@example.com (User ID #7)','','','Admin','Admin','','51 apt, 87 street','Edmond','OK','US','73003','','admin@example.com','0123456789','','Admin','Admin','','51 apt, 87 street','Edmond','OK','US','73003','','admin@example.com','0123456789','',2.830,0.000,0.000,'Payment transaction: 000007-G65Y','admin@example.com'),(765,'Givi@x-cart.com (User ID #11)','','','Ffff','Gggg','','Fffff','Los Angeles','CA','US','90001','','Givi@x-cart.com','','','Ffff','Gggg','','Fffff','Los Angeles','CA','US','90001','','Givi@x-cart.com','','',2.830,0.000,0.000,'Payment transaction: 000008-U5J6','admin@example.com'),(766,'Givi@x-cart.com (User ID #11)','','','Ru','Ru','','Ru','Ul','N/A','RU','432067','','Givi@x-cart.com','','','Ggg','Ggg','','Ggg Vvg','Fff','CA','US','12345','','Givi@x-cart.com','','',5.950,0.000,0.000,'Payment transaction: 000010-8LQ4','admin@example.com'),(767,'admin@example.com (User ID #7)','','','Admin','Admin','','51 apt, 87 street','Edmond','OK','US','73003','','admin@example.com','0123456789','','Admin','Admin','','51 apt, 87 street','Edmond','OK','US','73003','','admin@example.com','0123456789','',2.830,0.000,0.000,'Payment transaction: 000008-4W01','admin@example.com'),(768,'joss@x-payments.com (User ID #12)','','','John','Young','','1111','Orlando','FL','US','32824','','joss@x-payments.com','1111','','John','Young','','1111','Orlando','FL','US','32824','','joss@x-payments.com','1111','',2.750,0.000,0.000,'Payment transaction: 000009-YC3C','admin@example.com'),(769,'admin@example.com (User ID #7)','','','Admin','Admin','','51 apt, 87 street','Edmond','OK','US','73003','','admin@example.com','0123456789','','Admin','Admin','','51 apt, 87 street','Edmond','OK','US','73003','','admin@example.com','0123456789','',6.950,0.000,0.000,'Payment transaction: 000010-AOJQ','admin@example.com'),(770,'joss@x-payments.com (User ID #12)','','','John','Young','','1111','Orlando','FL','US','32824','','joss@x-payments.com','1111','','John','Young','','1111','Orlando','FL','US','32824','','joss@x-payments.com','1111','',7.250,0.000,0.000,'Payment transaction: 000011-XHON','admin@example.com'),(771,'Givi@x-cart.com (User ID #9)','','','Test','Test','','Test','Los Angeles','CA','US','90001','','Givi@x-cart.com','','','Test','Test','','Test','Los Angeles','CA','US','90001','','Givi@x-cart.com','','',2.830,0.000,0.000,'Payment transaction: 000008-GLXX','admin@example.com'),(772,'test@example.com (User ID #9)','','','Ru','Ru','','Ru','Ul','N/A','RU','432067','','test@example.com','','','Ggg','Ggg','','Ggg Vvg','Fff','CA','US','12345','','test@example.com','','',5.950,0.000,0.000,'Payment transaction: 000006-X2H1','admin@example.com'),(773,'admin@example.com (User ID #7)','','','Admin','Admin','','51 apt, 87 street','Edmond','OK','US','73003','','admin@example.com','0123456789','','Admin','Admin','','51 apt, 87 street','Edmond','OK','US','73003','','admin@example.com','0123456789','',0.000,0.000,0.000,'','admin@example.com'),(774,'admin@example.com (User ID #7)','','','Admin','Admin','','51 apt, 87 street','Edmond','OK','US','73003','','admin@example.com','0123456789','','Admin','Admin','','51 apt, 87 street','Edmond','OK','US','73003','','admin@example.com','0123456789','',6.950,0.000,0.000,'Payment transaction: 000008-WNEB','admin@example.com'),(775,'','','','','','','','','','','','','','','','','','','','','','','','','','','',0.000,0.000,0.000,'',''),(776,'','','','','','','','','','','','','','','','','','','','','','','','','','','',0.000,0.000,0.000,'',''),(777,'admin@example.com (User ID #7)','','','Admin','Admin','','51 apt, 87 street','Edmond','OK','US','73003','','admin@example.com','0123456789','','Admin','Admin','','51 apt, 87 street','Edmond','OK','US','73003','','admin@example.com','0123456789','',2.830,0.000,0.000,'Payment transaction: 000006-MRDQ','admin@example.com'),(778,'Givi@x-cart.com (User ID #9)','','','Fff','Ffff','','Ffff','Los Angeles','CA','US','90001','','Givi@x-cart.com','','','Fff','Ffff','','Ffff','Los Angeles','CA','US','90001','','Givi@x-cart.com','','',2.830,0.000,0.000,'Payment transaction: 000008-0789','admin@example.com'),(779,'admin@example.com (User ID #7)','','','fsfsdf','sdfsdfdf','','sdfsdfsdf','Los Angeles','CA','US','90001','','admin@example.com','','','fsfsdf','sdfsdfdf','','sdfsdfsdf','Los Angeles','CA','US','90001','','admin@example.com','','',2.830,0.000,0.000,'Payment transaction: 000006-RYS8','admin@example.com'),(780,'admin@example.com (User ID #7)','','','fsfsdf','sdfsdfdf','','sdfsdfsdf','Los Angeles','CA','US','90001','','admin@example.com','','','fsfsdf','sdfsdfdf','','sdfsdfsdf','Los Angeles','CA','US','90001','','admin@example.com','','',2.830,0.000,0.000,'Payment transaction: 000007-45ST','admin@example.com'),(781,'admin@example.com (User ID #7)','','','fsfsdf','sdfsdfdf','','sdfsdfsdf','Los Angeles','CA','US','90001','','admin@example.com','','','fsfsdf','sdfsdfdf','','sdfsdfsdf','Los Angeles','CA','US','90001','','admin@example.com','','',2.830,0.000,0.000,'Payment transaction: 000008-WYEB','admin@example.com'),(782,'admin@example.com (User ID #7)','','','fsfsdf','sdfsdfdf','','sdfsdfsdf','Los Angeles','CA','US','90001','','admin@example.com','','','fsfsdf','sdfsdfdf','','sdfsdfsdf','Los Angeles','CA','US','90001','','admin@example.com','','',12.200,0.000,0.000,'Payment transaction: 000009-NASE','admin@example.com'),(783,'admin@example.com (User ID #7)','','','fsfsdf','sdfsdfdf','','sdfsdfsdf','Los Angeles','CA','US','90001','','admin@example.com','','','fsfsdf','sdfsdfdf','','sdfsdfsdf','Los Angeles','CA','US','90001','','admin@example.com','','',2.830,0.000,0.000,'Payment transaction: 000010-3ZUN','admin@example.com'),(784,'admin@example.com (User ID #7)','','','fsfsdf','sdfsdfdf','','sdfsdfsdf','Los Angeles','CA','US','90001','','admin@example.com','','','fsfsdf','sdfsdfdf','','sdfsdfsdf','Los Angeles','CA','US','90001','','admin@example.com','','',2.830,0.000,0.000,'Payment transaction: 000011-CKEG','admin@example.com'),(785,'admin@example.com (User ID #7)','','','fsfsdf','sdfsdfdf','','sdfsdfsdf','Los Angeles','CA','US','90001','','admin@example.com','','','fsfsdf','sdfsdfdf','','sdfsdfsdf','Los Angeles','CA','US','90001','','admin@example.com','','',2.830,0.000,0.000,'Payment transaction: 000012-MH2H','admin@example.com'),(786,'admin@example.com (User ID #7)','','','fsfsdf','sdfsdfdf','','sdfsdfsdf','Los Angeles','CA','US','90001','','admin@example.com','','','fsfsdf','sdfsdfdf','','sdfsdfsdf','Los Angeles','CA','US','90001','','admin@example.com','','',2.830,0.000,0.000,'Payment transaction: 000013-Q7HN','admin@example.com'),(787,'admin@example.com (User ID #7)','','','fsfsdf','sdfsdfdf','','sdfsdfsdf','Los Angeles','CA','US','90001','','admin@example.com','','','fsfsdf','sdfsdfdf','','sdfsdfsdf','Los Angeles','CA','US','90001','','admin@example.com','','',2.830,0.000,0.000,'Payment transaction: 000014-0VWD','admin@example.com'),(788,'admin@example.com (User ID #7)','','','fsfsdf','sdfsdfdf','','sdfsdfsdf','Los Angeles','CA','US','90001','','admin@example.com','','','fsfsdf','sdfsdfdf','','sdfsdfsdf','Los Angeles','CA','US','90001','','admin@example.com','','',2.830,0.000,0.000,'Payment transaction: 000015-QYHX','admin@example.com'),(789,'admin@example.com (User ID #7)','','','fsfsdf','sdfsdfdf','','sdfsdfsdf','Los Angeles','CA','US','90001','','admin@example.com','','','fsfsdf','sdfsdfdf','','sdfsdfsdf','Los Angeles','CA','US','90001','','admin@example.com','','',2.830,0.000,0.000,'Payment transaction: 000016-AZZS','admin@example.com'),(790,'admin@example.com (User ID #7)','','','fsfsdf','sdfsdfdf','','sdfsdfsdf','Los Angeles','CA','US','90001','','admin@example.com','','','fsfsdf','sdfsdfdf','','sdfsdfsdf','Los Angeles','CA','US','90001','','admin@example.com','','',2.830,0.000,0.000,'Payment transaction: 000017-PE4Z','admin@example.com'),(791,'admin@example.com (User ID #7)','','','fsfsdf','sdfsdfdf','','sdfsdfsdf','Los Angeles','CA','US','90001','','admin@example.com','','','fsfsdf','sdfsdfdf','','sdfsdfsdf','Los Angeles','CA','US','90001','','admin@example.com','','',2.830,0.000,0.000,'Payment transaction: 000018-DCZ6','admin@example.com'),(792,'admin@example.com (User ID #7)','','','fsfsdf','sdfsdfdf','','sdfsdfsdf','Los Angeles','CA','US','90001','','admin@example.com','','','fsfsdf','sdfsdfdf','','sdfsdfsdf','Los Angeles','CA','US','90001','','admin@example.com','','',2.830,0.000,0.000,'Payment transaction: 000019-ZW2A','admin@example.com'),(793,'admin@example.com (User ID #7)','','','fsfsdf','sdfsdfdf','','sdfsdfsdf','Los Angeles','CA','US','90001','','admin@example.com','','','fsfsdf','sdfsdfdf','','sdfsdfsdf','Los Angeles','CA','US','90001','','admin@example.com','','',2.830,0.000,0.000,'Payment transaction: 000020-682H','admin@example.com'),(794,'admin@example.com (User ID #7)','','','fsfsdf','sdfsdfdf','','sdfsdfsdf','Los Angeles','CA','US','90001','','admin@example.com','','','fsfsdf','sdfsdfdf','','sdfsdfsdf','Los Angeles','CA','US','90001','','admin@example.com','','',2.830,0.000,0.000,'Payment transaction: 000021-18MJ','admin@example.com'),(795,'admin@example.com (User ID #7)','','','fsfsdf','sdfsdfdf','','sdfsdfsdf','Los Angeles','CA','US','90001','','admin@example.com','','','fsfsdf','sdfsdfdf','','sdfsdfsdf','Los Angeles','CA','US','90001','','admin@example.com','','',2.830,0.000,0.000,'Payment transaction: 000022-6ZN1','admin@example.com'),(796,'admin@example.com (User ID #7)','','','fsfsdf','sdfsdfdf','','sdfsdfsdf','Los Angeles','CA','US','90001','','admin@example.com','','','fsfsdf','sdfsdfdf','','sdfsdfsdf','Los Angeles','CA','US','90001','','admin@example.com','','',2.830,0.000,0.000,'Payment transaction: 000023-4A06','admin@example.com'),(797,'admin@example.com (User ID #7)','','','fsfsdf','sdfsdfdf','','sdfsdfsdf','Los Angeles','CA','US','90001','','admin@example.com','','','fsfsdf','sdfsdfdf','','sdfsdfsdf','Los Angeles','CA','US','90001','','admin@example.com','','',2.830,0.000,0.000,'Payment transaction: 000024-BFA8','admin@example.com'),(798,'admin@example.com (User ID #7)','','','fsfsdf','sdfsdfdf','','sdfsdfsdf','Los Angeles','CA','US','90001','','admin@example.com','','','fsfsdf','sdfsdfdf','','sdfsdfsdf','Los Angeles','CA','US','90001','','admin@example.com','','',2.830,0.000,0.000,'Payment transaction: 000025-PRRK','admin@example.com'),(799,'admin@example.com (User ID #7)','','','fsfsdf','sdfsdfdf','','sdfsdfsdf','Los Angeles','CA','US','90001','','admin@example.com','','','fsfsdf','sdfsdfdf','','sdfsdfsdf','Los Angeles','CA','US','90001','','admin@example.com','','',2.830,0.000,0.000,'Payment transaction: 000026-SMPR','admin@example.com'),(800,'admin@example.com (User ID #7)','','','fsfsdf','sdfsdfdf','','sdfsdfsdf','Los Angeles','CA','US','90001','','admin@example.com','','','fsfsdf','sdfsdfdf','','sdfsdfsdf','Los Angeles','CA','US','90001','','admin@example.com','','',2.830,0.000,0.000,'Payment transaction: 000027-WX3J','admin@example.com'),(801,'admin@example.com (User ID #7)','','','fsfsdf','sdfsdfdf','','sdfsdfsdf','Los Angeles','CA','US','90001','','admin@example.com','','','fsfsdf','sdfsdfdf','','sdfsdfsdf','Los Angeles','CA','US','90001','','admin@example.com','','',2.830,0.000,0.000,'Payment transaction: 000028-AYYF','admin@example.com'),(802,'admin@example.com (User ID #7)','','','fsfsdf','sdfsdfdf','','sdfsdfsdf','Los Angeles','CA','US','90001','','admin@example.com','','','fsfsdf','sdfsdfdf','','sdfsdfsdf','Los Angeles','CA','US','90001','','admin@example.com','','',2.830,0.000,0.000,'Payment transaction: 000029-GP3C','admin@example.com'),(803,'admin@example.com (User ID #7)','','','fsfsdf','sdfsdfdf','','sdfsdfsdf','Los Angeles','CA','US','90001','','admin@example.com','','','fsfsdf','sdfsdfdf','','sdfsdfsdf','Los Angeles','CA','US','90001','','admin@example.com','','',2.830,0.000,0.000,'Payment transaction: 000030-751V','admin@example.com'),(804,'admin@example.com (User ID #7)','','','fsfsdf','sdfsdfdf','','sdfsdfsdf','Los Angeles','CA','US','90001','','admin@example.com','','','fsfsdf','sdfsdfdf','','sdfsdfsdf','Los Angeles','CA','US','90001','','admin@example.com','','',2.830,0.000,0.000,'Payment transaction: 000031-W3DY','admin@example.com'),(805,'admin@example.com (User ID #7)','','','fsfsdf','sdfsdfdf','','sdfsdfsdf','Los Angeles','CA','US','90001','','admin@example.com','','','fsfsdf','sdfsdfdf','','sdfsdfsdf','Los Angeles','CA','US','90001','','admin@example.com','','',2.830,0.000,0.000,'Payment transaction: 000032-F1S6','admin@example.com'),(806,'admin@example.com (User ID #7)','','','fsfsdf','sdfsdfdf','','sdfsdfsdf','Los Angeles','CA','US','90001','','admin@example.com','','','fsfsdf','sdfsdfdf','','sdfsdfsdf','Los Angeles','CA','US','90001','','admin@example.com','','',2.830,0.000,0.000,'Payment transaction: 000033-H29S','admin@example.com'),(807,'admin@example.com (User ID #7)','','','fsfsdf','sdfsdfdf','','sdfsdfsdf','Los Angeles','CA','US','90001','','admin@example.com','','','fsfsdf','sdfsdfdf','','sdfsdfsdf','Los Angeles','CA','US','90001','','admin@example.com','','',2.830,0.000,0.000,'Payment transaction: 000034-HUJ8','admin@example.com'),(808,'admin@example.com (User ID #7)','','','fsfsdf','sdfsdfdf','','sdfsdfsdf','Los Angeles','CA','US','90001','','admin@example.com','','','fsfsdf','sdfsdfdf','','sdfsdfsdf','Los Angeles','CA','US','90001','','admin@example.com','','',2.830,0.000,0.000,'Payment transaction: 000035-2OUV','admin@example.com'),(809,'admin@example.com (User ID #7)','','','fsfsdf','sdfsdfdf','','sdfsdfsdf','Los Angeles','CA','US','90001','','admin@example.com','','','fsfsdf','sdfsdfdf','','sdfsdfsdf','Los Angeles','CA','US','90001','','admin@example.com','','',2.830,0.000,0.000,'Payment transaction: 000036-YEH9','admin@example.com'),(810,'admin@example.com (User ID #7)','','','fsfsdf','sdfsdfdf','','sdfsdfsdf','Los Angeles','CA','US','90001','','admin@example.com','','','fsfsdf','sdfsdfdf','','sdfsdfsdf','Los Angeles','CA','US','90001','','admin@example.com','','',2.830,0.000,0.000,'Payment transaction: 000037-18QN','admin@example.com'),(811,'admin@example.com (User ID #7)','','','fsfsdf','sdfsdfdf','','sdfsdfsdf','Los Angeles','CA','US','90001','','admin@example.com','','','fsfsdf','sdfsdfdf','','sdfsdfsdf','Los Angeles','CA','US','90001','','admin@example.com','','',2.830,0.000,0.000,'Payment transaction: 000038-QKMY','admin@example.com'),(812,'admin@example.com (User ID #7)','','','fsfsdf','sdfsdfdf','','sdfsdfsdf','Los Angeles','CA','US','90001','','admin@example.com','','','fsfsdf','sdfsdfdf','','sdfsdfsdf','Los Angeles','CA','US','90001','','admin@example.com','','',2.830,0.000,0.000,'Payment transaction: 000039-N4RU','admin@example.com'),(813,'admin@example.com (User ID #7)','','','fsfsdf','sdfsdfdf','','sdfsdfsdf','Los Angeles','CA','US','90001','','admin@example.com','','','fsfsdf','sdfsdfdf','','sdfsdfsdf','Los Angeles','CA','US','90001','','admin@example.com','','',2.830,0.000,0.000,'Payment transaction: 000040-XKHR','admin@example.com'),(814,'admin@example.com (User ID #7)','','','fsfsdf','sdfsdfdf','','sdfsdfsdf','Los Angeles','CA','US','90001','','admin@example.com','','','fsfsdf','sdfsdfdf','','sdfsdfsdf','Los Angeles','CA','US','90001','','admin@example.com','','',2.830,0.000,0.000,'Payment transaction: 000041-FRO6','admin@example.com'),(815,'admin@example.com (User ID #7)','','','fsfsdf','sdfsdfdf','','sdfsdfsdf','Los Angeles','CA','US','90001','','admin@example.com','','','fsfsdf','sdfsdfdf','','sdfsdfsdf','Los Angeles','CA','US','90001','','admin@example.com','','',2.830,0.000,0.000,'Payment transaction: 000042-TZQB','admin@example.com'),(816,'admin@example.com (User ID #7)','','','fsfsdf','sdfsdfdf','','sdfsdfsdf','Los Angeles','CA','US','90001','','admin@example.com','','','fsfsdf','sdfsdfdf','','sdfsdfsdf','Los Angeles','CA','US','90001','','admin@example.com','','',2.830,0.000,0.000,'Payment transaction: 000043-G7U4','admin@example.com'),(817,'admin@example.com (User ID #7)','','','fsfsdf','sdfsdfdf','','sdfsdfsdf','Los Angeles','CA','US','90001','','admin@example.com','','','fsfsdf','sdfsdfdf','','sdfsdfsdf','Los Angeles','CA','US','90001','','admin@example.com','','',2.830,0.000,0.000,'Payment transaction: 000044-5IF5','admin@example.com'),(818,'admin@example.com (User ID #7)','','','fsfsdf','sdfsdfdf','','sdfsdfsdf','Los Angeles','CA','US','90001','','admin@example.com','','','fsfsdf','sdfsdfdf','','sdfsdfsdf','Los Angeles','CA','US','90001','','admin@example.com','','',2.830,0.000,0.000,'Payment transaction: 000045-A53D','admin@example.com'),(819,'admin@example.com (User ID #7)','','','fsfsdf','sdfsdfdf','','sdfsdfsdf','Los Angeles','CA','US','90001','','admin@example.com','','','fsfsdf','sdfsdfdf','','sdfsdfsdf','Los Angeles','CA','US','90001','','admin@example.com','','',2.830,0.000,0.000,'Payment transaction: 000046-XE9A','admin@example.com'),(820,'admin@example.com (User ID #7)','','','fsfsdf','sdfsdfdf','','sdfsdfsdf','Los Angeles','CA','US','90001','','admin@example.com','','','fsfsdf','sdfsdfdf','','sdfsdfsdf','Los Angeles','CA','US','90001','','admin@example.com','','',2.830,0.000,0.000,'Payment transaction: 000047-OV1Z','admin@example.com'),(821,'admin@example.com (User ID #7)','','','sdfsdfsdf','sdfsdfsdf','','sdfsdfsdf','Los Angeles','CA','US','90001','','admin@example.com','','','sdfsdfsdf','sdfsdfsdf','','sdfsdfsdf','Los Angeles','CA','US','90001','','admin@example.com','','',2.830,0.000,0.000,'Payment transaction: 000042-FFL0','admin@example.com'),(822,'admin@example.com (User ID #7)','','','sdfsdfsdf','sdfsdfsdf','','sdfsdfsdf','Los Angeles','CA','US','90001','','admin@example.com','','','sdfsdfsdf','sdfsdfsdf','','sdfsdfsdf','Los Angeles','CA','US','90001','','admin@example.com','','',2.830,0.000,0.000,'Payment transaction: 000043-3QSA','admin@example.com'),(823,'admin@example.com (User ID #7)','','','fsfsdf','sdfsdf','','sfsdfsdfdf','Los Angeles','CA','US','90001','','admin@example.com','','','fsfsdf','sdfsdf','','sfsdfsdfdf','Los Angeles','CA','US','90001','','admin@example.com','','',2.830,0.000,0.000,'Payment transaction: 000006-HEEU','admin@example.com'),(824,'admin@example.com (User ID #7)','','','adasdasd','sadasd','','asdasdsd','Los Angeles','CA','US','90001','','admin@example.com','','','adasdasd','sadasd','','asdasdsd','Los Angeles','CA','US','90001','','admin@example.com','','',2.830,0.000,0.000,'Payment transaction: 000006-ZGHR','admin@example.com'),(825,'','','','','','','','','','','','','','','','','','','','','','','','','','','',0.000,0.000,0.000,'',''),(826,'admin@example.com (User ID #7)','','','Admin','Admin','','51 apt, 87 street','Edmond','OK','US','73003','','admin@example.com','0123456789','','test','test','','test','Los Angeles','N/A','QA','90001','','admin@example.com','','',2.830,0.000,0.000,'Payment transaction: 000006-08OP','admin@example.com'),(827,'admin@example.com (User ID #7)','','','Admin','Admin','','51 apt, 87 street','Edmond','OK','US','73003','','admin@example.com','0123456789','','test','test','','test','Los Angeles','N/A','QA','90001','','admin@example.com','','',2.830,0.000,0.000,'Payment transaction: 000007-XX9X','admin@example.com'),(828,'admin@example.com (User ID #7)','','','Admin','Admin','','51 apt, 87 street','Edmond','OK','US','73003','','admin@example.com','0123456789','','test','test','','test','Los Angeles','N/A','QA','90001','','admin@example.com','','',2.830,0.000,0.000,'Payment transaction: 000008-Y6LF','admin@example.com'),(829,'admin@example.com (User ID #7)','','','sdasd','sadasd','','asdasd','Los Angeles','CA','US','90001','','admin@example.com','','','sdasd','sadasd','','asdasd','Los Angeles','CA','US','90001','','admin@example.com','','',2.830,0.000,0.000,'Payment transaction: 000006-OZS3','admin@example.com'),(830,'admin@example.com (User ID #7)','','','sdasd','sadasd','','asdasd','Los Angeles','CA','US','90001','','admin@example.com','','','sdasd','sadasd','','asdasd','Los Angeles','CA','US','90001','','admin@example.com','','',2.830,0.000,0.000,'Payment transaction: 000007-4TFX','admin@example.com'),(831,'admin@example.com (User ID #7)','','','sdasd','sadasd','','asdasd','Los Angeles','CA','US','90001','','admin@example.com','','','sdasd','sadasd','','asdasd','Los Angeles','CA','US','90001','','admin@example.com','','',2.830,0.000,0.000,'Payment transaction: 000008-QNPW','admin@example.com'),(832,'admin@example.com (User ID #7)','','','sdfsdf','sdfsdf','','sdfsdf','Los Angeles','CA','US','90001','','admin@example.com','','','sdfsdf','sdfsdf','','sdfsdf','Los Angeles','CA','US','90001','','admin@example.com','','',2.830,0.000,0.000,'Payment transaction: 000006-HKLO','admin@example.com'),(833,'admin@example.com (User ID #7)','','','sdfsdf','sdfsdf','','sdfsdf','Los Angeles','CA','US','90001','','admin@example.com','','','sdfsdf','sdfsdf','','sdfsdf','Los Angeles','CA','US','90001','','admin@example.com','','',2.830,0.000,0.000,'Payment transaction: 000007-6AKB','admin@example.com'),(834,'admin@example.com (User ID #9)','','','sdfsdf','sdfsdf','','sdfsdf','Los Angeles','CA','US','90001','','admin@example.com','','','sdfsdf','sdfsdf','','sdfsdf','Los Angeles','CA','US','90001','','admin@example.com','','',2.830,0.000,0.000,'Order #6','admin@example.com'),(835,'admin@example.com (User ID #9)','','','sdfsdf','sdfsdf','','sdfsdf','Los Angeles','CA','US','90001','','admin@example.com','','','sdfsdf','sdfsdf','','sdfsdf','Los Angeles','CA','US','90001','','admin@example.com','','',2.830,0.000,0.000,'Order #6','admin@example.com'),(836,'admin@example.com (User ID #7)','','','sdfsdf','sdfsdf','','sdfsdf','Los Angeles','CA','US','90001','','admin@example.com','','','sdfsdf','sdfsdf','','sdfsdf','Los Angeles','CA','US','90001','','admin@example.com','','',12.960,0.000,0.000,'Payment transaction: 000008-W23S','admin@example.com'),(837,'admin@example.com (User ID #7)','','','test','test','','test','Los Angeles','CA','US','90001','','admin@example.com','','','test','test','','test','Los Angeles','CA','US','90001','','admin@example.com','','',2.830,0.000,0.000,'Payment transaction: 000006-MNDM','admin@example.com'),(838,'admin@example.com (User ID #7)','','','test','test','','test','Los Angeles','CA','US','90001','','admin@example.com','','','test','test','','test','Los Angeles','CA','US','90001','','admin@example.com','','',2.830,0.000,0.000,'Payment transaction: 000007-CXNF','admin@example.com'),(839,'admin@example.com (User ID #7)','','','test','test','','test','Los Angeles','CA','US','90001','','admin@example.com','','','test','test','','test','Los Angeles','CA','US','90001','','admin@example.com','','',2.830,0.000,0.000,'Payment transaction: 000008-0DVR','admin@example.com'),(840,'admin@example.com (User ID #7)','','','test','test','','test','Los Angeles','CA','US','90001','','admin@example.com','','','test','test','','test','Los Angeles','CA','US','90001','','admin@example.com','','',2.830,0.000,0.000,'Payment transaction: 000009-RR4Y','admin@example.com'),(841,'admin@example.com (User ID #11)','','','test','test','','test','Los Angeles','CA','US','90001','','admin@example.com','','','test','test','','test','Los Angeles','CA','US','90001','','admin@example.com','','',2.830,0.000,0.000,'Order #7','admin@example.com'),(842,'admin@example.com (User ID #11)','','','test','test','','test','Los Angeles','CA','US','90001','','admin@example.com','','','test','test','','test','Los Angeles','CA','US','90001','','admin@example.com','','',2.830,0.000,0.000,'Order #7','admin@example.com'),(843,'admin@example.com (User ID #7)','','','test','test','','test','Los Angeles','CA','US','90001','','admin@example.com','','','test','test','','test','Los Angeles','CA','US','90001','','admin@example.com','','',2.830,0.000,0.000,'Payment transaction: 000010-8AJ1','admin@example.com'),(844,'admin@example.com (User ID #12)','','','test','test','','test','Los Angeles','CA','US','90001','','admin@example.com','','','test','test','','test','Los Angeles','CA','US','90001','','admin@example.com','','',2.830,0.000,0.000,'Order #8','admin@example.com'),(845,'admin@example.com (User ID #12)','','','test','test','','test','Los Angeles','CA','US','90001','','admin@example.com','','','test','test','','test','Los Angeles','CA','US','90001','','admin@example.com','','',2.830,0.000,0.000,'Order #8','admin@example.com'),(846,'admin@example.com (User ID #12)','','','test','test','','test','Los Angeles','CA','US','90001','','admin@example.com','','','test','test','','test','Los Angeles','CA','US','90001','','admin@example.com','','',2.830,0.000,0.000,'Order #8','admin@example.com'),(847,'admin@example.com (User ID #7)','','','tertert','ertert','','ertert','Los Angeles','CA','US','90001','','admin@example.com','','','tertert','ertert','','ertert','Los Angeles','CA','US','90001','','admin@example.com','','',2.830,0.000,0.000,'Payment transaction: 000006-4CVQ','admin@example.com'),(848,'admin@example.com (User ID #7)','','','tertert','ertert','','ertert','Los Angeles','CA','US','90001','','admin@example.com','','','tertert','ertert','','ertert','Los Angeles','CA','US','90001','','admin@example.com','','',2.830,0.000,0.000,'Payment transaction: 000007-Z06Z','admin@example.com'),(849,'admin@example.com (User ID #9)','','','tertert','ertert','','ertert','Los Angeles','CA','US','90001','','admin@example.com','','','tertert','ertert','','ertert','Los Angeles','CA','US','90001','','admin@example.com','','',2.830,0.000,0.000,'Order #6','admin@example.com'),(850,'admin@example.com (User ID #9)','','','tertert','ertert','','ertert','Los Angeles','CA','US','90001','','admin@example.com','','','tertert','ertert','','ertert','Los Angeles','CA','US','90001','','admin@example.com','','',2.830,0.000,0.000,'Order #6','admin@example.com'),(851,'admin@example.com (User ID #7)','','','adasd','asdasd','','asdasd','Los Angeles','CA','US','90001','','admin@example.com','','','adasd','asdasd','','asdasd','Los Angeles','CA','US','90001','','admin@example.com','','',2.830,0.000,0.000,'Payment transaction: 000006-PTUE','admin@example.com'),(852,'admin@example.com (User ID #7)','','','adasd','asdasd','','asdasd','Los Angeles','CA','US','90001','','admin@example.com','','','adasd','asdasd','','asdasd','Los Angeles','CA','US','90001','','admin@example.com','','',2.830,0.000,0.000,'Payment transaction: 000007-0SQG','admin@example.com'),(853,'admin@example.com (User ID #9)','','','adasd','asdasd','','asdasd','Los Angeles','CA','US','90001','','admin@example.com','','','adasd','asdasd','','asdasd','Los Angeles','CA','US','90001','','admin@example.com','','',2.830,0.000,0.000,'Order #6','admin@example.com'),(854,'admin@example.com (User ID #9)','','','adasd','asdasd','','asdasd','Los Angeles','CA','US','90001','','admin@example.com','','','adasd','asdasd','','asdasd','Los Angeles','CA','US','90001','','admin@example.com','','',2.830,0.000,0.000,'Order #6','admin@example.com'),(855,'admin@example.com (User ID #9)','','','adasd','asdasd','','asdasd','Los Angeles','CA','US','90001','','admin@example.com','','','adasd','asdasd','','asdasd','Los Angeles','CA','US','90001','','admin@example.com','','',2.830,0.000,0.000,'Order #6','admin@example.com'),(856,'admin@example.com (User ID #7)','','','asdasd','asdasd','','asdasd','Los Angeles','CA','US','90001','','admin@example.com','','','asdasd','asdasd','','asdasd','Los Angeles','CA','US','90001','','admin@example.com','','',2.830,0.000,0.000,'Payment transaction: 000006-GU5A','admin@example.com'),(857,'admin@example.com (User ID #7)','','','asdasd','asdasd','','asdasd','Los Angeles','CA','US','90001','','admin@example.com','','','asdasd','asdasd','','asdasd','Los Angeles','CA','US','90001','','admin@example.com','','',2.830,0.000,0.000,'Payment transaction: 000007-VYIN','admin@example.com'),(858,'admin@example.com (User ID #9)','','','asdasd','asdasd','','asdasd','Los Angeles','CA','US','90001','','admin@example.com','','','asdasd','asdasd','','asdasd','Los Angeles','CA','US','90001','','admin@example.com','','',2.830,0.000,0.000,'Order #6','admin@example.com'),(859,'admin@example.com (User ID #9)','','','asdasd','asdasd','','asdasd','Los Angeles','CA','US','90001','','admin@example.com','','','asdasd','asdasd','','asdasd','Los Angeles','CA','US','90001','','admin@example.com','','',2.830,0.000,0.000,'Order #6','admin@example.com'),(860,'admin@example.com (User ID #9)','','','asdasd','asdasd','','asdasd','Los Angeles','CA','US','90001','','admin@example.com','','','asdasd','asdasd','','asdasd','Los Angeles','CA','US','90001','','admin@example.com','','',2.830,0.000,0.000,'Order #6','admin@example.com'),(861,'admin@example.com (User ID #7)','','','test','test','','test','Los Angeles','CA','US','90001','','admin@example.com','','','test','test','','test','Los Angeles','CA','US','90001','','admin@example.com','','',2.830,0.000,0.000,'Payment transaction: 000006-8M88','admin@example.com'),(862,'admin@example.com (User ID #8)','','','test','test','','test','Los Angeles','CA','US','90001','','admin@example.com','','','test','test','','test','Los Angeles','CA','US','90001','','admin@example.com','','',2.830,0.000,0.000,'Order #6','admin@example.com'),(863,'','','','','','','','','','','','','','','','','','','','','','','','','','','',0.000,0.000,0.000,'',''),(864,'admin@example.com (User ID #7)','','','test','test','','test','Los Angeles','CA','US','90001','','admin@example.com','','','test','test','','test','Los Angeles','CA','US','90001','','admin@example.com','','',12.200,0.000,0.000,'Payment transaction: 000008-WHFT','admin@example.com'),(865,'admin@example.com (User ID #7)','','','test','test','','test','Los Angeles','CA','US','90001','','admin@example.com','','','test','test','','test','Los Angeles','CA','US','90001','','admin@example.com','','',12.200,0.000,0.000,'Payment transaction: 000009-VUEV','admin@example.com'),(866,'admin@example.com (User ID #7)','','','test','test','','test','Los Angeles','CA','US','90001','','admin@example.com','','','test','test','','test','Los Angeles','CA','US','90001','','admin@example.com','','',12.200,0.000,0.000,'Payment transaction: 000010-GBXE','admin@example.com'),(867,'admin@example.com (User ID #7)','','','rwer','wrerwe','','werwer','Los Angeles','CA','US','90001','','admin@example.com','','','rwer','wrerwe','','werwer','Los Angeles','CA','US','90001','','admin@example.com','','',2.830,0.000,0.000,'Payment transaction: 000009-XKK2','admin@example.com'),(868,'admin@example.com (User ID #7)','','','wrwer','werwer','','werwer','Los Angeles','CA','US','90001','','admin@example.com','','','wrwer','werwer','','werwer','Los Angeles','N/A','GB','90001','','admin@example.com','','',2.830,0.000,12.750,'Payment transaction: 000012-BZ59','admin@example.com'),