DROP DATABASE IF EXISTS `givi_xp_cloud`;
--
-- Host: localhost    Database: givi_xp_cloud
-- ------------------------------------------------------


--
-- Current Database: `givi_xp_cloud`
--

/*!40000 DROP DATABASE IF EXISTS `givi_xp_cloud`*/;

CREATE DATABASE /*!32312 IF NOT EXISTS*/ `givi_xp_cloud` /*!40100 DEFAULT CHARACTER SET latin1 */ /*!80016 DEFAULT ENCRYPTION='N' */;

USE `givi_xp_cloud`;

--
-- Table structure for table `xpay_antifraud_result_data`
--

CREATE TABLE `xpay_antifraud_result_data` (
  `payment_id` int NOT NULL DEFAULT '0',
  `name` char(64) NOT NULL DEFAULT '',
  `value` text NOT NULL,
  PRIMARY KEY (`payment_id`,`name`),
  CONSTRAINT `subhash` FOREIGN KEY (`payment_id`) REFERENCES `xpay_antifraud_results` (`payment_id`) ON DELETE CASCADE ON UPDATE CASCADE
) ENGINE=InnoDB DEFAULT CHARSET=utf8mb3;

--
-- Dumping data for table `xpay_antifraud_result_data`
--

INSERT INTO `xpay_antifraud_result_data` (`payment_id`, `name`, `value`) VALUES (104,'auto','R'),(104,'errors',''),(104,'geox','RU'),(104,'language','RU'),(104,'network','A'),(104,'rules','702642 Review Network Type\n702650 Distance from Device to Billing > 1000km\n702656 Billing Country not equal to BIN Country (Visa/MC)\n702662 Billing Country not equal to Device Country'),(104,'velocity','0'),(104,'vmax','0'),(104,'warnings',''),(105,'auto','R'),(105,'errors',''),(105,'geox','RU'),(105,'language','RU'),(105,'network','A'),(105,'rules','702642 Review Network Type\n702650 Distance from Device to Billing > 1000km\n702656 Billing Country not equal to BIN Country (Visa/MC)\n702662 Billing Country not equal to Device Country'),(105,'velocity','0'),(105,'vmax','0'),(105,'warnings',''),(106,'auto','R'),(106,'errors',''),(106,'geox','RU'),(106,'language','RU'),(106,'network','A'),(106,'rules','702642 Review Network Type\n702650 Distance from Device to Billing > 1000km\n702656 Billing Country not equal to BIN Country (Visa/MC)\n702662 Billing Country not equal to Device Country'),(106,'velocity','0'),(106,'vmax','0'),(106,'warnings',''),(107,'auto','R'),(107,'errors',''),(107,'geox','RU'),(107,'language','RU'),(107,'network','A'),(107,'rules','702642 Review Network Type\n702650 Distance from Device to Billing > 1000km\n702656 Billing Country not equal to BIN Country (Visa/MC)\n702662 Billing Country not equal to Device Country'),(107,'velocity','0'),(107,'vmax','0'),(107,'warnings',''),(109,'auto','R'),(109,'errors',''),(109,'geox','US'),(109,'language',''),(109,'network','A'),(109,'rules','702642 Review Network Type\n702656 Billing Country not equal to BIN Country (Visa/MC)\n702664 Device Data Collector Missing & Score > 35'),(109,'velocity','0'),(109,'vmax','0'),(109,'warnings',''),(110,'auto','R'),(110,'errors',''),(110,'geox','RU'),(110,'language','RU'),(110,'network','A'),(110,'rules','702630 Score > 50\n702642 Review Network Type\n702650 Distance from Device to Billing > 1000km\n702656 Billing Country not equal to BIN Country (Visa/MC)\n702662 Billing Country not equal to Device Country'),(110,'velocity','0'),(110,'vmax','0'),(110,'warnings',''),(111,'auto','R'),(111,'errors',''),(111,'geox','RU'),(111,'language','RU'),(111,'network','A'),(111,'rules','702630 Score > 50\n702642 Review Network Type\n702650 Distance from Device to Billing > 1000km\n702656 Billing Country not equal to BIN Country (Visa/MC)\n702662 Billing Country not equal to Device Country'),(111,'velocity','0'),(111,'vmax','0'),(111,'warnings',''),(113,'auto','R'),(113,'errors',''),(113,'geox','RU'),(113,'language','RU'),(113,'network','A'),(113,'rules','702630 Score > 50\n702642 Review Network Type\n702650 Distance from Device to Billing > 1000km\n702656 Billing Country not equal to BIN Country (Visa/MC)\n702662 Billing Country not equal to Device Country'),(113,'velocity','0'),(113,'vmax','0'),(113,'warnings',''),(114,'auto','R'),(114,'errors',''),(114,'geox','RU'),(114,'language','RU'),(114,'network','A'),(114,'rules','702630 Score > 50\n702642 Review Network Type\n702650 Distance from Device to Billing > 1000km\n702656 Billing Country not equal to BIN Country (Visa/MC)\n702662 Billing Country not equal to Device Country'),(114,'velocity','0'),(114,'vmax','0'),(114,'warnings',''),(123,'auto','R'),(123,'errors',''),(123,'geox','RU'),(123,'language','RU'),(123,'network','A'),(123,'rules','702642 Review Network Type\n702650 Distance from Device to Billing > 1000km\n702656 Billing Country not equal to BIN Country (Visa/MC)\n702662 Billing Country not equal to Device Country'),(123,'velocity','0'),(123,'vmax','0'),(123,'warnings',''),(124,'auto','R'),(124,'errors',''),(124,'geox','RU'),(124,'language','RU'),(124,'network','A'),(124,'rules','702642 Review Network Type\n702650 Distance from Device to Billing > 1000km\n702656 Billing Country not equal to BIN Country (Visa/MC)\n702662 Billing Country not equal to Device Country'),(124,'velocity','0'),(124,'vmax','0'),(124,'warnings',''),(125,'auto','R'),(125,'errors',''),(125,'geox','RU'),(125,'language','RU'),(125,'network','A'),(125,'rules','702642 Review Network Type\n702650 Distance from Device to Billing > 1000km\n702656 Billing Country not equal to BIN Country (Visa/MC)\n702662 Billing Country not equal to Device Country'),(125,'velocity','0'),(125,'vmax','0'),(125,'warnings',''),(126,'auto','R'),(126,'errors',''),(126,'geox','RU'),(126,'language','RU'),(126,'network','A'),(126,'rules','702642 Review Network Type\n702650 Distance from Device to Billing > 1000km\n702656 Billing Country not equal to BIN Country (Visa/MC)\n702662 Billing Country not equal to Device Country'),(126,'velocity','0'),(126,'vmax','0'),(126,'warnings',''),(127,'auto','R'),(127,'errors',''),(127,'geox','RU'),(127,'language','RU'),(127,'network','A'),(127,'rules','702642 Review Network Type\n702650 Distance from Device to Billing > 1000km\n702656 Billing Country not equal to BIN Country (Visa/MC)\n702662 Billing Country not equal to Device Country'),(127,'velocity','0'),(127,'vmax','0'),(127,'warnings',''),(128,'auto','R'),(128,'errors',''),(128,'geox','RU'),(128,'language','RU'),(128,'network','A'),(128,'rules','702642 Review Network Type\n702650 Distance from Device to Billing > 1000km\n702656 Billing Country not equal to BIN Country (Visa/MC)\n702662 Billing Country not equal to Device Country'),(128,'velocity','0'),(128,'vmax','0'),(128,'warnings',''),(129,'auto','R'),(129,'errors',''),(129,'geox','RU'),(129,'language','RU'),(129,'network','A'),(129,'rules','702642 Review Network Type\n702650 Distance from Device to Billing > 1000km\n702656 Billing Country not equal to BIN Country (Visa/MC)\n702662 Billing Country not equal to Device Country'),(129,'velocity','0'),(129,'vmax','0'),(129,'warnings',''),(130,'auto','R'),(130,'errors',''),(130,'geox','RU'),(130,'language','RU'),(130,'network','A'),(130,'rules','702642 Review Network Type\n702650 Distance from Device to Billing > 1000km\n702652 Bill/Ship State no match; Distance >500km and value >$150\n702656 Billing Country not equal to BIN Country (Visa/MC)\n702662 Billing Country not equal to Device Country'),(130,'velocity','0'),(130,'vmax','0'),(130,'warnings','');

--
-- Table structure for table `xpay_antifraud_results`
--

CREATE TABLE `xpay_antifraud_results` (
  `payment_id` int NOT NULL DEFAULT '0',
  `class` varchar(255) NOT NULL DEFAULT '',
  `review_id` varchar(255) NOT NULL DEFAULT '',
  `status` char(1) NOT NULL DEFAULT 'U',
  `message` varchar(255) NOT NULL DEFAULT '',
  `score` varchar(255) NOT NULL DEFAULT '',
  PRIMARY KEY (`payment_id`),
  CONSTRAINT `xpay_antifraud_result_ibfk_1` FOREIGN KEY (`payment_id`) REFERENCES `xpay_payments` (`payment_id`) ON DELETE CASCADE ON UPDATE CASCADE
) ENGINE=InnoDB DEFAULT CHARSET=utf8mb3;

--
-- Dumping data for table `xpay_antifraud_results`
--

INSERT INTO `xpay_antifraud_results` (`payment_id`, `class`, `review_id`, `status`, `message`, `score`) VALUES (104,'Kount','DDHP001LMQPD','R','','43'),(105,'Kount','DDH709RRJMD1','A','','40'),(106,'Kount','DDH706VMPW5V','D','','44'),(107,'Kount','DDH70X552284','A','','44'),(109,'Kount','DDH7096Z2GK6','A','','38'),(110,'Kount','DDH70J15110D','D','','66'),(111,'Kount','DDH70B031G2T','A','','66'),(113,'Kount','DDH70HLNZQN8','D','','66'),(114,'Kount','DDH70Q8RP7D2','A','','66'),(123,'Kount','DDZ50G5YWBJ9','A','','44'),(124,'Kount','DDZ50C7ZXS9D','R','','44'),(125,'Kount','DDZ500KY786Z','D','','44'),(126,'Kount','DDZ50500Z7PX','A','','44'),(127,'Kount','DDZ5011LV0GR','A','','44'),(128,'Kount','DDZ50WC2B3SZ','R','','44'),(129,'Kount','DDZ50H0M790Y','A','','44'),(130,'Kount','DDZ50GZSHMND','R','','43');

--
-- Table structure for table `xpay_antifraud_settings`
--

CREATE TABLE `xpay_antifraud_settings` (
  `name` char(64) NOT NULL DEFAULT '',
  `value` text NOT NULL,
  PRIMARY KEY (`name`)
) ENGINE=InnoDB DEFAULT CHARSET=utf8mb3;

--
-- Dumping data for table `xpay_antifraud_settings`
--

INSERT INTO `xpay_antifraud_settings` (`name`, `value`) VALUES ('class','NoFraud'),('customer_id','41'),('mode','test'),('nf_token','NF_prod_3f2e94de119fd6a293bdf6ac0d1b7d0b'),('status','N');

--
-- Table structure for table `xpay_apple_pay_domains`
--

CREATE TABLE `xpay_apple_pay_domains` (
  `domain_id` int NOT NULL AUTO_INCREMENT,
  `domain` varchar(255) NOT NULL DEFAULT '',
  `verified` char(1) NOT NULL DEFAULT 'N',
  PRIMARY KEY (`domain_id`),
  UNIQUE KEY `domain` (`domain`)
) ENGINE=InnoDB AUTO_INCREMENT=7 DEFAULT CHARSET=utf8mb3;

--
-- Dumping data for table `xpay_apple_pay_domains`
--

INSERT INTO `xpay_apple_pay_domains` (`domain_id`, `domain`, `verified`) VALUES (1,'giviip.myddns.me','Y'),(3,'yakoff.x-cart.biz','Y'),(4,'santa.x-cart.biz','Y'),(5,'givinext.ddns.net','Y'),(6,'next.x-cart.biz','Y');

--
-- Table structure for table `xpay_backup_codes`
--

CREATE TABLE `xpay_backup_codes` (
  `code_id` int NOT NULL AUTO_INCREMENT,
  `user_id` int NOT NULL DEFAULT '0',
  `code` text NOT NULL,
  PRIMARY KEY (`code_id`),
  KEY `xpay_backup_codes_ibfk_1` (`user_id`),
  CONSTRAINT `xpay_backup_codes_ibfk_1` FOREIGN KEY (`user_id`) REFERENCES `xpay_profiles` (`user_id`) ON DELETE CASCADE ON UPDATE CASCADE
) ENGINE=InnoDB AUTO_INCREMENT=11 DEFAULT CHARSET=utf8mb3;

--
-- Dumping data for table `xpay_backup_codes`
--

INSERT INTO `xpay_backup_codes` (`code_id`, `user_id`, `code`) VALUES (1,1,'CMX00945fffd15e1e03c713d4f9684d4bbcea332ea319694d63f01511b4e35960ca2002d29d8ab7be2cfca63dccb1f91aa2888c83ec1f7370c452e5ef2942c22acacbe00392b2f79644f75938c5ed3d601358be7665e353c1eca9fcedbcc183739d7c20c08d534297598cfcee94b5635984671c69c1137b072c07e7d8539533cbf8f8d97070a4dc4737ca52f92f6feac8d07dd69cbde2824fe8d11458a5298468167a7d2984'),(2,1,'CMX00286454709372d2ef653c37689e735b69e7c37fb566bfc6f2f2350e4cb3ddbc940afd387d1862f480b611e8e893edf6bd001a379e15191b32c19fa35274bf9509665c7e71878818182f2f683df25bd11b3346d0ec4fdd4029d10cfe42f3e10824ebfce8ca7b4e4f5b43a84a5463df7a1c72b6eff35dbddcdd43f37a055aaa16b6bb4ef316654e21b855c63430d106bbdd5b3f34c4e721508973f40b2e57c2eb120b1002'),(3,1,'CMX002864547c7ae96d336454d4b8c46bb28c54253ff72105e1cc81062f03cf7055eb64b13e84ea31e695d8a80138644c41d50167adc47c19216de5550c9de8a4234a3fbae97f015c99be417ca9d1d4aa8c44dddf8cc2d29999274631cd602ac1c31b2e7dd289e6b106b6492fdccadadcb7cb21445708483bbc6b7b4f0a87f9d17303fbaade58cd6cfbf9e09bd924b230a38c393c689e3957bc4430d6adc24630e0e38d2fea'),(4,1,'CMX00451871f322839e1e26aa8b50cca64f3192cbb0095ff10170db5de0f175389109366d6375fadfc781eea9f1001c004070b06ac079c5a8637d4eda66d46d6d79642e8dca2dd7d57b23cf2cda8a5162ebdfd71fe53c9f82dc2267170655002bd67d5416bff98a8abf2a2a20460dc8b01556370c2b5c935b1eee10d028d5ac2cc1e9d69ccc64b61ba49e1ed7b48713240b83a370e60fe86d7d5ac61bf1fd12c3693956d0df'),(5,1,'CMX005b4d23c385502b3e4a5f9b7327300776085e020657b2dc2e235343932e1f57c04e86089a9f3bc4096565683743dc4158b945e86e4a05ead180063c2a2935f6165719d2eca7e3dace2a131e8400fa33921e8d225d32a4d6059fa2176b69e676705d42c689d80818b762c38b905e6ec485a9799cec059612b43bbc86e7e9bd25c218bea2de47f25a6e31aead78187db1915dd6bfac0de9957fd1b2410ced516dfb2800cd'),(6,1,'CMX0065c4c6571cc85da480295b881577bd2b6fecc80da7917d08718025066d3fbdda0effbd6ac55125d54a920b600f6c53e7be081cdfc47a6d43534744d937aad4d83b5e0759abe24266bc1029d9c7dd3c44eca8d9240c8d7d38c24fd9cdac4ca1a691327f7fc05f86f53eae646a3f8e9a4489c8a6d2c09980f0b890633415836f7aa190d190d579746745bb033331ebc8ae621c12460cab879eb28e012dab4b72345724dd'),(7,1,'CMX00945ffff4e3c3d63e23fc1b32d25b0618effe9ab9ce1d51df6c7133c948f6fa8acad0548d8b868e025f8fb48541a4986a20eea6c093ea2236b4ebd93e4ec0bc7fe7578910841478c9a811574eba0cb65bf3c6adc43319371cd836580126f6beccb767e360ef945ccb5345a766efd19ea92898abba44c8adeda1060b9b4703a03f4e6d9709e0d530d171fe014919182d7a608aaec835ee468966b35f3a19776ab419f58d'),(8,1,'CMX00582b318478ae004bc7e3fb7db4591b92d8d44b5541837698c98baf149cf62a07a5cb915ccfd5cce7e7dc16485b98e7c0b8e5e3d75b3bca7879fc71d64aa0df8711317655045daee435d73a208599a00ff6b3acf339199d14e2039aae43fe189a4ff150726575bc1dcbd6b362c8d4e32bd9e447b82c0196878617c217beeff34e075b1c996dad48aaa267155580be5d52a963644cf8e19647ec626be7e62f6de530c8af'),(9,1,'CMX0023b4d0050b5db7f44e18834c80a26c8335c3728c4a06800b3bebae026209c28e242ee0d1dc4b451c865372b7049f5346ce7b3f0ed6109a9bb8944baf95c344de2045e9925cda138189ce0aa441d0ebab9b73b267c0dc260bffaab0adec31fe6bc75c949c450da70e35ecb8553eb0cb2c7a65615fb8312ce598e5e4e4bb9136ebfe895cf8397ad861070ef6c3d72f07d6e9b49cc7015f8c9b95451d49edb2a9053b1e7d'),(10,1,'CMX002bb11fab849a14bc94fb564cd8369cdc43ddf2fd9046812ad3af00f793683ee1cb99bc3a9e000309aa6cc9b99846cef1837681f20482f8e683b0ba651f99bd43d7a8d027e4768f237e57ee8b93f1818b8f1864bd75f40946b51394cfd1c1f7ef73121442e83e34e0ebd752c848731a42f6918270df404a5286021857763a32d0cf6b6c04488dcc963ae77541679312ffbcf4052cf17345f7f64916c1e0072be7b39484');

--
-- Table structure for table `xpay_bulk_operations`
--

CREATE TABLE `xpay_bulk_operations` (
  `batch_id` int NOT NULL AUTO_INCREMENT,
  `public_id` varchar(32) NOT NULL,
  `operation` varchar(20) NOT NULL,
  `status` varchar(20) NOT NULL,
  `total` int NOT NULL DEFAULT '0',
  PRIMARY KEY (`batch_id`)
) ENGINE=InnoDB AUTO_INCREMENT=6 DEFAULT CHARSET=utf8mb3;

--
-- Dumping data for table `xpay_bulk_operations`
--

INSERT INTO `xpay_bulk_operations` (`batch_id`, `public_id`, `operation`, `status`, `total`) VALUES (1,'ljTBSRsejg6v0HsUgrmpItETc20uIowS','capture','finished',20),(2,'hb08wNyvHiZfTdl3sp6OIm850BtChV7d','capture','finished',25),(4,'q9qr44mH1dWzWQ5t3a65KPbWXfqRhKUy','capture','finished',25),(5,'HJfiw7jOimSLD6P7ZsyY1WCttCyPU0gt','capture','finished',20);

--
-- Table structure for table `xpay_cardholder_data_keys`
--

CREATE TABLE `xpay_cardholder_data_keys` (
  `id` int NOT NULL AUTO_INCREMENT,
  `key_id` char(32) NOT NULL,
  `pubkey` text NOT NULL,
  `privkey1` text NOT NULL,
  `privkey_pass` text NOT NULL,
  `owner` char(1) NOT NULL,
  `created` int NOT NULL DEFAULT '0',
  `expire` int NOT NULL DEFAULT '0',
  PRIMARY KEY (`id`),
  UNIQUE KEY `key_id` (`key_id`)
) ENGINE=InnoDB AUTO_INCREMENT=26 DEFAULT CHARSET=utf8mb3;

--
-- Dumping data for table `xpay_cardholder_data_keys`
--

INSERT INTO `xpay_cardholder_data_keys` (`id`, `key_id`, `pubkey`, `privkey1`, `privkey_pass`, `owner`, `created`, `expire`) VALUES (25,'87969f359dec7df5187b5c24bad659cd','CMX00473d2132a32ac79848e48531a4a4bc58bbf1cc231ff877e19d33164ad860ac0c5723d44be9d86ec86be57b0f55ab31ffe13e3fd2ef24cd1411520862df9a92a492974be2817b4a1321361043d53a356ab73d8dbb9d625d811c00d0b523ae6f27e75aba546187dd1cbb1608ca0da5cf2f6f1c4b415295549c75fe5660b071d99d36b05cf1adea434250a1b2bd9cd8b0591f3b32594e4e7174ffcf5829ea50512657f1940f1c2bfa68b00916e53122776ef172049ab38dd1e7cb10f097f9b417b6b5fb787c3704761709672ccdb59cffad750b6f59f38b504e669de66b4e7293f5272ada5317ed0528f36e360f7a9123ab5ad17218b098fed07267043df296f0fb80eeba418674bc8d1174e5fc913afeee104286d7c6dc4a814ebf6b47ecdc234783545250fc5a585ff2fe13c605e5de6ab5938306bf6ff05f8acf5aa372fa2ea711ebdd51e00e96c52a965f474d64e06feec813ea9c54833158e23ea9f6c9f83e57eb55f3da5a42efe20a50a30e6dc447b28a976b74486ba07aabd4f5e43fb4585716b8cdb04bbf8a4a3c5f2302a30985b022a1f49aec0bf0e583c6db281d41fcc823554a16809462f406c28dcfbda8b6139f6c52b3895b2b9ed0e334109b0193d61ad9ff15683008909edace20574d196292885b2cdeeb15dc9e2228da8c612512deb0b050d503116aa889a8715d64aac0d29959150ab0cddcdb02cc0070959b2b8cb381c67a22bbdc947b1675b03399ee4eb90faf13f9a0245ae2199c863d25ca9447460159093a2bb06e4c230ee77f89c1a78b89206bde8eed52412f52f9ce2655bd1ab1a24cc109c4cbb85efc7f0b097ebdf07c5f30f385b4815c9abf36533e5dd4f57cfd665511f41dd777abb06150a42873530b6cc924602e9c652d0705e6c6fc2f86a435adbc10725759fc91afde225dc775f32a43dbbe6f397d5815c820dbd12183ffc1746f670271a9787b6821f942930e420e0aee64efdf92ba3fd028b86e5293bbc78caacff1f3a094ac810a5de168c5cb41f0045beee7777c6f74395add767fb85169e4ac4e5f35e171982ecfbfd6098a4fd15d9ab0fb45b11624d5b676db1cd53db15e52e6966b22dd17ae49c68220cca72eda773b4a0fed29b825e666b6580bb9c76561cf136dc01ff28e7afc4289aefb469792e80b78fb14d5f590907a7a20cb72b7c2cfd3b8ee509bc7fd04f74fbf2eb3ea251d5b757d77f782f3d26900821d7483e3dca53d829969407a5a88ae137972b5a9764df875445a078f9c1f9003f201f5761ffcf41f68a9bdb7fbc3d6a278d9cea676649341703698a800ec9bef2eb9ad50fc9eb75a8b5204354d45fa7922a78c3438e07c0e4560752d210b1a1361878782e604d8a6e39ed6e3059cbd31bedaa4a097d454fbdd1eebbde66300b8b95d463f2958de8c570a69bceb4dbad12571c7f037b9b2ea84d154de52754e9d7769ba55a3637024f0b7eaab2fd36321539b56a9eb54168d8350d32defc3d2e141ca39e464a77f89e57d3e2ce78e2cc27eae97f8b724aa504af7199b1975a0a7b6fdf9943b022f982502cfe13ceee1cf376d90ccfa62e3da5dcfbd558236f1c241e3b20ce625ccada03dbb31bf642545ae71b5b2b5ae186c91e251b1a03bb4e3b677c21e1b4e4bcabfd25c3d05af3ccd9fe92f4a917cd452dc1bf83007ed809ebf74e0c183740584cd997aabf442ed81f2a62c14f3ee27d7066088a436e16d6dfa53cf261e1b00fdd805e528d92f634140b50d77136099877fad3ea4812f6f89839ce4cca01f347e7dd768322785498fc4c896c0ff0f5b9fc310622efc04c77e05e8b1d2fab4490ae646f1ee94661015ed0aa67515b9ee53df5d79de0d3448bdd59c36827e3483f4f277e831378a0cdd4d413565b07612a0ef251845d3ed9b670bdb665e9b25d50aae460c0309cbd5e043ec73991894a491f5a41ad3e6b6ccdd472fd2195b3b76417f831ee00bf9f7dd863a88eee91c886783ca9fb2190add992593241996eb20e6dd09848e663bc9772ff54e72e3ef7d42289f18f668717c3facc85994895afd480175981220a51c02775a257729f9360b53454cd9c8f407326f1229d97e9a1d3511e21864ca9cc96b618c144b7698c0a55f70ba797c9362dbbb904bee3c0db20e85390114e2df01dd2a86fd0abc8a4e578c1f64bce7','CMX0079c42fbb9a01ff877bfa9184d1b2012ba41451edd86c6f3f54d967951f6bbf4b0d61296268a6b7c3597a9f013c3b403f44fd4c87e78817fd42709661d9e014a4648971fe38bd4a90ad31d683e279eab7bbd25cc9609e6a7cda6274125b6019ec98c9d7db667d5dbcbff56b3f1a3e4c4b52e597d541b95f12d0ba63ac782445719c4ca334dcba469396ce594f705af136054a6db9a7bca52e209d9af3adafd14ccc30fcb11b8efae537a159b5a01ea2facb29d55d0c1f104ddbf8eca5a84ae2d1a7250cb49e606edbeb5c30e4365397046ecac1efdceb0875acc86d3ac3a08aa9be1a554b1f71d2522ae2b999562a28877ad6df64e6737bf802827312276be8835f549bf766b4e08f09ad31baa7ddba3d32a1cfae0051f61489c47c22e2835a89252f086716cc04c028bb85a3b29b32bc7cf8a3373c1ce27d293639a693016a837494ed4c4eee2b97399d34fe5873ca4f55eb9957860ae92b4fcf2b33f4e884a5052719a69295186f91a02aef3e656f4e5dbd7227e2e3fc6b9a67502bf151f08db1471eced9de0b2a609bd00cfd405f2af7be54f6e96cee132a5cbd83b3c111e59b76e9258503fc645bfda9e51dd4a3ca7346ab0460379207602a755ac91cabda9ebd2e636f8147cfe6a046a3189fa6a8ceece3fa2ad509ffd3e8be575d97d51bcd0d3e73f77c45d79f892a4c6f03580fbc4c695746b931d94fc6b46f7c20cc3afca353806907dbfda80ef44d2150af279a25a27478fad999fc86ece2b64024661f7db5023f73997ea45ed5bb523ee80ae220e00962b5b7adee080dc3fc41db5dff6f039bd7cf5cf51d46278202fe39931e68bfd7ac487bf462d28089ff703682697353a0f05a7614d64d7461449b51258813f909bbd433629dfbbcf4f71c9a64cb7b4a315079d01af6140937509ff2e29d14192a6ced59753202edbf6fe5905bc83d3cc5ef926e577775ede76227f175032f8acd4cbd449948f298c68603aa52c31bbcce95c374b9c56035acbb03a282b617652ebb86bea2086398c4ae7469471a2825e8925408f807bc38edac495395dab8902ba74ff4b2b3938669186221e4d28ad535b1004b5162504ee3ffdf9ae7d604be17d4fe0e63198f8108b73b24de16df45d0d1fb27078c58f8ac3d4fad97c08fd17e5be6edcd240cc947f9823880921bbc30056395c5e5b5e142984f85a4965ebbc182c2bf1db384336d7aa9a12b35cc804504e7fe845cb2452f3704a944e18ed4b73e3cce7cf06bf1f5de629ad1354789b849c5156b64ff97825590afb75d0f914a6700b9cdd23038401b38c63b696709f1415da8c85ea916bd550605c3a2f6fe8ba3af9a10c23e24d1f0051322ba4e0752449e5ca388517a2aab6ff2762047ca04e095d66e87b5d9b7738650f7a868e6ea1cbec17e9612ac405c7bfbb4143cde62fa91d721db2f0b89ccaf6e5dab1f78c58ea24efbcb07ab765de286c070abf6c67a9ee71ff84952170cc4a407b0ca364689cff14562c4a9074871983f56a22ebec0a627cb840401819ffc6c308371c3','CMX002bb11f03e2444d439121ff8c5894ea03ee8128441b9d22781bec53cce96c60d20bd1399fe91c5cd18a2e2ef0b29b97409320f32c263f451bdf976346ea2ac32ee74da3c60e33b13181f983eadaedfab1fba4f393b146e140d926aaa2b20a5977d8f0d1e88b7eae6f2986c772fa188d1d1ac602690f1df912fca8e1662797352b904233d4ade530d0b08d8b35ea04a2bda8507514867a623b6cccdf144fc418cc19822a17b55ecf45975dd266fc2fa3ddc14660baebaaab0e9cf83ac383135d01789969','A',1724921631,1727513631);

--
-- Table structure for table `xpay_cardholder_data_subkeys`
--

CREATE TABLE `xpay_cardholder_data_subkeys` (
  `key_id` char(32) NOT NULL,
  `privkey2` text NOT NULL,
  PRIMARY KEY (`key_id`),
  CONSTRAINT `subkeys` FOREIGN KEY (`key_id`) REFERENCES `xpay_cardholder_data_keys` (`key_id`) ON DELETE CASCADE ON UPDATE CASCADE
) ENGINE=InnoDB DEFAULT CHARSET=utf8mb3;

--
-- Dumping data for table `xpay_cardholder_data_subkeys`
--

INSERT INTO `xpay_cardholder_data_subkeys` (`key_id`, `privkey2`) VALUES ('87969f359dec7df5187b5c24bad659cd','CMX005b4d23db67f2d718d67680a257c74f2dcc890af492753c1238e5a9549c8b903186d02072fe79a9a867ecf441919f30f4bdd833b2dddfab015a6199093bf4ba3b488920ea06518b9dfb8a8e44f4155a0402718cd93794d168387c45426daaa2ea2022021234cc2fe4d5cb51cab5969470cacd0f0e57323e8e030a56324a62dd0ca69a49f4b4c461e1ffa23ea99024dc933c3fe46a004ec0998ec267f9c7d6861d00b3b582e73632cfb3ffe8b655ea7cb211e151db24e0656038ff383f3eebb2592817674dc314cd300da7c8d76ed5ee431e2b2c6adfa65d5b8b2334d61c0656c11ae0600e332a5147d6f1175be181f12618631d68bbe69febb74eadfa9e8522aeedac789da6d08bdf30e73b6b48edc0793dc760ad7529b78a2239105c22ffff760fd3d97cc2b30e26f7849f44036cc4272f7b8ae7665900f1a9ced026d8021fcc78861f1719a3e5459f17e3016a9f32f74e96e35bcb07bda065759d5c51d2d108c118ef96cbfe86f6f62547a41949b056a1a68fc4c26e2c2f4e9b5c9d67d9b4e816ccfbc18a30a3eb3cd4412c042bfede30fd57f16f41f0d0541bb34192a380792b906b057ff8f05b45f106832b9a8ff579ef6306e03ba94fdb105c8534b3ff51d6d03adfe7f1e818da7e9ec95b9cb375ce431558f574b0c03123987ddd805e326694f18992bb81ce7305e49a0f301fe3e5be46b60dbc55c34f9a8cca1b3b25a0b99d8bc384ed8208dfa753469744776221bd9cdf264fcb458dbba7d3529a8ceea664ce15c5eb46a574c0042e281b979ba55b16d33a80893676b04b9ce691bd9a939168fa9d672d31209a9c5200de3b985202a84a5113b4295fd3f16ef926ef181e267df6c5e4e7667d1dd143fb4399973dc483c0361835eac38cc9166d775734af7d89585563b33fa60a34e45e1d6a8b039185398f01882585abdbe8cf75ff73f6ebca00fdbabac12559a3cac1284671babbe885176071e4e6ba341b4552fafaaee7c12eab361655d3c589251e2eb6e0637f543671d90b803d83dcba195e54fb8b3c66f2882b72bd7edb9f8f50f4c4d29870fd7c1feb489992bb321bfc12a3cff26a56613d3225eedaad7ace59e152c85583fa82fb5ada7078ea7389233bdbe9db701daef957da1ceb006912936a21e7c7db4cf03174de64d73fa3e3406e8a43a7f76d8e6abe96b49def458be8bf78e383d1b2ce419a1fead2c170659eff3eacaf101cbe65ba2e6cdea1f98c1ead4e9866c51189a6324bec37fcade84886a56677272ec6ac93476e2fbf41c9aeafb37114863efe0e24e8ad8c851117d4a8285cbeff3428ed89f8e239cfafb174d6b3b904aae65ad17f74395347dafce969bcf30e2e05cb6758c0ed683777e474328af1a63cf96392e6dec84bc2a51d0b1bfba747ba9047c6988df35aea0d0d39785c74c34699243c1799bca3e36a5f48f2826123c62d17d094236bb6d6e3d7f3da1be2fcef559187d8b6f0454e9f71b2b0115baa700cf2ac6200beec8f7c9b033a1fee52b48cc6866b1a6d6f8e8698456a64681615ea');

--
-- Table structure for table `xpay_cardinal_settings`
--

CREATE TABLE `xpay_cardinal_settings` (
  `name` char(64) NOT NULL DEFAULT '',
  `value` text NOT NULL,
  PRIMARY KEY (`name`)
) ENGINE=InnoDB DEFAULT CHARSET=utf8mb3;

--
-- Dumping data for table `xpay_cardinal_settings`
--

INSERT INTO `xpay_cardinal_settings` (`name`, `value`) VALUES ('api_identifier','5caf35d7c11b9205586aed13'),('api_key','0fc36950-fca4-42c5-a729-47f1b9da31f3'),('merchant_id','xcart3ds2'),('mode','test'),('org_unit_id','5cad327b6fe3d10dfc3af7d0'),('password','12345678'),('processor_id','482'),('status','N'),('transaction_url','https://centineltest.cardinalcommerce.com/maps/txns.asp');

--
-- Table structure for table `xpay_codebook_active_keys`
--

CREATE TABLE `xpay_codebook_active_keys` (
  `key_id` int NOT NULL,
  `created` int NOT NULL DEFAULT '0',
  PRIMARY KEY (`key_id`)
) ENGINE=InnoDB DEFAULT CHARSET=utf8mb3;

--
-- Dumping data for table `xpay_codebook_active_keys`
--

INSERT INTO `xpay_codebook_active_keys` (`key_id`, `created`) VALUES (166598,1637124333),(187230,1637124333),(1006021,1637124333),(1372378,1637124333),(1658462,1637124333),(1709232,1637124333),(2218031,1637124333),(2340048,1637124333),(2647124,1637124333),(2863391,1637124333),(3301589,1637124333),(3917541,1637124333),(4115740,1637124333),(4262443,1637124333),(4408335,1637124333),(4528241,1637124333),(4613846,1637124333),(4668705,1637124333),(5446407,1637124333),(5554361,1637124333),(5778225,1637124333),(5983523,1637124333),(6523808,1637124333),(6669510,1637124333),(6724719,1637124333),(7980079,1637124333),(8316191,1637124333),(8656850,1637124333),(9723903,1637124333),(9966440,1637124333);

--
-- Table structure for table `xpay_config`
--

CREATE TABLE `xpay_config` (
  `name` char(64) NOT NULL,
  `value` text NOT NULL,
  PRIMARY KEY (`name`)
) ENGINE=InnoDB DEFAULT CHARSET=utf8mb3;

--
-- Dumping data for table `xpay_config`
--

INSERT INTO `xpay_config` (`name`, `value`) VALUES ('api_key','xoUs1yTcrZczDIghoPsT5DKT1h7ryKyb'),('ap_merchant_id','7dd365e55681b2ce708f2e30'),('ap_paypal_merchant_id','HSY4FM3XADWC8'),('ask_cardholder_name','N'),('callback_api_version','4.7'),('enable_fraud_prevention','N'),('first_operation','1637124433'),('installation_date','1637124332'),('keys_generated','1637124333'),('last_cron_execution','1697051217'),('notification_days','3'),('public_cache_id','447005'),('rebill_attempts','3'),('rebill_attempt_period','1'),('save_card_checked','N'),('secret_key','QWmMxzHqpPaLa0mqbSKel6K4Z8PXtYt7'),('show_nofraud_ad','Y'),('show_quick_start','Y'),('template','default'),('template_dark','default'),('timezone','-0'),('tokenization_enabled','Y'),('tokenize_card_amount','1'),('tracking_id','7dd365e55681b2ce708f2e30'),('twilio_from',''),('twilio_sid',''),('twilio_token',''),('use_cloudflare_ip','N'),('widget_key','Z0atDVEwVwZCcT2dT4V9S96j5OuOHwP8');

--
-- Table structure for table `xpay_countries`
--

CREATE TABLE `xpay_countries` (
  `code` char(2) NOT NULL DEFAULT '',
  `code_a3` char(3) NOT NULL DEFAULT '',
  `code_n3` int NOT NULL DEFAULT '0',
  `country` varchar(255) NOT NULL DEFAULT '',
  PRIMARY KEY (`code`),
  UNIQUE KEY `code_a3` (`code_a3`)
) ENGINE=InnoDB DEFAULT CHARSET=utf8mb3;

--
-- Dumping data for table `xpay_countries`
--

INSERT INTO `xpay_countries` (`code`, `code_a3`, `code_n3`, `country`) VALUES ('AD','AND',20,'Andorra'),('AE','ARE',784,'United Arab Emirates'),('AF','AFG',4,'Afghanistan'),('AG','ATG',28,'Antigua and Barbuda'),('AI','AIA',660,'Anguilla'),('AL','ALB',8,'Albania'),('AM','ARM',51,'Armenia'),('AN','ANT',530,'Netherlands Antilles'),('AO','AGO',24,'Angola'),('AQ','ATA',10,'Antarctica'),('AR','ARG',32,'Argentina'),('AS','ASM',16,'American Samoa'),('AT','AUT',40,'Austria'),('AU','AUS',36,'Australia'),('AW','ABW',533,'Aruba'),('AX','ALA',248,'Aland Islands'),('AZ','AZE',31,'Azerbaijan'),('BA','BIH',70,'Bosnia and Herzegovina'),('BB','BRB',52,'Barbados'),('BD','BGD',50,'Bangladesh'),('BE','BEL',56,'Belgium'),('BF','BFA',854,'Burkina Faso'),('BG','BGR',100,'Bulgaria'),('BH','BHR',48,'Bahrain'),('BI','BDI',108,'Burundi'),('BJ','BEN',204,'Benin'),('BL','BLM',652,'St. Barthelemy'),('BM','BMU',60,'Bermuda'),('BN','BRN',96,'Brunei Darussalam'),('BO','BOL',68,'Bolivia'),('BR','BRA',76,'Brazil'),('BS','BHS',44,'Bahamas'),('BT','BTN',64,'Bhutan'),('BV','BVT',74,'Bouvet Island'),('BW','BWA',72,'Botswana'),('BY','BLR',112,'Belarus'),('BZ','BLZ',84,'Belize'),('CA','CAN',124,'Canada'),('CC','CCK',166,'Cocos (Keeling) Islands'),('CD','COD',180,'Democratic Republic of the Congo'),('CF','CAF',140,'Central African Republic'),('CG','COG',178,'Congo'),('CH','CHE',756,'Switzerland'),('CI','CIV',384,'Cote D\'ivoire'),('CK','COK',184,'Cook Islands'),('CL','CHL',152,'Chile'),('CM','CMR',120,'Cameroon'),('CN','CHN',156,'China'),('CO','COL',170,'Colombia'),('CR','CRI',188,'Costa Rica'),('CU','CUB',192,'Cuba'),('CV','CPV',132,'Cape Verde'),('CX','CXR',162,'Christmas Island'),('CY','CYP',196,'Cyprus'),('CZ','CZE',203,'Czech Republic'),('DE','DEU',276,'Germany'),('DJ','DJI',262,'Djibouti'),('DK','DNK',208,'Denmark'),('DM','DMA',212,'Dominica'),('DO','DOM',214,'Dominican Republic'),('DZ','DZA',12,'Algeria'),('EC','ECU',218,'Ecuador'),('EE','EST',233,'Estonia'),('EG','EGY',818,'Egypt'),('EH','ESH',732,'Western Sahara'),('ER','ERI',232,'Eritrea'),('ES','ESP',724,'Spain'),('ET','ETH',231,'Ethiopia'),('FI','FIN',246,'Finland'),('FJ','FJI',242,'Fiji'),('FK','FLK',238,'Falkland Islands (Malvinas)'),('FM','FSM',583,'Micronesia'),('FO','FRO',234,'Faroe Islands'),('FR','FRA',250,'France'),('GA','GAB',266,'Gabon'),('GB','GBR',826,'United Kingdom (Great Britain)'),('GD','GRD',308,'Grenada'),('GE','GEO',268,'Georgia'),('GF','GUF',254,'French Guiana'),('GG','GGY',831,'Guernsey'),('GH','GHA',288,'Ghana'),('GI','GIB',292,'Gibraltar'),('GL','GRL',304,'Greenland'),('GM','GMB',270,'Gambia'),('GN','GIN',324,'Guinea'),('GP','GLP',312,'Guadeloupe'),('GQ','GNQ',226,'Equatorial Guinea'),('GR','GRC',300,'Greece'),('GS','SGS',239,'South Georgia and the South Sandwich Islands'),('GT','GTM',320,'Guatemala'),('GU','GUM',316,'Guam'),('GW','GNB',624,'Guinea-Bissau'),('GY','GUY',328,'Guyana'),('HK','HKG',344,'Hong Kong'),('HM','HMD',334,'Heard and McDonald Islands'),('HN','HND',340,'Honduras'),('HR','HRV',191,'Croatia'),('HT','HTI',332,'Haiti'),('HU','HUN',348,'Hungary'),('ID','IDN',360,'Indonesia'),('IE','IRL',372,'Ireland'),('IL','ISR',376,'Israel'),('IM','IMN',833,'Isle of Man'),('IN','IND',356,'India'),('IO','IOT',86,'British Indian Ocean Territory'),('IQ','IRQ',368,'Iraq'),('IR','IRN',364,'Islamic Republic of Iran'),('IS','ISL',352,'Iceland'),('IT','ITA',380,'Italy'),('JE','JEY',832,'Jersey'),('JM','JAM',388,'Jamaica'),('JO','JOR',400,'Jordan'),('JP','JPN',392,'Japan'),('KE','KEN',404,'Kenya'),('KG','KGZ',417,'Kyrgyzstan'),('KH','KHM',116,'Cambodia'),('KI','KIR',296,'Kiribati'),('KM','COM',174,'Comoros'),('KN','KNA',659,'St. Kitts and Nevis'),('KP','PRK',408,'Korea'),('KR','KOR',410,'Korea, Republic of'),('KW','KWT',414,'Kuwait'),('KY','CYM',136,'Cayman Islands'),('KZ','KAZ',398,'Kazakhstan'),('LA','LAO',418,'Laos'),('LB','LBN',422,'Lebanon'),('LC','LCA',662,'St. Lucia'),('LI','LIE',438,'Liechtenstein'),('LK','LKA',144,'Sri Lanka'),('LR','LBR',430,'Liberia'),('LS','LSO',426,'Lesotho'),('LT','LTU',440,'Lithuania'),('LU','LUX',442,'Luxembourg'),('LV','LVA',428,'Latvia'),('LY','LBY',434,'Libyan Arab Jamahiriya'),('MA','MAR',504,'Morocco'),('MC','MCO',492,'Monaco'),('MD','MDA',498,'Moldova, Republic of'),('ME','MNE',499,'Montenegro'),('MF','MAF',663,'St. Martin'),('MG','MDG',450,'Madagascar'),('MH','MHL',584,'Marshall Islands'),('MK','MKD',807,'Macedonia'),('ML','MLI',466,'Mali'),('MM','MMR',104,'Myanmar'),('MN','MNG',496,'Mongolia'),('MO','MAC',446,'Macau'),('MP','MNP',580,'Northern Mariana Islands'),('MQ','MTQ',474,'Martinique'),('MR','MRT',478,'Mauritania'),('MS','MSR',500,'Montserrat'),('MT','MLT',470,'Malta'),('MU','MUS',480,'Mauritius'),('MV','MDV',462,'Maldives'),('MW','MWI',454,'Malawi'),('MX','MEX',484,'Mexico'),('MY','MYS',458,'Malaysia'),('MZ','MOZ',508,'Mozambique'),('NA','NAM',516,'Namibia'),('NC','NCL',540,'New Caledonia'),('NE','NER',562,'Niger'),('NF','NFK',574,'Norfolk Island'),('NG','NGA',566,'Nigeria'),('NI','NIC',558,'Nicaragua'),('NL','NLD',528,'Netherlands'),('NO','NOR',578,'Norway'),('NP','NPL',524,'Nepal'),('NR','NRU',520,'Nauru'),('NU','NIU',570,'Niue'),('NZ','NZL',554,'New Zealand'),('OM','OMN',512,'Oman'),('PA','PAN',591,'Panama'),('PE','PER',604,'Peru'),('PF','PYF',258,'French Polynesia'),('PG','PNG',598,'Papua New Guinea'),('PH','PHL',608,'Philippines'),('PK','PAK',586,'Pakistan'),('PL','POL',616,'Poland'),('PM','SPM',666,'St. Pierre and Miquelon'),('PN','PCN',612,'Pitcairn'),('PR','PRI',630,'Puerto Rico'),('PS','PSE',275,'Palestinian Territory'),('PT','PRT',620,'Portugal'),('PW','PLW',585,'Palau'),('PY','PRY',600,'Paraguay'),('QA','QAT',634,'Qatar'),('RE','REU',638,'Reunion'),('RO','ROU',642,'Romania'),('RS','SRB',688,'Serbia'),('RU','RUS',643,'Russian Federation'),('RW','RWA',646,'Rwanda'),('SA','SAU',682,'Saudi Arabia'),('SB','SLB',90,'Solomon Islands'),('SC','SYC',690,'Seychelles'),('SD','SDN',736,'Sudan'),('SE','SWE',752,'Sweden'),('SG','SGP',702,'Singapore'),('SH','SHN',654,'St. Helena'),('SI','SVN',705,'Slovenia'),('SJ','SJM',744,'Svalbard and Jan Mayen Islands'),('SK','SVK',703,'Slovakia'),('SL','SLE',694,'Sierra Leone'),('SM','SMR',674,'San Marino'),('SN','SEN',686,'Senegal'),('SO','SOM',706,'Somalia'),('SR','SUR',740,'Suriname'),('ST','STP',678,'Sao Tome and Principe'),('SV','SLV',222,'El Salvador'),('SY','SYR',760,'Syrian Arab Republic'),('SZ','SWZ',748,'Swaziland'),('TC','TCA',796,'Turks and Caicos Islands'),('TD','TCD',148,'Chad'),('TF','ATF',260,'French Southern Territories'),('TG','TGO',768,'Togo'),('TH','THA',764,'Thailand'),('TJ','TJK',762,'Tajikistan'),('TK','TKL',772,'Tokelau'),('TL','TLS',626,'Timor-Leste'),('TM','TKM',795,'Turkmenistan'),('TN','TUN',788,'Tunisia'),('TO','TON',776,'Tonga'),('TR','TUR',792,'Turkey'),('TT','TTO',780,'Trinidad and Tobago'),('TV','TUV',798,'Tuvalu'),('TW','TWN',158,'Taiwan'),('TZ','TZA',834,'Tanzania, United Republic of'),('UA','UKR',804,'Ukraine'),('UG','UGA',800,'Uganda'),('UM','UMI',581,'United States Minor Outlying Islands'),('US','USA',840,'United States'),('UY','URY',858,'Uruguay'),('UZ','UZB',860,'Uzbekistan'),('VA','VAT',336,'Vatican City State'),('VC','VCT',670,'St. Vincent and the Grenadines'),('VE','VEN',862,'Venezuela'),('VG','VGB',92,'British Virgin Islands'),('VI','VIR',850,'United States Virgin Islands'),('VN','VNM',704,'Vietnam'),('VU','VUT',548,'Vanuatu'),('WF','WLF',876,'Wallis And Futuna Islands'),('WS','WSM',882,'Samoa'),('YE','YEM',887,'Yemen'),('YT','MYT',175,'Mayotte'),('ZA','ZAF',710,'South Africa'),('ZM','ZMB',894,'Zambia'),('ZW','ZWE',716,'Zimbabwe');

--
-- Table structure for table `xpay_currencies`
--

CREATE TABLE `xpay_currencies` (
  `code` char(3) NOT NULL DEFAULT '',
  `id` int NOT NULL DEFAULT '0',
  `name` varchar(128) NOT NULL DEFAULT '',
  `symbol` varchar(8) NOT NULL DEFAULT '',
  `mantissa` int NOT NULL DEFAULT '2',
  PRIMARY KEY (`code`),
  UNIQUE KEY `id` (`id`)
) ENGINE=InnoDB DEFAULT CHARSET=utf8mb3;

--
-- Dumping data for table `xpay_currencies`
--

INSERT INTO `xpay_currencies` (`code`, `id`, `name`, `symbol`, `mantissa`) VALUES ('ADP',20,'Andorran Pesseta','',2),('AED',784,'UAE Dirtham','',2),('AFA',4,'Afghani','',2),('ALL',8,'Lek','',2),('AMD',51,'Armenian Dram','',0),('ANG',532,'Netherlands Antillian Guilder','',2),('AON',24,'Kwanza','',2),('ARS',32,'Argentine Peso','',2),('ATS',40,'Austrian Shilling','',2),('AUD',36,'Australian Dollar','',2),('AWG',533,'Aruban Guilder','',2),('AZM',31,'Azerbaijanian Manat','',2),('BAM',977,'Convertible Marks','',2),('BBD',52,'Barbados Dollar','',2),('BDT',50,'Bangladesh Taka','',2),('BEF',56,'Belgium Franc','',2),('BGN',975,'Bulgarian Lev','',2),('BHD',48,'Bahraini dinar','',3),('BIF',108,'Burundi Franc','',0),('BMD',60,'Bermudian Dollar','',2),('BND',96,'Brunei Dollar','',2),('BOB',68,'Boliviano','',2),('BRL',986,'Brazilian Real','',2),('BSD',44,'Bahamian dollar','',2),('BTN',64,'Ngultrum','',2),('BWP',72,'Botswana Pula','',2),('BYR',974,'Belarussian Rouble','',0),('BZD',84,'Belize Dollar','',2),('CAD',124,'Canadian Dollar','',2),('CDF',976,'Franc Congolais','',2),('CHE',947,'WIR Euro','',2),('CHF',756,'Swiss Franc','',2),('CLP',152,'Chilean Peso','',0),('CNY',156,'Chinese Renminbi Yuan','',1),('COP',170,'Colombian Peso','',0),('CRC',188,'Cost Rican Colon','',2),('CUP',192,'Cuban Peso','',2),('CVE',132,'Cape Verde Escudo','',2),('CYP',196,'Cypprus Pound','',2),('CZK',203,'Czech Koruna','',2),('DEM',276,'Deutsche Mark','',2),('DJF',262,'Djibouti Franc','',0),('DKK',208,'Danish Krone','',2),('DOP',214,'Dominican Peso','',2),('DZD',12,'Algerian Dinar','',2),('EEK',233,'Kroon','',2),('EGP',818,'Egyptian Pound','',2),('ERN',232,'Nakfa','',2),('ETB',230,'Ethiopian Birr','',2),('EUR',978,'EURO','€',2),('FIM',246,'Finnish Markka','',2),('FJD',242,'Fiji Dollar','',2),('FKP',238,'Falkland Islands Pound','',2),('FRF',250,'French Franc','',2),('GBP',826,'Pound Sterling','£',2),('GEL',981,'Lari','',2),('GHC',288,'Ghana Cedi','',2),('GIP',292,'Gilbraltar Pound','',2),('GMD',270,'Dalasi','',2),('GNF',324,'Guinea Franc','',0),('GTQ',320,'Quetzal','',2),('GWP',624,'Guinea-Bissau Peso','',2),('GYD',328,'Guyana Dollar','',2),('HKD',344,'Hong Kong Dollar','',2),('HNL',340,'Lempira','',2),('HRK',191,'Croatian Kuna','',2),('HTG',332,'Gourde','',2),('HUF',348,'Hungary Forint','',2),('IDR',360,'Indonesian Rupiah','',0),('IEP',372,'Irish Punt','',2),('ILS',376,'New Israeli Sheqel','',2),('INR',356,'Indian Ruppe','',2),('IQD',368,'Iraqi Dinar','',0),('IRR',364,'Iranian Rial','',0),('ISK',352,'Iceland Krona','',0),('ITL',380,'Italian Lira','',2),('JMD',388,'Jamaican Dollar','',2),('JOD',400,'Jordanian Dinar','',3),('JPY',392,'Japanese Yen','¥',0),('KES',404,'Kenyan Shilling','',2),('KGS',417,'Son','',2),('KHR',116,'Cambodian riel','',2),('KMF',174,'Comoro Franc','',0),('KPW',408,'North Korean Won','',0),('KRW',410,'South Korean Won','',0),('KWD',414,'Kuwaiti Dinar','',3),('KYD',136,'Cayman Islands Dollar','',2),('KZT',398,'Tenge','',2),('LAK',418,'Kip','',0),('LBP',422,'Lebanese Pound','',0),('LKR',144,'Sri Lanka Rupee','',2),('LRD',430,'Liberian Dollar','',2),('LSL',426,'Loti','',2),('LTL',440,'Lithuanian Litus','',2),('LUF',442,'Luxembourg Franc','',2),('LVL',428,'Latvian Lats','',2),('LYD',434,'Libyan Dinar','',3),('MAD',504,'Moroccan Dirtham','',2),('MDL',498,'Moldovan Leu','',2),('MGF',450,'Malagasy Franc','',2),('MKD',807,'Denar','',2),('MMK',104,'Kyat','',0),('MNT',496,'Tugrik','',2),('MOP',446,'Pataca','',1),('MRO',478,'Ouguiya','',0),('MTL',470,'Maltese Lira','',2),('MUR',480,'Mauritius Rupee','',2),('MVR',462,'Rufiyaa','',2),('MWK',454,'Malawian kwacha','',2),('MXN',484,'Mexican Peso','',2),('MYR',458,'Malaysian Ringgit','',2),('MZM',508,'Mozambique Metical','',2),('NAD',516,'Namibia Dollar','',2),('NGN',566,'Naira','',2),('NIO',558,'Cordoba Oro','',2),('NLG',528,'Dutch Guilder','',2),('NOK',578,'Norwegian Krone','',2),('NPR',524,'Nepalese Rupee','',2),('NZD',554,'New Zealand Dollar','',2),('OMR',512,'Rial Omani','',3),('PAB',590,'Balboa','',2),('PEN',604,'Nuevo Sol','',2),('PGK',598,'Kina','',2),('PHP',608,'Philippine Peso','',2),('PKR',586,'Pakistan Rupee','',2),('PLN',985,'Polish Zloty','',2),('PTE',620,'Portuguese Escudo','',2),('PYG',600,'Guarani','',0),('QAR',634,'Qatari Rial','',2),('RON',946,'Leu','',2),('RSD',941,'Serbian Dinar','',2),('RUB',643,'Russian Ruble','',2),('RWF',646,'Rwanda Franc','',0),('SAR',682,'Saudi Riyal','',2),('SBD',90,'Solomon Islands Dollar','',2),('SCR',690,'Seychelles Rupee','',2),('SDG',938,'Sudanese Pound','',2),('SEK',752,'Swedish Krona','',2),('SGD',702,'Singapore Dollar','',2),('SHP',654,'Saint Helena Pound','',2),('SIT',705,'Tolar','',2),('SKK',703,'Slovak Koruna','',2),('SLL',694,'Leone','',0),('SOS',706,'Somali Shilling','',2),('SRG',740,'Suriname Guilder','',2),('STD',678,'Dobra','',0),('SVC',222,'El Salvador Colon','',2),('SYP',760,'Syrian Pound','',2),('SZL',748,'Lilangeni','',2),('THB',764,'Thailand Baht','',2),('TJS',972,'Somoni','',2),('TMM',795,'Manat','',2),('TND',788,'Tunisian Dinar','',3),('TOP',776,'Pa\'anga','',2),('TPE',626,'Timor Escudo','',2),('TRY',949,'Turkish Lira','',2),('TTD',780,'Trinidad and Tobago Dollar','',2),('TWD',901,'New Taiwan Dollar','',1),('TZS',834,'Tanzanian Shilling','',2),('UAH',980,'Hryvnia','',2),('UGX',800,'Uganda Shilling','',0),('USD',840,'US Dollar','$',2),('UYU',858,'Peso Uruguayo','',2),('UZS',860,'Uzbekistan som','',2),('VEF',937,'Venezuelan bolivar','',2),('VND',704,'Vietnamese Dong','',0),('VUV',548,'Vatu','',0),('WST',882,'Tala','',2),('XAF',950,'CFA Franc BEAC','',0),('XCD',951,'East Caribbean Dollar','',2),('XOF',952,'CFA Franc BCEAO','',0),('XPF',953,'CFP Franc','',0),('YER',886,'Yemeni Rial','',0),('YUM',891,'Yugoslavian Dinar','',2),('ZAR',710,'South Africa Rand','',2),('ZMK',894,'Zambian kwacha','',0),('ZWD',716,'Zimbabwe Dollar','',2);

--
-- Table structure for table `xpay_customer_cards`
--

CREATE TABLE `xpay_customer_cards` (
  `card_id` char(10) CHARACTER SET utf8mb3 COLLATE utf8mb3_bin NOT NULL,
  `customer_id` int NOT NULL DEFAULT '0',
  `payment_id` int NOT NULL DEFAULT '0',
  `is_default` char(1) NOT NULL DEFAULT 'N',
  PRIMARY KEY (`card_id`),
  UNIQUE KEY `customer_payment` (`customer_id`,`payment_id`),
  KEY `customer_id` (`customer_id`),
  CONSTRAINT `xpay_customer_cards_ibfk` FOREIGN KEY (`customer_id`) REFERENCES `xpay_customers` (`customer_id`) ON DELETE CASCADE ON UPDATE CASCADE
) ENGINE=InnoDB DEFAULT CHARSET=utf8mb3;

--
-- Dumping data for table `xpay_customer_cards`
--

INSERT INTO `xpay_customer_cards` (`card_id`, `customer_id`, `payment_id`, `is_default`) VALUES ('1YcZKip5ip',154,773,'N'),('3aFLA9hLZW',1,20,'Y'),('4KuapXfm0p',14,83,'N'),('5TL04t2SIF',220,1114,'N'),('5kgZf9bhNn',11,74,'Y'),('5zfmNBduti',220,1126,'Y'),('6PNwviPtLr',2,29,'N'),('7JbKQXb7Hm',29,114,'N'),('7XEPMrAB6e',181,986,'N'),('7cDn6DvoxI',126,708,'Y'),('7pSMUYuKha',29,112,'N'),('7yBdnFz08R',122,410,'Y'),('8PZ7fLAE04',2,39,'N'),('8o83IkxSPH',29,130,'Y'),('9R2xtT4haU',155,777,'Y'),('9wfYm0PK5I',169,864,'N'),('A3Dvq50J42',143,737,'Y'),('A9fNmGtso1',1,1,'N'),('AjzLuBsoV0',118,397,'N'),('BEZ2xILYvI',123,424,'Y'),('BddVc0BdlC',181,987,'Y'),('CUFAHUh5lG',3,44,'N'),('Ch5TgD1k1z',211,1059,'Y'),('ESxz5MJlYu',219,1098,'Y'),('I0NVSMD1dG',151,768,'N'),('JMKkynz986',216,1082,'N'),('Jh4HuzL0K2',120,403,'Y'),('JjZwjwGEbc',150,767,'N'),('LfB9Zhmr3m',214,1068,'N'),('M34twZ4KYb',1,17,'N'),('MAr9vzvY0h',14,85,'Y'),('MP4qw4YJzC',3,53,'Y'),('Mbbfq4kcfH',220,1118,'N'),('MjBEGaI57V',125,701,'N'),('NY9Ctab6Ik',216,1081,'N'),('ONEUBNnDSD',1,15,'N'),('OUSvpiUGyW',221,1130,'Y'),('PD383LGoEQ',214,1073,'Y'),('PlV4RquNw6',180,981,'Y'),('Qns8z5DNJi',150,769,'Y'),('QvLUmAqGI1',118,394,'N'),('S1vSMA74TV',226,1147,'N'),('T6sMhILxkH',2,38,'N'),('U7wwNuw3rS',2,35,'N'),('UJQlYAKq4Z',203,1030,'N'),('UmndClJkqf',146,742,'Y'),('UnKXnHkLhC',174,968,'Y'),('UuPoNoM4iI',216,1084,'N'),('V9su1vb5uF',1,11,'N'),('Vjtnr4JCxZ',2,41,'Y'),('WBfGxDldDG',216,1085,'Y'),('XafBrnFcE2',2,40,'N'),('YvcW5mgVfh',220,1122,'N'),('ZhPqf5VZ7Q',212,1077,'Y'),('a7S2dxYhaV',169,865,'N'),('bGBgLBcln5',2,36,'N'),('bHCPojqMht',121,423,'Y'),('bHp1VyahG0',202,1027,'Y'),('boZ4pMQzhS',125,702,'Y'),('dFHgoKNoqb',29,126,'N'),('ex8dwXgUPf',3,49,'N'),('fLuBJvMNoN',181,985,'N'),('gXo1469zWk',29,128,'N'),('gjblADDVfk',199,1019,'Y'),('grup5um8To',174,967,'N'),('hAMl8xQFMB',226,1157,'Y'),('hInaLPXfCG',29,127,'N'),('hq9HmV1Mwa',212,1075,'N'),('hs7QXNSEnO',172,905,'Y'),('ildHmHOCGY',29,115,'N'),('jniISyWrQ6',154,774,'Y'),('kCls7MDXSL',217,1088,'Y'),('mJZty0wMEa',118,377,'Y'),('mgPqJv2mf8',29,111,'N'),('muwASsUg9A',198,1018,'Y'),('n8nePPxnjN',8,65,'Y'),('o3dUHktUXz',203,1032,'Y'),('pHwpZ2xldo',148,763,'N'),('pM64mdRqtM',15,87,'Y'),('pu6iQe7e0q',214,1069,'N'),('qQ2kbFBfsw',2,34,'N'),('qhsJXGlecY',145,739,'Y'),('rvxHGP3FLN',1,2,'N'),('sIq6nzuC4a',142,736,'Y'),('sQAjhuoS4E',29,117,'N'),('ulxI7m0Ecz',2,28,'N'),('v4OOtcmjzs',214,1071,'N'),('wTtuPtn6dk',144,738,'Y'),('wdyGR15Som',29,116,'N'),('xUJMbr1gb6',197,1017,'Y'),('xWQX70sYV7',29,129,'N'),('xw7fN33nPd',151,770,'Y'),('zCwHC6lKV7',16,90,'Y'),('zu5CNpMWnf',147,743,'Y');

--
-- Table structure for table `xpay_customers`
--

CREATE TABLE `xpay_customers` (
  `customer_id` int NOT NULL AUTO_INCREMENT,
  `public_id` char(32) CHARACTER SET utf8mb3 COLLATE utf8mb3_bin NOT NULL DEFAULT '',
  `login` varchar(255) NOT NULL DEFAULT '',
  PRIMARY KEY (`customer_id`),
  UNIQUE KEY `public_id` (`public_id`)
) ENGINE=InnoDB AUTO_INCREMENT=247 DEFAULT CHARSET=utf8mb3;

--
-- Dumping data for table `xpay_customers`
--

INSERT INTO `xpay_customers` (`customer_id`, `public_id`, `login`) VALUES (1,'I75SyvnycPQpOs7b7p9lcO3ZnbzewCRX','admin@example.com (User ID #7)'),(2,'RVcW1V2VrCoU90j5LERXGp6I8v5ZjJe0','admin@example.com (User ID #7)'),(3,'G1ZcQeKvnhw2DkQck9ACoQg4j0rIXxBG','admin@example.com (User ID #7)'),(4,'36yqcTfF1iKDMLD0Nmt2phzciZ5eYPn3','Givi@x-cart.com (User ID #9)'),(5,'Fd1Z9nKsXilvHGpBZtFOirAeTRvPerQq','test@example.com (User ID #11)'),(6,'FPxZoRN4fp3pwZQs3ZUugj4KqFwuSjao','test@example.com (User ID #13)'),(7,'7HyhywqfpHwanpYAwuQcSGXBQtp5O128','Testst@example.com (User ID #14)'),(8,'XfEdE4vsS8ciZetYR1f3VFnKg3rRbagE','admin@example.com (User ID #7)'),(9,'I0MrUTYrzY5NF5hSmY3L7vhvri4wtsuO','admin@example.com (User ID #7)'),(10,'5GuGjXYSnmMSR2CxP5CLDwSsA5mEgug7','givi+3@x-cart.com (User ID #8)'),(11,'Feoe1gtqoKSrvaQsiTSL6O58Yo3QmUuo','admin@example.com (User ID #7)'),(12,'MlX1a5Vbr1gjiOTV49t1vfeWdct52zJb','admin@example.com (User ID #7)'),(13,'PFncIqznN7cu1R4pwsrpJKFETwcEPhsV','admin@example.com (User ID #7)'),(14,'I7gDsnJN2y6xLTNf2FEI66yqeuX6K0FX','admin@example.com (User ID #7)'),(15,'kvwBkFnbtsLlLNRKlvuQRDCcvTDleUM9','admin@example.com (User ID #7)'),(16,'7HxBomKL6xzKQukfO4RlkRrBFjIubk9i','admin@example.com (User ID #7)'),(17,'ROo7RGKn9YLhBh3YBzQu64zIfAPgfjHt','admin@example.com (User ID #7)'),(18,'oIK4GXKORfMxG79vJYEgY8e62USn1xn9','ipgivi@gmail.com (User ID #8)'),(19,'l0kuDDvY7cseyJ84MoOhEtQJDY3Dv9OQ','admin@example.com (User ID #7)'),(20,'JSalVNb03pSVeROxQdGijL6TXM7Mp3oC','test@example.com (User ID #8)'),(21,'pa6RBTRxVgNcP4qkfTOWxIKUtMcPmFx6','test@example.com (User ID #13)'),(22,'h2G2jj4SGotl5A7OnxLPuS1Ed1WG0bgp','givi@x-cart.com (User ID #15)'),(23,'SzAN7G2Z4j2lISM20SLaQYuak4hHBXM2','admin@example.com (User ID #7)'),(24,'q7dJv6bbk1Sf5ZayIjWtkKJnievsjbZd','admin@example.com (User ID #7)'),(25,'lGWXCSjCXhCl4wqtPoaGHbANw5nSxLRD','givi+1@x-cart.com (User ID #8)'),(26,'5kL8UeNEn23rIFaNSDrQ0ZBcpnVedxUs','givi+1@x-cart.com (User ID #10)'),(27,'mB6kTifL9KPCLQUblOv34AjKLfACsiJ3','givi+1@x-cart.com (User ID #11)'),(28,'QyKNXr5VI30EdeyQbTO0fPNxOrVjxf5n','admin@example.com (User ID #7)'),(29,'tFUZMbsHnDSgeYDaYk6Dw3bHhh7x0Ws7','givi+2@x-cart.com (User ID #16)'),(30,'sRjT5s3JqyGDQwsk3VxZLnnm88neEp0W','givi+1@x-cart.com (User ID #22)'),(31,'54fLWY5y7RAlezyxOvCA7MpcCW4h0Mls','givi+1@x-cart.com (User ID #23)'),(32,'hubuVLBdriSXT065juPbyvILjzMy2mRM','customer@example.com'),(33,'l70Ez4ajR2jTUZY6EKLsijLOQ0Zplepd','customer@example.com'),(34,'nSxEO8PRk9edxSd3xT2mLaZVzKSLmBpt','customer@example.com'),(35,'1F5L87QCeFrUb8E4LRBZyT02BiWJ2C2L','customer@example.com'),(36,'ESDYmbBRTrmeFByndZh2QzZaRRYvXKvi','customer@example.com'),(37,'WihAW86vg5dLBUzSIhuCRvkdwMVMFRtS','customer@example.com'),(38,'iQ7X1UKwiwyyQvbiEx7IXf7kMn4RN2Rp','customer@example.com'),(39,'7bA8fbGb5LBEgtPKkS53TzSTVITnehID','customer@example.com'),(40,'PwaJMro6YhIIUt0calKx0mlz5PXU4GLD','customer@example.com'),(41,'U7jcSz0l3jQX13cMxqJi9SDjqsU5nOlp','customer@example.com'),(42,'ylysOB4sTLqr288rdohpxq0iSWbjKeC4','customer@example.com'),(43,'wjtTTkIKXsVvo3xPkejJcMevLBfxLs5H','customer@example.com'),(44,'CG24zVelR6OV2kTXKW3u3yLI17REkVzw','customer@example.com'),(45,'sTdOpuin5A5zKwuetpJ5Y59yhy6EB8AE','customer@example.com'),(46,'BdUDk5qjWnvdLTn6MWzC6dV8chaHlGyC','customer@example.com'),(47,'eb61CJmLzluMTsF4ixxZGXVJU38SOYvq','customer@example.com'),(48,'MdQL60kuYrKkyXLzKkbPkqkJDRWX2yd2','customer@example.com'),(49,'c1PHsPe5Za7qnQb164ttvYcaztwgYYLv','customer@example.com'),(50,'FIvecxTAAYCDfHLvXFGShUqjbYczII7V','customer@example.com'),(51,'EoxnoXbuQtrlifSSO1TESVeoNUWbtVkK','customer@example.com'),(52,'qzCx7O7jRSIMAJJbvR30XPPPQi0DaDTJ','customer@example.com'),(53,'imIx2fZ1U914U0D8j7tsC9otGYV9nWdz','customer@example.com'),(54,'rOwXyh8c2Yk9ZecbufrW1LCCVTj7wkEl','customer@example.com'),(55,'2rq8RgCawrXPMsNIUitghccsGEc2NeWq','customer@example.com'),(56,'k6Z14JCQV7JRyw1qZeaCUHcAUjOXlyX3','customer@example.com'),(57,'hi8LUbMKcoVL8k7RQyI2DieuQ8vGzenx','customer@example.com'),(58,'2Wuj0MgKNwXoQRWuh87J1ZaPMO0siyuL','customer@example.com'),(59,'8dHPZDZRtcsjDPSIVOx5uyoSv24vTaJ0','customer@example.com'),(60,'whkKwz8zR8D7vmFt7yLcx3AlbDXvSaK8','customer@example.com'),(61,'cMV7xMzhxugBeo56Vk51A78fFLH3WIOL','customer@example.com'),(62,'kcrf0LVfVQEwSY7gTqTcMjnfUElygfZD','customer@example.com'),(63,'t77MqhIyD17QnAca64zyWrElpgmhFYAg','customer@example.com'),(64,'S7bpWBnT7gGIrxoWGrpisUVmRtpjgKgC','customer@example.com'),(65,'zilmhxsm6owTsFeDz1IJbbARQjllfW2a','customer@example.com'),(66,'Y6LIZD76pi61MSDVLCvsDspAMOeAagSY','customer@example.com'),(67,'rIYD1QpTtLbWCGVgbZ9vKZoj3CAuSmBk','customer@example.com'),(68,'892Mk4K0PgzmIlxPX5swiq9b2BYr3XYA','customer@example.com'),(69,'tVi2L8m4x8TyMn8ZMWxOkVy1e3rsh6pB','customer@example.com'),(70,'d8elLuPlGoV9AurlNXGVTrW8hMUIbH5c','customer@example.com'),(71,'M73NaHMb7Jevuobnn3zpEJwAOSSqCEXV','customer@example.com'),(72,'K311JAG20DWQdxa7DqbLrogQpbcG3pqB','customer@example.com'),(73,'7hzGKLK6HKDruWqG9tD1SNmab1W4vG8e','customer@example.com'),(74,'RvkGpm8xcNKDsRLaE7tJH79VQfsJ6leO','customer@example.com'),(75,'AMsLK3rsNbwenXwmCnrOWzYfBoCFR7MQ','customer@example.com'),(76,'5gzTVf04gJEk8KNVmZ9C5q9tZWmeLeJr','customer@example.com'),(77,'7GiRyZF3uFhIagdC32ZCcAUNYWgQ4Gy1','customer@example.com'),(78,'YpBEys6GsHN6YYVp1fezsioQyCWhMlRF','customer@example.com'),(79,'aCEevih27N8lz2NVY7woSoWL6fkXmmEN','customer@example.com'),(80,'yXx8OgHBytg06MXEIrgYYh6mBYu78NOr','customer@example.com'),(81,'HDf9MqHJwYlNroGj4JWk58l8M2ehDH7s','customer@example.com'),(82,'YGsUYfhIVoxv0HeIXWFrprdHR1EB15if','customer@example.com'),(83,'FGL3NG4K6kOvI3IhbeiIQ1AL2eV1yXiN','customer@example.com'),(84,'yCjHO853N6mqox7lVRekzMWfQnhy3kEZ','customer@example.com'),(85,'XUQn0GlJfk06wgnkbxUan8Qyu72djSWT','customer@example.com'),(86,'yXe4koXIBZjxXYIQT0f0ERTJ2bZF3xRB','customer@example.com'),(87,'gSj7MOxlYGcWdW8oEOS6e3vV8f7CyGpu','customer@example.com'),(88,'8nUxD61qU0KL4qfMaMdgwtPZcXuyoyVv','customer@example.com'),(89,'Sayjj1olVVjZW8XxDWECGIM7PvotFLvf','customer@example.com'),(90,'MmnjGx0FdTUqWSuRetKncuC4DRZJ01gi','customer@example.com'),(91,'jAZgnFXqwIkTyZ7qBZCTC1WWT8AAIttI','customer@example.com'),(92,'6YbXCLll14v49jLbNZCwIBH8M5LxEM6w','customer@example.com'),(93,'twwLwkLo6x8p2A8LmvR93am69GxYpgrv','admin@example.com (User ID #7)'),(94,'k3c3VPokN9cLXcnzTNhZkTrBfEqziwOa','joss@x-payments.com (User ID #12)'),(95,'ytQNP2lVlaF6wTjH38LaBwCyHw5PwICn','admin@example.com (User ID #8)'),(96,'M2mqHYYmxBLoT3UunqwfaXIqRlOXaSoa','admin@example.com (User ID #7)'),(97,'cXZYboOYv9EmfiENezLFMXIsi6KBKwfk','test@example.com (User ID #19)'),(98,'SpJzRwvq4WEhZoJBTbL2eem4PkBScjQO','admin@example.com (User ID #7)'),(99,'giE9JssR02d55W7za73fHHeBadMXfYJE','test@test.com (User ID #9)'),(100,'UA8XkmXxoyNcJwM2e7P2XnOvUDixLAUd','test@test.com (User ID #11)'),(101,'RrE4lgHcfKgZvNl3Ki8rxz1RzhHPxPoe','test@example.com (User ID #12)'),(102,'e5JcNIOJetpvX4PhlfbBwF8oN716QLX5','yakoff@x-cart.com (User ID #14)'),(103,'JleYFmVQgZ7DDBKv3dniir9joMyziVxS','test@example.com (User ID #14)'),(104,'0ObrBZwdsS2eZVZ3fRvUq6Ml9sTyvy9Z','Test@test.com (User ID #13)'),(105,'yh3DWVqj9D0w1KerqfIA4TZ0qfziuM1X','test_user@x-cart.com (User ID #15)'),(106,'7ZtRyNrE2tPNWigDHrShdpTkr6b54fq6','test@example.com (User ID #8)'),(107,'e0XHCfUzzie9TYP5UkAFvIBgeosG8uDn','Givi@x-cart.com (User ID #11)'),(108,'EqpjX8ekEf1vRBIvVYvsGCGropyz7ycW','yakoff@x-cart.com (User ID #108756)'),(109,'rZXwgG6qahuzsHgaR8ums8jplK1EjsHN','yakoff@x-cart.com (User ID #108758)'),(110,'Ktfr8XKTB1oQezj3YeAoaUmgrBN9YYQF','yakoff@x-cart.com (User ID #108759)'),(111,'zaHCoTLKrJ8Y1eWS2Tcd9Z3GuOtDbdCN','yakoff@x-cart.com (User ID #108760)'),(112,'H0uT3V4zEKEYSdFi3IIzYwT5ky4ONVJm','yakoff@x-cart.com (User ID #108761)'),(113,'GvOSnDHdUVNzheabrfMeuu2mou8EsbV8','admin@example.com (User ID #7)'),(114,'kJ4DSeeU2OjDe6esRP3h2qpqMHOxGaRC','yakoff@x-cart.com (User ID #36)'),(115,'s4i8QZtCRsccwzfWCnho0ATrbjk2djF8','Givi@x-cart.com (User ID #40)'),(116,'zzsBzrewIJv0Nxdkc8PuCOmaOEx6hVf6','yakoff@x-cart.com (User ID #108762)'),(117,'Upu89kRhO6WToKeonXH49T12vzJUZ5kD','admin@example.com (User ID #7)'),(118,'HRINKtejLzigBhRKnKZaVk3GMsZ3QmIF','admin@example.com (User ID #7)'),(119,'2egapTlznb9ESIlf25YO52VGt0pp2bZq','i.dohtur@gmail.com (User ID #9)'),(120,'bxqckuPgkwzR4Uc1P3nsoGi4EOn6kNnK','admin@example.com (User ID #7)'),(121,'Ew2mLoKMaWliF32LOUmkmMdRbZo4Q0hI','admin@example.com (User ID #7)'),(122,'ngewVQ2UBPy0U2UwriED2nT3N9wqFrsM','i.dohtur@gmail.com (User ID #14)'),(123,'X5zWydWlRDaJ0eVjBAfJwEkmS5sba7FZ','admin@example.com (User ID #7)'),(124,'1G7jjnfPRlp3yHPwJRsDDyU4ja4wS6Sc','test@example.com (User ID #8)'),(125,'XauhhC2h5b0NWQeoayRJjR54KJ1Kv9K6','admin@example.com (User ID #7)'),(126,'CDrEHOuSDbfuNk6g2OBKZ622T1RXBTqX','admin@example.com (User ID #7)'),(127,'uAQ8y7A8R9f6UcXEMiOfbJ4X8dk7wSjx','admin@example.com (User ID #7)'),(128,'lOD2zBgeWazbnVvMumjbSPOuWlTxCtrn','yakoff@x-cart.com (User ID #8)'),(129,'QQbH9FYmNcT7B19va0TejXMKJSdTsOqN','yakoff@x-cart.com (User ID #7)'),(130,'h7sLvjBD2jy2Wkgol2tOXZ6sbe38EW7N','yakoff@x-cart.com (User ID #8)'),(131,'HjND9FpJwGIlrAhsAYxTPASErbVCu5H9','yakoff@x-cart.com (User ID #8)'),(132,'eORaNClwQuLDkYfkoFaxyg4zCfZjGDYd','yakoff@x-cart.com (User ID #8)'),(133,'lTzmVkozvzN4yJ4ihZ6DiYiQzfFH9M43','yakoff@x-cart.com (User ID #8)'),(134,'j6DEJf9ywNsjXFcNLCi271PAcjiGTZ57','yakoff@x-cart.com (User ID #8)'),(135,'7x1n65osxxNUK19nG6BDU8S16TiUkmAg','yakoff@x-cart.com (User ID #8)'),(136,'a8raSbCeaV53OgupGfI4obWn5wBdb9iB','yakoff@x-cart.com (User ID #8)'),(137,'0796CoZpeN1ejeCwAKE5R9hrSehXxCe9','yakoff@x-cart.com (User ID #8)'),(138,'vvAMglt18vSq52jam68U7a2Ymjfu7NVh','yakoff@x-cart.com (User ID #8)'),(139,'Q95RQYeKcOpH9LK8gAerZvgDL56Ei1QX','yakoff@x-cart.com (User ID #8)'),(140,'e3QXm5lqQ0Pmx1SwNY8NMAsP6e4zjhpG','yakoff@x-cart.com (User ID #8)'),(141,'ZJ97v3LBjjFTWGia70rhpmKTn3wfoJnZ','yakoff@x-cart.com (User ID #8)'),(142,'YDE9KcRHAB1JuoHuqx7K9HBxfOPkYPHf','admin@example.com (User ID #7)'),(143,'neirUZneBneoKY61JeZ8wxyEyllzZUDX','admin@example.com (User ID #7)'),(144,'RP3lGIzYtp4qDO4ZclVYPjmrxPbWqcZE','admin@example.com (User ID #7)'),(145,'dQDAmAjqANUdpKUBDnaICmFVsYLe5WX3','admin@example.com (User ID #7)'),(146,'CGsJbmXQvvfL7UKIsbBSS0ZMhSPYSgyb','admin@example.com (User ID #7)'),(147,'BlxndI2UtJJ4qTFhAIpXZlRhDBO5xe3i','givi+1@x-cart.com (User ID #7)'),(148,'quUhij8bO25J5dL2NePUE12boobkIz5P','admin@example.com (User ID #7)'),(149,'Zs59WWz8nAl6mkpZ9xo2tDpzyxfVlsWX','Givi@x-cart.com (User ID #11)'),(150,'lijbJld4OvW5nfNI9IufhXOGlK2DTxKN','admin@example.com (User ID #7)'),(151,'ayVocm8zUhCy2HB4oSj9zt8X7FbgbiUp','joss@x-payments.com (User ID #12)'),(152,'yQLk295q3ZFfhuTsEc0mC4nO83cmJXFY','Givi@x-cart.com (User ID #9)'),(153,'AfovJGbu0npboYVXXwXsPzV6PKvdeAJr','test@example.com (User ID #9)'),(154,'IHRbYtq5b0DgtK8pyLPYBT6htOep7zuN','admin@example.com (User ID #7)'),(155,'urKiZvE1g2phK3lz1uSI3b3MohZqffiH','admin@example.com (User ID #7)'),(156,'T16gLwlSAZeoWqM4gj9MmQWRQ9pfCQ6a','Givi@x-cart.com (User ID #9)'),(157,'O6uRBC7TAQkN3mIQU7MIjLH9NT87LlmR','admin@example.com (User ID #7)'),(158,'O5wd6Vn21AdKvktL6cgtzHlFbPrz02xP','admin@example.com (User ID #7)'),(159,'FZHYIhGfCsIUwnmUB9YXD2Eh93hfJgCw','admin@example.com (User ID #7)'),(160,'gooKuqKDT2FiEvjA8UBgSxDUn4CPsBai','admin@example.com (User ID #7)'),(161,'LoVsandFay57QCnO1HvGWcQPpsG47EEI','admin@example.com (User ID #7)'),(162,'nA3e5KTOUVBzFjmohBsd25V0tpJQGjW9','admin@example.com (User ID #7)'),(163,'W5L8cnwMk6CwyIZ2RmhTEmGJYdmgQYOI','admin@example.com (User ID #7)'),(164,'kSaljmdAyUfW9DRKmEJMbeGXDqIyUGXh','admin@example.com (User ID #7)'),(165,'TnHuqMVm6eGqAIF2UdJlNtzC5CS2haWW','admin@example.com (User ID #7)'),(166,'9EYO97ZYThI9z2pDxILmr2FR8CN9lR0h','admin@example.com (User ID #7)'),(167,'3ja0CZAvSp8R0VjIyFB2xVZTf8s12WWm','admin@example.com (User ID #7)'),(168,'oJ4nE5Es4yzuvyEllqDytGKZrdTLY7Xb','admin@example.com (User ID #7)'),(169,'B2n99FOXk7Kbrli0cn6xicM46GbGixKQ','admin@example.com (User ID #7)'),(170,'hmTlxzJEZ28TdATSZ128yiT28weI4FUN','admin@example.com (User ID #7)'),(171,'prpCNBEokQapFdTqxRfShzhye7uoEvEA','admin@example.com (User ID #7)'),(172,'CftQI6yXZwHx0Cp2ltTJ9kVMYqKXFLre','admin@example.com (User ID #7)'),(173,'7M5drqxpUtd2El3ydGRKKnXIlZUOK3JE','admin@example.com (User ID #7)'),(174,'C1R8HUFThzLIQXYejHQfn4mZ7kBtHeOK','admin@example.com (User ID #7)'),(175,'HL1b0Yb8aiVgiLozpmySUVRhIZq3juv1','admin@example.com (User ID #7)'),(176,'bojtYbRXBjJAJkI9uDlb1CQDceb5JePv','admin@example.com (User ID #7)'),(177,'lsU1FkeX9Z0TP2Gei6ZZIAyrF6ulx4kL','test@example.com (User ID #8)'),(178,'3wc7Qye4WocUwRHg06zPdI7dATB5mEWt','test@example.com (User ID #8)'),(179,'qdVy8QcvB6o3WXpyd5xnSls6WZlBKbw6','Givi@x-cart.com (User ID #9)'),(180,'a7Z4g9BHdVFV4G1DeOlrRdMcPw3u1Zrd','admin@example.com (User ID #7)'),(181,'OCKQIlTemp2M2kJFatzEUrdSeLDhsBOe','admin@example.com (User ID #7)'),(182,'5yCd0uMfgLdwpxrcxh6wShehG9AVv8Zw','test@example.com (User ID #8)'),(183,'nscIOzo0ipyk4Qpznp8BY40DPkQAGa5h','admin@example.com (User ID #7)'),(184,'peu3F5YcAVLVQZ2woqgDIImN5nx9xDgD','test@example.com (User ID #10)'),(185,'QqRVQblQYWsxy2btq6JRXXrRsJT1FnOh','Givi@x-cart.com (User ID #18)'),(186,'d5Xu3lVLOFWZ03prZUxIPeaFUanvVH1q','test@example.com (User ID #20)'),(187,'NnAssDyIV76El0XTYjmad3xzEZGdltxF','Givi@x-cart.com (User ID #21)'),(188,'HLe5LZV52oV2Y6307UClUQSwTNP4yUBz','Givi@x-cart.com (User ID #23)'),(189,'OmqD5htBrCDKa0KEoGTuzYlGCfRmAFbf','admin@example.com (User ID #7)'),(190,'3n32OIvXYPReEXaeNoOnAL7tRWajEFB7','random@xpayments.com (User ID #9)'),(191,'HIhdaGXHZM6EoZ0BAeErVGlgZyg5a8hM','random@xpayments.com (User ID #11)'),(192,'fl06DLHvddtQyIxX41s6IoPmOOvXf5XW','Givi@x-cart.com (User ID #12)'),(193,'XVoXuMO4qdign5h2dDLbd3o0iDbwV28q','test@example.com (User ID #8)'),(194,'jp6TxKiIYJ6SkKSHg8S58M5sKBJOFEaV','admin@example.com (User ID #7)'),(195,'1jJ9WtQ57NvzsJMU3CVvPr4U5QB2krpz','admin@example.com (User ID #7)'),(196,'QBuKqKKAZNZpobD46glaFzZuE9AHTCCt','admin@example.com (User ID #7)'),(197,'jRB85D5hrEW6McDIo6HN1X2WUsr8gTtG','admin@example.com (User ID #7)'),(198,'NMOlFc0MwEqW8UIZV62vyD47nYGHKSGb','admin@example.com (User ID #7)'),(199,'rmAtu4jeetPGOocRM6edM2ZXQ6vuwIWn','admin@example.com (User ID #7)'),(200,'ylfu6jCmTCoSVPAs4XU2JqZz3iMjhXDd','givi@x-cart.com (User ID #15)'),(201,'MoGK42aEfsxgpUKuhkjj0lfswcacRIaL','joss@x-payments.com (User ID #16)'),(202,'LGNvFJD3X5stVTd9RzOfsEZwgDsMPPbv','admin@example.com (User ID #7)'),(203,'x4QseNOUcbgLBlNSB4nDYYAhZBOgryQ0','admin@example.com (User ID #7)'),(204,'raqVdiWrHEUzkB9m5ZVFT3YLKabcPiHm','admin@example.com (User ID #7)'),(205,'T4UhdXQDitmyMOOW6GISeTTdp4dgDNKh','admin@example.com (User ID #7)'),(206,'QG0MYAQYSzMwnD9HZ0mUyJUsudpwE1Zm','test@example.com (User ID #11)'),(207,'EgDBLLeCYFQnMmNcO5fPiNcmNogdWxe3','test@example.com (User ID #8)'),(208,'5nvizpD4iA9PRg56vYAExOviCPGfErlM','Givi@x-cart.com (User ID #11)'),(209,'JyPuG7ggPgMpL27jdKQnwEcoU8GeJ6h6','wasp@x-cart.com (User ID #14)'),(210,'5bM1U2VcaDZ5uJAvQZfeUmVR3JxG960a','wasp@x-cart.com (User ID #18)'),(211,'Jq9IPqWD8dpd0GyzQQoGCCAz0QLQZsxj','admin@example.com (User ID #7)'),(212,'lPAO1siDSlpHDdxcZPYhzncsFbvqpaCk','admin@example.com (User ID #7)'),(213,'qztRdBcaTacAMwGlwvoRKgS4XU9WwMDb','joss@x-payments.com (User ID #16)'),(214,'ns1KvxI8kAJVCHqwdq6UZvU7p5geSzk3','joss@x-payments.com (User ID #18)'),(215,'iIYFw8gA16VuJ46oaJzxZx6BaWHHjyjr','test@example.com (User ID #21)'),(216,'Ugm5weEw1ZnBKVuOzDY7cMKxb9Y2k4QI','admin@example.com (User ID #7)'),(217,'qBwunHIQBbu2sVqIfcG8RHsLtZZyAxbm','admin@example.com (User ID #7)'),(218,'vcEneoOG2QmIunanqwC0HIs4fWDCPXCw','test@example.com (User ID #11)'),(219,'qEInY5oCpbg7jtJ6anITYHlkK8ZnLSyV','admin@example.com (User ID #7)'),(220,'8G91yn42aPE0FxLI1PGZSqxB1O9IjuSj','admin@example.com (User ID #7)'),(221,'iVKfldFErAIoS6d4bNxBiTwLXRBjtHXI','admin@example.com (User ID #7)'),(222,'RUW9yhrzGdSa0MJPJVhCoiNTj1RiJ0RP','test@example.com (User ID #8)'),(223,'SUeEW8lOrAUybDWrCOi5YrRhxaJVvKqe','test@example.com (User ID #10)'),(224,'7s8aF52oL15cxk4PkTGcpiAdPN98Ro01','test@example.com (User ID #14)'),(225,'yoQLwqNslvbqhuSLLnLIj9xNXqceLb4h','test@example.com (User ID #15)'),(226,'yfdcrLOhCynYRr5hukATIowhS7V57J0p','admin@example.com (User ID #7)'),(227,'Fad76VE1IqLwzKg1PIFBI08u3WOiZ9e8','test@example.com (User ID #17)'),(228,'q9G0BZGZRuSkatZJlk1M6nlX13IMG4pe','test@example.com (User ID #24)'),(229,'RIojC3OIYQB6otGXzWw1tnMwQGZMem4a','admin@example.com (User ID #7)'),(230,'svNv3hvVuRUpX0fQ1wLkDKWxif9mDrG4','admin@example.com (User ID #7)'),(231,'wKYL12wJzuc7DUuAl8yPK0sYbQM8JBne','admin@example.com (User ID #7)'),(232,'COKJSd4CZ6YU4gEQBOXIUZ4pgosoIBCK','Givi@x-cart.com (User ID #9)'),(233,'PVfeOPz46gefXDiz3ev3vPCBD7E2lhN2','admin@example.com (User ID #7)'),(234,'yl71Xd5KFvQbby2hzbRino14XMP7wu8I','admin@example.com (User ID #7)'),(235,'Y4WlZK9VnuxFYRHALoZbQTKvtQfLGcF5','admin@example.com (User ID #7)'),(236,'BroyLfwFMGmCkucGvch51066KHBlKdb6','admin@example.com (User ID #7)'),(237,'zRRlUyCHjuircVfjm5C3O1cMa6Ob11LZ','givi@x-cart.com (User ID #9)'),(238,'i6ItkSGfX5TucPBAhAlEn1GhadSGyhSJ','admin@example.com (User ID #7)'),(239,'0d6OWXQWU2VMs8N2xV4W8m9nuDgmuDPs','admin@example.com (User ID #7)'),(240,'ftpUILZP1QTO2cCGdZpVAWCd75Pr8cNG','admin@example.com (User ID #7)'),(241,'LGKFCx4ZYSo1tMZ31zLToBXLCsG8KiMR','admin@example.com (User ID #7)'),(242,'go1BDXi5DNfO8wWo20BIICzkj5dTWGDw','admin@example.com (User ID #7)'),(243,'1H19R9j8AGMoGXK3bLVnVqfk19IhpxWn','Givi@x-cart.com (User ID #16)'),(244,'eF8xwRDOOmD1SAdzRtremSzAQYPsId23','Givi@x-cart.com (User ID #16)'),(245,'5dEoZsGK2DeJXKpJzcn5ZMlw13qCDODP','givi@x-cart.com (User ID #10)'),(246,'qASd48WxCglfWBcOjnesrjfsmH1Uzgm3','givi@x-cart.com (User ID #8)');

--
-- Table structure for table `xpay_danger_events`
--

CREATE TABLE `xpay_danger_events` (
  `event_id` int NOT NULL AUTO_INCREMENT,
  `user_id` int NOT NULL DEFAULT '0',
  `timestamp` int NOT NULL DEFAULT '0',
  `event_type` char(3) NOT NULL DEFAULT '',
  PRIMARY KEY (`event_id`),
  KEY `xpay_danger_events_ibfk_1` (`user_id`),
  CONSTRAINT `xpay_danger_events_ibfk_1` FOREIGN KEY (`user_id`) REFERENCES `xpay_profiles` (`user_id`) ON DELETE CASCADE ON UPDATE CASCADE
) ENGINE=InnoDB AUTO_INCREMENT=9 DEFAULT CHARSET=utf8mb3;

--
-- Dumping data for table `xpay_danger_events`
--


--
-- Table structure for table `xpay_email_sent_time`
--

CREATE TABLE `xpay_email_sent_time` (
  `name` char(255) NOT NULL,
  `timestamp` int NOT NULL DEFAULT '0',
  PRIMARY KEY (`name`)
) ENGINE=InnoDB DEFAULT CHARSET=utf8mb3;

--
-- Dumping data for table `xpay_email_sent_time`
--

INSERT INTO `xpay_email_sent_time` (`name`, `timestamp`) VALUES ('HELPDESK_CRON_FAILED',1724918963),('HELPDESK_NO_ACTIVE_CHD_KEYS',1724921318),('LOGGER_DISK_WRITE_ERROR',1651038895);

--
-- Table structure for table `xpay_file_hashs`
--

CREATE TABLE `xpay_file_hashs` (
  `path` varchar(255) CHARACTER SET utf8mb3 COLLATE utf8mb3_bin NOT NULL DEFAULT '',
  `hash` char(32) NOT NULL DEFAULT '',
  PRIMARY KEY (`path`)
) ENGINE=InnoDB DEFAULT CHARSET=utf8mb3;

--
-- Dumping data for table `xpay_file_hashs`
--

INSERT INTO `xpay_file_hashs` (`path`, `hash`) VALUES ('common_js:','c79867795a8c112bdca42e384be32d24'),('css:','7e1fe33a77aee58f53195170fc30c44c'),('js:','1ca4c8b4efc303c953be0c7f70f83cd6'),('payment_common_js:','092f899e810cff186b38b22fa85204d4'),('payment_wallet_js:','8424453b9f2d51d3f44f3d47b1acc416'),('public:blue.css','cd945c10b3a496b2ab97dfe43603f5d2'),('public:blue_inversed.css','33fd63b2fe185ded4aa47b21f6a05e83'),('public:classic.css','7c482d9e6666c4d813c0a233780ecc5d'),('public:coral.css','556918fcbb7ff5a3e22eba67be960798'),('public:default.css','7c482d9e6666c4d813c0a233780ecc5d'),('public:gray.css','e11bb351e50e53cf0a1dba708df11325'),('public:green.css','869268ab2670878e96224a6bec2c4c6a'),('public:legacy.css','7c482d9e6666c4d813c0a233780ecc5d'),('public:orange.css','bccaf031c5e4841982f047e98306d2e2'),('template:blue.html','02f02993991166800aed9e9b2eb1b076'),('template:blue_inversed.html','f10d73b56091f90a814a218f4610e2e7'),('template:classic.html','15ef0fc740fce21b26313140017a45ea'),('template:coral.html','ae7da63065de40e830282ed12ee14f8c'),('template:default.error.html','fd8e91bf781b66ffe843dd9ce29a9928'),('template:default.html','eec9c8674e66903340312672a4f7b5cc'),('template:gray.html','6ec27518229ec2837680acdfba79da68'),('template:green.html','c818dc1db631f50feb0f40f898ac43fb'),('template:labels.csv','d41d8cd98f00b204e9800998ecf8427e'),('template:legacy.html','7f3587715aaadf2c7273c68cb8572699'),('template:orange.html','ffed78f497a27b736bc2cc444a330e13'),('template:outline.html','dc5d9f17fc030f3274532c5f678801e1');

--
-- Table structure for table `xpay_formuid`
--

CREATE TABLE `xpay_formuid` (
  `f_id` int NOT NULL AUTO_INCREMENT,
  `session_id` char(32) NOT NULL DEFAULT '',
  `form_uid` char(128) NOT NULL DEFAULT '',
  PRIMARY KEY (`f_id`),
  KEY `xpay_formuid_1` (`session_id`),
  CONSTRAINT `xpay_formuid_1` FOREIGN KEY (`session_id`) REFERENCES `xpay_sessions` (`session_id`) ON DELETE CASCADE ON UPDATE CASCADE
) ENGINE=InnoDB AUTO_INCREMENT=43669 DEFAULT CHARSET=utf8mb3;

--
-- Dumping data for table `xpay_formuid`
--

INSERT INTO `xpay_formuid` (`f_id`, `session_id`, `form_uid`) VALUES (43647,'2ac68c7b146e1f9a07d164ace81e029b','d3142e7cea8778176235704f13acf7a4'),(43648,'2ac68c7b146e1f9a07d164ace81e029b','595280a36ea2b184e96c3a7ece9b195a'),(43650,'2ac68c7b146e1f9a07d164ace81e029b','8eab481123e8ebccd5f6839b41a7c845'),(43651,'2ac68c7b146e1f9a07d164ace81e029b','b4b38b882493c1386b024492bd6886f4'),(43652,'2ac68c7b146e1f9a07d164ace81e029b','8517baae71c04632d62102461d7b17ad'),(43653,'2ac68c7b146e1f9a07d164ace81e029b','01e77aa54b59ef1c3d3e3332b58f3267'),(43655,'2ac68c7b146e1f9a07d164ace81e029b','839f117b5470237c1ede673a47e0b2a0'),(43656,'2ac68c7b146e1f9a07d164ace81e029b','e7d30203454ca74fa2e903b05b115130'),(43657,'2ac68c7b146e1f9a07d164ace81e029b','008e12309b16b6d5c389668e2995c165'),(43658,'2ac68c7b146e1f9a07d164ace81e029b','c7914283d98cb86f0542b00d289f2426'),(43659,'2ac68c7b146e1f9a07d164ace81e029b','2e2ed4ef490a9d0471a1444160bd181e'),(43660,'2ac68c7b146e1f9a07d164ace81e029b','e78881f541970aaf2679e600bc8e7a58'),(43661,'2ac68c7b146e1f9a07d164ace81e029b','62280cd2f3e473812dff843d4c9bde7a'),(43662,'2ac68c7b146e1f9a07d164ace81e029b','1761e992d48f8a31c93a634c4707f55c'),(43663,'2ac68c7b146e1f9a07d164ace81e029b','a3a91d5f18ff521f2f42467ef8b07e39'),(43664,'2ac68c7b146e1f9a07d164ace81e029b','158f7faf76bb20e294f87ec0d0dbb2d0'),(43665,'2ac68c7b146e1f9a07d164ace81e029b','927e49a74f22c78586e5887e89d0ca99'),(43666,'2ac68c7b146e1f9a07d164ace81e029b','7a78fcb8e0360b2bdabca6215f43190f'),(43667,'2ac68c7b146e1f9a07d164ace81e029b','848fbb0ccf710c76b2307823d3fc720a'),(43668,'2ac68c7b146e1f9a07d164ace81e029b','a7b295661779f331ad134bd9b5befdc2');

--
-- Table structure for table `xpay_google_auth_used_codes`
--

CREATE TABLE `xpay_google_auth_used_codes` (
  `user_id` int NOT NULL DEFAULT '0',
  `code` varchar(64) NOT NULL DEFAULT '',
  `used_time` int NOT NULL DEFAULT '0',
  PRIMARY KEY (`user_id`,`code`),
  CONSTRAINT `xpay_google_auth_used_codes_ibfk_1` FOREIGN KEY (`user_id`) REFERENCES `xpay_profiles` (`user_id`) ON DELETE CASCADE ON UPDATE CASCADE
) ENGINE=InnoDB DEFAULT CHARSET=utf8mb3;

--
-- Dumping data for table `xpay_google_auth_used_codes`
--

INSERT INTO `xpay_google_auth_used_codes` (`user_id`, `code`, `used_time`) VALUES (1,'0a67b1fcf785ac89bff2cfd7582a2044',1697199900),(1,'122c9eca4e3a593201ea4da4c95ce6e2',1697180993),(1,'168ea1a99d8e9b9932d9d2bc0e1e09bc',1722326422),(1,'1a643fab7afef5a00b65080b58f09c78',1722932107),(1,'1b7e1ffbefb0c9b821e815692ec2650d',1724156076),(1,'1bb9a08e1360dea0bd0f805a75cb5611',1718971230),(1,'1cf57e6e9f2b390b5da67d402a5adc01',1697182906),(1,'1d1fb8202d9bed3770cb765e36099c03',1697196338),(1,'1e65237ff6f4be622339418d243466c8',1724351979),(1,'22013725affadc3bfb569fc228d528ed',1719907692),(1,'25d809ec208df75ee0be2ce510735e5d',1724913825),(1,'2677d132d625915b2b5e006c86f4f40a',1723788782),(1,'2bd7d191e64b36d01be8f0dfd079db6d',1697142089),(1,'2f72e1df97d6f926c1445797a2ff93aa',1719341198),(1,'2f838c32689dc6b1a5ec90cf99f39859',1697528005),(1,'3539df13ea7b1e68e466536e386b9c20',1719910535),(1,'39c5012331d15aee958838f36d887044',1724794971),(1,'3a2ed169836daad3c7111b4bd9bba98e',1724150036),(1,'4c33af538bef24ccd7b463f36197a5e9',1697727543),(1,'5121044c88af95d985493f47546f8270',1719260058),(1,'5165bd4eb20ab3def43cf76c2c2d9eaf',1723096153),(1,'5248765360736ae8441f99d06c168ea8',1724144536),(1,'5918f8325e042ac3280f1f0d77b55e3e',1722916450),(1,'5b2cc96146276d79487ae78c6273920e',1722321179),(1,'690d424d0da24b3f194fc60c27f1eb94',1717749716),(1,'6ce27b524e665fc51fb541602aa99470',1697205700),(1,'6ea63705ad554927c532ad6aa853b9f4',1719320704),(1,'6fd9da8f4e7b797270e2f52ce553cbab',1724921625),(1,'70bbfbf134168b0bb2803d50b1bdd469',1722973768),(1,'72208e31c910e15aef1dc8f8d715df87',1722258036),(1,'737c83dde8ba3c43a47024d6d483d2cb',1724918963),(1,'75fff07f6b67026e71b52769f19087c2',1719836462),(1,'76a9f67ca2981b40dd6fb2491286b9e9',1697177176),(1,'7b8ce0a081d9ccda7626927c5eec42d2',1697644070),(1,'8034bec04cc575abe60d5a559a932512',1724770689),(1,'8997660df75ee56c52418b6e26256140',1723027739),(1,'90d1f85aacc4b89d153793d571700a94',1719304769),(1,'a58f0774f7f0406ef9251c79457d1507',1709013529),(1,'a78bfc22a3a7dbe7153a36a761eaab7c',1723056328),(1,'a7d0827be16c3bc190433bab60fe0d04',1723036335),(1,'b02d2589a31a3329555c3709ebcae7aa',1697482480),(1,'b6d56f451b429b1b4f1763e8ca874c26',1719920536),(1,'baeb76be26746bd40df3e5e8b974e575',1719926257),(1,'bb1ff57234377dd62ad5241f832c6652',1698183249),(1,'bbee19f4c84c8cd6c8ba8392db7c9b36',1724303515),(1,'bc987834dde126e573952dbb79ccb070',1697126776),(1,'bfd93a6f0b04114face4bb6d089a9e8d',1722934303),(1,'c97dcb98fccb272a82a66d4cbe762f73',1724141919),(1,'cbeeaac6a27628312c191ef02ae24647',1719908865),(1,'d020ca9cd13ca95c6317914a5a7a5f0e',1719343906),(1,'d447e8d0345473fa625813546bccc592',1717704894),(1,'d56d1542bc8278e7bbaac31041f6a873',1698068111),(1,'def03a37e214c317b3ec9508e2eab0ad',1723625299),(1,'e687fbaeb59933d9f6370e6b85dff068',1724790258),(1,'f0938e59a51374405ee8483e6d3cadda',1723011279),(1,'f1548188b016b24811963928e18f1799',1711986931),(1,'f1714df9310c1457ddf687c0525f15d4',1717615173),(1,'f19b820747b6e378c482b9a9885d6f70',1697714939),(1,'f49ac9cbf8e0fdd0eb00f145a8edebaa',1697203483),(1,'f5e9400a0f8a48c6cdf753c7253335f4',1697714838),(1,'f866196819753e4792c4d8593b397eef',1697714398),(1,'fa8e5e90b1c78bc465854f0ba89097ba',1723028632);

--
-- Table structure for table `xpay_hosted_params`
--

CREATE TABLE `xpay_hosted_params` (
  `name` char(64) NOT NULL,
  `value` text NOT NULL,
  PRIMARY KEY (`name`)
) ENGINE=InnoDB DEFAULT CHARSET=utf8mb3;

--
-- Dumping data for table `xpay_hosted_params`
--

INSERT INTO `xpay_hosted_params` (`name`, `value`) VALUES ('action_login','Y'),('action_payment_processed','Y'),('action_setup_pconf','Y'),('disk_warning','0'),('limit_notified_threshold','-1'),('limit_payments_counter','21'),('limit_period_expire','1731787200'),('plan_expired','0'),('traffic_warning','');

--
-- Table structure for table `xpay_languages`
--

CREATE TABLE `xpay_languages` (
  `code` char(2) NOT NULL DEFAULT '',
  `code3` char(3) NOT NULL DEFAULT '',
  `language` varchar(128) NOT NULL DEFAULT '',
  PRIMARY KEY (`code`),
  UNIQUE KEY `code3` (`code3`)
) ENGINE=InnoDB DEFAULT CHARSET=utf8mb3;

--
-- Dumping data for table `xpay_languages`
--

INSERT INTO `xpay_languages` (`code`, `code3`, `language`) VALUES ('aa','aar','Afar'),('ab','abk','Abkhazian'),('ae','ave','Avestan'),('af','afr','Afrikaans'),('ak','aka','Akan'),('am','amh','Amharic'),('an','arg','Aragonese'),('ar','ara','Arabic'),('as','asm','Assamese'),('av','ava','Avaric'),('ay','aym','Aymara'),('az','aze','Azerbaijani'),('ba','bak','Bashkir'),('be','bel','Belarusian'),('bg','bul','Bulgarian'),('bh','bih','Bihari'),('bi','bis','Bislama'),('bm','bam','Bambara'),('bn','ben','Bengali'),('bo','tib','Tibetan'),('br','bre','Breton'),('bs','bos','Bosnian'),('ca','cat','Catalan'),('ce','che','Chechen'),('ch','cha','Chamorro'),('co','cos','Corsican'),('cr','cre','Cree'),('cs','cze','Czech'),('cu','chu','Church Slavic'),('cv','chv','Chuvash'),('cy','wel','Welsh'),('da','dan','Danish'),('de','ger','German'),('dv','div','Divehi'),('dz','dzo','Dzongkha'),('ee','ewe','Ewe'),('el','gre','Greek'),('en','eng','English'),('eo','epo','Esperanto'),('es','spa','Spanish'),('et','est','Estonian'),('eu','baq','Basque'),('fa','per','Persian'),('ff','ful','Fulah'),('fi','fin','Finnish'),('fj','fij','Fijian'),('fo','fao','Faroese'),('fr','fre','French'),('fy','fry','Western Frisian'),('ga','gle','Irish'),('gd','gla','Gaelic'),('gl','glg','Galician'),('gn','grn','Guarani'),('gu','guj','Gujarati'),('gv','glv','Manx'),('ha','hau','Hausa'),('he','heb','Hebrew'),('hi','hin','Hindi'),('ho','hmo','Hiri Motu'),('hr','hrv','Croatian'),('ht','hat','Haitian'),('hu','hun','Hungarian'),('hy','arm','Armenian'),('hz','her','Herero'),('ia','ina','Interlingua'),('id','ind','Indonesian'),('ie','ile','Interlingue'),('ig','ibo','Igbo'),('ii','iii','Sichuan Yi'),('ik','ipk','Inupiaq'),('io','ido','Ido'),('is','ice','Icelandic'),('it','ita','Italian'),('iu','iku','Inuktitut'),('ja','jpn','Japanese'),('jv','jav','Javanese'),('ka','geo','Georgian'),('kg','kon','Kongo'),('ki','kik','Kikuyu'),('kj','kua','Kuanyama'),('kk','kaz','Kazakh'),('kl','kal','Kalaallisut'),('km','khm','Central Khmer'),('kn','kan','Kannada'),('ko','kor','Korean'),('kr','kau','Kanuri'),('ks','kas','Kashmiri'),('ku','kur','Kurdish'),('kv','kom','Komi'),('kw','cor','Cornish'),('ky','kir','Kirghiz'),('la','lat','Latin'),('lb','ltz','Luxembourgish'),('lg','lug','Ganda'),('li','lim','Limburgan'),('ln','lin','Lingala'),('lo','lao','Lao'),('lt','lit','Lithuanian'),('lu','lub','Luba-Katanga'),('lv','lav','Latvian'),('mg','mlg','Malagasy'),('mh','mah','Marshallese'),('mi','mao','Maori'),('mk','mac','Macedonian'),('ml','mal','Malayalam'),('mn','mon','Mongolian'),('mr','mar','Marathi'),('ms','may','Malay'),('mt','mlt','Maltese'),('my','bur','Burmese'),('na','nau','Nauru'),('nd','nde','Ndebele, North'),('ne','nep','Nepali'),('ng','ndo','Ndonga'),('nl','dut','Dutch'),('no','nor','Norwegian'),('nr','nbl','Ndebele, South'),('nv','nav','Navajo'),('ny','nya','Chichewa'),('oc','oci','Occitan'),('oj','oji','Ojibwa'),('om','orm','Oromo'),('or','ori','Oriya'),('os','oss','Ossetian'),('pa','pan','Panjabi'),('pi','pli','Pali'),('pl','pol','Polish'),('ps','pus','Pushto'),('pt','por','Portuguese'),('qu','que','Quechua'),('rm','roh','Romansh'),('rn','run','Rundi'),('ro','rum','Romanian'),('ru','rus','Russian'),('rw','kin','Kinyarwanda'),('sa','san','Sanskrit'),('sc','srd','Sardinian'),('sd','snd','Sindhi'),('se','sme','Northern Sami'),('sg','sag','Sango'),('si','sin','Sinhala'),('sk','slo','Slovak'),('sl','slv','Slovenian'),('sm','smo','Samoan'),('sn','sna','Shona'),('so','som','Somali'),('sq','alb','Albanian'),('sr','srp','Serbian'),('ss','ssw','Swati'),('st','sot','Sotho, Southern'),('su','sun','Sundanese'),('sv','swe','Swedish'),('sw','swa','Swahili'),('ta','tam','Tamil'),('te','tel','Telugu'),('tg','tgk','Tajik'),('th','tha','Thai'),('ti','tir','Tigrinya'),('tk','tuk','Turkmen'),('tl','tgl','Tagalog'),('tn','tsn','Tswana'),('to','ton','Tonga'),('tr','tur','Turkish'),('ts','tso','Tsonga'),('tt','tat','Tatar'),('tw','twi','Twi'),('ty','tah','Tahitian'),('ug','uig','Uighur'),('uk','ukr','Ukrainian'),('ur','urd','Urdu'),('uz','uzb','Uzbek'),('ve','ven','Venda'),('vi','vie','Vietnamese'),('vo','vol','Volap&uuml;k'),('wa','wln','Walloon'),('wo','wol','Wolof'),('xh','xho','Xhosa'),('yi','yid','Yiddish'),('yo','yor','Yoruba'),('za','zha','Zhuang'),('zh','chi','Chinese'),('zu','zul','Zulu');

--
-- Table structure for table `xpay_masked_card_data`
--

CREATE TABLE `xpay_masked_card_data` (
  `payment_id` int NOT NULL DEFAULT '0',
  `first6` char(6) NOT NULL DEFAULT '',
  `last4` char(4) NOT NULL DEFAULT '',
  `type` char(16) NOT NULL DEFAULT '',
  `expire_month` char(2) NOT NULL DEFAULT '',
  `expire_year` char(4) NOT NULL DEFAULT '',
  `cardholder_name` varchar(255) NOT NULL DEFAULT '',
  PRIMARY KEY (`payment_id`),
  KEY `payment_id` (`payment_id`),
  CONSTRAINT `xpay_payment_mkd_ibfk_1` FOREIGN KEY (`payment_id`) REFERENCES `xpay_payments` (`payment_id`) ON DELETE CASCADE ON UPDATE CASCADE
) ENGINE=InnoDB DEFAULT CHARSET=utf8mb3;

--
-- Dumping data for table `xpay_masked_card_data`
--

INSERT INTO `xpay_masked_card_data` (`payment_id`, `first6`, `last4`, `type`, `expire_month`, `expire_year`, `cardholder_name`) VALUES (1,'426397','5262','VISA','12','2022',''),(2,'422200','4235','VISA','12','2022',''),(11,'426397','5262','VISA','12','2022',''),(15,'401200','8884','VISA','12','2022',''),(16,'492900','0006','VISA','12','2022',''),(17,'492900','0006','VISA','12','2023',''),(18,'492900','0006','VISA','12','2022',''),(19,'492900','0006','VISA','12','2022',''),(20,'492900','0006','VISA','12','2022',''),(25,'492900','0006','VISA','12','2022',''),(26,'411111','1111','VISA','12','2026',''),(28,'426397','5262','VISA','12','2022',''),(29,'422200','4235','VISA','12','2022',''),(34,'401200','8884','VISA','12','2022',''),(35,'426397','5262','VISA','12','2022',''),(36,'401200','8884','VISA','12','2022',''),(37,'411111','1111','VISA','12','2022',''),(38,'411111','1111','VISA','12','2022',''),(39,'411111','1111','VISA','12','2022',''),(40,'411111','1111','VISA','12','2022',''),(41,'411111','1111','VISA','12','2022',''),(42,'426397','5262','VISA','01','2023',''),(43,'426397','5262','VISA','01','2023',''),(44,'401200','8884','VISA','01','2023',''),(45,'401200','8884','VISA','01','2023',''),(46,'411111','1111','VISA','01','2023',''),(47,'411111','1111','VISA','01','2023',''),(48,'411111','1111','VISA','12','2022',''),(49,'411111','1111','VISA','12','2022',''),(50,'411111','1111','VISA','12','2022',''),(51,'411111','1111','VISA','12','2022',''),(52,'100000','0008','VISA','01','2023',''),(53,'100000','0008','VISA','02','2023',''),(54,'411111','1111','VISA','12','2026',''),(55,'411111','1111','VISA','12','2026',''),(56,'411111','1111','VISA','12','2026',''),(57,'411111','1111','VISA','12','2026',''),(58,'411111','1111','VISA','02','2022',''),(59,'481852','9009','VISA','12','2023',''),(60,'481852','9009','VISA','12','2023',''),(61,'481852','9009','VISA','12','2023',''),(62,'481852','9009','VISA','12','2023',''),(63,'481852','9009','VISA','12','2023',''),(64,'481852','9009','VISA','12','2023',''),(65,'411111','1111','VISA','12','2022',''),(66,'411111','1111','VISA','12','2022',''),(68,'520000','0007','MC','01','2023',''),(71,'520000','0007','MC','01','2023',''),(72,'520000','0007','MC','01','2023',''),(74,'520000','0007','MC','12','2023',''),(75,'411111','1111','VISA','12','2022',''),(76,'411111','1111','VISA','12','2023',''),(77,'411111','1111','VISA','12','2023',''),(78,'411111','1111','VISA','12','2023',''),(79,'411111','1111','VISA','12','2023',''),(80,'414116','4978','VISA','01','2023',''),(81,'414116','4978','VISA','01','2023',''),(82,'411111','1111','VISA','12','2022',''),(83,'411111','1111','VISA','12','2022',''),(84,'411111','1111','VISA','12','2022',''),(85,'411111','1111','VISA','12','2022',''),(86,'411111','1111','VISA','12','2022',''),(87,'411111','1111','VISA','12','2022',''),(88,'411111','1111','VISA','12','2022',''),(89,'411111','1111','VISA','12','2022',''),(90,'411111','1111','VISA','12','2022',''),(91,'411111','1111','VISA','12','2022',''),(93,'411111','1111','VISA','12','2027',''),(94,'411111','1111','VISA','12','2027',''),(95,'411111','1111','VISA','12','2027',''),(96,'411111','1111','VISA','12','2027',''),(97,'481852','9009','VISA','12','2023',''),(98,'481852','9009','VISA','12','2023',''),(99,'481852','9009','VISA','12','2023',''),(100,'520000','0007','MC','01','2023',''),(101,'400000','0002','VISA','01','2023',''),(102,'520000','0908','MC','01','2023',''),(103,'400099','0004','VISA','01','2023',''),(104,'411111','1111','VISA','12','2022',''),(105,'411111','1111','VISA','12','2022',''),(106,'411111','1111','VISA','12','2022',''),(107,'411111','1111','VISA','12','2022',''),(108,'411111','1111','VISA','12','2027',''),(109,'411111','1111','VISA','12','2027',''),(110,'411111','1111','VISA','12','2022',''),(111,'411111','1111','VISA','12','2022',''),(112,'411111','1111','VISA','12','2022',''),(113,'411111','1111','VISA','12','2022',''),(114,'411111','1111','VISA','12','2022',''),(115,'411111','1111','VISA','12','2022',''),(116,'411111','1111','VISA','12','2022',''),(117,'411111','1111','VISA','12','2022',''),(118,'411111','1111','VISA','12','2027',''),(119,'411111','1111','VISA','12','2027',''),(120,'411111','1111','VISA','12','2027',''),(121,'411111','1111','VISA','12','2027',''),(122,'411111','1111','VISA','12','2027',''),(123,'411111','1111','VISA','12','2022',''),(124,'411111','1111','VISA','12','2022',''),(125,'411111','1111','VISA','12','2022',''),(126,'411111','1111','VISA','12','2022',''),(127,'411111','1111','VISA','12','2022',''),(128,'411111','1111','VISA','12','2022',''),(129,'411111','1111','VISA','12','2023',''),(130,'411111','1111','VISA','12','2022',''),(131,'411111','1111','VISA','01','2024',''),(132,'411111','1111','VISA','01','2024',''),(133,'411111','1111','VISA','01','2024',''),(134,'411111','1111','VISA','01','2024',''),(135,'411111','1111','VISA','01','2024',''),(136,'411111','1111','VISA','01','2024',''),(137,'411111','1111','VISA','01','2024',''),(138,'411111','1111','VISA','01','2024',''),(139,'411111','1111','VISA','01','2024',''),(140,'411111','1111','VISA','01','2024',''),(141,'411111','1111','VISA','01','2024',''),(142,'411111','1111','VISA','01','2024',''),(143,'411111','1111','VISA','01','2024',''),(144,'411111','1111','VISA','01','2024',''),(145,'411111','1111','VISA','01','2024',''),(146,'411111','1111','VISA','01','2024',''),(147,'411111','1111','VISA','01','2024',''),(148,'411111','1111','VISA','01','2024',''),(149,'411111','1111','VISA','01','2024',''),(150,'411111','1111','VISA','01','2024',''),(151,'411111','1111','VISA','01','2024',''),(152,'411111','1111','VISA','01','2024',''),(153,'411111','1111','VISA','01','2024',''),(154,'411111','1111','VISA','01','2024',''),(155,'411111','1111','VISA','01','2024',''),(156,'411111','1111','VISA','01','2024',''),(157,'411111','1111','VISA','01','2024',''),(158,'411111','1111','VISA','01','2024',''),(159,'411111','1111','VISA','01','2024',''),(160,'411111','1111','VISA','01','2024',''),(161,'411111','1111','VISA','01','2024',''),(162,'411111','1111','VISA','01','2024',''),(163,'411111','1111','VISA','01','2024',''),(164,'411111','1111','VISA','01','2024',''),(165,'411111','1111','VISA','01','2024',''),(166,'411111','1111','VISA','01','2024',''),(167,'411111','1111','VISA','01','2024',''),(168,'411111','1111','VISA','01','2024',''),(169,'411111','1111','VISA','01','2024',''),(170,'411111','1111','VISA','01','2024',''),(171,'411111','1111','VISA','01','2024',''),(172,'411111','1111','VISA','01','2024',''),(173,'411111','1111','VISA','01','2024',''),(174,'411111','1111','VISA','01','2024',''),(175,'411111','1111','VISA','01','2024',''),(176,'411111','1111','VISA','01','2024',''),(177,'411111','1111','VISA','01','2024',''),(178,'411111','1111','VISA','01','2024',''),(179,'411111','1111','VISA','01','2024',''),(180,'411111','1111','VISA','01','2024',''),(181,'411111','1111','VISA','01','2024',''),(182,'411111','1111','VISA','01','2024',''),(183,'411111','1111','VISA','01','2024',''),(184,'411111','1111','VISA','01','2024',''),(185,'411111','1111','VISA','01','2024',''),(186,'411111','1111','VISA','01','2024',''),(187,'411111','1111','VISA','01','2024',''),(188,'411111','1111','VISA','01','2024',''),(189,'411111','1111','VISA','01','2024',''),(190,'411111','1111','VISA','01','2024',''),(191,'411111','1111','VISA','01','2024',''),(192,'411111','1111','VISA','12','2022',''),(193,'469395','8411','VISA','09','2022',''),(194,'521324','4768','MC','09','2023',''),(195,'524614','2340','MC','08','2023',''),(196,'411111','1111','VISA','01','2024',''),(197,'411111','1111','VISA','01','2024',''),(198,'411111','1111','VISA','01','2024',''),(199,'411111','1111','VISA','01','2024',''),(200,'411111','1111','VISA','01','2024',''),(201,'411111','1111','VISA','01','2024',''),(202,'411111','1111','VISA','01','2024',''),(203,'411111','1111','VISA','01','2024',''),(204,'411111','1111','VISA','01','2024',''),(205,'411111','1111','VISA','01','2024',''),(206,'411111','1111','VISA','01','2024',''),(207,'411111','1111','VISA','01','2024',''),(208,'411111','1111','VISA','01','2024',''),(209,'411111','1111','VISA','01','2024',''),(210,'411111','1111','VISA','01','2024',''),(211,'411111','1111','VISA','01','2024',''),(212,'411111','1111','VISA','01','2024',''),(213,'411111','1111','VISA','01','2024',''),(214,'411111','1111','VISA','01','2024',''),(215,'411111','1111','VISA','01','2024',''),(216,'411111','1111','VISA','01','2024',''),(217,'411111','1111','VISA','01','2024',''),(218,'411111','1111','VISA','01','2024',''),(219,'411111','1111','VISA','01','2024',''),(220,'411111','1111','VISA','01','2024',''),(221,'411111','1111','VISA','01','2024',''),(222,'411111','1111','VISA','01','2024',''),(223,'411111','1111','VISA','01','2024',''),(224,'411111','1111','VISA','01','2024',''),(225,'411111','1111','VISA','01','2024',''),(226,'411111','1111','VISA','01','2024',''),(227,'411111','1111','VISA','01','2024',''),(228,'411111','1111','VISA','01','2024',''),(229,'411111','1111','VISA','01','2024',''),(230,'411111','1111','VISA','01','2024',''),(231,'411111','1111','VISA','01','2024',''),(232,'411111','1111','VISA','01','2024',''),(233,'411111','1111','VISA','01','2024',''),(234,'411111','1111','VISA','01','2024',''),(235,'411111','1111','VISA','01','2024',''),(236,'411111','1111','VISA','01','2024',''),(237,'411111','1111','VISA','01','2024',''),(238,'411111','1111','VISA','01','2024',''),(239,'411111','1111','VISA','01','2024',''),(240,'411111','1111','VISA','01','2024',''),(241,'411111','1111','VISA','01','2024',''),(242,'411111','1111','VISA','01','2024',''),(243,'411111','1111','VISA','01','2024',''),(244,'411111','1111','VISA','01','2024',''),(245,'411111','1111','VISA','01','2024',''),(246,'411111','1111','VISA','01','2024',''),(247,'411111','1111','VISA','01','2024',''),(248,'411111','1111','VISA','01','2024',''),(249,'411111','1111','VISA','01','2024',''),(250,'411111','1111','VISA','01','2024',''),(251,'411111','1111','VISA','01','2024',''),(252,'411111','1111','VISA','01','2024',''),(253,'411111','1111','VISA','01','2024',''),(254,'411111','1111','VISA','01','2024',''),(255,'411111','1111','VISA','01','2024',''),(256,'411111','1111','VISA','01','2024',''),(257,'411111','1111','VISA','01','2024',''),(258,'411111','1111','VISA','01','2024',''),(259,'411111','1111','VISA','01','2024',''),(260,'411111','1111','VISA','01','2024',''),(261,'411111','1111','VISA','01','2024',''),(262,'411111','1111','VISA','01','2024',''),(263,'411111','1111','VISA','01','2024',''),(264,'411111','1111','VISA','01','2024',''),(265,'411111','1111','VISA','01','2024',''),(266,'411111','1111','VISA','01','2024',''),(267,'411111','1111','VISA','01','2024',''),(268,'411111','1111','VISA','01','2024',''),(269,'411111','1111','VISA','01','2024',''),(270,'411111','1111','VISA','01','2024',''),(271,'411111','1111','VISA','01','2024',''),(272,'411111','1111','VISA','01','2024',''),(273,'411111','1111','VISA','01','2024',''),(274,'411111','1111','VISA','01','2024',''),(275,'411111','1111','VISA','01','2024',''),(276,'411111','1111','VISA','01','2024',''),(277,'411111','1111','VISA','01','2024',''),(278,'411111','1111','VISA','01','2024',''),(279,'411111','1111','VISA','01','2024',''),(280,'411111','1111','VISA','01','2024',''),(281,'411111','1111','VISA','01','2024',''),(282,'411111','1111','VISA','01','2024',''),(283,'411111','1111','VISA','01','2024',''),(284,'411111','1111','VISA','01','2024',''),(285,'411111','1111','VISA','01','2024',''),(286,'411111','1111','VISA','01','2024',''),(287,'411111','1111','VISA','01','2024',''),(288,'411111','1111','VISA','01','2024',''),(289,'411111','1111','VISA','01','2024',''),(290,'411111','1111','VISA','01','2024',''),(291,'411111','1111','VISA','01','2024',''),(292,'411111','1111','VISA','01','2024',''),(293,'411111','1111','VISA','01','2024',''),(294,'411111','1111','VISA','01','2024',''),(295,'411111','1111','VISA','01','2024',''),(296,'411111','1111','VISA','12','2022',''),(297,'492900','0006','VISA','12','2022','CHALLENGE'),(298,'492900','0006','VISA','12','2022','CHALLENGE'),(299,'492900','0006','VISA','12','2022','SUCCESSFUL'),(300,'492900','0006','VISA','12','2022','NOTAUTH'),(301,'492900','0006','VISA','12','2022','SUCCESSFUL'),(302,'492900','0006','VISA','12','2022','NOTAUTH'),(303,'492900','0006','VISA','12','2022','PROOFATTEMPT'),(304,'492900','0006','VISA','12','2022','NOTENROLLED'),(305,'492900','0006','VISA','12','2022','TECHDIFFICULTIES'),(306,'492900','0006','VISA','12','2022','ERROR'),(307,'481852','9009','VISA','12','2023',''),(308,'513632','3579','MC','01','2023',''),(309,'513101','6728','MC','01','2023',''),(310,'513632','1972','MC','01','2023',''),(311,'513101','9989','MC','01','2023',''),(312,'424242','4242','VISA','05','2030','test'),(313,'411111','1111','VISA','11','2022','test'),(314,'481852','9009','VISA','12','2023',''),(315,'520424','2575','MC','09','2022',''),(322,'481852','9009','VISA','12','2023',''),(323,'520424','2575','MC','09','2022',''),(324,'520424','2575','MC','09','2022',''),(325,'520424','2575','MC','09','2022',''),(326,'520424','2575','MC','09','2022',''),(327,'520424','2575','MC','09','2022',''),(328,'520424','2575','MC','09','2022',''),(329,'520424','2575','MC','09','2022',''),(330,'520424','2575','MC','09','2022',''),(331,'520424','2575','MC','09','2022',''),(332,'520424','2575','MC','09','2022',''),(333,'520424','2575','MC','09','2022',''),(334,'520424','2575','MC','09','2022',''),(335,'520424','2575','MC','09','2022',''),(336,'520424','2575','MC','09','2022',''),(337,'520424','2575','MC','09','2022',''),(338,'520424','2575','MC','09','2022',''),(339,'481852','9009','VISA','12','2023',''),(340,'481852','9009','VISA','12','2023',''),(341,'520424','2575','MC','09','2022',''),(342,'520424','2575','MC','09','2022',''),(343,'520424','2575','MC','09','2022',''),(344,'520424','2575','MC','09','2022',''),(345,'520424','2575','MC','09','2022',''),(346,'411111','1111','VISA','12','2027',''),(347,'411111','1111','VISA','12','2027',''),(348,'411111','1111','VISA','12','2027',''),(349,'411111','1111','VISA','12','2027',''),(350,'520424','7840','MC','12','2027',''),(351,'411111','1111','VISA','12','2027',''),(352,'411111','1111','VISA','12','2027',''),(353,'411111','1111','VISA','12','2027',''),(354,'411111','1111','VISA','12','2027',''),(355,'411111','1111','VISA','12','2027',''),(356,'411111','1111','VISA','12','2027',''),(357,'520424','2575','MC','09','2022',''),(358,'411111','1111','VISA','12','2022',''),(359,'400000','1000','VISA','01','2023',''),(360,'400000','1018','VISA','01','2023',''),(361,'411111','1111','VISA','01','2023',''),(362,'400000','1026','VISA','01','2023',''),(363,'400000','1034','VISA','01','2023',''),(364,'400000','1042','VISA','01','2023',''),(365,'400000','1059','VISA','01','2023',''),(366,'400000','1067','VISA','01','2023',''),(367,'400000','1075','VISA','01','2023',''),(368,'400000','1083','VISA','01','2023',''),(369,'400000','1091','VISA','01','2023',''),(370,'400000','1109','VISA','01','2023',''),(371,'400000','1117','VISA','01','2023',''),(373,'411111','1111','VISA','12','2022',''),(374,'400700','0027','VISA','03','2024','Customer Customer'),(375,'411111','1111','VISA','12','2023',''),(376,'411111','1111','VISA','12','2023',''),(377,'411111','1111','VISA','12','2023',''),(378,'511092','0424','MC','05','2023',''),(379,'511092','0424','MC','05','2023',''),(380,'400000','1000','VISA','01','2025',''),(387,'400000','1091','VISA','01','2023',''),(388,'411111','1111','VISA','12','2023',''),(389,'411111','1111','VISA','12','2023',''),(390,'411111','1111','VISA','12','2023',''),(391,'411111','1111','VISA','12','2023',''),(392,'411111','1111','VISA','12','2022',''),(393,'411111','1111','VISA','12','2022',''),(394,'411111','1111','VISA','12','2023',''),(395,'411111','1111','VISA','12','2023',''),(396,'411111','1111','VISA','12','2023',''),(397,'411111','1111','VISA','12','2023',''),(398,'411111','1111','VISA','12','2023',''),(399,'411111','1111','VISA','12','2023',''),(400,'411111','1111','VISA','12','2023',''),(402,'411111','1111','VISA','12','2022',''),(403,'411111','1111','VISA','12','2023',''),(404,'531460','9308','MC','12','2023',''),(405,'513101','5211','MC','12','2023',''),(406,'513101','5211','MC','12','2023',''),(407,'513101','4533','MC','12','2023',''),(408,'513632','1203','MC','12','2023',''),(409,'513101','1535','MC','12','2023',''),(410,'411111','1111','VISA','04','2023','Customer Customer'),(411,'513632','1989','MC','12','2023',''),(412,'513632','9974','MC','12','2023',''),(413,'513101','2777','MC','12','2023',''),(414,'513632','1652','MC','12','2023',''),(415,'531460','7380','MC','12','2023',''),(416,'513101','2900','MC','12','2023',''),(417,'513101','4325','MC','12','2023',''),(418,'513101','7913','MC','12','2023',''),(419,'531460','6962','MC','12','2023',''),(420,'513632','9974','MC','12','2023',''),(421,'411111','1111','VISA','12','2023',''),(422,'411111','1111','VISA','12','2023',''),(423,'411111','1111','VISA','12','2022',''),(424,'411111','1111','VISA','12','2023',''),(425,'411111','1111','VISA','12','2023',''),(426,'411111','1111','VISA','12','2023',''),(427,'411111','1111','VISA','12','2023',''),(428,'411111','1111','VISA','12','2023',''),(429,'411111','1111','VISA','12','2023',''),(430,'411111','1111','VISA','12','2023',''),(431,'411111','1111','VISA','12','2023',''),(432,'411111','1111','VISA','12','2023',''),(433,'411111','1111','VISA','12','2023',''),(434,'411111','1111','VISA','12','2023',''),(435,'411111','1111','VISA','12','2023',''),(436,'411111','1111','VISA','12','2023',''),(437,'411111','1111','VISA','12','2023',''),(438,'411111','1111','VISA','12','2023',''),(439,'411111','1111','VISA','12','2023',''),(440,'411111','1111','VISA','12','2023',''),(441,'411111','1111','VISA','12','2023',''),(442,'411111','1111','VISA','12','2023',''),(443,'411111','1111','VISA','12','2023',''),(444,'411111','1111','VISA','12','2023',''),(445,'411111','1111','VISA','12','2023',''),(446,'411111','1111','VISA','12','2023',''),(447,'411111','1111','VISA','12','2023',''),(448,'411111','1111','VISA','12','2023',''),(449,'411111','1111','VISA','12','2023',''),(450,'411111','1111','VISA','12','2023',''),(451,'411111','1111','VISA','12','2023',''),(452,'411111','1111','VISA','12','2023',''),(453,'411111','1111','VISA','12','2023',''),(454,'411111','1111','VISA','12','2023',''),(455,'411111','1111','VISA','12','2023',''),(456,'411111','1111','VISA','12','2023',''),(457,'411111','1111','VISA','12','2023',''),(458,'411111','1111','VISA','12','2023',''),(459,'411111','1111','VISA','12','2023',''),(460,'411111','1111','VISA','12','2023',''),(461,'411111','1111','VISA','12','2023',''),(462,'411111','1111','VISA','12','2023',''),(463,'411111','1111','VISA','12','2023',''),(464,'411111','1111','VISA','12','2023',''),(465,'411111','1111','VISA','12','2023',''),(466,'411111','1111','VISA','12','2023',''),(467,'411111','1111','VISA','12','2023',''),(468,'411111','1111','VISA','12','2023',''),(469,'411111','1111','VISA','12','2023',''),(470,'411111','1111','VISA','12','2023',''),(471,'411111','1111','VISA','12','2023',''),(472,'411111','1111','VISA','12','2023',''),(473,'411111','1111','VISA','12','2023',''),(474,'411111','1111','VISA','12','2023',''),(475,'411111','1111','VISA','12','2023',''),(476,'411111','1111','VISA','12','2023',''),(477,'411111','1111','VISA','12','2023',''),(478,'411111','1111','VISA','12','2023',''),(479,'411111','1111','VISA','12','2023',''),(480,'411111','1111','VISA','12','2023',''),(481,'411111','1111','VISA','12','2023',''),(482,'411111','1111','VISA','12','2023',''),(483,'411111','1111','VISA','12','2023',''),(484,'411111','1111','VISA','12','2023',''),(485,'411111','1111','VISA','12','2023',''),(486,'411111','1111','VISA','12','2023',''),(487,'411111','1111','VISA','12','2023',''),(488,'411111','1111','VISA','12','2023',''),(489,'411111','1111','VISA','12','2023',''),(490,'411111','1111','VISA','12','2023',''),(491,'411111','1111','VISA','12','2023',''),(492,'411111','1111','VISA','12','2023',''),(493,'411111','1111','VISA','12','2023',''),(494,'411111','1111','VISA','12','2023',''),(495,'411111','1111','VISA','12','2023',''),(496,'411111','1111','VISA','12','2023',''),(497,'411111','1111','VISA','12','2023',''),(498,'411111','1111','VISA','12','2023',''),(499,'411111','1111','VISA','12','2023',''),(500,'411111','1111','VISA','12','2023',''),(501,'411111','1111','VISA','12','2023',''),(502,'411111','1111','VISA','12','2023',''),(503,'411111','1111','VISA','12','2023',''),(504,'411111','1111','VISA','12','2023',''),(505,'411111','1111','VISA','12','2023',''),(506,'411111','1111','VISA','12','2023',''),(507,'411111','1111','VISA','12','2023',''),(508,'411111','1111','VISA','12','2023',''),(509,'411111','1111','VISA','12','2023',''),(510,'411111','1111','VISA','12','2023',''),(511,'411111','1111','VISA','12','2023',''),(512,'411111','1111','VISA','12','2023',''),(513,'411111','1111','VISA','12','2023',''),(514,'411111','1111','VISA','12','2023',''),(515,'411111','1111','VISA','12','2023',''),(516,'411111','1111','VISA','12','2023',''),(517,'411111','1111','VISA','12','2023',''),(518,'411111','1111','VISA','12','2023',''),(519,'411111','1111','VISA','12','2023',''),(520,'411111','1111','VISA','12','2023',''),(521,'411111','1111','VISA','12','2023',''),(522,'411111','1111','VISA','12','2023',''),(523,'411111','1111','VISA','12','2023',''),(524,'411111','1111','VISA','12','2023',''),(525,'411111','1111','VISA','12','2023',''),(526,'411111','1111','VISA','12','2023',''),(527,'411111','1111','VISA','12','2023',''),(528,'411111','1111','VISA','12','2023',''),(529,'411111','1111','VISA','12','2023',''),(530,'411111','1111','VISA','12','2023',''),(531,'411111','1111','VISA','12','2023',''),(532,'411111','1111','VISA','12','2023',''),(533,'411111','1111','VISA','12','2023',''),(534,'411111','1111','VISA','12','2023',''),(535,'411111','1111','VISA','12','2023',''),(536,'411111','1111','VISA','12','2023',''),(537,'411111','1111','VISA','12','2023',''),(538,'411111','1111','VISA','12','2023',''),(539,'411111','1111','VISA','12','2023',''),(540,'411111','1111','VISA','12','2023',''),(541,'411111','1111','VISA','12','2023',''),(542,'411111','1111','VISA','12','2023',''),(543,'411111','1111','VISA','12','2023',''),(544,'411111','1111','VISA','12','2023',''),(545,'411111','1111','VISA','12','2023',''),(546,'411111','1111','VISA','12','2023',''),(547,'411111','1111','VISA','12','2023',''),(548,'411111','1111','VISA','12','2023',''),(549,'411111','1111','VISA','12','2023',''),(550,'411111','1111','VISA','12','2023',''),(551,'411111','1111','VISA','12','2023',''),(552,'411111','1111','VISA','12','2023',''),(553,'411111','1111','VISA','12','2023',''),(554,'411111','1111','VISA','12','2023',''),(555,'411111','1111','VISA','12','2023',''),(556,'411111','1111','VISA','12','2023',''),(557,'411111','1111','VISA','12','2023',''),(558,'411111','1111','VISA','12','2023',''),(559,'411111','1111','VISA','12','2023',''),(560,'411111','1111','VISA','12','2023',''),(561,'411111','1111','VISA','12','2023',''),(562,'411111','1111','VISA','12','2023',''),(563,'411111','1111','VISA','12','2023',''),(564,'411111','1111','VISA','12','2023',''),(565,'411111','1111','VISA','12','2023',''),(566,'411111','1111','VISA','12','2023',''),(567,'411111','1111','VISA','12','2023',''),(568,'411111','1111','VISA','12','2023',''),(569,'411111','1111','VISA','12','2023',''),(570,'411111','1111','VISA','12','2023',''),(571,'411111','1111','VISA','12','2023',''),(572,'411111','1111','VISA','12','2023',''),(573,'411111','1111','VISA','12','2023',''),(574,'411111','1111','VISA','12','2023',''),(575,'411111','1111','VISA','12','2023',''),(576,'411111','1111','VISA','12','2023',''),(577,'411111','1111','VISA','12','2023',''),(578,'411111','1111','VISA','12','2023',''),(579,'411111','1111','VISA','12','2023',''),(580,'411111','1111','VISA','12','2023',''),(581,'411111','1111','VISA','12','2023',''),(582,'411111','1111','VISA','12','2023',''),(583,'411111','1111','VISA','12','2023',''),(584,'411111','1111','VISA','12','2023',''),(585,'411111','1111','VISA','12','2023',''),(586,'411111','1111','VISA','12','2023',''),(587,'411111','1111','VISA','12','2023',''),(588,'411111','1111','VISA','12','2023',''),(589,'411111','1111','VISA','12','2023',''),(590,'411111','1111','VISA','12','2023',''),(591,'411111','1111','VISA','12','2023',''),(592,'411111','1111','VISA','12','2023',''),(593,'411111','1111','VISA','12','2023',''),(594,'411111','1111','VISA','12','2023',''),(595,'411111','1111','VISA','12','2023',''),(596,'411111','1111','VISA','12','2023',''),(597,'411111','1111','VISA','12','2023',''),(598,'411111','1111','VISA','12','2023',''),(599,'411111','1111','VISA','12','2023',''),(600,'411111','1111','VISA','12','2023',''),(601,'411111','1111','VISA','12','2023',''),(602,'411111','1111','VISA','12','2023',''),(603,'411111','1111','VISA','12','2023',''),(604,'411111','1111','VISA','12','2023',''),(605,'411111','1111','VISA','12','2023',''),(606,'411111','1111','VISA','12','2023',''),(607,'411111','1111','VISA','12','2023',''),(608,'411111','1111','VISA','12','2023',''),(609,'411111','1111','VISA','12','2023',''),(610,'411111','1111','VISA','12','2023',''),(611,'411111','1111','VISA','12','2023',''),(612,'411111','1111','VISA','12','2023',''),(613,'411111','1111','VISA','12','2023',''),(614,'411111','1111','VISA','12','2023',''),(615,'411111','1111','VISA','12','2023',''),(616,'411111','1111','VISA','12','2023',''),(617,'411111','1111','VISA','12','2023',''),(618,'411111','1111','VISA','12','2023',''),(619,'411111','1111','VISA','12','2023',''),(620,'411111','1111','VISA','12','2023',''),(621,'411111','1111','VISA','12','2023',''),(622,'411111','1111','VISA','12','2023',''),(623,'411111','1111','VISA','12','2023',''),(624,'411111','1111','VISA','12','2023',''),(625,'411111','1111','VISA','12','2023',''),(626,'411111','1111','VISA','12','2023',''),(627,'411111','1111','VISA','12','2023',''),(628,'411111','1111','VISA','12','2023',''),(629,'411111','1111','VISA','12','2023',''),(630,'411111','1111','VISA','12','2023',''),(631,'411111','1111','VISA','12','2023',''),(632,'411111','1111','VISA','12','2023',''),(633,'411111','1111','VISA','12','2023',''),(634,'411111','1111','VISA','12','2023',''),(635,'411111','1111','VISA','12','2023',''),(636,'411111','1111','VISA','12','2023',''),(637,'411111','1111','VISA','12','2023',''),(638,'411111','1111','VISA','12','2023',''),(639,'411111','1111','VISA','12','2023',''),(640,'411111','1111','VISA','12','2023',''),(641,'411111','1111','VISA','12','2023',''),(642,'411111','1111','VISA','12','2023',''),(643,'411111','1111','VISA','12','2023',''),(644,'411111','1111','VISA','12','2023',''),(645,'411111','1111','VISA','12','2023',''),(646,'411111','1111','VISA','12','2023',''),(647,'411111','1111','VISA','12','2023',''),(648,'411111','1111','VISA','12','2023',''),(649,'411111','1111','VISA','12','2023',''),(650,'411111','1111','VISA','12','2023',''),(651,'411111','1111','VISA','12','2023',''),(652,'411111','1111','VISA','12','2023',''),(653,'411111','1111','VISA','12','2023',''),(654,'411111','1111','VISA','12','2023',''),(655,'411111','1111','VISA','12','2023',''),(656,'411111','1111','VISA','12','2023',''),(657,'411111','1111','VISA','12','2023',''),(658,'411111','1111','VISA','12','2023',''),(659,'411111','1111','VISA','12','2023',''),(660,'411111','1111','VISA','12','2023',''),(661,'411111','1111','VISA','12','2023',''),(662,'411111','1111','VISA','12','2023',''),(663,'411111','1111','VISA','12','2023',''),(664,'411111','1111','VISA','12','2023',''),(665,'411111','1111','VISA','12','2023',''),(666,'411111','1111','VISA','12','2023',''),(667,'411111','1111','VISA','12','2023',''),(668,'411111','1111','VISA','12','2023',''),(669,'411111','1111','VISA','12','2023',''),(670,'411111','1111','VISA','12','2023',''),(671,'411111','1111','VISA','12','2023',''),(672,'411111','1111','VISA','12','2023',''),(673,'411111','1111','VISA','12','2023',''),(674,'411111','1111','VISA','12','2023',''),(675,'411111','1111','VISA','12','2023',''),(676,'411111','1111','VISA','12','2023',''),(677,'411111','1111','VISA','12','2023',''),(678,'411111','1111','VISA','12','2023',''),(679,'411111','1111','VISA','12','2023',''),(680,'411111','1111','VISA','12','2023',''),(681,'411111','1111','VISA','12','2023',''),(682,'411111','1111','VISA','12','2023',''),(683,'411111','1111','VISA','12','2023',''),(684,'411111','1111','VISA','12','2023',''),(685,'411111','1111','VISA','12','2023',''),(686,'411111','1111','VISA','12','2023',''),(687,'411111','1111','VISA','12','2023',''),(688,'411111','1111','VISA','12','2023',''),(689,'411111','1111','VISA','12','2023',''),(690,'411111','1111','VISA','12','2023',''),(691,'411111','1111','VISA','12','2023',''),(692,'411111','1111','VISA','12','2023',''),(693,'411111','1111','VISA','12','2023',''),(694,'411111','1111','VISA','12','2023',''),(695,'411111','1111','VISA','12','2023',''),(696,'411111','1111','VISA','12','2023',''),(697,'411111','1111','VISA','12','2023',''),(698,'411111','1111','VISA','12','2023',''),(699,'481852','9009','VISA','12','2023',''),(701,'411111','1111','VISA','12','2023',''),(702,'411111','1111','VISA','12','2023',''),(703,'400000','1091','VISA','01','2023',''),(708,'411111','1111','VISA','12','2022',''),(709,'411111','1111','VISA','12','2027',''),(710,'411111','1111','VISA','12','2022',''),(711,'411111','1111','VISA','12','2027',''),(712,'411111','1111','VISA','12','2027',''),(713,'411111','1111','VISA','12','2027',''),(714,'411111','1111','VISA','12','2027',''),(715,'411111','1111','VISA','12','2027',''),(716,'411111','1111','VISA','12','2027',''),(717,'411111','1111','VISA','12','2027',''),(718,'411111','1111','VISA','12','2027',''),(719,'411111','1111','VISA','12','2027',''),(720,'411111','1111','VISA','12','2027',''),(721,'411111','1111','VISA','12','2027',''),(722,'411111','1111','VISA','12','2027',''),(723,'411111','1111','VISA','12','2027',''),(724,'411111','1111','VISA','12','2027',''),(725,'411111','1111','VISA','12','2027',''),(726,'411111','1111','VISA','12','2027',''),(727,'411111','1111','VISA','12','2027',''),(728,'411111','1111','VISA','12','2027',''),(729,'411111','1111','VISA','12','2027',''),(730,'411111','1111','VISA','12','2027',''),(731,'411111','1111','VISA','12','2027',''),(732,'411111','1111','VISA','12','2027',''),(733,'411111','1111','VISA','12','2027',''),(734,'411111','1111','VISA','12','2027',''),(735,'411111','1111','VISA','12','2027',''),(736,'411111','1111','VISA','12','2027',''),(737,'411111','1111','VISA','12','2027',''),(738,'411111','1111','VISA','12','2027',''),(739,'411111','1111','VISA','12','2022',''),(740,'411111','1111','VISA','12','2027',''),(741,'411111','1111','VISA','12','2027',''),(742,'411111','1111','VISA','12','2022',''),(743,'411111','1111','VISA','12','2022',''),(744,'411111','1111','VISA','12','2023',''),(745,'411111','1111','VISA','12','2027',''),(746,'411111','1111','VISA','12','2027',''),(747,'411111','1111','VISA','12','2027',''),(748,'411111','1111','VISA','12','2022',''),(749,'411111','1111','VISA','12','2022',''),(750,'411111','1111','VISA','12','2023',''),(751,'411111','1111','VISA','12','2027',''),(752,'411111','1111','VISA','12','2023',''),(753,'411111','1111','VISA','12','2023',''),(754,'411111','1111','VISA','12','2027',''),(755,'411111','1111','VISA','12','2027',''),(756,'411111','1111','VISA','12','2027',''),(757,'411111','1111','VISA','12','2022',''),(758,'411111','1111','VISA','12','2022',''),(759,'411111','1111','VISA','12','2022',''),(760,'411111','1111','VISA','12','2023',''),(761,'411111','1111','VISA','12','2023',''),(762,'411111','1111','VISA','12','2023',''),(763,'411111','1111','VISA','12','2022',''),(764,'411111','1111','VISA','12','2025',''),(765,'481852','9009','VISA','12','2023',''),(766,'481852','9009','VISA','12','2023',''),(767,'411111','1111','VISA','12','2022',''),(768,'411111','1111','VISA','11','2022',''),(769,'411111','1111','VISA','12','2022',''),(770,'411111','1111','VISA','11','2022',''),(771,'481852','9009','VISA','12','2023',''),(772,'481852','9009','VISA','12','2023',''),(773,'411111','1111','VISA','12','2022',''),(774,'411111','1111','VISA','12','2025',''),(777,'411111','1111','VISA','12','2022',''),(778,'481852','9009','VISA','12','2023',''),(779,'411111','1111','VISA','12','2022',''),(780,'411111','1111','VISA','12','2022',''),(781,'486871','7704','VISA','01','2025',''),(782,'486871','7704','VISA','01','2025',''),(783,'532987','4393','MC','01','2025',''),(784,'486871','4992','VISA','01','2025',''),(785,'486871','2421','VISA','01','2025',''),(786,'486871','5422','VISA','01','2025',''),(787,'486871','7210','VISA','01','2025',''),(788,'486871','8803','VISA','01','2025',''),(789,'486871','8803','VISA','01','2025',''),(790,'486871','6405','VISA','01','2025',''),(791,'486871','3346','VISA','01','2025',''),(792,'486871','4542','VISA','01','2025',''),(793,'486871','8815','VISA','01','2025',''),(794,'486871','3896','VISA','01','2025',''),(795,'486871','9038','VISA','01','2025',''),(796,'486871','0060','VISA','01','2025',''),(797,'486871','0723','VISA','01','2025',''),(798,'486871','2561','VISA','01','2025',''),(799,'486871','4153','VISA','01','2025',''),(800,'486871','1967','VISA','01','2025',''),(801,'486871','8267','VISA','01','2025',''),(802,'486871','3153','VISA','01','2025',''),(803,'486871','1368','VISA','01','2025',''),(804,'486871','5556','VISA','01','2025',''),(805,'486871','8580','VISA','01','2025',''),(806,'486871','1470','VISA','01','2025',''),(807,'486871','8584','VISA','01','2025',''),(808,'486871','6260','VISA','01','2025',''),(809,'486871','3647','VISA','01','2025',''),(810,'486871','5169','VISA','01','2025',''),(811,'486871','8502','VISA','01','2025',''),(812,'486871','1259','VISA','01','2025',''),(813,'486871','8543','VISA','01','2025',''),(814,'532987','0121','MC','01','2025',''),(815,'532987','3439','MC','01','2025',''),(816,'486871','5830','VISA','01','2025',''),(817,'486871','6080','VISA','01','2025',''),(818,'486871','3452','VISA','01','2025',''),(819,'532987','7362','MC','01','2025',''),(820,'532987','8494','MC','01','2025',''),(821,'411111','1111','VISA','12','2025',''),(822,'411111','1111','VISA','12','2025',''),(823,'411111','1111','VISA','12','2022',''),(824,'411111','1111','VISA','12','2025',''),(828,'400000','2701','VISA','01','2025',''),(829,'520000','2235','MC','01','2025',''),(830,'520000','2235','MC','01','2025',''),(831,'520000','2235','MC','01','2025',''),(833,'374200','0004','AMEX','10','2028',''),(834,'374200','0004','AMEX','12','2030',''),(835,'540400','0001','MC','02','2031',''),(836,'411111','1111','VISA','12','2025',''),(837,'374200','0004','AMEX','02','2028',''),(838,'555555','4444','MC','11','2030',''),(839,'345678','4564','AMEX','04','2024',''),(840,'655669','9513','DC','12','2024',''),(841,'555555','4444','MC','12','2023',''),(842,'424242','4242','VISA','03','2032',''),(843,'374200','0004','AMEX','09','2028',''),(844,'345678','4564','AMEX','11','2029',''),(845,'655669','9513','DC','08','2029',''),(846,'424242','4242','VISA','04','2032',''),(847,'374200','0004','AMEX','10','2029',''),(848,'540400','0001','MC','03','2028',''),(849,'555555','4444','MC','03','2026',''),(850,'555555','4444','MC','08','2023',''),(851,'555555','4444','MC','07','2025',''),(852,'601120','1277','DC','06','2028',''),(853,'411111','1111','VISA','12','2024',''),(854,'411111','1111','VISA','09','2027',''),(855,'555555','4444','MC','07','2032',''),(856,'374200','0004','AMEX','07','2026',''),(857,'424242','4242','VISA','05','2031',''),(858,'555555','4444','MC','11','2032',''),(859,'424242','4242','VISA','03','2029',''),(860,'411111','1111','VISA','08','2031',''),(861,'540400','0001','MC','02','2030',''),(862,'424242','4242','VISA','09','2025',''),(864,'411111','1111','VISA','12','2025',''),(865,'411111','1111','VISA','12','2025',''),(866,'411111','1111','VISA','12','2025',''),(867,'411111','1111','VISA','12','2025',''),(868,'400000','2701','VISA','01','2025',''),(869,'400000','2701','VISA','01','2025',''),(870,'400000','2925','VISA','01','2025',''),(871,'400000','2503','VISA','12','2025',''),(872,'411111','1111','VISA','12','2023',''),(873,'411111','1111','VISA','12','2027',''),(874,'411111','1111','VISA','12','2027',''),(875,'411111','1111','VISA','12','2027',''),(876,'411111','1111','VISA','12','2022',''),(877,'411111','1111','VISA','12','2022',''),(878,'411111','1111','VISA','12','2022',''),(879,'411111','1111','VISA','12','2022',''),(880,'411111','1111','VISA','12','2022',''),(881,'411111','1111','VISA','11','2022',''),(882,'411111','1111','VISA','12','2025',''),(883,'411111','1111','VISA','12','2023',''),(884,'411111','1111','VISA','12','2027',''),(885,'411111','1111','VISA','12','2027',''),(886,'411111','1111','VISA','12','2027',''),(887,'411111','1111','VISA','12','2022',''),(888,'411111','1111','VISA','12','2022',''),(889,'411111','1111','VISA','12','2022',''),(890,'411111','1111','VISA','12','2022',''),(891,'411111','1111','VISA','12','2022',''),(892,'411111','1111','VISA','11','2022',''),(893,'411111','1111','VISA','12','2025',''),(894,'411111','1111','VISA','12','2023',''),(895,'411111','1111','VISA','12','2027',''),(896,'411111','1111','VISA','12','2027',''),(897,'411111','1111','VISA','12','2027',''),(898,'411111','1111','VISA','12','2022',''),(899,'411111','1111','VISA','12','2022',''),(900,'411111','1111','VISA','12','2022',''),(901,'411111','1111','VISA','12','2022',''),(902,'411111','1111','VISA','12','2022',''),(903,'411111','1111','VISA','11','2022',''),(904,'411111','1111','VISA','12','2025',''),(905,'411111','1111','VISA','12','2025',''),(906,'411111','1111','VISA','12','2023',''),(907,'411111','1111','VISA','12','2027',''),(908,'411111','1111','VISA','12','2027',''),(909,'411111','1111','VISA','12','2027',''),(910,'411111','1111','VISA','12','2022',''),(911,'411111','1111','VISA','12','2022',''),(912,'411111','1111','VISA','12','2022',''),(913,'411111','1111','VISA','12','2022',''),(914,'411111','1111','VISA','12','2022',''),(915,'411111','1111','VISA','11','2022',''),(916,'411111','1111','VISA','12','2025',''),(917,'411111','1111','VISA','12','2023',''),(918,'411111','1111','VISA','12','2027',''),(919,'411111','1111','VISA','12','2027',''),(920,'411111','1111','VISA','12','2027',''),(921,'411111','1111','VISA','12','2022',''),(922,'411111','1111','VISA','12','2022',''),(923,'411111','1111','VISA','12','2022',''),(924,'411111','1111','VISA','12','2022',''),(925,'411111','1111','VISA','12','2022',''),(926,'411111','1111','VISA','11','2022',''),(927,'411111','1111','VISA','12','2025',''),(928,'411111','1111','VISA','12','2023',''),(929,'411111','1111','VISA','12','2027',''),(930,'411111','1111','VISA','12','2027',''),(931,'411111','1111','VISA','12','2027',''),(932,'411111','1111','VISA','12','2022',''),(933,'411111','1111','VISA','12','2022',''),(934,'411111','1111','VISA','12','2022',''),(935,'411111','1111','VISA','12','2022',''),(936,'411111','1111','VISA','12','2022',''),(937,'411111','1111','VISA','11','2022',''),(938,'411111','1111','VISA','12','2025',''),(939,'411111','1111','VISA','12','2023',''),(940,'411111','1111','VISA','12','2027',''),(941,'411111','1111','VISA','12','2027',''),(942,'411111','1111','VISA','12','2027',''),(943,'411111','1111','VISA','12','2022',''),(944,'411111','1111','VISA','12','2022',''),(945,'411111','1111','VISA','12','2022',''),(946,'411111','1111','VISA','12','2022',''),(947,'411111','1111','VISA','12','2022',''),(948,'411111','1111','VISA','11','2022',''),(949,'411111','1111','VISA','12','2025',''),(950,'411111','1111','VISA','12','2023',''),(951,'411111','1111','VISA','12','2027',''),(952,'411111','1111','VISA','12','2027',''),(953,'411111','1111','VISA','12','2027',''),(954,'411111','1111','VISA','12','2022',''),(955,'411111','1111','VISA','12','2022',''),(956,'411111','1111','VISA','12','2022',''),(957,'411111','1111','VISA','12','2022',''),(958,'411111','1111','VISA','12','2022',''),(959,'411111','1111','VISA','11','2022',''),(960,'411111','1111','VISA','12','2025',''),(962,'411111','1111','VISA','12','2025',''),(963,'411111','1111','VISA','12','2025',''),(964,'411111','1111','VISA','12','2025',''),(965,'411111','1111','VISA','12','2025',''),(966,'411111','1111','VISA','12','2025',''),(967,'411111','1111','VISA','12','2025',''),(968,'411111','1111','VISA','12','2025',''),(969,'411111','1111','VISA','12','2025',''),(970,'411111','1111','VISA','12','2025',''),(971,'411111','1111','VISA','12','2025',''),(972,'411111','1111','VISA','12','2025',''),(973,'411111','1111','VISA','12','2025',''),(974,'411111','1111','VISA','12','2025',''),(975,'411111','1111','VISA','12','2025',''),(976,'411111','1111','VISA','12','2025',''),(977,'411111','1111','VISA','12','2025',''),(978,'481852','9009','VISA','12','2023',''),(979,'481852','9009','VISA','12','2023',''),(980,'481852','9009','VISA','12','2023',''),(981,'411111','1111','VISA','12','2025',''),(982,'411111','1111','VISA','12','2025',''),(983,'411111','1111','VISA','12','2025',''),(985,'411111','1111','VISA','12','2025',''),(986,'411111','1111','VISA','12','2025',''),(987,'411111','1111','VISA','12','2027',''),(988,'481852','9009','VISA','12','2023',''),(989,'411111','1111','VISA','12','2025',''),(990,'481852','9009','VISA','12','2023',''),(991,'444433','1111','VISA','11','2023',''),(992,'411111','1111','VISA','12','2025',''),(993,'444433','1111','VISA','11','2023',''),(994,'481852','9009','VISA','12','2023',''),(995,'481852','9009','VISA','12','2023',''),(996,'411111','1111','VISA','12','2025',''),(997,'411111','1111','VISA','12','2025','Wee'),(998,'481852','9009','VISA','12','2023',''),(999,'481852','9009','VISA','12','2023',''),(1000,'411111','1111','VISA','12','2025',''),(1001,'411111','1111','VISA','12','2025',''),(1002,'411111','1111','VISA','12','2025',''),(1003,'00J811','0518','MC','12','33',''),(1004,'6RW848','3404','MC','12','33',''),(1005,'8HL822','790S','MC','12','33',''),(1006,'5UW147','392U','MC','12','33',''),(1009,'481852','9009','VISA','12','2023',''),(1010,'481852','9009','VISA','12','2023',''),(1011,'481852','9009','VISA','12','2023',''),(1012,'481852','9009','VISA','12','2023',''),(1013,'411111','1111','VISA','12','2025',''),(1016,'411111','1111','VISA','12','2025',''),(1017,'411111','1111','VISA','12','2025',''),(1018,'411111','1111','VISA','12','2025',''),(1019,'411111','1111','VISA','12','2025',''),(1020,'411111','1111','VISA','12','2025',''),(1027,'411111','1111','VISA','12','2025',''),(1038,'411111','1111','VISA','12','2025',''),(1039,'411111','1111','VISA','12','2025',''),(1040,'378282','0005','AMEX','12','2025',''),(1041,'411111','1111','VISA','12','2025',''),(1042,'411111','1111','VISA','12','2025',''),(1043,'411111','1111','VISA','12','2025',''),(1044,'411111','1111','VISA','12','2025',''),(1117,'411111','1111','VISA','12','2025',''),(1118,'411111','1111','VISA','01','2025',''),(1120,'411111','1111','VISA','01','2025',''),(1121,'411111','1111','VISA','01','2025',''),(1122,'424242','4242','VISA','02','2033',''),(1124,'424242','4242','VISA','02','2033',''),(1125,'411111','1111','VISA','01','2025',''),(1126,'411111','1111','VISA','01','2025',''),(1127,'411111','1111','VISA','01','2025',''),(1130,'411111','1111','VISA','12','2028',''),(1131,'481852','9009','VISA','12','2023',''),(1132,'481852','9009','VISA','12','2023',''),(1133,'481852','9009','VISA','12','2023',''),(1134,'481852','9009','VISA','12','2023',''),(1137,'481852','9009','VISA','12','2023',''),(1140,'481852','9009','VISA','12','2023',''),(1141,'481852','9009','VISA','12','2023',''),(1142,'481852','9009','VISA','12','2023',''),(1143,'411111','1111','VISA','12','2025',''),(1144,'411111','1111','VISA','01','2025',''),(1145,'411111','1111','VISA','12','2025',''),(1146,'411111','1111','VISA','12','2025',''),(1147,'411111','1111','VISA','12','2025',''),(1148,'481852','9009','VISA','12','2023',''),(1149,'481852','9009','VISA','12','2023',''),(1150,'481852','9009','VISA','12','2023',''),(1151,'481852','9009','VISA','12','2023',''),(1152,'411111','1111','VISA','12','2025',''),(1153,'411111','1111','VISA','12','2025',''),(1154,'411111','1111','VISA','12','2025',''),(1155,'411111','1111','VISA','12','2025',''),(1156,'411111','1111','VISA','12','2025',''),(1158,'411111','1111','VISA','12','2025',''),(1176,'550690','3949','MC','07','2026',''),(1179,'1000','0000','ACH','00','',''),(1192,'13G462','353X','MC','12','33',''),(1193,'411111','1111','VISA','12','2026',''),(1194,'411111','1111','VISA','12','2026',''),(1195,'481852','5225','VISA','12','2028',''),(1196,'481852','5225','VISA','12','2028',''),(1200,'481852','5225','VISA','12','2028',''),(1201,'481852','5225','VISA','12','2028','');

--
-- Table structure for table `xpay_mixpanel_event_context`
--

CREATE TABLE `xpay_mixpanel_event_context` (
  `event_id` int NOT NULL DEFAULT '0',
  `name` char(64) NOT NULL DEFAULT '',
  `value` text NOT NULL,
  PRIMARY KEY (`event_id`,`name`),
  KEY `event_id` (`event_id`),
  CONSTRAINT `xpay_mixpanel_event_context_ibfk_1` FOREIGN KEY (`event_id`) REFERENCES `xpay_mixpanel_events` (`event_id`) ON DELETE CASCADE ON UPDATE CASCADE
) ENGINE=InnoDB DEFAULT CHARSET=utf8mb3;

--
-- Dumping data for table `xpay_mixpanel_event_context`
--


--
-- Table structure for table `xpay_mixpanel_event_properties`
--

CREATE TABLE `xpay_mixpanel_event_properties` (
  `event_id` int NOT NULL DEFAULT '0',
  `name` char(64) NOT NULL DEFAULT '',
  `value` text NOT NULL,
  PRIMARY KEY (`event_id`,`name`),
  KEY `event_id` (`event_id`),
  CONSTRAINT `xpay_mixpanel_event_properties_ibfk_1` FOREIGN KEY (`event_id`) REFERENCES `xpay_mixpanel_events` (`event_id`) ON DELETE CASCADE ON UPDATE CASCADE
) ENGINE=InnoDB DEFAULT CHARSET=utf8mb3;

--
-- Dumping data for table `xpay_mixpanel_event_properties`
--


--
-- Table structure for table `xpay_mixpanel_events`
--

CREATE TABLE `xpay_mixpanel_events` (
  `event_id` int NOT NULL AUTO_INCREMENT,
  `action` varchar(255) NOT NULL DEFAULT '',
  `user_id` varchar(64) NOT NULL DEFAULT '',
  `timestamp` char(64) NOT NULL DEFAULT '',
  PRIMARY KEY (`event_id`)
) ENGINE=InnoDB DEFAULT CHARSET=utf8mb3;

--
-- Dumping data for table `xpay_mixpanel_events`
--


--
-- Table structure for table `xpay_modules_registry`
--

CREATE TABLE `xpay_modules_registry` (
  `module` varchar(64) NOT NULL,
  `type` varchar(64) NOT NULL,
  PRIMARY KEY (`module`,`type`)
) ENGINE=InnoDB DEFAULT CHARSET=utf8mb3;

--
-- Dumping data for table `xpay_modules_registry`
--

INSERT INTO `xpay_modules_registry` (`module`, `type`) VALUES ('Amex','Module'),('ANZeGate','Module'),('ApplePay','ModuleWallet'),('ApplePayPaypal','ModuleWallet'),('ApplePayRainforest','ModuleWallet'),('AuthorizeNetXML','Module'),('Bambora','Module'),('Bean','Module'),('BendigoBank','Module'),('BillriantPay','Module'),('BluePay','Module'),('BlueSnap','Module'),('Braintree','Module'),('Caledon','Module'),('CardinalCommerce','Module'),('Chase','Module'),('CommWeb','Module'),('Credomatic','Module'),('CyberSourceSOAP','Module'),('DemoPay','Module'),('Dibs','Module'),('DirectOne','Module'),('Elavon','Module'),('EpdqXML','Module'),('EProcessingTDE','Module'),('ESec','Module'),('ESelect','Module'),('EwayRapid','Module'),('FifthDimensionGateway','Module'),('FirstDataE4','Module'),('GlobalIris','Module'),('GlobalPay','Module'),('GoEmerchant','Module'),('GooglePay','ModuleWallet'),('GooglePayPaypal','ModuleWallet'),('Heartland','Module'),('HeidelPay','Module'),('InnovativeGateway','Module'),('ItransactXML','Module'),('Kount','ModuleAntifraud'),('Meritus','Module'),('NAB','Module'),('NABXML','Module'),('Netbilling','Module'),('Netevia','Module'),('NMI','Module'),('NoFraud','ModuleAntifraud'),('Ogone','Module'),('PayflowPro','Module'),('PayGateSA','Module'),('PayPal','Module'),('PaypalREST','Module'),('PaypalWPPDirectPayment','Module'),('PaypalWPPPEDirectPayment','Module'),('PsiGateXML','Module'),('QuantumGatewayXML','Module'),('QuickBooksPayments','Module'),('QuickPay','Module'),('RBSGlobalGatewayDirect','Module'),('Realex','Module'),('SagePayDirect','Module'),('SageUs','Module'),('Signifyd','ModuleAntifraud'),('SimplifyCommerce','Module'),('SkipJack','Module'),('Stripe','Module'),('Suncorp','Module'),('TranSafe','Module'),('TwoCheckout','Module'),('USAePay','Module'),('VirtualMerchantMPF','Module'),('WebXpress','Module'),('WorldpayTotalUS','Module'),('WorldpayUs','Module'),('XCartPay','Module');

--
-- Table structure for table `xpay_no_fraud_conf`
--

CREATE TABLE `xpay_no_fraud_conf` (
  `conf_id` int NOT NULL DEFAULT '0',
  `nf_token` varchar(255) NOT NULL DEFAULT '',
  `status` char(1) NOT NULL DEFAULT 'N',
  `mode` varchar(4) NOT NULL DEFAULT 'test',
  PRIMARY KEY (`conf_id`),
  CONSTRAINT `xpay_no_fraud_conf_ibfk_1` FOREIGN KEY (`conf_id`) REFERENCES `xpay_payment_confs` (`conf_id`) ON DELETE CASCADE ON UPDATE CASCADE
) ENGINE=InnoDB DEFAULT CHARSET=utf8mb3;

--
-- Dumping data for table `xpay_no_fraud_conf`
--


--
-- Table structure for table `xpay_no_fraud_result`
--

CREATE TABLE `xpay_no_fraud_result` (
  `payment_id` int NOT NULL DEFAULT '0',
  `transaction_id` varchar(255) NOT NULL DEFAULT '',
  `status` varchar(255) NOT NULL DEFAULT '',
  `message` varchar(255) NOT NULL DEFAULT '',
  `errors` text NOT NULL,
  PRIMARY KEY (`payment_id`),
  CONSTRAINT `xpay_no_fraud_result_ibfk_1` FOREIGN KEY (`payment_id`) REFERENCES `xpay_payments` (`payment_id`) ON DELETE CASCADE ON UPDATE CASCADE
) ENGINE=InnoDB DEFAULT CHARSET=utf8mb3;

--
-- Dumping data for table `xpay_no_fraud_result`
--


--
-- Table structure for table `xpay_password_history`
--

CREATE TABLE `xpay_password_history` (
  `ph_id` int NOT NULL AUTO_INCREMENT,
  `user_id` int NOT NULL,
  `password` char(128) NOT NULL DEFAULT '',
  `key_id` int NOT NULL,
  `set_date` int NOT NULL,
  PRIMARY KEY (`ph_id`),
  UNIQUE KEY `user_id` (`user_id`,`password`),
  CONSTRAINT `xpay_password_history_1` FOREIGN KEY (`user_id`) REFERENCES `xpay_profiles` (`user_id`) ON DELETE CASCADE ON UPDATE CASCADE
) ENGINE=InnoDB AUTO_INCREMENT=9 DEFAULT CHARSET=utf8mb3;

--
-- Dumping data for table `xpay_password_history`
--

INSERT INTO `xpay_password_history` (`ph_id`, `user_id`, `password`, `key_id`, `set_date`) VALUES (1,1,'PFavi/RIz/DdYR+SyxBL4C1u7kWo+aOY:W55HUgYfQFbA7cAu7m0x/mN2IMWqefC2',4668705,1637124433),(2,2,'2rtmqNFmjfRfne4EDO6XsmFXJvAxnVRf:XP+uY4t9/sxT0HFXq2qBHUcl5ARQqgpu',4528241,1637170384),(3,2,'/tIPwNcFRNYzumQllFBtAwugxk9AW+m3:Zr1r8z8HQXH95dxG5evB3+XwLiDLR1ZM',5554361,1653029524),(4,2,'g6dGWSbxzcVxLY7IuO1p+g/IydRojuUS:BKPaplln8mRQ6jpenpRv15aSDqgWy3ZP',1709232,1660737607),(5,2,'nzOBqM2jFovn517rA4dNlkLTpGUR4RWe:ObxgxtzGrwYHXrJrXknUXNGK2XtIEdHk',4668705,1676883651),(6,2,'fUj1SKsZ7uMdk6yBhrth6zFmI/4SaVEz:AW+G14FxudwUzQvfSMnDm/RH8e727JR2',6669510,1676968889),(7,2,'gl0LNQ2JDFOk6tics/hBXBmSX+4lbfTm:McwPCYqkJGOn3bJzeveGJ0j3DrVzX/XW',4668705,1687826430),(8,2,'hHTUMQSHogDXTfVcKc8xNPV2OA7BiCZ6:25A6TX55aESkpcAQxWW2qwPnSRMX1q2O',6724719,1697142116);

--
-- Table structure for table `xpay_payment_card_validation_data`
--

CREATE TABLE `xpay_payment_card_validation_data` (
  `cell_id` int NOT NULL AUTO_INCREMENT,
  `payment_id` int NOT NULL DEFAULT '0',
  `cvv` int NOT NULL DEFAULT '0',
  `cvv_code` char(1) NOT NULL DEFAULT '',
  `cvv_raw` varchar(255) NOT NULL DEFAULT '',
  `avs_a` int NOT NULL DEFAULT '0',
  `avs_z` int NOT NULL DEFAULT '0',
  `avs_c` int NOT NULL DEFAULT '0',
  `avs_code` char(1) NOT NULL DEFAULT '',
  `avs_raw` varchar(255) NOT NULL DEFAULT '',
  PRIMARY KEY (`cell_id`),
  KEY `payment_id` (`payment_id`),
  CONSTRAINT `xpay_payment_card_validation_data_ibfk_1` FOREIGN KEY (`payment_id`) REFERENCES `xpay_payments` (`payment_id`) ON DELETE CASCADE ON UPDATE CASCADE
) ENGINE=InnoDB AUTO_INCREMENT=1202 DEFAULT CHARSET=utf8mb3;

--
-- Dumping data for table `xpay_payment_card_validation_data`
--

INSERT INTO `xpay_payment_card_validation_data` (`cell_id`, `payment_id`, `cvv`, `cvv_code`, `cvv_raw`, `avs_a`, `avs_z`, `avs_c`, `avs_code`, `avs_raw`) VALUES (1,1,1,'','',1,1,1,'',''),(2,2,1,'','',1,1,1,'',''),(3,3,0,'','',0,0,0,'',''),(4,4,0,'','',0,0,0,'',''),(5,5,0,'','',0,0,0,'',''),(6,6,0,'','',0,0,0,'',''),(7,7,0,'','',0,0,0,'',''),(8,8,0,'','',0,0,0,'',''),(9,9,0,'','',0,0,0,'',''),(10,10,0,'','',0,0,0,'',''),(11,11,1,'','',1,1,1,'',''),(12,12,0,'','',0,0,0,'',''),(13,13,0,'','',0,0,0,'',''),(14,14,0,'','',0,0,0,'',''),(15,15,2,'','',2,2,2,'',''),(16,16,0,'','',0,0,0,'',''),(17,17,0,'','',0,0,0,'',''),(18,18,1,'','MATCHED',2,2,0,'',''),(19,19,1,'','MATCHED',2,2,0,'',''),(20,20,1,'','MATCHED',2,2,0,'',''),(21,21,0,'','',0,0,0,'',''),(22,22,0,'','',0,0,0,'',''),(23,23,0,'','',0,0,0,'',''),(24,24,0,'','',0,0,0,'',''),(25,25,0,'','',0,0,0,'',''),(26,26,0,'P','P',1,1,1,'Y','Y'),(27,27,0,'','',0,0,0,'',''),(28,28,1,'','',1,1,1,'',''),(29,29,1,'','',1,1,1,'',''),(30,30,0,'','',0,0,0,'',''),(31,31,0,'','',0,0,0,'',''),(32,32,0,'','',0,0,0,'',''),(33,33,0,'','',0,0,0,'',''),(34,34,2,'','',2,2,2,'',''),(35,35,1,'','',1,1,1,'',''),(36,36,2,'','',2,2,2,'',''),(37,37,0,'P','P',1,1,1,'Y','Y'),(38,38,0,'P','P',1,1,1,'Y','Y'),(39,39,0,'','',0,0,0,'',''),(40,40,0,'P','P',1,1,1,'Y','Y'),(41,41,1,'','',1,1,0,'',''),(42,42,1,'','',1,1,1,'',''),(43,43,1,'','',1,1,1,'',''),(44,44,2,'','',2,2,2,'',''),(45,45,2,'','',2,2,2,'',''),(46,46,0,'','',0,0,0,'',''),(47,47,0,'','',0,0,0,'',''),(48,48,1,'','',1,1,0,'',''),(49,49,1,'','',1,1,0,'',''),(50,50,0,'','',1,1,0,'',''),(51,51,0,'','',1,1,0,'',''),(52,52,0,'','',0,0,0,'',''),(53,53,0,'','',0,0,0,'',''),(54,54,0,'P','P',1,1,1,'Y','Y'),(55,55,0,'P','P',1,1,1,'Y','Y'),(56,56,0,'P','P',1,1,1,'Y','Y'),(57,57,0,'P','P',1,1,1,'Y','Y'),(58,58,0,'P','P',1,1,1,'Y','Y'),(59,59,0,'P','P',1,1,1,'Y','Y'),(60,60,0,'P','P',1,1,1,'Y','Y'),(61,61,0,'P','P',1,1,1,'Y','Y'),(62,62,0,'P','P',1,1,1,'Y','Y'),(63,63,0,'P','P',1,1,1,'Y','Y'),(64,64,0,'P','P',1,1,1,'Y','Y'),(65,65,1,'','',1,1,0,'',''),(66,66,0,'','',1,1,0,'',''),(67,67,0,'','',0,0,0,'',''),(68,68,0,'S','S',1,1,1,'Y','Y'),(69,69,0,'','',0,0,0,'',''),(70,70,0,'','',0,0,0,'',''),(71,71,0,'','',0,0,0,'',''),(72,72,0,'','',0,0,0,'',''),(73,73,0,'','',0,0,0,'',''),(74,74,0,'S','S',1,1,1,'Y','Y'),(75,75,0,'','',0,0,0,'',''),(76,76,0,'','',0,0,0,'',''),(77,77,0,'','',0,0,0,'',''),(78,78,0,'','',0,0,0,'',''),(79,79,0,'','',0,0,0,'',''),(80,80,1,'M','M',1,2,2,'A','A'),(81,81,1,'M','M',1,2,2,'A','A'),(82,82,1,'','',1,1,0,'',''),(83,83,1,'','',1,1,0,'',''),(84,84,0,'','',1,1,0,'',''),(85,85,1,'','',1,1,0,'',''),(86,86,0,'','',1,1,0,'',''),(87,87,1,'','',1,1,0,'',''),(88,88,0,'','',1,1,0,'',''),(89,89,1,'','',1,1,0,'',''),(90,90,1,'','',1,1,0,'',''),(91,91,0,'','',1,1,0,'',''),(92,92,0,'','',0,0,0,'',''),(93,93,0,'P','P',1,1,1,'Y','Y'),(94,94,0,'P','P',1,1,1,'Y','Y'),(95,95,0,'P','P',1,1,1,'Y','Y'),(96,96,0,'P','P',1,1,1,'Y','Y'),(97,97,0,'P','P',1,1,1,'Y','Y'),(98,98,0,'P','P',1,1,1,'Y','Y'),(99,99,0,'P','P',1,1,1,'Y','Y'),(100,100,0,'','',0,0,0,'',''),(101,101,0,'','',0,0,0,'',''),(102,102,0,'','',0,0,0,'',''),(103,103,0,'','',0,0,0,'',''),(104,104,0,'P','P',1,1,1,'Y','Y'),(105,105,0,'P','P',1,1,1,'Y','Y'),(106,106,0,'P','P',1,1,1,'Y','Y'),(107,107,0,'P','P',1,1,1,'Y','Y'),(108,108,0,'','',0,0,0,'',''),(109,109,0,'P','P',1,1,1,'Y','Y'),(110,110,0,'P','P',1,1,1,'Y','Y'),(111,111,0,'','',0,0,0,'',''),(112,112,0,'','',0,0,0,'',''),(113,113,0,'P','P',1,1,1,'Y','Y'),(114,114,0,'','',0,0,0,'',''),(115,115,0,'','',0,0,0,'',''),(116,116,0,'','',0,0,0,'',''),(117,117,0,'','',0,0,0,'',''),(118,118,0,'','',0,0,0,'',''),(119,119,0,'','',0,0,0,'',''),(120,120,0,'','',0,0,0,'',''),(121,121,0,'','',0,0,0,'',''),(122,122,0,'','',0,0,0,'',''),(123,123,0,'P','P',1,1,1,'Y','Y'),(124,124,0,'P','P',1,1,1,'Y','Y'),(125,125,0,'P','P',1,1,1,'Y','Y'),(126,126,0,'P','P',1,1,1,'Y','Y'),(127,127,0,'','',0,0,0,'',''),(128,128,0,'','',0,0,0,'',''),(129,129,0,'P','P',1,1,1,'Y','Y'),(130,130,0,'','',0,0,0,'',''),(131,131,0,'P','P',1,1,1,'Y','Y'),(132,132,0,'P','P',1,1,1,'Y','Y'),(133,133,0,'P','P',1,1,1,'Y','Y'),(134,134,0,'P','P',1,1,1,'Y','Y'),(135,135,0,'P','P',1,1,1,'Y','Y'),(136,136,0,'P','P',1,1,1,'Y','Y'),(137,137,0,'P','P',1,1,1,'Y','Y'),(138,138,0,'P','P',1,1,1,'Y','Y'),(139,139,0,'P','P',1,1,1,'Y','Y'),(140,140,0,'P','P',1,1,1,'Y','Y'),(141,141,0,'','',0,0,0,'P','P'),(142,142,0,'','',0,0,0,'P','P'),(143,143,0,'','',0,0,0,'P','P'),(144,144,0,'','',0,0,0,'P','P'),(145,145,0,'','',0,0,0,'P','P'),(146,146,0,'','',0,0,0,'P','P'),(147,147,0,'','',0,0,0,'',''),(148,148,0,'','',0,0,0,'',''),(149,149,0,'','',0,0,0,'',''),(150,150,0,'','',0,0,0,'',''),(151,151,0,'','',0,0,0,'',''),(152,152,0,'','',0,0,0,'',''),(153,153,0,'','',0,0,0,'',''),(154,154,0,'','',0,0,0,'',''),(155,155,0,'','',0,0,0,'',''),(156,156,0,'','',0,0,0,'',''),(157,157,0,'','',0,0,0,'',''),(158,158,0,'','',0,0,0,'',''),(159,159,0,'','',0,0,0,'',''),(160,160,0,'','',0,0,0,'',''),(161,161,0,'','',0,0,0,'',''),(162,162,0,'','',0,0,0,'',''),(163,163,0,'','',0,0,0,'',''),(164,164,0,'','',0,0,0,'',''),(165,165,0,'','',0,0,0,'',''),(166,166,0,'','',0,0,0,'',''),(167,167,0,'','',0,0,0,'',''),(168,168,0,'','',0,0,0,'',''),(169,169,0,'','',0,0,0,'',''),(170,170,0,'','',0,0,0,'',''),(171,171,0,'','',0,0,0,'',''),(172,172,0,'','',0,0,0,'',''),(173,173,0,'','',0,0,0,'',''),(174,174,0,'','',0,0,0,'',''),(175,175,0,'','',0,0,0,'',''),(176,176,0,'','',0,0,0,'',''),(177,177,0,'','',0,0,0,'',''),(178,178,0,'','',0,0,0,'',''),(179,179,0,'','',0,0,0,'',''),(180,180,0,'','',0,0,0,'',''),(181,181,0,'','',0,0,0,'',''),(182,182,0,'','',0,0,0,'',''),(183,183,0,'','',0,0,0,'',''),(184,184,0,'','',0,0,0,'',''),(185,185,0,'','',0,0,0,'',''),(186,186,0,'','',0,0,0,'',''),(187,187,0,'','',0,0,0,'',''),(188,188,0,'','',0,0,0,'',''),(189,189,0,'','',0,0,0,'',''),(190,190,0,'','',0,0,0,'',''),(191,191,0,'','',0,0,0,'',''),(192,192,0,'P','P',0,0,0,'U','U'),(193,193,1,'M','M',0,0,0,'U','U'),(194,194,1,'M','M',0,0,0,'U','U'),(195,195,1,'M','M',0,0,0,'U','U'),(196,196,0,'','',0,0,0,'',''),(197,197,0,'','',0,0,0,'',''),(198,198,0,'','',0,0,0,'',''),(199,199,0,'','',0,0,0,'',''),(200,200,0,'','',0,0,0,'',''),(201,201,0,'','',0,0,0,'',''),(202,202,0,'','',0,0,0,'',''),(203,203,0,'','',0,0,0,'',''),(204,204,0,'','',0,0,0,'',''),(205,205,0,'','',0,0,0,'',''),(206,206,0,'','',0,0,0,'',''),(207,207,0,'','',0,0,0,'',''),(208,208,0,'','',0,0,0,'',''),(209,209,0,'','',0,0,0,'',''),(210,210,0,'','',0,0,0,'',''),(211,211,0,'','',0,0,0,'',''),(212,212,0,'','',0,0,0,'',''),(213,213,0,'','',0,0,0,'',''),(214,214,0,'','',0,0,0,'',''),(215,215,0,'','',0,0,0,'',''),(216,216,0,'','',0,0,0,'',''),(217,217,0,'','',0,0,0,'',''),(218,218,0,'','',0,0,0,'',''),(219,219,0,'','',0,0,0,'',''),(220,220,0,'','',0,0,0,'',''),(221,221,0,'','',0,0,0,'',''),(222,222,0,'','',0,0,0,'',''),(223,223,0,'','',0,0,0,'',''),(224,224,0,'','',0,0,0,'',''),(225,225,0,'','',0,0,0,'',''),(226,226,0,'','',0,0,0,'',''),(227,227,0,'','',0,0,0,'',''),(228,228,0,'','',0,0,0,'',''),(229,229,0,'','',0,0,0,'',''),(230,230,0,'','',0,0,0,'',''),(231,231,0,'','',0,0,0,'',''),(232,232,0,'','',0,0,0,'',''),(233,233,0,'','',0,0,0,'',''),(234,234,0,'','',0,0,0,'',''),(235,235,0,'','',0,0,0,'',''),(236,236,0,'','',0,0,0,'',''),(237,237,0,'','',0,0,0,'',''),(238,238,0,'','',0,0,0,'',''),(239,239,0,'','',0,0,0,'',''),(240,240,0,'','',0,0,0,'',''),(241,241,0,'','',0,0,0,'',''),(242,242,0,'','',0,0,0,'',''),(243,243,0,'','',0,0,0,'',''),(244,244,0,'','',0,0,0,'',''),(245,245,0,'','',0,0,0,'',''),(246,246,0,'','',0,0,0,'',''),(247,247,0,'','',0,0,0,'',''),(248,248,0,'','',0,0,0,'',''),(249,249,0,'','',0,0,0,'',''),(250,250,0,'','',0,0,0,'',''),(251,251,0,'','',0,0,0,'',''),(252,252,0,'','',0,0,0,'',''),(253,253,0,'','',0,0,0,'',''),(254,254,0,'','',0,0,0,'',''),(255,255,0,'','',0,0,0,'',''),(256,256,0,'','',0,0,0,'',''),(257,257,0,'','',0,0,0,'',''),(258,258,0,'','',0,0,0,'',''),(259,259,0,'','',0,0,0,'',''),(260,260,0,'','',0,0,0,'',''),(261,261,0,'','',0,0,0,'',''),(262,262,0,'','',0,0,0,'',''),(263,263,0,'','',0,0,0,'',''),(264,264,0,'','',0,0,0,'',''),(265,265,0,'','',0,0,0,'',''),(266,266,0,'','',0,0,0,'',''),(267,267,0,'','',0,0,0,'',''),(268,268,0,'','',0,0,0,'',''),(269,269,0,'','',0,0,0,'',''),(270,270,0,'','',0,0,0,'',''),(271,271,0,'','',0,0,0,'',''),(272,272,0,'','',0,0,0,'',''),(273,273,0,'','',0,0,0,'',''),(274,274,0,'','',0,0,0,'',''),(275,275,0,'','',0,0,0,'',''),(276,276,0,'','',0,0,0,'',''),(277,277,0,'','',0,0,0,'',''),(278,278,0,'','',0,0,0,'',''),(279,279,0,'','',0,0,0,'',''),(280,280,0,'','',0,0,0,'',''),(281,281,0,'','',0,0,0,'',''),(282,282,0,'','',0,0,0,'',''),(283,283,0,'','',0,0,0,'',''),(284,284,0,'','',0,0,0,'',''),(285,285,0,'','',0,0,0,'',''),(286,286,0,'','',0,0,0,'',''),(287,287,0,'','',0,0,0,'',''),(288,288,0,'','',0,0,0,'',''),(289,289,0,'','',0,0,0,'',''),(290,290,0,'','',0,0,0,'',''),(291,291,0,'','',0,0,0,'',''),(292,292,0,'','',0,0,0,'',''),(293,293,0,'','',0,0,0,'',''),(294,294,0,'','',0,0,0,'',''),(295,295,0,'','',0,0,0,'',''),(296,296,0,'','',0,0,0,'',''),(297,297,1,'','MATCHED',2,2,0,'',''),(298,298,0,'','',0,0,0,'',''),(299,299,0,'','',0,0,0,'',''),(300,300,0,'','',0,0,0,'',''),(301,301,1,'','MATCHED',2,2,0,'',''),(302,302,0,'','',0,0,0,'',''),(303,303,1,'','MATCHED',2,2,0,'',''),(304,304,1,'','MATCHED',2,2,0,'',''),(305,305,1,'','MATCHED',2,2,0,'',''),(306,306,0,'','',0,0,0,'',''),(307,307,0,'P','P',1,1,1,'Y','Y'),(308,308,0,'','',0,0,0,'',''),(309,309,1,'M','M',1,1,1,'Y','Y'),(310,310,0,'','',0,0,0,'',''),(311,311,0,'','',0,0,0,'',''),(312,312,0,'','',0,0,0,'',''),(313,313,0,'P','P',1,1,1,'Y','Y'),(314,314,0,'P','P',1,1,1,'Y','Y'),(315,315,0,'P','P',1,1,1,'Y','Y'),(316,316,0,'','',0,0,0,'',''),(317,317,0,'','',0,0,0,'',''),(318,318,0,'','',0,0,0,'',''),(319,319,0,'','',0,0,0,'',''),(320,320,0,'','',0,0,0,'',''),(321,321,0,'','',0,0,0,'',''),(322,322,0,'P','P',1,1,1,'Y','Y'),(323,323,0,'P','P',1,1,1,'Y','Y'),(324,324,0,'P','P',1,1,1,'Y','Y'),(325,325,0,'P','P',1,1,1,'Y','Y'),(326,326,0,'P','P',1,1,1,'Y','Y'),(327,327,0,'P','P',1,1,1,'Y','Y'),(328,328,0,'P','P',1,1,1,'Y','Y'),(329,329,0,'P','P',1,1,1,'Y','Y'),(330,330,0,'P','P',1,1,1,'Y','Y'),(331,331,0,'P','P',1,1,1,'Y','Y'),(332,332,0,'P','P',1,1,1,'Y','Y'),(333,333,0,'P','P',1,1,1,'Y','Y'),(334,334,0,'P','P',1,1,1,'Y','Y'),(335,335,0,'P','P',1,1,1,'Y','Y'),(336,336,0,'P','P',1,1,1,'Y','Y'),(337,337,0,'P','P',1,1,1,'Y','Y'),(338,338,0,'P','P',1,1,1,'Y','Y'),(339,339,0,'P','P',1,1,1,'Y','Y'),(340,340,0,'P','P',1,1,1,'Y','Y'),(341,341,0,'P','P',1,1,1,'Y','Y'),(342,342,0,'P','P',1,1,1,'Y','Y'),(343,343,0,'P','P',1,1,1,'Y','Y'),(344,344,0,'P','P',1,1,1,'Y','Y'),(345,345,0,'P','P',1,1,1,'Y','Y'),(346,346,0,'P','P',1,1,1,'Y','Y'),(347,347,0,'P','P',1,1,1,'Y','Y'),(348,348,0,'P','P',1,1,1,'Y','Y'),(349,349,0,'P','P',1,1,1,'Y','Y'),(350,350,0,'P','P',1,1,1,'Y','Y'),(351,351,0,'P','P',1,1,1,'Y','Y'),(352,352,0,'P','P',1,1,1,'Y','Y'),(353,353,0,'P','P',1,1,1,'Y','Y'),(354,354,0,'P','P',1,1,1,'Y','Y'),(355,355,0,'P','P',1,1,1,'Y','Y'),(356,356,0,'P','P',1,1,1,'Y','Y'),(357,357,0,'','',1,1,0,'',''),(358,358,1,'','',1,1,0,'',''),(359,359,1,'','',1,1,0,'',''),(360,360,0,'','',0,0,0,'',''),(361,361,1,'','',1,1,0,'',''),(362,362,1,'','',1,1,0,'',''),(363,363,0,'','',0,0,0,'',''),(364,364,0,'','',0,0,0,'',''),(365,365,1,'','',1,1,0,'',''),(366,366,1,'','',1,1,0,'',''),(367,367,1,'','',1,1,0,'',''),(368,368,1,'','',1,1,0,'',''),(369,369,1,'','',1,1,0,'',''),(370,370,0,'','',0,0,0,'',''),(371,371,0,'','',0,0,0,'',''),(372,372,0,'','',0,0,0,'',''),(373,373,0,'P','P',1,1,1,'Y','Y'),(374,374,0,'P','P',1,1,1,'Y','Y'),(375,375,0,'P','P',1,1,1,'Y','Y'),(376,376,0,'P','P',1,1,1,'Y','Y'),(377,377,1,'','',1,1,0,'',''),(378,378,1,'Y','Y',1,1,0,'',''),(379,379,0,'','',0,0,0,'',''),(380,380,1,'','',1,1,0,'',''),(381,381,0,'','',0,0,0,'',''),(382,382,0,'','',0,0,0,'',''),(383,383,0,'','',0,0,0,'',''),(384,384,0,'','',0,0,0,'',''),(385,385,0,'','',0,0,0,'',''),(386,386,0,'','',0,0,0,'',''),(387,387,1,'','',1,1,0,'',''),(388,388,1,'Y','Y',1,2,0,'',''),(389,389,0,'','',0,0,0,'',''),(390,390,0,'','',0,0,0,'',''),(391,391,0,'','',0,0,0,'',''),(392,392,1,'Y','Y',1,2,0,'',''),(393,393,0,'','',0,0,0,'',''),(394,394,1,'Y','Y',1,2,0,'',''),(395,395,0,'','',0,0,0,'',''),(396,396,0,'','',0,0,0,'',''),(397,397,1,'Y','Y',1,2,0,'',''),(398,398,0,'','',0,0,0,'',''),(399,399,0,'','',0,0,0,'',''),(400,400,0,'','',1,1,0,'',''),(401,401,0,'','',0,0,0,'',''),(402,402,1,'','',1,1,0,'',''),(403,403,1,'','',1,1,0,'',''),(404,404,1,'M','M',1,1,1,'Y','Y'),(405,405,1,'M','M',1,1,1,'Y','Y'),(406,406,1,'M','M',1,1,1,'Y','Y'),(407,407,1,'M','M',1,1,1,'Y','Y'),(408,408,1,'M','M',1,1,1,'Y','Y'),(409,409,1,'M','M',1,1,1,'Y','Y'),(410,410,1,'','',1,1,0,'',''),(411,411,0,'','',0,0,0,'',''),(412,412,1,'M','M',1,1,1,'Y','Y'),(413,413,0,'','',0,0,0,'',''),(414,414,0,'','',0,0,0,'',''),(415,415,0,'','',0,0,0,'',''),(416,416,0,'','',0,0,0,'',''),(417,417,0,'','',0,0,0,'',''),(418,418,0,'','',0,0,0,'',''),(419,419,1,'M','M',1,1,1,'Y','Y'),(420,420,1,'M','M',1,1,1,'Y','Y'),(421,421,0,'','',1,1,1,'X','X'),(422,422,0,'','',0,0,0,'',''),(423,423,1,'','',1,1,0,'',''),(424,424,1,'','',1,1,0,'',''),(425,425,0,'','',1,1,0,'',''),(426,426,0,'','',1,1,0,'',''),(427,427,0,'','',1,1,0,'',''),(428,428,0,'','',1,1,0,'',''),(429,429,0,'','',1,1,0,'',''),(430,430,0,'','',1,1,0,'',''),(431,431,0,'','',1,1,0,'',''),(432,432,0,'','',1,1,0,'',''),(433,433,0,'','',1,1,0,'',''),(434,434,0,'','',1,1,0,'',''),(435,435,0,'','',1,1,0,'',''),(436,436,0,'','',1,1,0,'',''),(437,437,0,'','',1,1,0,'',''),(438,438,0,'','',1,1,0,'',''),(439,439,0,'','',1,1,0,'',''),(440,440,0,'','',1,1,0,'',''),(441,441,0,'','',1,1,0,'',''),(442,442,0,'','',1,1,0,'',''),(443,443,0,'','',1,1,0,'',''),(444,444,0,'','',1,1,0,'',''),(445,445,0,'','',1,1,0,'',''),(446,446,0,'','',1,1,0,'',''),(447,447,0,'','',1,1,0,'',''),(448,448,0,'','',1,1,0,'',''),(449,449,0,'','',1,1,0,'',''),(450,450,0,'','',1,1,0,'',''),(451,451,0,'','',1,1,0,'',''),(452,452,0,'','',1,1,0,'',''),(453,453,0,'','',1,1,0,'',''),(454,454,0,'','',1,1,0,'',''),(455,455,0,'','',1,1,0,'',''),(456,456,0,'','',1,1,0,'',''),(457,457,0,'','',1,1,0,'',''),(458,458,0,'','',1,1,0,'',''),(459,459,0,'','',1,1,0,'',''),(460,460,0,'','',1,1,0,'',''),(461,461,0,'','',1,1,0,'',''),(462,462,0,'','',1,1,0,'',''),(463,463,0,'','',1,1,0,'',''),(464,464,0,'','',1,1,0,'',''),(465,465,0,'','',1,1,0,'',''),(466,466,0,'','',1,1,0,'',''),(467,467,0,'','',1,1,0,'',''),(468,468,0,'','',1,1,0,'',''),(469,469,0,'','',1,1,0,'',''),(470,470,0,'','',1,1,0,'',''),(471,471,0,'','',1,1,0,'',''),(472,472,0,'','',1,1,0,'',''),(473,473,0,'','',1,1,0,'',''),(474,474,0,'','',1,1,0,'',''),(475,475,0,'','',1,1,0,'',''),(476,476,0,'','',1,1,0,'',''),(477,477,0,'','',1,1,0,'',''),(478,478,0,'','',1,1,0,'',''),(479,479,0,'','',1,1,0,'',''),(480,480,0,'','',1,1,0,'',''),(481,481,0,'','',1,1,0,'',''),(482,482,0,'','',1,1,0,'',''),(483,483,0,'','',1,1,0,'',''),(484,484,0,'','',1,1,0,'',''),(485,485,0,'','',1,1,0,'',''),(486,486,0,'','',1,1,0,'',''),(487,487,0,'','',1,1,0,'',''),(488,488,0,'','',1,1,0,'',''),(489,489,0,'','',1,1,0,'',''),(490,490,0,'','',1,1,0,'',''),(491,491,0,'','',1,1,0,'',''),(492,492,0,'','',1,1,0,'',''),(493,493,0,'','',1,1,0,'',''),(494,494,0,'','',1,1,0,'',''),(495,495,0,'','',1,1,0,'',''),(496,496,0,'','',1,1,0,'',''),(497,497,0,'','',1,1,0,'',''),(498,498,0,'','',1,1,0,'',''),(499,499,0,'','',1,1,0,'',''),(500,500,0,'','',1,1,0,'',''),(501,501,0,'','',1,1,0,'',''),(502,502,0,'','',1,1,0,'',''),(503,503,0,'','',1,1,0,'',''),(504,504,0,'','',1,1,0,'',''),(505,505,0,'','',1,1,0,'',''),(506,506,0,'','',1,1,0,'',''),(507,507,0,'','',1,1,0,'',''),(508,508,0,'','',1,1,0,'',''),(509,509,0,'','',1,1,0,'',''),(510,510,0,'','',1,1,0,'',''),(511,511,0,'','',1,1,0,'',''),(512,512,0,'','',1,1,0,'',''),(513,513,0,'','',1,1,0,'',''),(514,514,0,'','',1,1,0,'',''),(515,515,0,'','',1,1,0,'',''),(516,516,0,'','',1,1,0,'',''),(517,517,0,'','',1,1,0,'',''),(518,518,0,'','',1,1,0,'',''),(519,519,0,'','',1,1,0,'',''),(520,520,0,'','',1,1,0,'',''),(521,521,0,'','',1,1,0,'',''),(522,522,0,'','',1,1,0,'',''),(523,523,0,'','',1,1,0,'',''),(524,524,0,'','',1,1,0,'',''),(525,525,0,'','',1,1,0,'',''),(526,526,0,'','',1,1,0,'',''),(527,527,0,'','',1,1,0,'',''),(528,528,0,'','',1,1,0,'',''),(529,529,0,'','',1,1,0,'',''),(530,530,0,'','',1,1,0,'',''),(531,531,0,'','',1,1,0,'',''),(532,532,0,'','',1,1,0,'',''),(533,533,0,'','',1,1,0,'',''),(534,534,0,'','',1,1,0,'',''),(535,535,0,'','',1,1,0,'',''),(536,536,0,'','',1,1,0,'',''),(537,537,0,'','',1,1,0,'',''),(538,538,0,'','',1,1,0,'',''),(539,539,0,'','',1,1,0,'',''),(540,540,0,'','',1,1,0,'',''),(541,541,0,'','',1,1,0,'',''),(542,542,0,'','',1,1,0,'',''),(543,543,0,'','',1,1,0,'',''),(544,544,0,'','',1,1,0,'',''),(545,545,0,'','',1,1,0,'',''),(546,546,0,'','',1,1,0,'',''),(547,547,0,'','',1,1,0,'',''),(548,548,0,'','',1,1,0,'',''),(549,549,0,'','',1,1,0,'',''),(550,550,0,'','',1,1,0,'',''),(551,551,0,'','',1,1,0,'',''),(552,552,0,'','',1,1,0,'',''),(553,553,0,'','',1,1,0,'',''),(554,554,0,'','',1,1,0,'',''),(555,555,0,'','',1,1,0,'',''),(556,556,0,'','',1,1,0,'',''),(557,557,0,'','',1,1,0,'',''),(558,558,0,'','',1,1,0,'',''),(559,559,0,'','',1,1,0,'',''),(560,560,0,'','',1,1,0,'',''),(561,561,0,'','',1,1,0,'',''),(562,562,0,'','',1,1,0,'',''),(563,563,0,'','',1,1,0,'',''),(564,564,0,'','',1,1,0,'',''),(565,565,0,'','',1,1,0,'',''),(566,566,0,'','',1,1,0,'',''),(567,567,0,'','',1,1,0,'',''),(568,568,0,'','',1,1,0,'',''),(569,569,0,'','',1,1,0,'',''),(570,570,0,'','',1,1,0,'',''),(571,571,0,'','',1,1,0,'',''),(572,572,0,'','',1,1,0,'',''),(573,573,0,'','',1,1,0,'',''),(574,574,0,'','',1,1,0,'',''),(575,575,0,'','',1,1,0,'',''),(576,576,0,'','',1,1,0,'',''),(577,577,0,'','',1,1,0,'',''),(578,578,0,'','',1,1,0,'',''),(579,579,0,'','',1,1,0,'',''),(580,580,0,'','',1,1,0,'',''),(581,581,0,'','',1,1,0,'',''),(582,582,0,'','',1,1,0,'',''),(583,583,0,'','',1,1,0,'',''),(584,584,0,'','',1,1,0,'',''),(585,585,0,'','',1,1,0,'',''),(586,586,0,'','',1,1,0,'',''),(587,587,0,'','',1,1,0,'',''),(588,588,0,'','',1,1,0,'',''),(589,589,0,'','',1,1,0,'',''),(590,590,0,'','',1,1,0,'',''),(591,591,0,'','',1,1,0,'',''),(592,592,0,'','',1,1,0,'',''),(593,593,0,'','',1,1,0,'',''),(594,594,0,'','',1,1,0,'',''),(595,595,0,'','',1,1,0,'',''),(596,596,0,'','',1,1,0,'',''),(597,597,0,'','',1,1,0,'',''),(598,598,0,'','',1,1,0,'',''),(599,599,0,'','',1,1,0,'',''),(600,600,0,'','',1,1,0,'',''),(601,601,0,'','',1,1,0,'',''),(602,602,0,'','',1,1,0,'',''),(603,603,0,'','',1,1,0,'',''),(604,604,0,'','',1,1,0,'',''),(605,605,0,'','',1,1,0,'',''),(606,606,0,'','',1,1,0,'',''),(607,607,0,'','',1,1,0,'',''),(608,608,0,'','',1,1,0,'',''),(609,609,0,'','',1,1,0,'',''),(610,610,0,'','',1,1,0,'',''),(611,611,0,'','',1,1,0,'',''),(612,612,0,'','',1,1,0,'',''),(613,613,0,'','',1,1,0,'',''),(614,614,0,'','',1,1,0,'',''),(615,615,0,'','',1,1,0,'',''),(616,616,0,'','',1,1,0,'',''),(617,617,0,'','',1,1,0,'',''),(618,618,0,'','',1,1,0,'',''),(619,619,0,'','',1,1,0,'',''),(620,620,0,'','',1,1,0,'',''),(621,621,0,'','',1,1,0,'',''),(622,622,0,'','',1,1,0,'',''),(623,623,0,'','',1,1,0,'',''),(624,624,0,'','',1,1,0,'',''),(625,625,0,'','',1,1,0,'',''),(626,626,0,'','',1,1,0,'',''),(627,627,0,'','',1,1,0,'',''),(628,628,0,'','',1,1,0,'',''),(629,629,0,'','',1,1,0,'',''),(630,630,0,'','',1,1,0,'',''),(631,631,0,'','',1,1,0,'',''),(632,632,0,'','',1,1,0,'',''),(633,633,0,'','',1,1,0,'',''),(634,634,0,'','',1,1,0,'',''),(635,635,0,'','',1,1,0,'',''),(636,636,0,'','',1,1,0,'',''),(637,637,0,'','',1,1,0,'',''),(638,638,0,'','',1,1,0,'',''),(639,639,0,'','',1,1,0,'',''),(640,640,0,'','',1,1,0,'',''),(641,641,0,'','',1,1,0,'',''),(642,642,0,'','',1,1,0,'',''),(643,643,0,'','',1,1,0,'',''),(644,644,0,'','',1,1,0,'',''),(645,645,0,'','',1,1,0,'',''),(646,646,0,'','',1,1,0,'',''),(647,647,0,'','',1,1,0,'',''),(648,648,0,'','',1,1,0,'',''),(649,649,0,'','',1,1,0,'',''),(650,650,0,'','',1,1,0,'',''),(651,651,0,'','',1,1,0,'',''),(652,652,0,'','',1,1,0,'',''),(653,653,0,'','',1,1,0,'',''),(654,654,0,'','',1,1,0,'',''),(655,655,0,'','',1,1,0,'',''),(656,656,0,'','',1,1,0,'',''),(657,657,0,'','',1,1,0,'',''),(658,658,0,'','',1,1,0,'',''),(659,659,0,'','',1,1,0,'',''),(660,660,0,'','',1,1,0,'',''),(661,661,0,'','',1,1,0,'',''),(662,662,0,'','',1,1,0,'',''),(663,663,0,'','',1,1,0,'',''),(664,664,0,'','',1,1,0,'',''),(665,665,0,'','',1,1,0,'',''),(666,666,0,'','',1,1,0,'',''),(667,667,0,'','',1,1,0,'',''),(668,668,0,'','',1,1,0,'',''),(669,669,0,'','',1,1,0,'',''),(670,670,0,'','',1,1,0,'',''),(671,671,0,'','',1,1,0,'',''),(672,672,0,'','',1,1,0,'',''),(673,673,0,'','',1,1,0,'',''),(674,674,0,'','',1,1,0,'',''),(675,675,0,'','',1,1,0,'',''),(676,676,0,'','',1,1,0,'',''),(677,677,0,'','',1,1,0,'',''),(678,678,0,'','',1,1,0,'',''),(679,679,0,'','',1,1,0,'',''),(680,680,0,'','',1,1,0,'',''),(681,681,0,'','',1,1,0,'',''),(682,682,0,'','',1,1,0,'',''),(683,683,0,'','',1,1,0,'',''),(684,684,0,'','',1,1,0,'',''),(685,685,0,'','',1,1,0,'',''),(686,686,0,'','',1,1,0,'',''),(687,687,0,'','',1,1,0,'',''),(688,688,0,'','',1,1,0,'',''),(689,689,0,'','',1,1,0,'',''),(690,690,0,'','',1,1,0,'',''),(691,691,0,'','',1,1,0,'',''),(692,692,0,'','',1,1,0,'',''),(693,693,0,'','',1,1,0,'',''),(694,694,0,'','',1,1,0,'',''),(695,695,0,'','',1,1,0,'',''),(696,696,0,'','',1,1,0,'',''),(697,697,0,'','',1,1,0,'',''),(698,698,0,'','',1,1,0,'',''),(699,699,0,'','',1,1,0,'',''),(700,700,0,'','',0,0,0,'',''),(701,701,1,'','',1,1,0,'',''),(702,702,1,'','',1,1,0,'',''),(703,703,1,'','',1,1,0,'',''),(704,704,0,'','',0,0,0,'',''),(705,705,0,'','',0,0,0,'',''),(706,706,0,'','',0,0,0,'',''),(707,707,0,'','',0,0,0,'',''),(708,708,1,'','',1,1,0,'',''),(709,709,0,'','',0,0,0,'',''),(710,710,0,'','',1,1,0,'',''),(711,711,0,'','',0,0,0,'',''),(712,712,0,'','',0,0,0,'',''),(713,713,0,'','',0,0,0,'',''),(714,714,0,'','',0,0,0,'',''),(715,715,0,'','',0,0,0,'',''),(716,716,0,'','',0,0,0,'',''),(717,717,0,'','',0,0,0,'',''),(718,718,0,'','',0,0,0,'',''),(719,719,0,'','',0,0,0,'',''),(720,720,0,'','',0,0,0,'',''),(721,721,0,'','',0,0,0,'',''),(722,722,0,'','',0,0,0,'',''),(723,723,0,'','',0,0,0,'',''),(724,724,0,'','',0,0,0,'',''),(725,725,0,'','',0,0,0,'',''),(726,726,0,'','',0,0,0,'',''),(727,727,0,'','',1,1,0,'',''),(728,728,0,'','',1,1,0,'',''),(729,729,0,'','',0,0,0,'',''),(730,730,0,'','',0,0,0,'',''),(731,731,0,'','',0,0,0,'',''),(732,732,0,'','',0,0,0,'',''),(733,733,0,'P','P',1,1,1,'Y','Y'),(734,734,0,'P','P',1,1,1,'Y','Y'),(735,735,0,'P','P',1,1,1,'Y','Y'),(736,736,0,'P','P',1,1,1,'Y','Y'),(737,737,0,'P','P',1,1,1,'Y','Y'),(738,738,0,'P','P',1,1,1,'Y','Y'),(739,739,0,'P','P',1,1,1,'Y','Y'),(740,740,0,'P','P',1,1,1,'Y','Y'),(741,741,0,'P','P',1,1,1,'Y','Y'),(742,742,0,'P','P',1,1,1,'Y','Y'),(743,743,0,'P','P',1,1,1,'Y','Y'),(744,744,0,'','',1,1,0,'',''),(745,745,0,'','',0,0,0,'',''),(746,746,0,'','',0,0,0,'',''),(747,747,0,'','',0,0,0,'',''),(748,748,0,'','',0,0,0,'',''),(749,749,0,'','',0,0,0,'',''),(750,750,0,'','',1,1,0,'',''),(751,751,0,'','',0,0,0,'',''),(752,752,0,'','',0,0,0,'',''),(753,753,0,'','',0,0,0,'',''),(754,754,0,'','',0,0,0,'',''),(755,755,0,'','',0,0,0,'',''),(756,756,0,'','',0,0,0,'',''),(757,757,0,'','',0,0,0,'',''),(758,758,0,'','',0,0,0,'',''),(759,759,0,'','',0,0,0,'',''),(760,760,0,'','',1,1,0,'',''),(761,761,0,'','',0,0,0,'',''),(762,762,0,'','',0,0,0,'',''),(763,763,0,'P','P',1,1,1,'Y','Y'),(764,764,0,'P','P',1,1,1,'Y','Y'),(765,765,0,'P','P',1,1,1,'Y','Y'),(766,766,0,'P','P',1,1,1,'Y','Y'),(767,767,0,'P','P',1,1,1,'Y','Y'),(768,768,0,'P','P',1,1,1,'Y','Y'),(769,769,0,'','',0,0,0,'',''),(770,770,0,'','',0,0,0,'',''),(771,771,0,'P','P',1,1,1,'Y','Y'),(772,772,0,'P','P',1,1,1,'Y','Y'),(773,773,0,'P','P',1,1,1,'Y','Y'),(774,774,0,'P','P',1,1,1,'Y','Y'),(775,775,0,'','',0,0,0,'',''),(776,776,0,'','',0,0,0,'',''),(777,777,0,'P','P',1,1,1,'Y','Y'),(778,778,0,'P','P',1,1,1,'Y','Y'),(779,779,0,'','',0,0,0,'',''),(780,780,1,'','',1,1,0,'',''),(781,781,0,'S','S',1,1,1,'Y','Y'),(782,782,0,'S','S',1,1,1,'Y','Y'),(783,783,1,'M','M',1,1,1,'Y','Y'),(784,784,0,'','',0,0,0,'',''),(785,785,0,'','',0,0,0,'',''),(786,786,0,'S','S',1,1,1,'Y','Y'),(787,787,0,'','',0,0,0,'',''),(788,788,0,'','',0,0,0,'',''),(789,789,0,'','',0,0,0,'',''),(790,790,0,'','',0,0,0,'',''),(791,791,0,'','',0,0,0,'',''),(792,792,0,'','',0,0,0,'',''),(793,793,0,'','',0,0,0,'',''),(794,794,0,'S','S',1,1,1,'Y','Y'),(795,795,0,'S','S',1,1,1,'Y','Y'),(796,796,0,'','',0,0,0,'',''),(797,797,0,'S','S',1,1,1,'Y','Y'),(798,798,0,'','',0,0,0,'',''),(799,799,0,'','',0,0,0,'',''),(800,800,0,'','',0,0,0,'',''),(801,801,0,'','',0,0,0,'',''),(802,802,0,'','',0,0,0,'',''),(803,803,0,'S','S',1,1,1,'Y','Y'),(804,804,0,'','',0,0,0,'',''),(805,805,0,'','',0,0,0,'',''),(806,806,0,'','',0,0,0,'',''),(807,807,0,'','',0,0,0,'',''),(808,808,0,'','',0,0,0,'',''),(809,809,0,'','',0,0,0,'',''),(810,810,0,'','',0,0,0,'',''),(811,811,0,'','',0,0,0,'',''),(812,812,0,'','',0,0,0,'',''),(813,813,0,'','',0,0,0,'',''),(814,814,0,'','',0,0,0,'',''),(815,815,0,'','',0,0,0,'',''),(816,816,0,'','',0,0,0,'',''),(817,817,0,'S','S',1,1,1,'Y','Y'),(818,818,0,'S','S',1,1,1,'Y','Y'),(819,819,1,'M','M',1,1,1,'Y','Y'),(820,820,1,'M','M',1,1,1,'Y','Y'),(821,821,0,'','',0,0,0,'',''),(822,822,0,'','',0,0,0,'',''),(823,823,0,'','',0,0,0,'',''),(824,824,0,'','',0,0,0,'',''),(825,825,0,'','',0,0,0,'',''),(826,826,0,'','',0,0,0,'',''),(827,827,0,'','',0,0,0,'',''),(828,828,0,'','',0,0,0,'',''),(829,829,0,'','',0,0,0,'',''),(830,830,0,'','',0,0,0,'',''),(831,831,0,'P','P',1,1,1,'Y','Y'),(832,832,0,'','',0,0,0,'',''),(833,833,0,'','',0,0,0,'',''),(834,834,0,'','',0,0,0,'',''),(835,835,0,'','',0,0,0,'',''),(836,836,0,'','',0,0,0,'',''),(837,837,0,'','',0,0,0,'',''),(838,838,0,'','',0,0,0,'',''),(839,839,0,'','',0,0,0,'',''),(840,840,0,'','',0,0,0,'',''),(841,841,0,'','',0,0,0,'',''),(842,842,0,'','',0,0,0,'',''),(843,843,0,'','',0,0,0,'',''),(844,844,0,'','',0,0,0,'',''),(845,845,0,'','',0,0,0,'',''),(846,846,0,'','',0,0,0,'',''),(847,847,0,'','',0,0,0,'',''),(848,848,0,'','',0,0,0,'',''),(849,849,0,'','',0,0,0,'',''),(850,850,0,'','',0,0,0,'',''),(851,851,0,'','',0,0,0,'',''),(852,852,0,'','',0,0,0,'',''),(853,853,0,'','',0,0,0,'',''),(854,854,0,'','',0,0,0,'',''),(855,855,0,'','',0,0,0,'',''),(856,856,0,'','',0,0,0,'',''),(857,857,0,'','',0,0,0,'',''),(858,858,0,'','',0,0,0,'',''),(859,859,0,'','',0,0,0,'',''),(860,860,0,'','',0,0,0,'',''),(861,861,0,'','',0,0,0,'',''),(862,862,0,'','',0,0,0,'',''),(863,863,0,'','',0,0,0,'',''),(864,864,0,'','',0,0,0,'',''),(865,865,0,'','',0,0,0,'',''),(866,866,1,'M','M',1,2,2,'A','A'),(867,867,0,'','',0,0,0,'',''),(868,868,0,'P','P',1,1,1,'Y','Y'),(869,869,0,'P','P',1,1,1,'Y','Y'),(870,870,0,'P','P',1,1,1,'Y','Y'),(871,871,0,'P','P',1,1,1,'Y','Y'),(872,872,0,'','',1,1,0,'',''),(873,873,0,'','',0,0,0,'',''),(874,874,0,'','',0,0,0,'',''),(875,875,0,'','',0,0,0,'',''),(876,876,0,'','',0,0,0,'',''),(877,877,0,'','',0,0,0,'',''),(878,878,0,'','',0,0,0,'',''),(879,879,0,'','',0,0,0,'',''),(880,880,0,'','',0,0,0,'',''),(881,881,0,'','',0,0,0,'',''),(882,882,0,'','',0,0,0,'',''),(883,883,0,'','',1,1,0,'',''),(884,884,0,'','',0,0,0,'',''),(885,885,0,'','',0,0,0,'',''),(886,886,0,'','',0,0,0,'',''),(887,887,0,'','',0,0,0,'',''),(888,888,0,'','',0,0,0,'',''),(889,889,0,'','',0,0,0,'',''),(890,890,0,'','',0,0,0,'',''),(891,891,0,'','',0,0,0,'',''),(892,892,0,'','',0,0,0,'',''),(893,893,0,'','',0,0,0,'',''),(894,894,0,'','',0,0,0,'',''),(895,895,0,'','',0,0,0,'',''),(896,896,0,'','',0,0,0,'',''),(897,897,0,'','',0,0,0,'',''),(898,898,0,'','',0,0,0,'',''),(899,899,0,'','',0,0,0,'',''),(900,900,0,'','',0,0,0,'',''),(901,901,0,'','',0,0,0,'',''),(902,902,0,'','',0,0,0,'',''),(903,903,0,'','',0,0,0,'',''),(904,904,0,'','',0,0,0,'',''),(905,905,0,'P','P',1,1,1,'Y','Y'),(906,906,0,'','',1,1,0,'',''),(907,907,0,'','',0,0,0,'',''),(908,908,0,'','',0,0,0,'',''),(909,909,0,'','',0,0,0,'',''),(910,910,0,'','',0,0,0,'',''),(911,911,0,'','',0,0,0,'',''),(912,912,0,'','',0,0,0,'',''),(913,913,0,'','',0,0,0,'',''),(914,914,0,'','',0,0,0,'',''),(915,915,0,'','',0,0,0,'',''),(916,916,0,'','',0,0,0,'',''),(917,917,0,'','',0,0,0,'',''),(918,918,0,'','',0,0,0,'',''),(919,919,0,'','',0,0,0,'',''),(920,920,0,'','',0,0,0,'',''),(921,921,0,'','',0,0,0,'',''),(922,922,0,'','',0,0,0,'',''),(923,923,0,'','',0,0,0,'',''),(924,924,0,'','',0,0,0,'',''),(925,925,0,'','',0,0,0,'',''),(926,926,0,'','',0,0,0,'',''),(927,927,0,'','',0,0,0,'',''),(928,928,0,'','',1,1,0,'',''),(929,929,0,'','',0,0,0,'',''),(930,930,0,'','',0,0,0,'',''),(931,931,0,'','',0,0,0,'',''),(932,932,0,'','',0,0,0,'',''),(933,933,0,'','',0,0,0,'',''),(934,934,0,'','',0,0,0,'',''),(935,935,0,'','',0,0,0,'',''),(936,936,0,'','',0,0,0,'',''),(937,937,0,'','',0,0,0,'',''),(938,938,0,'','',0,0,0,'',''),(939,939,0,'','',0,0,0,'',''),(940,940,0,'','',0,0,0,'',''),(941,941,0,'','',0,0,0,'',''),(942,942,0,'','',0,0,0,'',''),(943,943,0,'','',0,0,0,'',''),(944,944,0,'','',0,0,0,'',''),(945,945,0,'','',0,0,0,'',''),(946,946,0,'','',0,0,0,'',''),(947,947,0,'','',0,0,0,'',''),(948,948,0,'','',0,0,0,'',''),(949,949,0,'','',0,0,0,'',''),(950,950,0,'','',1,1,0,'',''),(951,951,0,'','',0,0,0,'',''),(952,952,0,'','',0,0,0,'',''),(953,953,0,'','',0,0,0,'',''),(954,954,0,'','',0,0,0,'',''),(955,955,0,'','',0,0,0,'',''),(956,956,0,'','',0,0,0,'',''),(957,957,0,'','',0,0,0,'',''),(958,958,0,'','',0,0,0,'',''),(959,959,0,'','',0,0,0,'',''),(960,960,0,'','',0,0,0,'',''),(961,961,0,'','',0,0,0,'',''),(962,962,0,'','',0,0,0,'',''),(963,963,0,'','',0,0,0,'',''),(964,964,0,'','',0,0,0,'',''),(965,965,0,'P','P',1,1,1,'Y','Y'),(966,966,0,'P','P',1,1,1,'Y','Y'),(967,967,0,'P','P',1,1,1,'Y','Y'),(968,968,0,'','',0,0,0,'',''),(969,969,0,'','',0,0,0,'',''),(970,970,0,'','',0,0,0,'',''),(971,971,0,'','',0,0,0,'',''),(972,972,1,'M','M',0,0,0,'',''),(973,973,1,'M','M',0,0,0,'',''),(974,974,1,'M','M',0,0,0,'',''),(975,975,1,'M','M',0,0,0,'',''),(976,976,0,'P','P',1,1,1,'Y','Y'),(977,977,0,'P','P',1,1,1,'Y','Y'),(978,978,0,'P','P',1,1,1,'Y','Y'),(979,979,0,'P','P',1,1,1,'Y','Y'),(980,980,0,'P','P',1,1,1,'Y','Y'),(981,981,1,'M','M',1,2,2,'A','A'),(982,982,0,'','',0,0,0,'',''),(983,983,0,'','',0,0,0,'',''),(984,984,0,'','',0,0,0,'',''),(985,985,0,'P','P',1,1,1,'Y','Y'),(986,986,0,'','',0,0,0,'',''),(987,987,0,'P','P',1,1,1,'Y','Y'),(988,988,0,'P','P',1,1,1,'Y','Y'),(989,989,0,'P','P',1,1,1,'Y','Y'),(990,990,0,'P','P',1,1,1,'Y','Y'),(991,991,0,'P','P',1,1,1,'Y','Y'),(992,992,0,'','',0,0,0,'',''),(993,993,0,'P','P',1,1,1,'Y','Y'),(994,994,0,'P','P',1,1,1,'Y','Y'),(995,995,0,'P','P',1,1,1,'Y','Y'),(996,996,0,'P','P',1,1,1,'Y','Y'),(997,997,0,'P','P',1,1,1,'Y','Y'),(998,998,0,'P','P',1,1,1,'Y','Y'),(999,999,0,'P','P',1,1,1,'Y','Y'),(1000,1000,0,'','',0,0,0,'',''),(1001,1001,0,'','',0,0,0,'',''),(1002,1002,1,'M','M',1,2,2,'A','A'),(1003,1003,0,'','',0,0,0,'',''),(1004,1004,0,'','',0,0,0,'',''),(1005,1005,0,'','',0,0,0,'',''),(1006,1006,0,'','',0,0,0,'',''),(1007,1007,0,'','',0,0,0,'',''),(1008,1008,0,'','',0,0,0,'',''),(1009,1009,0,'','',0,0,0,'',''),(1010,1010,0,'','',0,0,0,'',''),(1011,1011,0,'','',0,0,0,'',''),(1012,1012,0,'','',0,0,0,'',''),(1013,1013,0,'P','P',1,1,1,'Y','Y'),(1014,1014,0,'','',0,0,0,'',''),(1015,1015,0,'','',0,0,0,'',''),(1016,1016,0,'','',0,0,0,'',''),(1017,1017,0,'P','P',1,1,1,'Y','Y'),(1018,1018,0,'P','P',1,1,1,'Y','Y'),(1019,1019,0,'P','P',1,1,1,'Y','Y'),(1020,1020,0,'','',0,0,0,'',''),(1021,1021,0,'','',0,0,0,'',''),(1022,1022,0,'','',0,0,0,'',''),(1023,1023,0,'','',0,0,0,'',''),(1024,1024,0,'','',0,0,0,'',''),(1025,1025,0,'','',0,0,0,'',''),(1026,1026,0,'','',0,0,0,'',''),(1027,1027,0,'P','P',1,1,1,'Y','Y'),(1028,1028,0,'','',0,0,0,'',''),(1029,1029,0,'','',0,0,0,'',''),(1034,1034,0,'','',0,0,0,'',''),(1035,1035,0,'','',0,0,0,'',''),(1036,1036,0,'','',0,0,0,'',''),(1037,1037,0,'','',0,0,0,'',''),(1038,1038,1,'','',1,1,0,'',''),(1039,1039,0,'','',0,0,0,'',''),(1040,1040,0,'','',0,0,0,'',''),(1041,1041,1,'','',1,1,0,'',''),(1042,1042,1,'','',1,1,0,'',''),(1043,1043,0,'','',1,1,0,'',''),(1044,1044,0,'','',1,1,0,'',''),(1093,1093,0,'','',0,0,0,'',''),(1094,1094,0,'','',0,0,0,'',''),(1095,1095,0,'','',0,0,0,'',''),(1096,1096,0,'','',0,0,0,'',''),(1097,1097,0,'','',0,0,0,'',''),(1117,1117,0,'','',0,0,0,'',''),(1118,1118,1,'','',1,1,0,'',''),(1119,1119,0,'','',0,0,0,'',''),(1120,1120,0,'P','P',1,1,1,'Y','Y'),(1121,1121,0,'','',1,1,0,'',''),(1122,1122,0,'','',0,0,0,'',''),(1123,1123,0,'','',0,0,0,'',''),(1124,1124,0,'','',0,0,0,'',''),(1125,1125,0,'','',1,1,0,'',''),(1126,1126,0,'P','P',1,1,1,'Y','Y'),(1127,1127,0,'','',0,0,0,'',''),(1128,1128,0,'','',0,0,0,'',''),(1129,1129,0,'','',0,0,0,'',''),(1130,1130,0,'P','P',1,1,1,'Y','Y'),(1131,1131,0,'','',0,0,0,'',''),(1132,1132,0,'','',0,0,0,'',''),(1133,1133,0,'P','P',1,1,1,'Y','Y'),(1134,1134,0,'P','P',1,1,1,'Y','Y'),(1135,1135,0,'','',0,0,0,'',''),(1136,1136,0,'','',0,0,0,'',''),(1137,1137,0,'','',0,0,0,'',''),(1138,1138,0,'','',0,0,0,'',''),(1139,1139,0,'','',0,0,0,'',''),(1140,1140,0,'P','P',1,1,1,'Y','Y'),(1141,1141,0,'P','P',1,1,1,'Y','Y'),(1142,1142,0,'','',0,0,0,'',''),(1143,1143,0,'','',0,0,0,'',''),(1144,1144,0,'','',0,0,0,'',''),(1145,1145,0,'','',1,1,0,'',''),(1146,1146,0,'','',1,1,0,'',''),(1147,1147,0,'P','P',1,1,1,'Y','Y'),(1148,1148,0,'','',1,1,0,'',''),(1149,1149,0,'','',0,0,0,'',''),(1150,1150,0,'P','P',1,1,1,'Y','Y'),(1151,1151,0,'','',0,0,0,'',''),(1152,1152,0,'P','P',1,1,1,'Y','Y'),(1153,1153,0,'','',0,0,0,'',''),(1154,1154,0,'','',1,1,0,'',''),(1155,1155,0,'','',0,0,0,'',''),(1156,1156,0,'P','P',1,1,1,'Y','Y'),(1158,1158,0,'P','P',1,1,1,'Y','Y'),(1159,1159,0,'','',0,0,0,'',''),(1160,1160,0,'','',0,0,0,'',''),(1161,1161,0,'','',0,0,0,'',''),(1162,1162,0,'','',0,0,0,'',''),(1163,1163,0,'','',0,0,0,'',''),(1164,1164,0,'','',0,0,0,'',''),(1165,1165,0,'','',0,0,0,'',''),(1166,1166,0,'','',0,0,0,'',''),(1167,1167,0,'','',0,0,0,'',''),(1168,1168,0,'','',0,0,0,'',''),(1169,1169,0,'','',0,0,0,'',''),(1170,1170,0,'','',0,0,0,'',''),(1171,1171,0,'','',0,0,0,'',''),(1176,1176,0,'P','P',1,1,1,'Y','Y'),(1177,1177,0,'','',0,0,0,'',''),(1178,1178,0,'','',0,0,0,'',''),(1179,1179,0,'','',0,0,0,'',''),(1185,1185,0,'','',0,0,0,'',''),(1192,1192,0,'','',0,0,0,'',''),(1193,1193,0,'P','P',2,1,2,'Z','Z'),(1194,1194,0,'P','P',2,1,2,'Z','Z'),(1195,1195,0,'','',0,0,0,'',''),(1196,1196,0,'','',0,0,0,'',''),(1197,1197,0,'','',0,0,0,'',''),(1198,1198,0,'','',0,0,0,'',''),(1199,1199,0,'','',0,0,0,'',''),(1200,1200,0,'P','P',1,1,1,'Y','Y'),(1201,1201,0,'P','P',1,1,1,'Y','Y');

--
-- Table structure for table `xpay_payment_cardholder_data`
--

CREATE TABLE `xpay_payment_cardholder_data` (
  `chd_id` int NOT NULL AUTO_INCREMENT,
  `payment_id` int NOT NULL DEFAULT '0',
  `name` char(32) DEFAULT '',
  `value` text NOT NULL,
  PRIMARY KEY (`chd_id`),
  UNIQUE KEY `pn` (`payment_id`,`name`),
  KEY `payment_id` (`payment_id`),
  CONSTRAINT `xpay_payment_chd_ibfk_1` FOREIGN KEY (`payment_id`) REFERENCES `xpay_payments` (`payment_id`) ON DELETE CASCADE ON UPDATE CASCADE
) ENGINE=InnoDB AUTO_INCREMENT=1235 DEFAULT CHARSET=utf8mb3;

--
-- Dumping data for table `xpay_payment_cardholder_data`
--

INSERT INTO `xpay_payment_cardholder_data` (`chd_id`, `payment_id`, `name`, `value`) VALUES (757,1119,'card_type','CHD87969f359dec7df5187b5c24bad659cdN08HWdLCI/6ArIRUK7EGJCwJLD0a6ABuDqcslvYeqOXzrrjdaE+xcfK3/TQoA0NVTfmD/iKY3dyabW+0HgqtBSIIYfHYlD2yiRRi4NVwOm7RqTaG774Xgl6qP3MjqPuwfdgC7NoKZYRJBKg3+yQn04rHKiTRYfbV9RR3u1xEECIghBA6l1k9UW//BBbuENml4iI9AASpTbc/30ziSqevuW+sp5mqO8cxGJZW2BFUoPVFd3e00yWM9PHXii3c+IB6yn7hTxQ3SdGoIi11X6q8LdjQRTmy+Rw06MAlLtONMbc5ghiUOThcISECcp9RwIHeivC8KGEQcmrpP1jH+3QNdw=='),(758,1119,'card_number','CHD87969f359dec7df5187b5c24bad659cda5TaGWSxFxVb7lcFMvW3flVDDw/7i+lBhC9MBe7OcqoYaZz6f7pCq1pUhIixK7GByEJ76HongQ6UnMTKLaIwoIy7p69PhWMToso8WVAi0n81mZdKgDU+019IAxsIP9DfFo0UnaGwO90D4bOSzU2+IaRaP2V/RvNACcuWwy6y8JL2qjQk0fFpyQbiWDHcTbOljZCFOwjVGjdf8fnaVbvydp47AMb0t9vfMSWGFavGgt6IaVTWbNxJlyuYLKChaV3dDBUclGi2zTaZclMsNjdmUh04a5goGRTX/ZeJL6+NWaiaV/AXdDcxSL/pn5FFXPSQ17/Ua9Lc3dsy+JXyn855pA=='),(759,1119,'card_expire_month','CHD87969f359dec7df5187b5c24bad659cdQVYSqM9kouwkgxrPjuGgvWsWXw3R5gPvrlsV6HmteHEd6ST9/0S+y3J4TBYzoXCNfLop0ttxpCOVwHWjrWTVfanLlcu2znMdqyZowNKiMB0TuvM1Nv4XbAsLLqOEGuDV62L+g868TXFL7XyZUPEdqi/kgSH3YdaQjcMUEcCtSW+XRWHKCVqheyZx5Br20CfzLeE7tFSlQHr+wpy5Eqab31GQBaU6eF8fQp/tGhxp7RHeu81WbztkcCMxj5uuYMykhZ7RzkUjylTmkRrXCkpHgN1BxulCIZK2ZHlGAFz9FE1ZagK94dG249S9dNYEnLcFxAMQ2wR53vtHpC14sM3nsw=='),(760,1119,'card_expire_year','CHD87969f359dec7df5187b5c24bad659cdf0stUqbHYYKHgUSdkF1xlqaM2SvyNOE7F52KjRH5Xv5WOqc3IsxIkHjYsPb57brCLVExXkoFx/nlQMnTQZuQqXdJVEJ5q+7Pv7Guz6q11wvKwhFbuOt99pQxk3xMhc2IwsiTO2VP3uDPbLmodBRZTsPcYu8zBQOfvdsVFgJVWY+UAUmDycgH1VMRrgSPgNcN3fp1BIsFzeQy6y6Uo5vfy8S59xwwNXJpZ5WQjwp/9jgLmLb46JHazJKgKVxnzVqWa5w8g1eIfJZYtXBv/zXdoS0mvdClZ244pE/7I5MN17Inj1PyqQNFisHPPLwZ5StbBXinyNyHgxp/BgTKxN/NGg=='),(761,1119,'card_cvv2','CHD87969f359dec7df5187b5c24bad659cdgEfZEL0NaO6w47EpBUVgX/S8Km1Jf4Wq2CbNDVO0TXPX7S1p8heYiO1JHpEk9H3xJeLc8cEWswSRJatONEFsTNT+7f5+UVxPBcJIUZy49UYumuxxZi463MPeqFgaJuOzQ0DfpNCwTP676Bvi+n2IUwzMb0qcx0av6TBU6y2VBs+0GM64bV9hSaP7Df5YPHZStcErwjxyVFKr3jsUIMYOErCFkB2Fk4+xDGHGdrJwbTwccJwiQiisbTo7/CR6mK9qw7zLPR6euB8g8/xS6b4FPmx7yfSHbNjqjwyuxWEm0nQ1xCfoMElM/NBDBAy4Izj9eAftBPNn3B0U1nE/d8qf3g=='),(762,1119,'card_name','CHD87969f359dec7df5187b5c24bad659cdBT1eKhFE4GDjiTBvYnoys7z7sqIepn+mnQpzt0qoQhbU+b4ZCkrx3v73Fp/bh5r1aewszua3n5ZwgN/ahye50lZA/shhcmoQ1Io+Q2yL35BcH4JRxF6u8b1+KfDrYxUxBtCwAyCy+AcqpIJu4aKR8GbOSJPuGGOkVSlmsOwJJMHO4iL/DKJAagO6euP6EA+6YLg24qKbM+TjLeuxe056kW2otucKOT2SRZnk7XQx+TYpZKnkBg9+tkUL4RjPnRip+q6vxtyOfb+TiDPnjv3B6lRp8c6H+L065W2nQJY1Qj3q+mUpti1wKtpDGRYYMzDLN7fpCp8B7PWI/i5VWhUFUg=='),(763,1119,'card_expire','CHD87969f359dec7df5187b5c24bad659cdLkI7R3TUTBam2deSn0FaQcmWbWpNyLzJx6T7fm2T+Ztm/Ua4P/lIr7s19DWvlBqC3y3QBHRNTD4d8lzCAhi8Lv6wv17Z90auh03gowG8JxnHsPjdOLiriecFnJOuhkQXH3DDRCGO5wfNy+GVswMWMbMYgNcTbsU5TdB8H/+E8RCvINJ24L4/tT/5iG+wYKKRF6rA0/mqSRjqWGo4fh+GKXQOc8q4sDf/8ldv0+Wj0wY7a0jYR5AvcyWcDxurEvNWy87D+CkGTFx8Xiv9kzcUoG3pUvGHmyXWTRP5DhoQ1LQ/Y8lUR7o4kxd2ffashyGdf6i1lemLy2r4vmsinTpAuA=='),(778,1123,'card_type','CHD87969f359dec7df5187b5c24bad659cdMOyNn1lJ52pSvkBM+hPBotylTOHW9wLSiNe4X/3uQ4TU8gUwelO6Bqj8nJi1scAGgz4kMsqWwK7o1DGLLGgYlSB7ygVEb21EEpnCc7fm1xTnUsEjbnKNWSyZWqI15kCYXuwst5ofp1YzQJ4FUQPRVu26DDiUEy1z2dEexYm0rDtQmfs28w++z9jKz4m5tH+J2r0s/4ZiDmnJRCTVqX0u+sNKR1JDphTcGC+rNBKzA6HrregkX2d7ySH0BbweadqzuzwXi+8IvR0M219ErrgJ7ACptTOAi0phNrTqFr841Czsg28aCBxTwAUaDGg0NptLjnhy/uTrsPkkkcRO8mn9PQ=='),(779,1123,'card_number','CHD87969f359dec7df5187b5c24bad659cdJtj4Xpp3XYVQk+/uvWL1zTA52gpN5JJ0bI3iA3gWIP9Pg5hdT5robDMZO/hLtuefiYZfnIary2ZGp9/kO/SMOUiYYJdXuwQt8Ihs9Exf3MN2FVOEc9bpGCZML3Zli0fH1GuaJXImjEtSoXl903NauPcweXist1Pn9AdVpcQqAWOnRlYa7RDDTdflOia9LnFvfdDi0QdfNMllWkeGJ8tG8kg7WH+dRocI4/iP5haah1IyA/iO21EstPO5BbfSMaetERhSA9EbB4RQY+VGgczlvksL9Qbog9S+Y4GpG4HM8sy9fJKlP6vVNbahQDQ8g7ae57CDdeCRpy3BuK22poFV/w=='),(780,1123,'card_expire_month','CHD87969f359dec7df5187b5c24bad659cdE5khnEZyohp/Jmw32syuyxWMAVHSwYTDUYk5SMpJq4npJb8atMw1sXoOhSH4evyc5mM6R8LOJ+Wm3XU5wHQgZ/W9aZz3QjhLYie1kEOwxnvb39aQjrw9aS2tyJkVGzLj9RzP7I4/r7Xfz0Iq1RHfbK1UouCN4468AnHQGSLiGRWiEaL6TRBJld9beSvezw/0boi74dKmW+ykOHd2Xf6mGPWpZgNH7u6mVLpUqauwsvL8QDCSrTYeTvYxNUWqj0jZ4Fjs8L7aIGl6WTUhQgMNwXkrRD3r+KQifgQTbQ2BKg2MMzk+58vefY0/oFcZM47QwYhUiRbcGKa9/ytPuEpVjg=='),(781,1123,'card_expire_year','CHD87969f359dec7df5187b5c24bad659cdg5jpsfbjAJF8qd6xxDvKRWCb9kZXrAmUfQxXRAff6XLdcYG+O7M/FUj9deMBH44jC2BgRUlKNnCl6lA+YzpK1l44aGKfFmWOBy2urkK+rDzQFe9sZfBAM7oENBk9lf644rcK5VdNaFttA4APPoIUogUb41GOqospGtYXSxckkFIJlurxDbRaWfN0hEG6tIa0M3RhmMLcddV39n5cjZdUHLrmtN1BFSkrYdeAiAfuBuYWqC6HsFSEo0TXnGU0rXjk7PFS7PBY27Vz9Oqh4rxpvk8ctATRwbF70qw7B7JcxbFjK3lZAM3Zr4z1jMJGUXpzBfZD22Slhrtl1huac0gauQ=='),(782,1123,'card_cvv2','CHD87969f359dec7df5187b5c24bad659cdXMz3+jsgs8GaFHSJWXyJwmfFHAfdkS3JPZujKwPGwuiByAcDmL7vx2nVUJHyBKm5wo1tktraj2h1POTI3/2a8glGTrzFRa8U9mbp9KOpg78k8sz8q95MkigCW8x3nU382E6pF05vQPzGoW12wnTiB/MJfDaghSeYA6CUmNPd7mHhinyrUohTmvTM2BMQjLbXU6CRKvJzvQtoCqYLVBRnUoQre1pYR0bt5hb/jQWV7mgGBx5FKV6elPc6CBqMN4myMIHCeWgpwWjSVgZfFnxcRnNVsSEakoxXJui3C9ydEAlVYwavogi7NEy+dKhrd5E5v/z6Gc510/mSGuWwb1N6yg=='),(783,1123,'card_name','CHD87969f359dec7df5187b5c24bad659cdep47d8JyPWLw0LblzbNZgmHxIUAl7nPSlzb5koOm87ZAUsF90diTWSNixG1zUmVU8sldpgcUVKQSkCZvfuc+qWB56wJyAVcKG79UFipTSyrTe7H9FntJQ3P0RkCRf/llnbpKPreR5pyWt8nHoy/NuxMBlEf0P8NfiNK6xnyrZd2eC+EnhRx/eG6GEJ9vYoYzWkuJWTPjV3kRNV9iz6MnMWkncSKKeX0LOgTZdYy+i2otryX1lk0q7QOAlEKSKcFuNmHnBeURLbBYacCXY1BNtt9j+YbmXhRsmXCBVdYTCEBmF9RawoCpsCameVVDnwfUw9XKVxC7Gy+j5C6lsL+8hQ=='),(784,1123,'card_expire','CHD87969f359dec7df5187b5c24bad659cddaCLKaM+jmcVbHFM3E3yG+zflhA6BIN1ClmCq4cIzZ0c0sTMohqQ0qc5Ry8PA274YuE3tb7Pdzcdtij4le1YgTCX6rb1g367uhantwrW0tTAu2wD56GkM17/8V6Smv2/4yJPa5V0gqSPdaoKENQM9qsZjVJ6thZX4nrroh0SMZUF//P+DakB1SUBzhkDhTbFTUac4zqE0w91mXfA/5r1s3rPksblBUvSLGbb3hd9eJtsOKULWxsSzgTDtvYTHrdWYGSOXFcZEbWXsu7ILYvvst2JtmLQvVA3ix8mu2YXDblYyKd43onZCq3treOLEvqjZHOItWUrqGT7WmM2Tqj4mQ=='),(792,1128,'card_type','CHD87969f359dec7df5187b5c24bad659cdlGFDSgh4+ZPgo9QDJ9VuiLwqkJho2KjFmL3AuR/TW5Ypv1PrJWQJ/relyjyFQ5VUPcwkqcsl5OCVDObZOGdTz7Mbya1izG6haFTqlrTtf19hUksf4fVu7Z8xUVpyOzzlpO9C3q5ougCNsXhhojM4JyzL0n++gmpj0QwePnfdB/aLw5l+Wu7wPaSvoa43eJxvEx1J4jH31W7MbGvgH3c78K6ih7eWwnRdDyndPjIkJf6skSaOw8Z7O8BJOGuP0UT1aL2hNuZ0FYvy5kG60UCncmxgbaT8HUOcgoebPSy5VEpUJdrTmel6PDdiNlwQt36jt0T4nlDn9CHiaecLTwpHQA=='),(793,1128,'card_number','CHD87969f359dec7df5187b5c24bad659cdPyRMGJKB2Cqz1J1273f2yfvbh6R9XABK/orHyxsqrIVt6NSXkDxDYczmhGYP+FIPqxEXDfVZhYb6TaSfIycYMus3+5Yxfsa8DygmLg5uk7lVbf76r3b6yC8EAgle8XlKnlKBfJ3CR0RSRTpHzElrqgXZkNB5RWcBOzX/SbIhSH4VlgOBpVP+lg8UfeIHLvyhFunfcjQ551Y+HombWKgOihyoZmfRFs1N2LpglAmbaqmijoogQZ1eelgw8BKRUxQQMXI0sXKLRfezl3tdfomjtebUTfv3filOWVRrJB55mlHYPU97zx0be2ABMx9fcfdQX4rZgAjK8ViwZldKxa9LcQ=='),(794,1128,'card_expire_month','CHD87969f359dec7df5187b5c24bad659cdAKrDln+S3PYYra/LlmW4zlt5QRaiLE+aMgMhCy1xSxlLyAXn3HGGccFI4pEJq/B1ZvFRN85D1cgfk+ueW8QJ7ATTYOSkAE8Thu3hrOlk8VPQeLtW1NL1s2f7zIHXWUNf07uYeLcNZ0S7lkF8GKZ4wlJANH1Vj0hhoF4C2kJMvnmo0efK+xfn3r2Sb7SzAfwgaaRNWYUtb0bAubII/x1pwdF0jOjt1TkS8qPv9W+x6S15UHi13DpQ1UW90XEwPkmUxB42VxTaGnnfbU8HL2T4q5ti4Erab3/Si4zVO0dtvq/FXbN5OoMoWOHFf/iqEzEo8KOyGzijLO9TnLnYFL/DPg=='),(795,1128,'card_expire_year','CHD87969f359dec7df5187b5c24bad659cdYO044rqtPDLSg8Bnveqifx6/SAHtIt5m9Artd13BO88TgwS/qYo1XSYezzb04EFdZDNeSJgwA3GVWuxGU7viJNTSLr69qPrSiTYg0jXqFfHA5end4jRmiw/15BeprCWlOUWLGWVXeLM9sPgrJzBST525jSyxu2aLRAyuovU7eIwQ9F2f78eCNLRUDqixxNJe+Qhi6kNCBDEIQIEbvgV0ij8zl3akAO8cV2FW6z9GPItzl/0jMAaRASS/uO4LES/iEVbuTs7v89WsB/eJfTT4z9tbiKUXyXgtdSEbyTKFAaKhwddmhmwhBRi7HYShKynPj5zlpc8jvkcUe417xU5wVw=='),(796,1128,'card_cvv2','CHD87969f359dec7df5187b5c24bad659cdkOrueNU0IqXs+Oosnn/6aZIgBZrwoDcililMGewyrtOXaiUNvvpUOiZ52dFy0CNpOyi+BW4Un2Gdogi9H+PDKLKYeINVY/VUw5IkhNg6rdQ6LjvsHESphU3v0VErRF+0ZrZm/+raBl41/vh2Tm9i/o6xcCatVtKLefrQu8cErDAnYi0ekwLGSziRP9P2hxwmoWdcYNxwyDLoWPq6/PMpo4AAECyGsrevt6VQCMB2yYcbymJT0U1Q/odZCL0sIDYK5HRrIMzpn3WP+u+PSXjgwkABJxVzZm1eifVOu6XoQJc5c8N7c4AFiD6FDt0mKM5uaUvp9wMQZOh7DaxlcKSDrA=='),(797,1128,'card_name','CHD87969f359dec7df5187b5c24bad659cdY1ZyaGXSBVn0Qm6bGhy51Rf3ONIUi9Hk5sbRsB5png6kxwGu9yvs+prMrji63na0p7rHBYJSEMsBeQr2COKBJEfCArpluBXPfMshFQiiIR1DHBS1NAi7p8tGvAgmRG3fhCgFFKPLxsZdujElRe/s7mPRxB6wjauoXzX7jvXDJeLlMeQC5c0JUfcodcuTy98d36VFy1Px+iaNybUhff45ll+/1l5/aMt4JHNXrF1925DGhPkKFUavxhig3Hb+IYFkzXHUa/0Df3YAG9C6Raj1X+pa9PGRIJFZIOr83GjbPwMjfX233Q9wIJU3s05+x7S6ZsSqPXVVcOBFkODsY/HRdw=='),(798,1128,'card_expire','CHD87969f359dec7df5187b5c24bad659cdpk+MptMPKp+oFvKltePKnqvYVSMQ9l0HO+RsbXIosoZwI0VnlxCbdHiBhcYu4cayLEPxzZwyPeZXxDy4S0xezsq9iY4pf+j74nFCcjiUDfUkkaULM8BpiuYR78iwvlL3IsSmRw7za0M6Ut+pGo9vK/Aq4wB7Ty/1hFbrC9kQuX0LfYMztVX/q0/YAmAUONL/IE39PpDABmcmOGeohLWKqq50FBKN1L+puIVV2vbVdFUzfa/ZnddSHNXx3G5BsmucAudPrUqfET6jm1Wjgsl5JpgyKAqQBmfmn/+tQerH+XujTIo8T4HT2pmAAVnCs3DnTi6JVYkUCi8L8xYRSEnu7g=='),(799,1129,'card_type','CHD87969f359dec7df5187b5c24bad659cdK5CEoLpCGFHbiOkef0tdesDNDsybf/bRGyckaTQVilq0u0lUllCSRrdNYV2pHENwLcpLKoyRKQOBQ3t+iF61ljHdKI79LayCIyJgIC65KNo+Gp7eVvt28Gbab+YSg3XSmLsABgEECjLrfQT1z/8cXk7wdmqKtikYf5TgIYhZF7twv+jeLm05qztWuOvGqEOLBU0/kK4Xp98gUWdFMT3sn+kABAhsFyiZZxBGuWroETWdDOx+jHIXyVo1tz2OHZ5fzWCVCDcc9Bjld5KYpqyx8jSrBGtVHgM0dRktUMNAqZavYrtoTn6tgHUU7kZOcb0S1cRxQUQ1VEC41vJ/lu4BXw=='),(800,1129,'card_number','CHD87969f359dec7df5187b5c24bad659cdI5++WMw10kko4jZYq36BX04T4vCtuR/WUI2qCGUfkKVVMHeQUlFre1Htyfi66wQcYNW0CM5Unv3noI9vwJza2erv3F1AjkZZi1jNjBAh7cqUyr6ui+HMyjIZjMaUEbSibuuG5mx81D3mIIyriixCu90tVZVcboSyHCjKlxIHm31L9NHXTmQ/y1CYSVEmPX2B8vkUHJMPIlDwvNMayDd2Dq3dzA0LGg7jj26LqzV3xY9XNQ0y7g4+HdVi/HbXco7bYGGs5Jh9lPRnPn71YwjU7H0FtnTI/T+rzSiLtyd/6Cm0iUY/IWBA+w3JUB1hTlRhOnRSAG/z0MCDrCzWFrBocw=='),(801,1129,'card_expire_month','CHD87969f359dec7df5187b5c24bad659cdQT7eTduoYCVA9alhG225z21/HuLHtvjMwAQzr+Oy/Z4WPYBxFvMWQLYnNuxnzH4MpPYKU4tm0Fk+wr9jBlyo2I7sakweL0LoslKwUT3okjGc5Z37f1SJL3VeDm11NDaphj5qlTnc0IaW70H7f0SWvk7fr3u26g9gCGjaSz62a149Xi0VvBR3V2iwHRmxwcft2TojdVW92UXVomsQ9SSqLUjnXIxKPeO4QfL5yoWhmvHnUPdUKvck6C0UOIOdJVEe/tR4034X2aFgpl3WrySNLzTWj9jpA3DypU5QWCqYLh6lgKKeqQaWiQULZ1w7DBkO8XHsDc6iqfRiIwr0uEGeMQ=='),(802,1129,'card_expire_year','CHD87969f359dec7df5187b5c24bad659cdAejGhhvA7y1MZHqUZnl9CJxRzOtIbBP52NYlDH/wZ7KNl9OyKbk83+/Cu4m9jQ8gMO5YNbzZS0zE82CIqBT3QTOPEQqGrgl8VmgD76uxhm3oS4W1jOY2lK+rp6BwjxdcGzrfQwpESNimtfQhKQag+MBBoCkgMjC6BvqcGT02ZKYcmuJAKKOWcRmmoksWd+jA8pu28JGUaREPAgfSAoFuXj8GS5VupcmDLQ5QVhCrAEW4AVWHmXL3LLO28HhWSEMzMHMwHTIijEbb4YWIMEqe9xVbd9odn4nbC9z9iA29VPHYZ4zLvAYZvAhFup2+JbON9pMEaOiK/90Vi1yWmKmJSg=='),(803,1129,'card_cvv2','CHD87969f359dec7df5187b5c24bad659cdYHAXGRnzwNrnLVpoy8Fw/1xAXzTDxoZocX+8Mg+FS54NXwWrkjuKQq2NYD+mViGBI14qN0bHaZv5yx5MxEll86LKs8BETXsztRTVb2ucsZsQ7CFkcbQqgXFPxEFRxXq4SY7wZN/4eBhyJyD/wueoQ0v3HRGmpOjFhJv/mkrAYJ8joJ5CaphbP3cssi2kIzHtnloxzvUFXuqPJ2SbTNbRCmszCiPr9gN81DN1/gGPRDert68WHGKGIcPHbxhtRt47Y/4Z/zwAOd7S5UXMre2pRvHfX/9EezTz6y2QVQzicz6OoK1A4PR2ftvYniXMEv5ebrfnENGhGK29iJmWSowwhw=='),(804,1129,'card_name','CHD87969f359dec7df5187b5c24bad659cdCsWlHM/MJWFzvrOTyZEIdgd6gMka4nrfCxPOrdGUJ74eAEdoOzEgx8/ijUgRCd/0nICUICFZguWmG05v4RYp09jkw6Dj80LpLexs+QJYTsUNqKfwGvvaGNwWxnlYcTdK8HJKDEqnEaM61zhuDVH/lb/h/GOzgKunwQyNAmJgVr00LthLskB59440L+0Pcp6X+76ZrAYVTMLaYEDMFTX/2m2pETF78Ie7Dk0nLqQfDxyueRq0R5vxHDlfiIOAFGkD3kMLpHBdF1vN7yAmFAgfqfBjjvHUTaWAXjjg9o0odFtecT6WgVs3jiIRNYubZiJk2WzzKRERvd9mj1CtHv3QHQ=='),(805,1129,'card_expire','CHD87969f359dec7df5187b5c24bad659cdFuI/m/GIG53G85ta8qDO6Kuzop7MX3Tvrws+LKL0W9itngbSFVZG44W+SnpI3/Vw+uY0MnvtZlgHvR7XEXDgao3ejHi/7UHqHp+AB2z5gLxX1nxG+4wSCZMXxMgFBrc0GDorQlLW+bAwK3o6ECLkilg4NujYJk9xThrsZGTvw3oLW2BSu82CURf9v+lb5DXaVE9PcQV/cWWUpBecC/j1ENqoB4f+Q+/V/uHKDQpa4sCPX+gNxifY7B62KRlBCnibrzW1B2DewaHXLb6Nt5MvvJ4vg/hWUIJFFBJ4cM0AScAChZdpoxGsevHdJ+zjZkCsGM3QJlTg5Ks0hv0cK3WYOA=='),(813,1131,'token_pan','CHD87969f359dec7df5187b5c24bad659cdR1MMBRcVeffMBqMQ+MqcjqU+jN6IKUGKBkU8dFhXsLavluneT1Qewjpbu8ZaCEeXLdtRuj2Tr9X2XRfQWpQ2IRgvU9fwkCX0PhWRUWJ+VNTNiIHWPuHIgKSYJPUoKjFHwMHPLzvNKwI3m89fxZJflyTXJEkylomcJxF/lStHG3YQfQtQOGCPVme/yKntUC1dCj3dGM7izXqU78JkHXZCnoiFlMZsYTwtwDBq4+0xp7rfIIY2GxqJh7SyVIWNnFlVf4nq7mHatheE4WyRHPIU2Hpf4vOXAM1Xx4zwxmnoKBkZ7X+5PPp8XsgyvfBKkI5Dlyvl5eiet5FXhZZQPorSkQ=='),(814,1131,'token_expire','CHD87969f359dec7df5187b5c24bad659cdlHP4vZsuuZFFEPuOm1e7khW1u9SkBUztj2URg55BQZJDHzt+o8KLPNgy246Px+nWGKMQmM+oyXLIfpJ4rLwEfwDvFLlOsecZQnYw3dkEOxpnyZO0HX2i9jQ1fslK9Lg4Fi4N2KSy1QzoGbt7SafMucKkdK8/iBTaqXYOJuAWN88KhNm1+L5B9rCFSZFOBNjyObjHnRw5KfhCVOETGqSdZ1fyHnoY9+8ahFY3STxgmU8tVcWdzc3Ul17JSz/KcsZthVmUvy16N0DmLkulWEplsbnDHTKDpJZv/z7eTBgKfseUbZUlzg+SK4wk623StX7mGJJY3BDB5CU5KrWLZ/YYxA=='),(815,1131,'token_expire_year','CHD87969f359dec7df5187b5c24bad659cdo4Biwe6KSv+eJ31uKW6dMxtB8INNWBm/iiNaJ5nSLl2h7VDgvOS6mY+V6hBzhdl5fEeBYtiFM0zJTrj3sCEg/DYxqBDFhQ/YrrFuAdyhknYhrE3lvH/Jrg84fxAzLGcapmOFpt9p6QQnjhz6gSL9OUqpiUCNkPMnpz4+eapePSTXmDLkE8RyHTb1oA2F1+sin1yy4WrYqFB2yR591aifH3QVeqW8C9WBCNhQZOqEZdFEK8nJsQI8ikjG6H9sTH/nVSDaaUP7IclxBljIziyn6WInT4KVTfjEOJClHQZKr/KrnZG36JDny2NrNb0Rt4g+xqRVMFzZClLjQid9L6koOg=='),(816,1131,'token_expire_month','CHD87969f359dec7df5187b5c24bad659cdITlV+yUDPhy8XfYSNsUpo3GjhAjp+ragVy83BpssMwDT2xlx08qOywNB3hLLwIi1MoOtpimSOhKVyO+f+0PKSsxwKY34hwEZ53Gm41aqlJUUKuEtk4H16Il8GIJSTTD0/zAKOFBmJzabPUTOmm2U+ivf/e9luWbb4qaaoy7kd0m9MKbsfO58BikDBi5M3qzIINlHa8KBL3vQRexduZQ+SsbwSduV8ImSogF8YFUwkv7DlierxCG1FzDOW8CwyA+0KWAGrio6kgZ84SaqU+VdMpiY63/50AdgNOzH0Zhj6EnpW+jgEcZ/rB243yosz6rECxzoevtqk0M0Shh/tye3bQ=='),(817,1131,'token_cryptogram','CHD87969f359dec7df5187b5c24bad659cdqWZ1uydSj38LQYgt3Cm+GMV0/sOuy5+Te53iZZbaqRlnbLBOcxHQf90YGcvY2kMgwNhbx9/+nfncY1UZskm4fxjzslMCalt/5cvE2X3i/e2ohU9DQTNoEekwhwqdghU5whM5JIwU041M5osdB6UEfAeqkmaHaP6DprwM6QyHy2gp2l8RIB1W24LfnSS2pAlgYwPg4+B1itXRFZkg+RE2NlPAQlPikYdS3Y9r4VOhHY9xXdseWfTYFlAj7cGBK6FSeMenqZ/B71Il84NUWA8pSYT60d3f8qbofBDx3M30EAjJEWkKk0c1cXxXboR30S4gXP2A6ZdGAp2dIIZzqGIcBA=='),(818,1131,'token_eci','CHD87969f359dec7df5187b5c24bad659cdBeepJT87HWmukebcy5/iJUTLNPsarm7p39N6THB9X9t9NyRUFLHIQxi8gE/7D1mLlyphbLswF/Bj2L0xml4mkyURJ+KsnQi6qQlLz0eUIUPEBmVhznO2S7lVyb8RI+7aWDQysdmXF7es5F/zEhtCjKFmvXqXIueB/9DW1p0KcUlJMskR5LM5/pMGyjV9PJV9hxvS/jTexLZxKj0QLl6hx5X+oypz3s9q2VTT258ADa6tg+GKDc0PVw/ADn88iaAnZAmWOnI3v397lOPtc2vCNF69lHn5KoVNw4MXKnnySi3yHTYVG9NlEQz8F5EGBYrodEeR8yJOBNgVwPzf+3+2zQ=='),(819,1131,'card_type','CHD87969f359dec7df5187b5c24bad659cdGLuScX3QW7XmETdmNzmdgmM4xlpmhBel1EnLQfnabjwgO0oTNfNNoxxRLtxv438n0G1Z02XTfFD2tHgaelAnmXVIlCZZBDChHczbOH6/md2vf5/gHZ6JTkJo2/zFhOALnmBf48iuCjPeNc7UNQRfkuQrHcyw3aT/+uwFHEkyyu18d1mFkS1+zx/3myoFPR0hKzjpQjPuxgPlHnucF/r9TulVILnSPxKeOXcBdcCju+d4L6nLTKBY4RcsexA963fpb5h/0G5RLVF757JPdeKekftIetwexCwQVdJMtVYQkn3A/WSGRjYDmqJd5jcP/bj0lyRVisulvNV25E+3Mvhglg=='),(820,1132,'token_pan','CHD87969f359dec7df5187b5c24bad659cdEz0Uu4uGgcf8IxS2wEWCRd2W+hclGzNqvRSgHFENDGCqJ31YGEpGbKX2f1s1z1SdKYOJm1ZmedTTM7E74QnpB/ijnvA3rhoQMKcXtem4bAJmrsDxl/pZgneQIGLNzg9+0/vG6d0OUWal/Tb/Ut4DpSuzPGCDFyaMh0BQVfc51DXNGk8CFH5uFKjAw/sOjM4ls+hBNV3jqRjdJslzLUY4suLKItHAfB55iSEk9zJ7kBZHEaLvb477rc4xA5aEH5Xya+XT9+b1csZFPct8H7zefixN8q7zb4C1slnSxpksuVJRkfthOlPuEoScVjbSiwStfPkPwNdI7ha5Fd2th6AbiA=='),(821,1132,'token_expire','CHD87969f359dec7df5187b5c24bad659cdPJQDpwLkJT82QiMJx/X4ixTtfwxvBzVSkOaVANisQcf3/hS5GJx0pw+J80wzRpBOQb46GoLsDK10/TuUEsrXSGi4YrpN5e4E6Il2nMsBZkPAU4p/295K8mTZBbsgzEByPP6rmzVyyO+20YIhVSZr0PCe+AiD26rBbZSm+vq2OLIor9zW+AsRhLIjGJm9ZPS0mM5ThBrTKDT/KaMgwWBIpsaMpVFGmvQ8x+zKdfhZD+Qr0X2ESG9JqHe6Och1pNxYxEnAb1U/IO0fS+I2b2oaPPy4TD6A1tSJO2zwTCxHzBde6DqcNKO59tU2XBNTeW47PvnH8JbNndrc0cpNqL8bFA=='),(822,1132,'token_expire_year','CHD87969f359dec7df5187b5c24bad659cdh97UqA5F/mWdHGJgrYYxp7900ItQ7D0udEhMHxb+1w7xkuxJdrzDimglh5+2uLuu/x35nmLm4/xj3UlxCXV0Nugo74CQkQrFhrmi0h65z4dTqIfZwUvnmZCk1g33q6xyuKqMikB5cFoKexPc/Uu43TA0elyPkrh7uPGlY55gYXJWXz0NeC5TcssVFTv8bCALWZLFAUapRdI7HqGl3m0ByOGKD7ltexR70jI19PJm+aAPFEhzgD0qaFLtY0IKs2kAlBMdarVD7uz2tVIoT3qs+Kw65cyRyYweDHf0be4X/wYwJfww0V4FObLbS4wn7rriL5U/YgnW+1HF2hx0qYcEvg=='),(823,1132,'token_expire_month','CHD87969f359dec7df5187b5c24bad659cdJ85syeGS4rr4Lz8gnzhPPD787Z2SJM2asM4LBM5IfF2jAvElvpzNhdpgm+sPT3IRBd5Wb3O5yhfs5WBPK9Qqbn90HSuCF/U4e/Zb4/M71C1Zz2WlFh5P6eXDvuEtuWw+M7aXueaHNpfiscmP0xppjz0901rgJnHNl9PLl/+ml3yZIIe2UQzCazIG6JjU4cnxLlFAHoIL/emUOMaSdfXMVC0mA19E3QGyYuij3oXP3a/N1JJvkIKFJoUGuvdoX2VlstTIMsE5E5+my2KpSikGxmhh/sifd66WcpzBSJvJTVNv5KeOMa+Un9/lztBE5OtnxGc2rqV3Iw8zO8jcvv90KQ=='),(824,1132,'token_cryptogram','CHD87969f359dec7df5187b5c24bad659cdJm2yRliZAGyaeB7/5RcsGFDhkUhs6Tj3fq2ZgQXLl028KuQug+uyhL9gh/Q5tfCJ43in1YxB0kAHIesOCxXL8Vl/MdjXUIGSkYJpVdg6z42WKQy0gGIaV3yMSol1wntIZf1S5LCpYiejPCS8982eU7EQAuUXmqMJ/d0esW6wPfTpyljjGsq0ummK9jnJz/Cjuyqru9Rwl3+VO2LF9DQlg4tOqWrIOgYtMhAvPSqKH6jxW+cAUyvRie7XWcnGXSgf92cxeLSt5Xb1KU4qzGRpqsZcDRu7KMNgWWXBMpYdG+lPTVoCjZNwZXI2R+ZK5WC8cMQIFZ1aGfDbVo8rdYMfEg=='),(825,1132,'token_eci','CHD87969f359dec7df5187b5c24bad659cdCNvXQAQEVZBVxKuuqwLTZjw90L0ZvxoYium9mzC1+tt+H2M61al4xI+ptMxnhX19C41bWU8DAqJdZZORljWrsbKgxO39wpp4yzlw/QOjGqzRQ+6zz9DcA2qFy+j7SCIXh2YTq6hpBQOVJXLaJZJNj3NurCIBQf2TXj0I+6BfSv+p3MTtzFOh/Vn6NbY9zzO0wQe7qjN53fAoxLn7TU1CPCsQFI1/I1ECcr0f4CLC5emxEx0rgbLbGcDN6PbRzfq8Y0jtmzo0v/YsGJM5derPogPbZjG1MxtYyuH9Qg8dlsJcaGDMFw8ucfx3xpzCJ/rxS5NgTDzVdnmrX+FTsitCZQ=='),(826,1132,'card_type','CHD87969f359dec7df5187b5c24bad659cdTNBeDFGVUCLdmSGYPNi6/iMd61TwUOo4tHNS21Jyz3z+s7EiqRzrLI6JVBRVCwI7E/jhd3l2xkq9TSWgpFfw7rMqC0kFWJzCZcT71q3wf//cIVnaABxAFOiQ4i3PA6gv57Rfo3jlY032SLUm46qM60o5NtqVdBforZ1wjnlcMstpOAUVV/P9h0SQjdI68E9MJEY5aCdyCoJBPzifpoRyBCuXVm1GKa8317LO8ZQBVQI+BemtnOG8P7OastdFqHlLk1rL1v7Mlb6FWiPSMAE1Cpft5amUyX+cAOscG0gN9AOe9R7D7uT4qd+DD+RsW2UEmKZA4dUZ6qp+p3l7xYy36g=='),(841,1135,'card_type','CHD87969f359dec7df5187b5c24bad659cdPvSGxO5pPlydZpOiBeF8PSiiaAOlriJIqOozsBpZn4yTE8I7h9MASEqLVDm5j8pxH44sR71kmB2HQrdn6+8AebXdzqhWjB1ljPzmDWpx6GKWRWtq7xmELlw68qW3AN9cBRkLJRFm/G9DTM8R63tVFHS+29K/HHKne6IIYFG5W4dZjVwyODJXf68ZpNU0hMu9grreY02+G884RvS6kE7Uj+NrpS6DYEkW9aIUhg4GJjsaiVyuBFVm7lB0Bf66+YaSbYDH+p93Z2+ADJv7x9g6WahSxNbkwoaq+imsAVx8eTtHDOF+cE6WInJJbMtIzuodGvWbvieXTb3NmBnfY60g1A=='),(842,1135,'card_number','CHD87969f359dec7df5187b5c24bad659cdXeO2SWjI/3zAYLsmQ9uQ5P/zNqs+KLmsNDpMqeE+ccDIpfcstcT0oHZbKO9W1UP0oGQ1KyP2cUXiuaqn1YklpDf79ULIG3O/KBTvhchH5sY9+SEfnUkhT1WwMK0S+T92u0gPDgUQ4TjgN/7OoAGYSzZboKUYBv8XxvMlB/RdYWpikKgr90tejUISAHKn0JMZpFQLTTN4LJuVacFXEfeTzrHTgIIAkyKbg7A63zdIjvlTBwNlK8Y5bZyAvik77enO+jWV/syK3m+NnLbaWa5FUx4j66NvSpJMAC1Ar/WBvnqyrRkNbPK+s3meewyNSN9FJrDTi/IyCLf50TKmyDPXyg=='),(843,1135,'card_expire_month','CHD87969f359dec7df5187b5c24bad659cdki8ydNHgK8cm0UzYzivNmMf3pR5hzPOjKkKdHeJf+9g7qaWrShZ7NpJGL8Uec8rIzHuAdgX1NErL9INVw1K2sVkcV45s+qe0qpWFONqFkueu6kjSmmLO3IE7cHM6yDATX4BC57xgYwn3pDt47MqjTqCruFFrJEx06DiSB69FQ/L0yOpjX/AZcJhtMDs3K+Xay8WezAxUpMY6Fh4ukhh/o3UL9VF+fFagLR4IgZqi4h7LVmhlscaQSXK+MLSQNH1+VIb5jN44G73HUZL4R4g327hNpNB77k+57wJtMIPeDqQYcXrydBAYfR5rP6OGzJ+Z99W9qyUWCi282AgLw3Xh1w=='),(844,1135,'card_expire_year','CHD87969f359dec7df5187b5c24bad659cdUj0P2tAPyo0WZaND4VW8y7C+iIaoggXdpItSVwhJ6g08l3NqshoiFwuNIUWIRB7IYEviX1ub8y5H03RQsH8Sty5JPTWpt37q73aZ4wJx1/Mu4pf8PXlNTmNmrNJQFyIfH4Wo7dSpiNFSzyj+yoZXwX6utXhmacHexU6Pr6j+T4iJYBW2EIxOMCY2TlKMGTPfk1oF8XTjDWzdlGWb3QjgKiG41RnKeTgUXPJGTwww490+/FlMr8Ubx/YoSgrb0tP9z73i6WkHB7ln72ZCIvTqD/wDggODvMbRrhqX4zpUMCG0jyMwTNp5UHF6AUtnLoDGNyshIQSPjl491lWKWqwPCw=='),(845,1135,'card_cvv2','CHD87969f359dec7df5187b5c24bad659cdhTqGWWnCL3FOblth8fqiUKu1bYYds1DfTqjwmsBW00JUNwgo5EvLFRR5wKuLI5eyXMu8sYu9Xd7moCNp68AR1AhioYplTtVeVV0FrzyYL+5T9f/9klaoIxLGO3smbx/f+hXHwBERIFimpav1lg65pKWm5UmV2f9MGTW5OGiGLKzt+F7gWRdormNLIatyceFcQKxK/w0TjWLrPBN7zPB9AEAUFhJZVm5ypytVvxODV24yawRYreQKND/ss5sJPJNqReFwwKvMB5GKF9Z2/hOmmU+kyh2RgjWynQc0oniOvkOj/jrgECigvABh7+LCwrYFg4RV6RD4iyj1nAYn4jIEUA=='),(846,1135,'card_name','CHD87969f359dec7df5187b5c24bad659cdi+rqjfXuXQWPeWrkQeBKeKdhLmBRCjao6dPNKApWmEwzabC+XwtenYOUO4Q2Lxg5JCxbZlV8J1labMkStsXVdXOTOQb9xp/qlVwJOrGR0O+uHjuy3eWsfVyKVnA2ImRodcB1GqCRp2+eiX7hMigqR3lKfRWC1MJ9L4PLc+nXh7ULpGnU4FKkxPVjvaymdS4B4c0P5IlkH7QmiOr2bJuPclAD3PTyepct3afZhMsThk7nPhTOxA78EVISBiARswwZIUGcpp7aWZIowsME5lLXCWvw5tqy3ZYXM9amQN/MMxY8IY83N5DP5fKrNmIzYaP7oXFSyvlkNYd3yQNZH+1GEA=='),(847,1135,'card_expire','CHD87969f359dec7df5187b5c24bad659cdDJJMtPpaHJiJa2cG6ykPDYDQi1G1g3QPB60abP3yqmsi+ByDHd39g1hJwc6Vg0o8eUt2ETNIIz2u5xIWyaXcc50aKAZke74USOWP55FrVapFPs5FMeFV7wLcAdoO3KrcRNPs1sL6TicewPjYC1WcT56wp9mGe8toK+p+WJ8ibednN2IcyUGeDKdXPLWcVPSPrKxYSuHWWPI/YBo+R3Pw7KFTa6QKbb444TPobunlZ8vkABSMnbkOblUdTdTFy+yx+yOxcLazVmmnOLnzvN+sh+42M1YefY6XKzg9rRiAkK6J2XKuTLVNqmXcYuZAcB5I77vaJdf8LKY5LlmmgwH1DQ=='),(848,1136,'card_type','CHD87969f359dec7df5187b5c24bad659cdfOZXDdJwAHIo3zc6CsO7G8huafTwpznPJa/rB4/oS8TMjvSpABGnsG+u7NL6svDGMfZuuPC4K/fL4pyhaM/zw17kxYn64FfKzZDUwi0xwi2yS5zsp2P7tA2KDT9SZom54m9R27LUhSggjooGc5swbzrzSFL6NrvN1xags3f3EAcF18gkPA+pxArEf1i/Fi6nw2P+ybFhoWt++sZ77Jb5/6yIUL5dyRTVP/h8dyq24jOckVxpvIIRmYDuweSnsAlvOFS0UTUqE+4kIkWAtDUg6XpknuAdstR2oiiJ5zHSBCPPIcvFPcauOvkLf6xijbhyFUDQJmBytIcU09QK2zw/gg=='),(849,1136,'card_number','CHD87969f359dec7df5187b5c24bad659cdTSeqZ1x2QHWbbp90DWcMuxNHaUKUjEONFmv6REAQjvgzoXOf3KISLTTpW3s47MnjvwZkmHwj9OUT/0mMVn/jko+fUCng7xgRA3pP2LrTpSiHJcxVRrho5rCGoca6BthtaG82GLpDJ9LVHoVhlkxhRDsur5TsgCAym55eas0DGInNa3l53wBb7XNkHKMctyY9Q8fpH4USOAWQQxpToVz0U6kqQ3IUwd9b/Lubx793TPLwqJblHTcbzXLkOMDYZ+51TqVNtyQZXSE0x8mzP8pZR7hB3sLCxNeRWsRbR75eUD1w93WuWaXAjJwVFXDuC0UlBSjSCBLghO2t2DZ88ioMng=='),(850,1136,'card_expire_month','CHD87969f359dec7df5187b5c24bad659cdlM3zf2O5is1NtQBbKLm5oq15tY9gGCKe6IM3ZqQFjdMZQsch4bTXFLxP0XiDIQhAwVgYWpFDkeb2oYdtRrFGrNF07Hb6pKUog3ljDXkcUIbaWrbIlxesRfYhu8xGRbixhTJnS5t9o/6XCQ/SoMHfX+StprcYq6TcTwntV3ynwJ4TC4ymI2WKKIUkSGPEA4iZrY53IXimj8ozXNmIk1NgC4OGFQKpNj5jqf4Ducu3J8h8307RdBzqAFvM3mgxcuD+fHlTg0boOI04zDy0I3D0Xrrhk8D4CTEeQv/5KZ1EuKH3VuJInmGq8O3Vt8iR25QyDMQrCxJiNR5q/mytkY0YJA=='),(851,1136,'card_expire_year','CHD87969f359dec7df5187b5c24bad659cdBZcHnz/eoVDcpLT2W4AA7uSTLNNMdT/7AdrveGWUg4AHZbXum1yLr7UwytqFQN/VitXOvb3fO7yX7TaMaEoHwFHEPyCU7UY5EZEefVlJkfCQ/aiIKiQEfIh75Dt7V+3D6e1bcjwODKWtqwO7WQ54bME78NqLkXOxlSRxrIRZaZ2JFHJfV6xLE91lr2AKLVZGSDtuhnk1ABs0BYp1S/QPAWA3DwL15DAHaoZY+J9uFu8sDjypnyqHiKY5/556Ulom4kK9sbWLwWvDLdcyXCup2ttMzBWmRH007cPwDPX3QzNLzltRyJAQWu5rIa6McxMR17/c4biEimZJKErtBwI25g=='),(852,1136,'card_cvv2','CHD87969f359dec7df5187b5c24bad659cdOSX0m3tk/g/8M4095lYealtv6tcMmmT2xfISTdRyfWZLU9ic+tZM/JtqqxtozAezK7sYYWyNeYSwU5WlvOvqji7EsuawAY8IQdwugGrXs/j8v8EyR+K/ISDnqj5ElP3XDnOMfjvoJwTLj3kr2qVGtgEg72WFrrdhNtgVt4jUqUTkJv7lV0XvhdNj+TVTNMvdZHhh7vMwp5l7N/fRbl9E7gpLzLo9yQjG0lZ63ovwXFTC5ED+dhzo4Oi9ddBZpMpTgBQUXjYtlDQWbiiRD8gTvXqNPEVfXky5Pcf/2w85Vl1uscffPL4p3OcJL/9WbZ+sK1Qc7J0g52WT7Xi/2kfJnA=='),(853,1136,'card_name','CHD87969f359dec7df5187b5c24bad659cdSgdZIMrsrVwPpqwgop2rR1fEgIeQbq/zPaURiKg2iRyHBIOSnMqLbEmz0sqCBSNxB42LzlgoxO0JlFeSjuT2eBl976w1STsvWA60MOwBlpJAkMBB+990/eFAWXL9Ds06YGe25s7tG93EbgEIhR/UoTQf03JJ8miiBnb+hM5xvhIBjDcyfGuCBazWXYmes8/SFVG6JBBWU28BPDyIYi4hp3tNRyE1o+8ViiKqnoz3kxgV16wVXC+uWgvGo+u9SJC5bjCltGYCxLbUBq4lj7jgmmzP4fECFQ+SMuIQkuCUNmsXU/ZQ7VJ6pUmLO9tiLKZD76KwbvnqYpGmJIlj9Ub1QA=='),(854,1136,'card_expire','CHD87969f359dec7df5187b5c24bad659cdW+89yLBaWlkBuk7yPevNli+nojTccPeHMQgifoGzPX3SNuCgGHJWi15mV9VykmcHyTQlZz/UrBrlrCRg1mNRQ+9Kv3XJ0EsWeHpfEssaE74n9bFeAXltpEinWc1qQBmwu1QmQbHy8Q/olV3eWZywSwrDAAfrJkcGrnTOo6LO24yARM9WuozGl8/Wt8bNx8ET8A37+h/+a+CZrHNBpwffAX8fwPkIuUVhLQ9KH4XmhbGn/lbCxosxvKqck5TOGxk8NZzKHIBWzXJAP+jgrQBDyForbmxtLk4Xf++qqfnQhQlQdS1Ke66L2bbdadFTURsKZViCvHTaC/+1R23dUjpb+w=='),(855,1137,'token_pan','CHD87969f359dec7df5187b5c24bad659cdTqI1exHg5Q8AkYWug9xyzDUt9ifS3/VQlhpzmrcfiV6MO2OH85AriBwxuofNyzqkg0L+szLCX1j49u4zWllAI8YVjsLsyde+ht4ar6j+n0+v5M/CXWQZc9SbrXWbw5L28V/njAbBhpEJ676z6JbOFk9YkSI+0gVPM5Cv7iwWL7ACBvyJHFsxq849B6MPPu0PX2nYdFq94jDCZ5SWOvBhaBlLNKhx1qJ1AQIOmgn7AYfhKIBH2jKo+IBO312Hx+frkfRd1xdu/FDfWX2nXMOModbd/yU820M+DozX+zCQ4ya1GRgtiMgX7+hHcY9xy7i3XzCpmW8MrOKKeF+P32AiEA=='),(856,1137,'token_expire','CHD87969f359dec7df5187b5c24bad659cdQJ/3ljBFJY3K+aHJjuTjk7okZ1vrdqC3lodEb9k96qasZtQ755oCyZxUIPbTo4cq/SmFHoBdHk+GQGXZAOEEbekgM8TIg5iZo+Fryxz5BGQIDzOHNYATQ/j+soNx4C4EN9OunkCgzw+ctulgviO/WRZTQioT/9n1GJTuv8VvzBFne7WH5wPKesfWLQkccZG+/g47IgYr5xFVbvkfYKdNIo896QPirK0AIzm4yha90fnY91d6B7AlTq74mgfTSVOuW6E3AlCIub3WAurAlstQ0q1JVWGu6G/sg9GPaz6sNDh6c7/3eudfQomaPqaZH5+jPdpHeT3acYsd4D6M33oI5g=='),(857,1137,'token_expire_year','CHD87969f359dec7df5187b5c24bad659cdJTbCeqcAN37uRTZ1Zr7PmLVlyWBzMJNjbf4q+nsOPvG6+FN9TQruSXlV/aXCo9Eq+tlyp2H6Cq1YmbbI4rpwrW3a7WoG3WB+lLCKBtLCRRi9rUd9HNkmvXrpjc4kj5NhQ09BVpy2v5EmPbI80kLXKseGCEbOhfV8XRxYeLXvtl25guFTMbiFQgd34yQIW7QQlbFeegMXQoDfBXV/5vXdn5A2ZUjr1L7Bx2vF0vFIgV0yByhi05E+jWlvRyRPpf4U/rfF77GzmTgSmrySqFBIEgYC6coKdbSQp7WpROplcJKUNEk7XbYwbMFhSxVtqHi58sj0ISYUx3P07xGxln+MxQ=='),(858,1137,'token_expire_month','CHD87969f359dec7df5187b5c24bad659cdNi+/bO3HvN0pcE+LST92n+7LLhtrSPFY3AbQaKjhY8jRcvNx0YI64phNCr9za3O5VkKuM8O/VjKon9DtYb1P0hioBrX/1rZ38hKVZVZ866dKM3KVlaUwU1jKtVKA8VFQsouAkNpBuLg1xGcYPD/SmXFCWKU23IUf8ahikkRkuPVocx2fG4pALD2BKCp6TFpE1Gm/az6i4lo2UtsOL2bB6wM09FQnMxGFrRWS6skMValh3IPoKBMFOqpVTsE/a1Pr5mMimrYges+nII0I1u4opc3oYMAG7mTHyC+frrHDbAccLXY8qhliezRiTlC2kBZfuU2XivHEMKHgP4nQG/K8Iw=='),(859,1137,'token_cryptogram','CHD87969f359dec7df5187b5c24bad659cdQwTeXYa1waMNm7KbHM7Uhw96CSefiRZcEpMCZqtbkg3ahG2O5g6kX6M8KjUbM+6K1faSJaE9LVGcL2vOH7qRfalUIo+7DlOWz+t8v1/o4OpphatslEcAday5lAO2/jlWW1Hpq3wICCNwrbrARmqbc7f415J+P+rkl/PtKQgJ3SZ8qluN4Q0lbAm/aGs2cF4tYJbbdcTIZjuNzJzoqUEY+3o1AOccM4R6LbCgiR2SGQAq5IYqg/VixcwITbIcD1dSRwe8UGqyojyxliOK6il4Ewste3a8ChRjbV24+rZplRixdxR42czTuK4bxZlD8IVPkyi/ohUN2Zx82SkWqU23kA=='),(860,1137,'token_eci','CHD87969f359dec7df5187b5c24bad659cdI7JpgFcBFzyJyJWoQGWp+s0mr6ovJ3U0XLbjWUKyV1YgSV6lNHSUKmV/SkH05dlcgUMkavgQdZ4gm9zGHcHydREEcwfgglhzRjfD5ZxX3RfCW7vVvMCxUEjWBW8uwlnyoAe9QyAPwhAQ+2Ax1XR1U8eG+b9V2MgtwFYN8yU9MwjyGTQKQIPrIg6P1vcDfqV9NXsHugqi/aw7ptzR9lIEYWp54DTU6XFpSIbZPUYfFHTbqRA6SaZ02OQsaTXo8yBi6WFxElsTOjsbOhi8AZx+oEYGsg6ULfbXmH0sgCXoZMfIak61wOmkCrKBvuHlEakK2Qv7g1guBXdZ5c2GROatuA=='),(861,1137,'card_type','CHD87969f359dec7df5187b5c24bad659cdHJmu/NJJtPVD38Y+s91t4sHZ7oPaUtMOXLGd9rirj9GuVQpgngqWMultuD8fAAx2xpmIDkkgmV+4E2+wXgpXnH9wlepHny7JmVW+IjOD+bxEqrKBuFAlhOBWZxr2Efe9gDcKRDNqC4U7tbaEQvLyJYCdX6O1+5173i13EHFmlm0HV71eXgDchKv+YFsclqYC0qUyiHrZCQIjNioG2NoyDcKsr5DxpFDgmKy0cMZ09xzPCMWyVFiCUFzgb0tPXBBKeKjn8+Hlv3NJFzb9PisgX7H2LraImL/TG/FBfqstdTgrQh6AfsK/HuLRy0i+sbqNwuv0dgkT1rmXDQaMcPXtjQ=='),(876,1142,'token_pan','CHD87969f359dec7df5187b5c24bad659cdd+LjADlb2zN9a/Tq36PqceX2UXsXiU35VE0YdlewtnZLcStCJL08BxCXGBnW82Bq0DTwN0jd/gYaxQC5xmawh41efUfU2Eq34NlXXAifMxspr1fdynxZICwIReLX7/M6rPeL3xfiInPJ2GpBCQg9TIlIL9erdqCyfOWtNccwqMu0o/C1DeQMMM4vsYNapWUlM2g720qS60GlORmuTFiJdawEY0yoX2EZE2GQz2YgqhRpPa14a4GFwoX28S+XbXOkEf0YZrZ1v+gXwnxfRudlPqLM7PwXAMJi4wBK9pDxtD9wV/2I7tKThvn5syTYzvhAse2iOhGh3iy94d91C5jnYA=='),(877,1142,'token_expire','CHD87969f359dec7df5187b5c24bad659cdA4ZGhADGeFT/Lr8KVVZB44IDSvDw2SOSD6t53vQL6tHIuybsFgtznyKI/YRrgmYYZzj7rclyUAlzdpSJj1zyHtorI5xnsuTobQI+JH0Zwjnf2kys1Ut3XcrQNXBDbawHXmcYqnM5Xuv8ZTj8y+Bh/0NqsCvpxfhLoZZuv+ExWLtSDNKbHWCB+2Jui5g+OiUdVTsAz7CeplIq9HMw+SY6YdDfU+G4gjNZBO23chkpC84BO+9lyy/phTCwTgPALrrYa1bDQZ0m2Wcy8BAuvCM9XOXr1V/CXsNaJLdY9OOs+YYXXa5BxRt9A9lcsyaiJ+z/bxGmGSGzw0li7i6o/8/jXw=='),(878,1142,'token_expire_year','CHD87969f359dec7df5187b5c24bad659cdYh0WSO1IDvjbAnhX97uFV3SAHzF8d/wmiZRtrMj7iOeL+tn4yameHWR/twIrOwI7uUPGAPU+o52Ouk+NwrigUjK3bqmDDvfTZdJcNunmAp/eh77LpMm2XT8sFVQgvJkzuFbxwGgSPbTVmYrAmyYCQv3WPUa9pbmnbyaTnmJD2oSaSLoI+igoQGZStK66lrPqVOPgrTS6Rk6ZX5U4WbgEN/Fx9PtfERsMS2I9savjtP2d3XSrkWTBTBJ1CG2iQqFQlCwX3y5J3c5mlfvqHwNpfmB6L201Ti+h4vfLozobmN84+bRXXLdKDtvwYTpXkoF3dkmPsWNOEyiL/bsM9zYUtw=='),(879,1142,'token_expire_month','CHD87969f359dec7df5187b5c24bad659cdW64qdvrq3Bm27rGfeWKGxFHW2xTHMz1ytSY/Q7w5fMzHClzo89hmoG44nU/lJgBRIKZIv5KmntaGGEIsoZ5m8gwEtaE8Ese8M+qCa1lYnbF1rzfDtEHFujV7iNBjPsTl28Jp72+drcGGerTJSyiUTePpBqOpPMjQn4XXa40uSyKD5HSVcpQakmM2BicBEOB9hXXNLfqlrpwQAl8WeYAoGXtmQeyxGOHcXFotKKc7ciZ6EifQvZiteCGOhge5h4BHNxojF57ctsrLpAF63HUiNEXbnvGmfzny17w3xZbqI74sJwWveY4xYgsZI+VXlUeXr/tLDIzT+y839Q/ofQKycA=='),(880,1142,'token_cryptogram','CHD87969f359dec7df5187b5c24bad659cdjDYvEObZVlwddtQr1ox3BuqmBdd09Y8tPEiEvvR016G6CTsrf2Dq+9aVmbSbMDIeEwztc2Gr6WIb51e9ES8DeLp1sScB1ql5QCZ/EIcxlbYcP3nesef497nU0GTNhPXeq9brMVN8X7rxxOlZhiZp2Pl58vI57NWBlUS5pQNOY1c7yb+zKtdU3XC2oadeJYO+E4vsoXtQGTHl1vk9Kh7/PLLlIzIJJBXz1GX6LmQM6pTdIqLqbqZwKrimtecDgbxM7FQMxHd1dHSUOnqaOCWFo2kRrYRVC4xxQQhPX4XAZbh0C6L9LmYWRbHHavmR+EV95t/Fh4mGR2JoO8+h6K5B7w=='),(881,1142,'token_eci','CHD87969f359dec7df5187b5c24bad659cdrh/1wCvlDZuFyVXFF5x1hRJ49VF2MXZK8fVR69c2rbqYoETmw9bfBY5zan9CrhHBxOlyuks+JrbZf5x1AOLVaO+d1em86F2+xS35xOiD2J3bbC8ro8kRXyywkiuo5DQGIVfeNMBEHX2cWbdQwJYAdSN/lijNSlBtPjv6wnTWFdOOU7vXvTwV0qE8tuoE45crrchLFzw6JBHZCiZ1RUpMVuy06cgl+DLgunOJ2+G8q16nrkPJVvNrmFsqKsYPEw2mua41uktuezQmZi+LpB3Eigpc5Qh72pxJW/GdSgtTYt1PavVv+kmrCO/Xm29DInVyIsiILDffz9fL6jk0ivLw8w=='),(882,1142,'card_type','CHD87969f359dec7df5187b5c24bad659cdkcNjwhJtTQLNOTkqZ4IFacG8z0wKpbL9HBPtIbsfpDJeeo61jXJ7ZR/ChOh+8+ZietUbcqgmtueyup3eZAVU7shxD6kyepLXOge7Zow9Inmv/uI5HQxVUGK2qYrhQs6V7PrHBFY4ZUfdmBYpIHg++nTh+G3R2s+5u9FzjyCyZlWlZu4bkTNcPkuI117m8pxd7IkB4TiAtVCYp0pK3bKahy+mszWLEm87rL68MRIN6V2U7LTSQmBYXLvotcmyznSofckjOArAloWT3CNA5nDYmL/CSC05igQOdn/UTpVmnxKCedpdTs7vgM84E7nGMPQvjqYpPF+ukANGKOuoTqWDHg=='),(925,1149,'token_pan','CHD87969f359dec7df5187b5c24bad659cdC4mu3fu+QXRrg6NZn5x18+ydzxmiyzn6qH0FIJn7kgBEZ+kqa6Ap2dt9TS2PEZZeYUVwnDi2vYWDufhGsBHwLhAeeKPC/JM0sYynH9xmqberccvE6Rus3bkVQQ0R3Kfb+/St+32AUwY67JoaTTMkGJeKrvLWqu/6dp/Nz6OljQ5tgCwhtAAgLo9wn0adwuzsoXt1a1+3rbn2AmQ94AU3WqYol43Jn2DUKtKC/7BY2Lw/cwJBucnY98gJ3G0HvVxjtnXO26R7Q0QrWQ9//2VL7SqHF19LGU8Q/t1O+2/AEjqA4uHq9p/sYzkkMHNVE0bufDVFCbVgtq8Dxnh6VjCCOw=='),(926,1149,'token_expire','CHD87969f359dec7df5187b5c24bad659cdIj38sOAOE/FVSSWKD/2j8H8N4Mhw3T8FCjN1SXCDjh2VL1nITdg8hV75v46hzAVySiZ7Wx+7yHG9kvR+lEFfUCrMqELOFOl1Kb5U5dIBkBkKgvmjNOAoPJVJ4bVx+1De8QBJAHBQ4eQEfnD8oD/p8mrkcnqR8atD0Ok0mWK7yxgE4NnTWcITCWo6iEz7x1PyAs85pOcKSayH2Vh3b8lDEVvM8f/9XhYU5VDPYOJ1OTfwkDknBu9ZHJCc54j8Pp1ZbagcCSZnxNtOtSxUWn3tnrlPSLFV1U9DvULIrYYAR+qNKPZYW0BwG/mNLApUSAbuZ2mgkdhlNNhcET6sFpch9w=='),(927,1149,'token_expire_year','CHD87969f359dec7df5187b5c24bad659cdCcjXdBH5gIp0T/iSZVQAr5vPkIUu/Y6Cz3UIuY0M04iLhu31ESM1PccOPhzClCuQhGe/bR788GSTAj0Jqe10rpTFDn3tQrX0Yd4pMpBsm25Hdabhxzw3XOjcAFjZsbxtH9YLdAPOanjS2R0d325NGD/IlKmjgQJFVR7wmyFv2raIq53iSMpLoFSQ2wtN9VfFf1jN6qfBAbgW0BnugwZ035rLxlEQqPMP61nAgovZ+Pmllw8kUXj3tVMgCCF/hozCM9jyf37mGhT4ZShil7JlmT0FFRDFIMHLXyB9OuemiOY2xMpQlUi2VCJeV1LvV1kdIZOHNtKVIdR/LvDhbotEDA=='),(928,1149,'token_expire_month','CHD87969f359dec7df5187b5c24bad659cdbc5VUnuM5IdToPLoSkSv8Z6WdnibqevQwtc5ubsDfdKwqVyfP7yT1bXRlF8E3Ylm0s3ilToGMDFbVGj9l4Kb1z4dHAEWFlvdAKMEwPU6aSSICnNl/ATYHrA7bHO/bWCTyK+75yjwklq6UvtZI+3qUu8igCYP8Yi0Mya8PmmQTyNVvPXn9duj79Ncogv7IxC4rC3sizE5T5yULaRh9MrJQG+epdThzZuuG2RuCkyUjavjzrCWUZ2pCzklfalN7OGFAezPWK29qEfoyYkZg3Stwj0vumCG2r7JElbcq0J9r1VhvasP4gYb/YN8Xw7winSZFrX1QzAa489+PF5CRUqhbQ=='),(929,1149,'token_cryptogram','CHD87969f359dec7df5187b5c24bad659cdJXxvShBoPdoV6Dl+7bYFFbqGSkNLd1AgCWDLm7ZUyn8H/Zfx3hyCWmMfjHQqkmCAGkcC21JRZK8nMUHhe97Xxs3uPPbqKpnStwOpnfxYhWYH5hBpSxoK22wLXRLD6Kcdc1gcSl7sEUnpBZQZvQRGgtscnlVxl078rZc1ZsYmK4pEjqfiBC5p2fVmZR5P0+SItLzKlShimIGRjdpfDabCKeTUDiMhBQWb/sVJz/hOOPLxNG83d77maYNFWjnHXrZQB11OrgHLuphJKUTPnm9nCPdqh2qJ7MdLeJ2zwrY7GIgOxyLPI+BMlybFvD7qVw++2Z5QO6pCrOahEYlGdFaJsg=='),(930,1149,'token_eci','CHD87969f359dec7df5187b5c24bad659cdjBZK84F55Xuje5G8MswKjxm1DDqfgnTqKThZ9aPJjTPtmYN9o8gaJC3yXZvgNnWEqivPhVDHtcjDX4cVZilIJ12T+2CMg21sKauSllmdtsgmnXz5QsmsYew3bSTnp6qjh6nbH+tO8sWqIyxX+Bb4V7T0GDghD6pQOpSCUJDMTrKt27J8fiyhwN106sjLiG3sSbJZJfR89G8eZbaZLx9XEqXGZqxQkh53WAtdwYpvqyITNaPkFG/rjRCWGk+B6MPqiADTOEuVXLXpCexn7AT/CTjSCNC+PZ9kfQrpxGr9xVANpdOY3MxhtR2/dhvqwHofkV4tiBtj55KydJ2wre4MQw=='),(931,1149,'card_type','CHD87969f359dec7df5187b5c24bad659cdHaj4jH86RJvueC3Gu05eTG/WD/4WSVwBVsSetr9XqM7BSQnSHVp1Vog5FO/qA+7P4gf/1MexZKphSQbrSmsuGwgmbIpXP2TV0gusSc4D1jCnOx9C0oFNMEH3WsqtjFyOGQplNqAEFMM0Xj6aBGWqvYU7ptcYLQDYdjNTgBJpdjdG1p+sdkanHi2xwqo89QevP75oRC+uScXurl7bF5sZn9kQtUaDYnhnuK3G20IVg7cdA2D81VkEPIe2t1lCw7lleH3vq4JtcZTdiyKH5W2kwnAjC7FanVDsrCSTHx8ChGi9YQfFwHtyXEFJCHItPQmcxaJ9qUHbnP7NEaarMg9wnA=='),(939,1151,'token_pan','CHD87969f359dec7df5187b5c24bad659cdUiKW8pwQnvhs7Lg1n24EIa2j2xN/NLq+KXoCiUlIQ4+06ZAmuwghSTkpri6ah9xqGEXB3DT4eboSpI3TUoGit2XZavTF+dZ97neCpVQ7GnUs3aCzVqZY22tbgFBNaJ63L9qI00bIfBEpZdp9g/rQ1glcryoPIACt0exsw5yZG2HFLw1F2EkLRJ2TVk4tlneG+warNgXxymoy5kuRQIMz0E6SFEk5EzGm25dsBAvO63/zxYGJoML3DwcNeF24+pbJYkl14OjNHZ94o1rIwxqQl+HI7LtnFrVY+VqH0q257J345JZ8HxhNXbWChRhIiezuaEXQSQgAvVa+6Kv1HIW15Q=='),(940,1151,'token_expire','CHD87969f359dec7df5187b5c24bad659cdfIhUZMcocD4g1j12VbWcFDtf/2hf5WwpNSREsjpKOOBGqU8wzBiH0pdzqzfY9EF6p4MFlfuMRohBH9ZCvoh/FNnzs5l6r7/H7fbtaW+HpVL9AOw5eaNpZ1aDfwv54QmiKkTXCvs/PwxMC4/UAU3VBp07oxULYBTVsqysYyCM8A016JP4LpUZigqfgOB+6gwBm0aFamu3HqdaTGqxyG8X8e6/lOsgQUOtgFpDx/kceE35C15PjK2uFnuA6z9OoYrWmYra4P8C96i9V7ypQHYcfesZGkZFWB2ko1+XnYMEuMy44yCl62acyr0jboW4FNUHC621/fW5R9l2PQ1XgSMcNA=='),(941,1151,'token_expire_year','CHD87969f359dec7df5187b5c24bad659cdkiXAEl+EjrpybjCFSVa5fOqrEoeWPkxooI+ZaGbP5FirTiz9F76WH47wZZEfVQyraSX8wInQQdvp2WbwiGF17PTwon5J1nHP2l4KUaEk7/rLDOsPVqdt7qM3yZV70rfIdCEheDJ2GO+T0hWbKZssDaNYpZYVqiZ3M3YjIi/5O1hzh3uPJ2jnGZ4xKAXzOpEMomjPaY/+o6Cx2axJLGGYdApGsqy+MXrJxzomfC7HzLw1t6UGWpSaZeeH8fNkzbBnYqbkhPLvejZdOiY6IM6m8AF+l8qzAza6PHxqGFt87cO8MWyXS5UkFUgPlfkDFeJmQ26YSgOdP3kn5ZuZCCeZ5Q=='),(942,1151,'token_expire_month','CHD87969f359dec7df5187b5c24bad659cdbEB8APy+4zZN1Ii7fQg6MfW/uh3k7EnremsFDSiMdesEiRoOwyiMZUzRJp9m9loMWQMaQ4lzWEjICwhqnhBj4cOzGs5KLn+72gad1wS0JedKWu6ZnKaCsG0AB1lcGz5xk/KT8g4LjV7xSn6YmEqlZxhUCBx8OkaHm6S2M0Sj6CPkucQI7bAyFmL0OCiMSDTm/DnovyQAGA/3BfdZiYBfL7yX/o3OGBRy84ab2GKY+fbtYOEM6xMYnUpvXlCqTkqm3jx5hKx/7oixBdrcy/Su1hkQD/p8fQYHLf+fDRruMHb5XJi2WAWwVTIkGZ+HyXTdPcccGiMJGP5/HlctOmtLlg=='),(943,1151,'token_cryptogram','CHD87969f359dec7df5187b5c24bad659cdmRRzBO6DVC08GwfXYTWNFDCC7auDkVgRDJqTaijr6opzERu7oal4ZckWrwBVs/Ve8k8LdakNb7MLcjTK4nGb63JzSLazxzJhn/CJH0EoPA6WPb5E3z15Yf/DG0D8tDd0BAJFztmcAGviYfvlW5iIaSoqx6OWMY9yL/OGYVDmUIyx7nFmhjuVLMMWdq7G1gQhVSDQ3iJHoWypB4HxmqItYSk4kagd2mSnfYqFXPLlUnmFl8cZlWOefSsVVNf965DYCXSsODW6Nc3yKbKDV0P8jkUlE7CaSPf1oBwk5+7uuQ+vq3jKZMlsoky1bJobC5XnRwRMDw8EC9GWhadSJrN/cA=='),(944,1151,'token_eci','CHD87969f359dec7df5187b5c24bad659cdcUHCDXmUGa6CSVrJ7JF2NTjuUF1QQpTG2tZ8ftSG7EFwNf8Rwfm1PiOYHamSxrXjQaYXsFGJf+iwQPCHRYWeQ7Zck5uB8W3YuvebHPaBLOdiBcdcLlApfCh4pHSMFNZhpYh8FDr3Knp0w0XIITT1mT2LAjWwqvzWC+RwNVNqrtz9apmdHw3A7pGTByDmxPpTR5S5uf4Q7l+1ZK/DFmjp0g2x4IWVPdehXT+JRd3BDOZkT2MNCQDmemZbCq9UNwz26yO1o/IVIRImP88gD84mvEOl5KNHTfScjEEs3tsqY4en9tvopHOUADNmluvaaeycRKgPaWKXR645BJ6KrbEUhQ=='),(945,1151,'card_type','CHD87969f359dec7df5187b5c24bad659cdDA+sNh9xLbqqqcA0sDYJG4HqRvkuDRzZZ5TN+JDaJmmY2QB+sCBHbYXs4eV+n0HSlXqOUHZUhr+Y948aY9FH3JKK8DNvz7+m39cl6SXJVo/aIzefnvP5OLal0pirp/KzFJSqtrJRPjaDFZaa8GHr2nAVyGrv1Sv63j/8Dk/B2HBK5Z/N6DO8I5lzjkGpxI6XOi+Cex4aXMsuMYxYfNNgrYgbf3QMru0/bmg8VEFhSMZ2UYc3UoSIq7GwdwLW9dMBqBgxKEU83jlwz4cWRVwwPR5Q52cSQM6Xp3RgTKDdfhW2Dhb3cXeEetJGZWAT6uL/BdfxTO4vDrYbzAuE0LELdA=='),(953,1153,'card_type','CHD87969f359dec7df5187b5c24bad659cdRbOIGvUTcynUw/Enyk4g8Sg4VJ7cotIqXAgwf/W2Az3debfGGHui47yHgKsWAIBYCwQPFXWFv2Dikmy2PAUfBXH1FCgKoSR8LhJBfn/3cNBEDZR8wnncx9uTO0aTTehxzX2B1FBE2EWu2nPdU0w82DvYHGFRF1+0y4dJ2sauMfzscA7qhZ5ano8CbWRdHF8yWCSWwouR19iQ85KCvPs/HYyW0qUBUO4v85MDpXAR+2/GEGSyHIeWpv8IWALhAx5/tcuX+GkvYp3dm7VIXeGr4TAjbQuVgYsVxyFn1qydlIIHqs27gqAatfAUHvBgB66hTjtBJJDknFc7JbCD9FDCLg=='),(954,1153,'card_number','CHD87969f359dec7df5187b5c24bad659cdnRXK1P07dd5nUK9gUnQsMpnvJcVi8YXAXrWncr+SrJl+hBAsjO+Tb09DOYTFX8RnT0QlX+ajsXa+sLiHcyAsCwO+CnJAcxJXPBHntRMY8Q9hwvKVrNOVHLV4FtUbHIpfpP3xh3845XdCX86W5uhRSuHDam9RkjcMJVPR8Fgk9EgPw0iT6/klSkUgLN/YFGtQuibqCSm1nt2/sizGUrXlXxXrP3/CzdzZpjyhNKPM5fMYThS4aIPDd4wj3orD1w1ibQgmJOBDRF0WQBomihm7tFSIuJtb1RXiglGjhI+cIF7dfmDbfCrqPbdOUflePiEjEfM1Du4CeBowsc3xwytN8Q=='),(955,1153,'card_name','CHD87969f359dec7df5187b5c24bad659cdGphoC/FVJBRb3RhNmrlM4XUxGSuWtllbeavAJzPWMY19zo0tY+IHKp/ATu1kaxE/2cr2GDAu27t8YanuepOruQArg/EEA6dFAbpMV1FF4cyhPQWMck7ySJQB4vc36JRZznwogiqF5uuIQviNRq5+Y6D+SOJFz1uUxpKHocY7HTyZg7CDApRiHd1JgWAl4PGz4Isyi5A0I80ONmpbSaV9cJ84eea2BVUoNAyYoWuUxznT1RE5vplg3nVybYBJ/wb8SpeCWabo8e4aFUgGnJpPCDAEApMOiKynfPvdbkVWOIWHgxpqodXPskUuoLiiGStthc5X88vVUmPoHSVcc5lSiQ=='),(956,1153,'card_cvv2','CHD87969f359dec7df5187b5c24bad659cdfEpXebixUstO/Em+QMT9T36OSvi3TiMX0Umt6tspK7VTZRHSXWQQwFPi09pkJR9OD8Lad725NgD3hNEb8sC1/QUKFm3QxhiD8ycJjweIo2L4uZNC3AScFzDp5c1BTBoNyv9RMA0cZofjesfLcbSGtZBq3QCdBdWGBKNEdwgzhCwzdjw7ZwKVnRgWLh5VYQHogwdfl9THwp1jqueITzumJtqI39QoYajcy+DxG/3GJAQ5A6bHUPqM0ZU5K6IENm5lmEvXRcWS6mYkFd/LIkDyeLlKQ+uY+hOt+Dcf6w3IFoHsy48umu0SCvbLV3TZnTDROsKrwaZ4Jl9vRe0FG3gMIQ=='),(957,1153,'card_expire','CHD87969f359dec7df5187b5c24bad659cdNOiYlZjULoC/yMmzAKfO9Es2yTrkGX+CtezSE/8rWMlyCVpLGzoxXOJhpug9ciH96/d+UeqU+4PASwgmqSveVAExNjFtcGyesBnGrGun8JpXBqWHK9Gq0KPo/ZMZApgO1Scz7v7c4c9OICCM8sf9vfTK9It/xVlnQImwzQU/viH48nSKqg+U9Fk+2K//29zUvbMv6edzpolDA0SvzawDEJihO9KQDHgqZVCEAgEjDxetECNPXBOftxzAsE7xW09GGfhgtAl3cIB02wl7bjf4PcMt/hPucPhTfJtaUEPWorScrUkYfVQj40DqcFkMaQ0od26S9/JUAyPcUnrepcZY0Q=='),(958,1153,'card_expire_year','CHD87969f359dec7df5187b5c24bad659cdUjfuwThXO4GbETJ3HP5Qbf87eYytewHx4OwjFJL02eMsN9luWuIBB0rFeIJKtJsftWFHm3ML0L0V0FlsUU7Dvqdq6K8VYeum0iM8Lp2q7+WH8dwavnxz3P+B1TlmeW3VNDKwn4dei2itrkoFdkhXXaUZ+wcIoD99qFBM9/DlhzOgqCIBbSq9QDxMRTTahGO5yyYzZqm9BnbXc7aSeBkjBcjwS5qQUcdMuJ41PkgZGTszI4mlRzBncMco3o8cVrU7pvQQJ2+6aQ52Zos+u9KuPDgYQm+ceA+5dTXlRLfcWooVtlft9mpWcKtI/nVnRq7NHW7xQ2Wuf4ovBUbeqQSlRg=='),(959,1153,'card_expire_month','CHD87969f359dec7df5187b5c24bad659cdmJzPK1a4Nh59JMxQvo+vAD9wWdKmKIjOh1RxodZXLlH0u3miESXeKCgd31KA0F904fvumgQ0WWqRUfR1ElUgQSQ8wl4J7ZEVg+WYJveTUF81A077VeFKxRLjSaG4UFG2pIJ+4fcwT7Ry/YdJTZQErJfb3PjRHzp8QoApOqSDX+GL+ZWAz0jf5u344UWViH5v99qCLwQTQ3ACYYj825UqJp5tZCTEBJIKu+OSeI/ZqfTkhvuD4nIdB2C8gHbxgj6939wLXvFEHBqtudX+MtsmzEpqZ7GlRo+7Tu9x8cPVSBTIewPNFyEG3H78J150xm9AhquGAnJUIE6jG3nWYBv3Mw=='),(967,1155,'card_type','CHD87969f359dec7df5187b5c24bad659cdGOpErMUBD1S83uLuE1hzbwHPDp8Wdbn+Y3mNA7wjrOO4loUAHqeJT91I13O9lrEYgrK0eD7qc6WEDB6cTOoC00yEoK3XtFTQ2rbrIdep2xEXQHrSWPA310tFII0EFeUAyMoLKOkDNZX3dGmWTTTFzIlHiSwsXpKSU9eLtrKA/3qAdi/r9J3PxObJuaPS2nf/h3mgw4OJHQNFPEc9UByXxGFyqoYItdWo7T7rUdUxc03bL0MHBlQDqxUTVqYqPylwkVQpBAcsNmoiU5+mFwZ3dNHdHQHqhiFY68tXhyHdyxszBLXGaaP+L0KA0TH6IWlgw7RQwOII9rMhGSkayMdjiQ=='),(968,1155,'card_number','CHD87969f359dec7df5187b5c24bad659cdWFRvlj7Kx8i4KMFKW6kMIJ+o4XThr8uz0mMNM0FD6n3IgWki+MOaP968qiPRGDEzVSB76oqIjzT7FmWNR0jMt3st81fR9v5ggaVDb6niLYV44St/pLqWCBMJgDdieRoVqY2fosUm0UREDdZFESpF5/Br+X8RU1aC09331oz6rrfUweMYzMAPQN43DxFmxRgw4vclY94xmBcllCce/OwH7O6uoxy7f5KqwM9iupcxZauO41xQBCR2CAi0pOUFqeUT968pfa8h0nurjeA1/L5/C69+C+z0RXK890bzGgziUAr1VMzWeBY7hbjkOYhskzjbFnofk8NjccLFRmqURjiSiA=='),(969,1155,'card_name','CHD87969f359dec7df5187b5c24bad659cdOYLtt3/ksIpFaG1jMqO8ngnymP4w5WkEXlI4DD66ietCO5kt2j63nH+zW2TzinB0XSon7cG39s5kD2RlyahcXSMihNdvK56goRoRveks+ojUsqJjxdqukAzEgbtG//8JAnczGHWb7ELq0Dl5LM8GY+xaMMXACm3LHd7MSPJ7Cy0VA7wn8TQRoX/bz5NM7I3yImBFSpMsDw6th9h6/me2Y74N7FX/Qx0mol9g9uMnjEDcv5ufTGS9Q/JnmrdSX/eljKQDhtEP7zi/Sr+6zA0KotCa6XcT56ni16W2B4kBJ86+3DmJa7qUiM2Z0/qVTIiPkMj/uirUmEcljiCO7jV54g=='),(970,1155,'card_cvv2','CHD87969f359dec7df5187b5c24bad659cdilKHjdj73XauzecTaBs2qrTI+rblfbdBqp7n+TuWJRZQ6iYYd/RJFcsjm3BdpQrHOPXIIEWDGPQAqma2lP1gMXrW5Zmk8fWpmqJJuVC59aomZVlGP1lAZC7PvEUGSz+0YFLZ3qHWBcKg+IBnMedzRN6OepPRIj5vXCGoIV6lDE+Za2+bWjDhYm95gm0wvRHukKWP5WDQKCIs39L1QFFlx9wLEbEeVb8etAlNrOdcpRYhBMex9NcVrcHuIUT2M64F7A2oVkNXC6bIRUQAS9uH7dVPAETwrjS12bLJP4F68VGQLJ+nkzKFnaGwrFtvltyNKLFp0C/nd56OiRHpC7DQiQ=='),(971,1155,'card_expire','CHD87969f359dec7df5187b5c24bad659cdVX0wpZkaLrLBL0JzKVPELCrCr8PdqKPk7xiYRNbJWnx35l4O+ztDKZtHIcp15auJONqsU0lo5kqaCt23AUpkEbao/DhvgA4dBrfcs6q37tSCbhTC6IYjkzoiOR8BgkL/u0HgduqVBfS4V0ZVIbJad6zXRukzUAaaKHgDWU9cVCSHymiVpJ2BRPfdAfMn60jiF33WDnOM2dtYcw5mIs5ugqw0A/76sjtYInqepH27J6Xzzhp4L7iaJEeVOBuHN4NNsRcLT/zMlQfjH3Z1qZIX/u5FUBncqK/3sFyDBuRPI2KH7U1vruGQ7W+qOgKzTluhtUCWbmJep4PxCsZL/rpTfg=='),(972,1155,'card_expire_year','CHD87969f359dec7df5187b5c24bad659cdStiIftnPwrLB+t/Q4Cb/ZSnzGxQfoYByfmu+dcClckDYXqdBQva/jwUaR28bNyukkOAQktIUBg97l9srJxn2G6n0GA/vjGCqCEB46fnYSGishgWtecuVc71a0Nuoxkp0DjdEp73yvVCywJ7QYVbgWbZCw8owmA0PsNm7DPZR+EoJFHYsOnlCGx61YmX0gc1jIkza08OEAQCvHg1XyuEI4KKfdkqGJeIc7Uepofo9LCfbT3aKXfdF3JRB27Ka/GD6t2/4bWZO41dd5/BmI2j4LqQ9u43UO/+g/N37P6u6spRc0VPexyaRQ9DcnJruE4P0QPA0YnNflPYAzgJWrHzKBw=='),(973,1155,'card_expire_month','CHD87969f359dec7df5187b5c24bad659cdMinbflfn3U0AkcQliBXfqOXnD6Rj0B5N35iBOVCOpjqF92PSd16jTxTW9H+LZ25t1YR5PBfRTfnsrJOeV1thgNRsikd7AVVOWBUz3Fi9m8/Ay2OVtsxnO8sMs6onUnCerF+maZS3siVHJJxyLqmWQJuqHKuq2Ef7UPhUCtUHqeHUZtfqCzgXDMlqXmlZiM4TB2ZKOvL3HTI+4B20wYxouq1JRz+bCjO8YW3o+q/sWHUDaxTGQobGFOnUDf5y7/aC8q9J2VRPAx19KskSWpZ4aKnbAFIiScFm2cUWIyyyhNhPeyHIkSE/yE33ovA6F17CReE79rMd48QhJiFh69wFAg=='),(995,1159,'card_type','CHD87969f359dec7df5187b5c24bad659cdaeY3Y29z+v8miuMnyRGVggQLqC2vZbLHbQAVOjhpR9uSjBwR4L5jwjZiqojiHKSMSZODqJ9KtjpVeFqTFh0Clh1+8HyHz+5civQGdQYzWXGWlH9FUDMPLKqRaGA5YcKnUPq6OEDKv7szSOV2vJgRHoPXzuKbnRSv1hWqmtfrAHug0ZtJjXDRXcSmaT3/FJEn5/p4xTe8tVoWAOCGFhc+huk4FdD2/aMmtHzxym2/UkaKzRPXdCbkYXAXKEdIxB7ybl4XvbGJHqE3o/SiND7jY+rn3kOWK7oAVryUddYd7sUOnEjZa6vwQnxnmPG954Ci7xXHdvZaoba4SLxjicIBhg=='),(996,1159,'card_number','CHD87969f359dec7df5187b5c24bad659cdNJJVCqiC61eiAyzggOOpWrAbp3At9fuXsgOPXPxact46vl7iMd13KkP6ls4v+n+o6y/S8tdjaH8PX1SH7oL2JIXOGDSgEowQ5YiR7p7ftvy8gpjWi25ZWQx4IOvb6g77f7nkmh1L9yZe46XZzSsmQtZ/wRh+kw5ij3+btVCQw6UBlh8Fr9hl03FOLjFSYWWn9p52L8j+rck6E0WLSLw1gh5iSVUSwIWpPScndn/MojOCTUttm1Np0t2gTT0MCO89XLVxLsnmJBonb2eHZVfQqHk7T29JhgTDJLDic0UClV8cD/4dlSozt2Pht+oyi1y4ZOHtkYcZ7RMNpSqhz3Pe0A=='),(997,1159,'card_expire_month','CHD87969f359dec7df5187b5c24bad659cdoMchovWKPu6KYDgptPn/NCLQZym1FGprgs+ewNf5sj5q4OqPFUTfLophO/GPGkWJFPuXOm7eERywdxAi9PZKHzPRta8kaBgjTM6rjgt3Zb5tq13ftxqQeXWpufyZRjMR886XgEhry3hPBsEcM293D+npU+5PrNTQQ71D9sRtZnBXghwhCA7l7omH04e8seKUg07APyG/fQo5EZUVlS9WKYzq1QvR6U/7yQ9406Ueo2bBFYJouWTy6e5YsDHixVSzF9JCQuQrBSEaMJO0rm/uE71q9e7B5YNwqIe9InscLmG5m13F5f8qsZRRpgJKp/F2h1EQufpuydCLJ8IWWnxaSg=='),(998,1159,'card_expire_year','CHD87969f359dec7df5187b5c24bad659cdf4AE+GS8uQmCshmIiRSFgaWG0m3nUmLBj0nyvGcixYWylduY25XU/2emA3TNQ4NuZFb0Ppbm7JqjbIDQiuFHK2W/dm6pbsh9xR1qcdCT0mFdG24+l9R8fVCZIYXJZcJuQbebMZnPUO84oY0oLNZvxQKcfHRVAbYkMk5Nmnl5wZ1Tz2gzHJPrvJSEk70CKsUahdF9X1KnRiG0Lgy4RN0/ErMl9Z9pzey65k9CiVmBMFEJCIczXiKEi4YacgU8NGybUkcLc1hy9JeapCCBygHPKF49Z2yxZOrRdnN97kBKJpT52ysDbcTRH8FSWZW3Fh+TljaJTuKv0760gWt1WkRSXA=='),(999,1159,'card_cvv2','CHD87969f359dec7df5187b5c24bad659cdrPjFrFOr70YH32mWDsUikzDjHBpw4v5lquCoUfMo61vbml/G5c6dhpwN/cL3bIFXy9DMqLLg/J3TRWuLl8o01RCBvJrrN0plcwO9TkfXIkswCbjKySemsIHDwUGn2hnJvIPe308kMoQ4Z1jgB7oCrH8/4hh0PzMlHJX8sZ9DEkyLoSTZpuWFY2UPguErgT32+JOvl3uHeB2YOOxX3VaILLREN9H96yu/Wb1khqrAOiCGZzm4cXzcdBgWxoA9gZdyCdoRzNFE4/Ch+YV03H/f1LccPw7mCe81FKhKgFog5m8GwmbjcYfNfJGQezloVr8iR8V4Lhb2R+mKANI64oFyVg=='),(1000,1159,'card_name','CHD87969f359dec7df5187b5c24bad659cdTPzuVe96fULowZ8LCtYhArVBfwwj8xfzsIq3kMGdwGneC9+Ac5HtBGYVFwwBOrWOXfC0XJi1geSb8BApHXN9t98O/cJB4Q+7LF3y+wMFtRxuK1AZVrjmMnv2Y0hCJd5fG8+fIFUdzAhc035lSFfGKHbUkba6ShuvftRZvLDvPBWWYgjlhlE5CtYgITAKaQiNTIBhbZgk2d+cX62kKJje2fRjAuBhvrEWEbP/gVE9C2uccdRjp02SVnNeX6R4HqbqJ/eI6DZ/adXd4LOOPS+dlry5hi6nNDLjyR8VqN/tbkQWJ3ERAPJbcxPYxLQIYKJTJGLEDKgq9IcibwqK82syGA=='),(1001,1159,'card_expire','CHD87969f359dec7df5187b5c24bad659cdOyQ3v8SdTQ9po+QmbR4sPC76H9D02vVNqp+4mZEZxpkShEqUCWtlLdmSidK3YSn2/w8nUyaG4K2SzizzZAqTkmCvh8t/CkOXbOUoDqyuRLF2MY8MkFkNs5EbOGxkAngYwyWVguDNIB/cOPXbsPVkgdQHLvWjzbApvXOf6CCxoPv0RKLh7SvOQJr/9WmnIOFmVl0mQJLPZUpqY3LKDaYhyjQfYbfwF9/BBGYd/eGoHT9kNI7NQ8QMGe4fkutUpzV0sRpfUu/8qdkkEw4uGsFZMJ39guKii/eDxDMNWZ2Pu918QfvJ4+rlHfqdLC+bFVTYjs+tye2XoyHlAAgUkm6gZA=='),(1002,1160,'card_type','CHD87969f359dec7df5187b5c24bad659cdAiF38xW2giJeMlFDy1BcBs1ADqcne0+eH7Cd4SshsVHnytR6L4sgMBTo2GYRttdWjS5Ux9p5XmVXd7uJs2BYMzwFfn9wMlFItbcLhZAxYVCR+2MAOaqqTuiy7eFENut1IxlFvcSf5Cai6/bHIM8V6t2Vswzi0Rlx5+MnhqF3ZqiiUENWZcKwpaupcTIcW7LXKSmfaZubK8hV8fueuq5RCX67YWkG1XixlLxdmbAQOuVWb5+XNEYwTeGweN9HRqBbeQr/UDFeA1M5lKeSdWsP+S15cyHARrOtR1gVrzHAZGC6gAgg+oIDcX2hhv9H0MVt0ix+mIPhO5uzvtRJHezDtA=='),(1003,1160,'card_number','CHD87969f359dec7df5187b5c24bad659cdlnqzU5UgEGymjCAT4XL5n7Ypoq7cnWALTv+CuoXuhOU5Sz2EeTLc7d+ujjd1bLCc/3I0W4roGWM25OQQoYWRqfqsEwj9QNS6LLkSsc9+Wjp0U14vyin9Z0+x+44GEletR2bT2jSIVpwVUajJSo1EDZucrkRba8+GiIrDk9/HH8SibOFEki2dsYmxN/BP3owYpGib7Axb+QlRNPDQC2Bi5UzJTgIMBVahlJo0wgk0Y4lIR+7S7wuMY7/5VVHEzsCOF1P7fWeIAVvjPFPj5FqIPxbD8vLNfITLTzBXlQYxkl43lp/bsegrfakqDs/qW6m45YPJYXvb1zvEkkw19JNwLw=='),(1004,1160,'card_expire_month','CHD87969f359dec7df5187b5c24bad659cdW/ZEleFPoe+ltAv3OGs8i/fvAdqY5PvA+ZDZFdHGRFVzGcPTZgo9yJ78QDD1m0hjBwK7+V6LMlaJBAaD5d0nMlpABpu6C6U1aZOAx68qA0Ir29ZESsQvnvZhDYh0l8ppK4DnCxet4CQmvqpusGAHz+r3UxwPw/xbg1pfcBEUPRGwMHVDrqMrILy1DOr1nsI+LlqcnENNl5IzilIiDzIiposE5RnB6l9j2uBuxkE0OUICvpiA76JTn53dV0HB7Q1uBnO9/4n4+zP5QeBNycAa4bXFvqHOjbkZyRlWUDeyAPWX5DBzJrofZPc+JYJ7KEFpj4DY5zqL/7Ni379yckBPGg=='),(1005,1160,'card_expire_year','CHD87969f359dec7df5187b5c24bad659cdGwIyeOfBLzNbMS0HdgAcorsly/hFiHI/zJx11Gy0OBeA5+equOKff28E608uFhcPIm1C4w8P7PUuzml3lZRpJmDp5G0jEfnlpZYVnejD2ffJjg0HCQx+z0vrQdWf+weYl6ZsB+POY8ktiyMRhVh5xdRN27lVPVp+3K/pLoIi+Rk3ndte7Mqmcn0HroqKPj89Z3LA62ZmfqVqZ6sVW9xopHIv2rbPNt6/i0Ew3sjiJgbUKs9TlBF8t72DZgywntxSWSL90rO1ElEzoajYBf7Yxr1pArmtNn+LfGLjR3ZIqG3WO0KBgagbQm/IRTZTQI26OeIPYUl9k7p5mLBeICFFww=='),(1006,1160,'card_cvv2','CHD87969f359dec7df5187b5c24bad659cdZzZnzkb26yr5iRpXuD0lJP8Zhyfr7EObXQ8ByYncGgsIM5LuyB1iOvBV29OlmDsnRvC9vbHEjjmUrEGY0r3xagp3u57/HR2YogH061MiVa6UlvJWp8ERaXRca+f95CFqCtD+hp5Hx0ACbfYSD83c93dfTRgxZzIkzulOR/7h+6tKHWAU2sTA6XMgdDFBVK5Y0wWDBT/0cOAhyCnbiSg+ZPBL+dLipGZgw7HNRVLXF0aFzokIE1+aLjg3KmV1F7+eWuINS5lUK+Q1gq5ilLjfRiqHDdk8U5L41m7oR1NfRvSHnLmmDMNJAnsoDfIW5SVp8a0GKdLR2RD+w5rTIrCcLQ=='),(1007,1160,'card_name','CHD87969f359dec7df5187b5c24bad659cdDA+cA5iQzNvcFrXMmgpm/F+ad0rvYRpO7pRdtc/HqR20AQdWgZ5+zO0uhKz36WOPgsSCVarNyk1aAadAft9VlszpbD8YLXi5cF6XTFidOeKua6HJz4oKUKYKrS9tiwz42Fv0BXceAC0dXL1yHGQrwpxFFkCSpZmXf60nfASWhuniBt+b4NG60vZnwBjHLGA7RBWDWCQxj9K202wcya/3PaWU5QoPYGLL5XVh3zVx3RZWycgpHkGknFyNpPdQ1T8qsdNxVpwpAPdVnOYfFeD/ytQYtY9hZ6LyKxhFehrOKONS0uhT/4y9TTXnvmwb+nt+EtjvbtX4rORpFfkSIVkd4A=='),(1008,1160,'card_expire','CHD87969f359dec7df5187b5c24bad659cdTQ80AlJLdDMVw6nRz/cDIBya06KLS3NPkF6U7zYckYiuNdMEV8ytmYP7Ipy4T7bulp3GvpEKFX1xC1jR0VuuQzrcW1MBAC2orFcH8l8t3DlRVZzRLLMh5IWNKQ+VO6oIl+MiGcEc/iZGvJq50rx/mcxu8nzJeKd1emftDQczmUgNm0qnffgsp/jne5Jefe0RZlXQhdf0SBZnKtHbs8bYk+5XkH16AWaqRLm9Ba4+NtXArmgQGb+TFevXzQHFKdH1prBrZ04FTWC+kWX4X4g+0xQ6th18xgKICFB54THYAhcWClgcYxqd6YHMQqU6ZQxrxfTORlU1Ws+jA/hD7EoUxw=='),(1009,1161,'card_type','CHD87969f359dec7df5187b5c24bad659cdJ5RrM2BXm0uKegXJPqaBj2lZR62hDAzBAlXFZcwYndDwr4CDCYN80QnqGYYGLZMNOtZu4UJfpgMv/6AezPiWMdLk8pjEwSUmPMm0bF30mCrOi/VVq3mGtaakObW2OI35zf0xd6yPPQfDLaIR9XbsGFa4SL9KYAbhsQ6xLGB/uCWml4BbxpnZk+kmqp3ifs5Q71iVfhNuU5ZPRRvqfVCJqqL2RL8f/Cx8yoWSRv6UxU7z5v8DW2Jz8zEqzY0tETHjUjZ23qE98z6BYMljd3pvWIYDpmTzBEVOs1uOnpGOZONw1vHfCdiowtmYGozANSjMekWyeQObcrJ1bnnU7qo6Zw=='),(1010,1161,'card_number','CHD87969f359dec7df5187b5c24bad659cdLBjcN3/hEEWVz5mOWha7da+lIGXCO+8it22UEk/8tJCjB7VLB+1Bpm9UZNjPP+AD6W5qr94ksOQwDVbyf0iPBMunseHV+CeNvcyTTNUfCRM1FuC+Z2jj0TFbPn1FC4+AxkThgheI9FX1dfvZrWc1raV0p13zRInaOR44Pbw3lrxixkx4+aoKmg4HKciFQXbaqzX6H0J98WV0Gb5KoBrzynSwfddgLDciXCn1cokhGJW2NNiHBoCSp+i/knq6XiaXjt8fTrgKicw9PibbuINnFhz5SWGGXIdDBiPAsZFXLqqn8gsO7onJa5+qDdPLSAA+8/56rvnPJvZpbiRIWeh0Cw=='),(1011,1161,'card_expire_month','CHD87969f359dec7df5187b5c24bad659cdJ8i1VJ7bsYaHGtdviRzumpaPe/j/eIx275asry53SHL58FWmQs4eJUjrb3ioK7EOaPFV5+tfxqzq+I7NSBn77182Oi4FB4OLkZ72EILAfGIfPKfGRmSWfcw2evPmF97yD8qVgle+rjpHlzf4IADo55afBveTJqVfBCMYv9HXAbhwSvsm2k433GyLbk5Rup05AsvLp1+YUnR5WRs7R9NH5esak1K9FMIMzFOlxfSUo7QQ2nNTNEDjlFCYikHhqleATw6Yp4AShtIqDYHTCHpXYCDZ0q5q/Z616BsXpC2G6t78yu41K4O0kUQzjqH+5+/IwykCKN3wwCOKxocZUPCuSQ=='),(1012,1161,'card_expire_year','CHD87969f359dec7df5187b5c24bad659cdClKgzWRvvbUOgWrGjA3nj/34fVk+fr3awGi2E3F2i8VhZsNZGUBe9e/NRn0+iXEnKNkNP32WkwfVD5/LLnsQNr8/eBkm8b26tF92gQcEbFLuFVHymW0nIrTAYQBFCfBQv95TE0hsB3o7K11yD5YmNPVCU/O1IVPBTVsplVd7ASWhfjs8WqixeAk5/v6aIuQpHPHV3hrb64ctOV3oGq7UGX0F70R1vb08rnF7C+HDm3RdXRZabq2M54B094IZkaoGbglwuNYmVHxX3Rt46mIEdQnYVaZ9AM+1aVy2JV/WjKwzUZpNH4LxGFUnBVcMf2S5ZwTVOOYC5Fx4ODQ0fKe3gA=='),(1013,1161,'card_cvv2','CHD87969f359dec7df5187b5c24bad659cdp/EwfqfjovYxVFEzBlUia1emzsKi847oOIctUp64Nn4O6UI7zOIgyPYpnb8Fbgybosb4oL3SHNEBSCU02kCz+GSRBhTTBhST+yyz5dWMAXsGea/+1vgT8xp0ECDEhHAKhU2BwmFwfkBZsSawrxG7KPUVGZ+JHdplCcf7qHMW3W/QiO4xYqvtM5oUd7cfCg3TTyJmfFRXG7kFXzZEhj8jTsw7NXf8RvbATPdnYV311bQBSFrAyqDPzjtGjrp8yZoqZoTm5lk7eKhvxBr6o6VPiJXnwSHujmm2MnG7drnmZaNjbcpMo6rhv69hxxLf7EKAg/Hq91t5eLJhtQ5RtlAzzQ=='),(1014,1161,'card_name','CHD87969f359dec7df5187b5c24bad659cdmALFLFK2jCNC3ZqLihWTuUxGTWn7L51tuXIFTb0rk7A7m8kLPkvKNv3PKtPJlvfcdso+XviW8NSmMzfsQ1OXUP/mTrR6kz5IWQrYdUzyVcalvg8LMxQGSd6sJdVt+HwR8NFlZqLj2TyGcr3gEAV5ie+xs0CdHeuYeW6wuBofs1iOKV8yr4svknXm8WzRcLBbmHn96VdMjuHrQitw3K9n6rw+ElhvckAKkWoq7rau+L3V87gxXTzWoVB4pAoNRPtyOfgWME2i/p2HmAU0Btp0M0Y+ZFOQZyfzkUlaA+yFsd/cuTBQhKaUXTt7K/Ik25Wr3xpVdmUr/nvyfA9jnNX5TA=='),(1015,1161,'card_expire','CHD87969f359dec7df5187b5c24bad659cdrmXpNLqvPQLYXnZRw6QJQmkEIG0Go3/KPV0wfIR0MKKqc3HIhbPQT6454NjQX/nHfcsd+4N/u6G0j1KMnA146MGHXufwzocNe84h040HgvlZil5rBQoxn5XkIm2FCr4ATG1bKoASq0ZQr9sPFHyTj+kuqJmpsrZfH5Q+p3jvP4eXJss8QNBhoLHT0Or0oU1BtEQtLO/B65VYX9U2j+eNeHUo1u5TFweh/eIW3efoNbh6rEWvByrxSVy72Q+S1XUXE9O2ykOkBiKYpr5+W3HFvXOq2do7+Km8SPHv09m7qqfXBGfJ6bTVlT6udKuDGuscjzOOkPoCNjbz2S6bEqzanA=='),(1016,1162,'card_type','CHD87969f359dec7df5187b5c24bad659cdmWn0SIK93EuYZI77cZA1WgrBTbgpRJOi/h36VQLYeRidkCHvb9D/F+y45Wz7Z7F+EYO9PSByY+P6dfrd0SOzySWVGEPRwRihJFKr01SBxRFM8n+SQNyFXR6MV/0JNm4FR+sgJiCykwD1hqvPekWp8rCDTlrly6z4L2bMYqadWRkl0U2AxOmkG311dLf8xLKpCfnsmXixoLuSAli8K/Hsi1FX366yx+aoplZNSFBgkHiIBz3NygAoLl6WZYIartXUgA0AUsvmL1oyQyKoEU1RC4v5dYgbjpYhYPyie5ndEpeJX1fPkBt+/6qSXRoPqkaUznxFqGMn4NawdqS74GgsDA=='),(1017,1162,'card_number','CHD87969f359dec7df5187b5c24bad659cdjums97wa237nKPlCx2+TBXHwFELbRfOD+SllRSyjRSAB+8gThe6XfNOmmdgxSnPiQ9okkI005avbSLR0L7B4sEumUKqb9Gkc72JetJD7xsiOnECS4WLkDWc0LjQJVQw6MTWv1fGRQjxZn7ATN83XyjNTcS8AyzV45Vwnp6yYg5vXeGPpZ0Zi0drn3RH1n+K/XS3pzBay9ZAwxuY4SDpnChwIvuKCLuUyjciIJFMGAgSbCnWZ+kkX0lH+rqPqql45/B1nOCTfOqCjgdH78/iXqsJkI9ejpeoJHiK/6eTQScs4ZBPectdP+xqeTAZkb7O/Wl06WN3A2cxe/wWlgYARdg=='),(1018,1162,'card_expire_month','CHD87969f359dec7df5187b5c24bad659cdaSSbFtfg2WZ+fapMeXD2EAlAUHzRja7PwYn3jdfjbARF+q7fdZ4VsBSxaNep6Wbw6MJrA9SWq85lOQOHRYC3se2AseseeWYgtk7ZjvHXkTDRX4hSJx1gpiLrmZOTc9z5+UYZdNLv2JqoboxIxfCAw1lo+WLNX6RFQfH6VQbmodFLbcVGZJaQjWrlXjKEaYU2WIll60/aRU7vxT2yFxVwX1QnRKR7QkGLUcj1pscta+rVrJ7AECy0q/kDO/eR+WsdKAxjjhdj6ZMLkNM4GoDqPnivzfAoLDEEJVSHh4PEsv0YXc8Z/ad1Vxo4gruRA2kRSWfydobOGllgOyADGMI1sA=='),(1019,1162,'card_expire_year','CHD87969f359dec7df5187b5c24bad659cdSuMzeANLUoFqdsMJJnq12Oi3xuw6W1kr69YRH2GJ6h3MQ0FIJ6sHfztFbUEv0YF1auZxdXjnX/55ChKkTfVpdVo34dNtZTJ9Op8R/ogdo4cuLl1Cj8tWX8UvS9f698SDsIg7CEjmXNpbEZJ8OuJ4bGaCVsm2du6RWhYNwdoQWIhfbQLTOY9eH1MOBpyb4l1Kn55NS3HTepfeIgiX8trLmUMMiSZrEZs7E2NLfRO5f2Ek8wTfrnSbVwpQvULeE3HtB43010qUA3+puUXh15SPIvmM7vFEGvcl1/uWtKptmqQhuR3WlytX5D1RkJA5k/SOf80Gwuj7erx7WX9QWhbFyg=='),(1020,1162,'card_cvv2','CHD87969f359dec7df5187b5c24bad659cdHE5/gzkFdblp4qWHe8Bp0nNYD6WvOJVQ7QNJtSx01PgDnE+aivZHzQuu+BGdOaajMIqTPiBz4XTvwqF8rv/Kz80wHAei8+JiaMAiu1GPGiArv9evO3kk784F24NXB3WENtRXPIL7Cirq7744LM9JKO9In3QWZTmRLPnro+L6nSffHq0tvO4FY9unfz/SqEmsC47INNwW4iW+cbNsAZ7+/RkEj27AaR9Ys2VV0d1DXVL9it3kl7vPDDr1tVUboX8aGvQ8yT9QCLrAD2nzQyJt5iRPM/87+xqpQPA+91UBLu6x46Virh6eRCk8829MBZyMEjTlA9uX6erxewL3PBdM8w=='),(1021,1162,'card_name','CHD87969f359dec7df5187b5c24bad659cdFLwI56i/N/s/mZCOGBIUeF5TyxQx5Ea8ptavVrSRTE2DV9c4l9OjwitVSjVG0j71vuyd+xcLe4C7dozB4m/61ehDxjTJrOG6n9Gfvkko/ke5X2ic2qoY5A1v//yFFS3WPlATYB/R+VymOvm+T3WS6r4IpFpF7UFvry/tkHBDRBRkUMeV9/l4vj7QSEvQqnC0y9G8WaKcgZf90qgELBqys8WzEgVkGVOwlnGfahrL4dXzq4uo3P62XOCnscFFmbBnYma1VuqbtmsBXLR1gX+mUvmEmbWOO8ohkfgpT/HfLpjlj/zA7PQweRNNjGk7gi/i78M4d3KvywgfUT5NNY5BaA=='),(1022,1162,'card_expire','CHD87969f359dec7df5187b5c24bad659cdRAK5IYoHFnZ8j7iEo6ljDnh4t3YGQKF/0M5+5zW3fzxh3Oecr6tvBBvc61blLwbG1QXxq0S+lXuSuwF9/oEOoajIld0GWFZN3xFK7zjqSraF451fDHI7G0miiC6hw+A4JKBbuvokVRINU1cSADDbFOBVv5euBBO6zddVvlz93tHDie4LagMLNPjIJRKAOqf1+GWyz6Xvda6UpiuY8s/6qHbKnAhLuoOJbkrs7tYFWszLgnbctk5EEtH6wYb4P97gksjKqIOhifQ4ehSthjYprS6c9CH9INvDuC7WgLhWvYbSjQajvop7EwEuUjmvxcOUCx1C3xflRQcOLkWkk9Mjgw=='),(1023,1163,'card_type','CHD87969f359dec7df5187b5c24bad659cdLvTf9mJL88yrwWt/FRulx1PcZX+rlGUrPh3mPUsRT7dzkS4+QAvGYDapeesSntC9TmtvrujxIWD9RV84oHqSa/xTMRYfxtCwj/HuCihXtYiKEP6mjoKZqVR78dBtXfQ6fxzwiTaa5nVnOwrSqV4SlZiec9DbG8kP9qszQPo4IuU3FHUvrg0bSmCP744RdwfC7hv3eGUQtTVepWtAXoyczbTHak3/DGnWRzj87fDaKMIfyjq1mfdpN+QZ0/NBq5ECTsgLo5VUimSd6OGuYGtkezNE5oz61ST/8hKqI3hfTFVwnItHcDo0S5Eg/dfoe2RCW0abXorbc5bZEkeOuOCf+A=='),(1024,1163,'card_number','CHD87969f359dec7df5187b5c24bad659cdptVB5cYUUG7Nhai1UpTk0nOF/evG0f/FFOXgKM346gxaOLqj0u6h15sjvaBEzNbedYLHF/+Oe52w5j9O64JWg3IXMJgy8mEqOyQnv81al8JuNQr/174rvNvHRt1UarbaLKUsSeTYjfknqs7owFIzhu1++ruDXBuyKVayg6jUihC2WrrQGLTTeP+pm0Msq96GqU9rjslAV11C0kc14ERHEyAfOIHPGB44FtlAzXRrQG2nM6g9vKGunRZSzG64nRU9T6JrHqhxR44UPJeR2Hti66zkInx2jeenuHe2nWRs330lt+mgHlytROmwcSnZh8ax2LhPWYxhX+ITRx+gzD3Xyg=='),(1025,1163,'card_expire_month','CHD87969f359dec7df5187b5c24bad659cdGJ6WV8haNWi6AmDr2z1aQ2jVGg6bLjNEGfzwjVKudcSjskL39u6UcDcxKy89ZS3wHAVM4MjYYdydR8JtIYqUjRt5x53nsL7TfoXwMIrPaCWT3nnrnqBBLBpvr9Q4lG9eWKrBZIvrVFj08OyKVnvsLBERaqlTbCM93AFYi6QoNltx5+/GyE3rAbk6s+yfAHr1H5/oygo0Xq7B623WyrWf/24rDRdARiDadCF41aDTM+qyrOL90mSIZeFXcdtz6K6qJdlk+7o913O/mXSLg/uM3H23qj1WW3bXbvvLSEG0O97aGK0nuzHDZBoR7bA3o5wvosN56+LdHnaET5J0BlMVhA=='),(1026,1163,'card_expire_year','CHD87969f359dec7df5187b5c24bad659cdTzdvfrMR+QSYccTZ2Btqtk2Wtqe4fu4ZKSiw1NbfnObxHEO8+SXkWARtL+EJvAdGEgy/HmHDC+HKsjuDeZKHHntX5gHLfMu3clpRXVj9lCxcjEHtNKBdpynwLZx518vzEVtT+/QsaboTinx2nRd/dU0JtwbQeHPAOparRGWyfrB+BVT7KPJTbnvufU+CgSB9tzU0kePr0Ulq+14ufeTKdrMwNQe6zripbe4b1zH0M8rz+etbao1Xhz7ObbNjsqw5K4Fdn/F4pzbI+QcGm67cE1DyusnmFaXoby2bi+YVLK1QJVla+OT8jLvIH22f1bQCWyYn8UhpgQfWhyMrdBtOPw=='),(1027,1163,'card_cvv2','CHD87969f359dec7df5187b5c24bad659cdkOEukXNL5BeTL8Q8iIC4ZhTKAfsCRz0zlVlkn6VbSl7s1L4OerU6VCooUCVTwaqn8YY3NB9LZnoXqHUJlEB0kmr2hYuclBloORiGcEAFj64aexBcI7CkpN17haYM1IrCXSt9sLlPwZfNRXpsghXcu/y/AtJi9Gh4L0kbwkRJD2Da2QTrJrc7JpIxpcT0wt8v07D3y5AFa0D8bjYfXWvDZ8c09VTb9hVXYd1mwsZm4SBepWjGguEx+nyDBPZihqycbkxiuR9lxv8B+KY+7R6tJMRpFIJaz/RThpkWG1IIXI0qwpkB0BwctIz1gw6lZvSWb8IkwR4q9SUzzB3WTM7OVQ=='),(1028,1163,'card_name','CHD87969f359dec7df5187b5c24bad659cdkjTOCn1WAbmV94kAoL7kMxJd0q253n49YII5tYuOmtp1BzeVs662Sw9jDBrEnFUQqVdXC1AD5KHPJsaiiuhdI2oEFMTBzbfM6MWK4teEjJ9KKoZ12YaAC+0N02ULFOFYKuEGTKTa4cWoF1p3+ppl9Axt5B8lI6I89rAZxg3SbcY33MMallMEItE+0+iS2S17Sksmsqpeyx4EyjI1fkUvh0aI4bsx52WeONcrPQJc6b/JRG5y63Fh0YEXJZYDiGVQhL7u+C6jC7Yeqtg9ibwkNPUApoFK7jQK3E/EQCtXlo9lIyZxmLTswvZeilOHFMCDOsF4kosyOcwqidYbSsjmog=='),(1029,1163,'card_expire','CHD87969f359dec7df5187b5c24bad659cdD93YAUyqybRpbFooCR4LGx0jpCKX/zXTFmlDG2ImpdmDYC1DgyALuyzEd+E13CKfGCbl80OUo0OkLsAiupVLX1iYg5N+akVhWaTKC/QoHuV9PSg5DrPtvKDAi+2uziQvF2DAhODng4EAnptap+po/jH/XDBGlIsf356sJvZ1ZG+1Q7T4POKmbzMgoxEXWhR23+4kYdLLB3wQj0sSMoWG7JJx4w+MPcpDTnIVoyRF+c29MrUe+phAAKWAhNW38YDiqyPaTsn+wLKmUuVhHt1Rn4M237I8COXEm5ChO2Ec5e0naQ5Xs143c4vULbqIZ0MRwhqWYb50OgjPeYwZF+4FeQ=='),(1030,1164,'card_type','CHD87969f359dec7df5187b5c24bad659cdqs6mRjGleuk3KJvbdiOin1arTzJxBJ0eVAASLxbRWDS/JNaEA0UFLxQIxEcMhzMnKQh36y4rdQ8p1263bBk8JUe9f1A4Jt+MTbrrFa5LgOIctPIdZDads8KgT0ehnOgE8mKZBd0CocsJXr45getPNgj6T4ucK8d8YLoBX3X9DzAWfHe4TpG9AGTUu0slwmTTMdc5Eglmz7Ifv/QTqJnqkkF4G1OeMYxCmw7ireuCtti0jUDnXaRMG3h6Vy4cUJM/UdA//v3QflxLHCzRiNW4xK0jPvcGEu50Hdt6kNkzNkCUXI5M1KuURs+0mjBp7AbOwZW16yb04HiXtrMrqza2Dg=='),(1031,1164,'card_number','CHD87969f359dec7df5187b5c24bad659cdiBJS2/4toRdOn7r6cIlRIdaI2wAaWH+5Wp19lvtjpLYcX/Cdq4ZqO9rUtTv31wF1ZpvRFeoo5TdLVSb36ZYfmyUAJpkyZYaqG7zIYFe9a4vnuHLzNVRUW5WPQUE1dCqqVUp605vc2HFbIlevmjKMCi039ZDCmhVeYk0PaFoCPGojtcxvM+uPsLLd2rE19R1CTLZZdsbgdLxlcaOMX6rHQNQvQrfUhbYEbzaHaAmsw7kTfScHgZY8Lopqb0IyXVnjOdhIg/BKGqPQXOyhcBoJYpL0SrADcBPkKmPryNQJgOX0Er+dZZ244QLe9NX4/cSWxeCahZuCCDpEgGDA7bF0og=='),(1032,1164,'card_expire_month','CHD87969f359dec7df5187b5c24bad659cdUYtF6H4WgGluhZ7LG4sZOn5lsYKzGAiiZbrOujrd7gGUCpAEC1UfYr8Lao3lRzZTmU2Aer/3xrgGyAj1Mb74bVZydOm2+aYIFOReC4DYvJEP+RhHsDN3Q5rFw1+aTPgU7CXB9Q7idhdxknP32O+VXiLmQcWYlpDXIhxLrOe0gc+3gWVgzyKiQZXWm5GCvaZrfqr4h0f5W7Cpt6fRCztI0Ms9KzkIIup8HU1HMPW3WWB7HL3xP3RUReE222S5lmR1ZBLYJSUOwaz09DKbIzt9Ij93FgN34wsg8fK584co1aoWE5cTAxgZx2otlJeNUm3vjNrXfJl7vb3Ywku5iJktkg=='),(1033,1164,'card_expire_year','CHD87969f359dec7df5187b5c24bad659cdYFsCRGstKZoMWqLvcxcOOL4zr57LMsHSd0BWYl+hAisY3UrcesKDPJFRHkygWu9xrHbWuDkLHzt5+Qky1HiTO7MTnIVFEGMtRv6HFUj94/JtNQA28unSNu2jm+dQX9smyH2q/4WgpmvTn0JqRpiKXm+AAUsmvxsbSGaEyI9pN9E5oNW9dl1A1wK9YMDJXzkI8iMsR7cMxJMNiWwP625JTLC1JWvKI9d28SfRYHRrJIXoropN+cncdQBIxgkWS85K62K13DcaG+K2tMg3mE1Y6oBy+NUQlutJTej3qmNYZizcV6tRopjcD4nq6ZGh/mJecWsM/ROK3NEclUsMACPBWg=='),(1034,1164,'card_cvv2','CHD87969f359dec7df5187b5c24bad659cdDe+XNicZK2bPX0FmS8N0mYmx2+Fh4YoM7iXuV6wOmf3c8XkNLlkt8kEmcx9GoW26vRkXEisBeEdSwfSnovqvov9U0ajtbVCQdgyedwkb3ZP8EuIw3G0KQHAzXNSeZK//VEA4GBsJn7QDG2nzSKWkHUilDjP7BUVehsug7NjaX9nVzqZgC6uUeJ0FGqVq3yaoa+7No2pK4mihbzPUERyTKyPw4NEgvcd12hlZwOcd9mb+fnJ6ow+z8lFV9Cydl/Wlkp6Fv6a8/FU0d7anMgcNgSMT4HN5FPtynnZnWuDlWvst2Juo7hrWux6op7IEepI0w1pS2u9BfLIu5mFHLAu+CQ=='),(1035,1164,'card_name','CHD87969f359dec7df5187b5c24bad659cdPIVo3hP2MkSvEWeQvKpVcqtYaWvNXljXUkT5tFotd4rAdE6JhDFNjZ8VzU10v6A+CkTcDmjZX94OWUNGcbrI+DuPt2aLB77x6r3DuPNGNfqSpGfdmWOdj38ezVqsR2i2gab+QLJ9Igw4A1HnjZQVrvJ7TiprDSLEDKahS2t2w6fJJ0rInJOR++pnr3fUbaJJB5Bfadzy2oJZ1IyrU+JKisAqpghpxEmKe1E+GLLlLb+rDJTsFvWEbQrFMulf9de9KlVp8w34bAsYDrqw64CHRWwSHnO8GnyxNXUeACH4irjbz5sf89spDFAsbioxBpuSvaCq5258b+V4+7QaFV2v0A=='),(1036,1164,'card_expire','CHD87969f359dec7df5187b5c24bad659cdRU2vDEcpdMSBNw1WRrKYHHAuoqHJQb7h+t1CguYxYSe8yIPJJnL8ovAEOyfdJs0PAMxXoqAAAfNWN9XQXBcZDTC0v6y3ZuBhFqdUd5CXc6mUtiRqrlsib1PjXWsKRXJcaXEXnWI91DEuCZORz2Nk+dWhCX2oMqIV3ei4UU2ynsc/mZm42ooM23DVEvgTJ6LVxb4OPrYtN8tUgjYEMjfgDIyTCsYzT5LiQGqMdj3s6nbIkW/5JEInh86USW5DpCNxW5Xe5GE7t2N76WL5SPXbEtz5DlvLqtWBGbUcpQLru9c7V9dEzyaQqZqzxwf/P06XsKMKZRAL/S7I/HBhuwN6tA=='),(1037,1165,'card_type','CHD87969f359dec7df5187b5c24bad659cdalhJrp8o3zpovCVAadfpoCYyRk+sR3vPk53X1Jtgb5yC4UHcEDNJM+J3th55st70bY++R8drQjGOUFUP/rrf7GroZp8r5vQRTR3Qn/oxf0fi1GWAi20bwrJkQbGez38NQpvOWgN0xoDX9Ry920Pa3grN5ZFHlKuTzFPPAXBocubWZHASq+sW3EaZkFrt02xCHpCrm3fJod9ft+o6ZDXD9UevcKAfBgQx5/6FzSeRudIXtwD+VeGfma0Jpd3BiItqgdFS1N7FvF/8g8gc6RSkELncl1pJi8BQd5q7JeMubgke2l5idoH/CbwndJBt7RjzGFG7XBE7ljk/Rs7CiSMNRg=='),(1038,1165,'card_number','CHD87969f359dec7df5187b5c24bad659cdpGmawbPYUPKhzyU73Ix1w49FQ8HZM2u4ugTO+sq6xnrZHdrDj21rg92Qj8VL0IPK0tV+CYVaTIKePBI0rLAzMudQxS4lHk580v+2GfU4dT3lFyPvUj8iHWjTg4LP4D62+UlbO1cIZP2t7Qmo6uPEnpeJgCSvFjJ4GGeUocah8jptAyrY7NXSo7bkSC6RaDaE+azpfu79BZcQkrHnFvuUrfUygeA/kJxW81Iyj3FUVj/AXIQUMoCwxD0xMku/31Vb2P8ChVr962llBOJvrgyXaW5WHQyomZgQmi8oNNFwUHdt7IZUJfMGG5wRcFG6gWjVhZ6OsXP8zCCL+UxIi/hGsQ=='),(1039,1165,'card_expire_month','CHD87969f359dec7df5187b5c24bad659cdCdIOkbXHyWtLFdlpI1gQcpwYrDWicSiilSBexsMzHlWwt1CeuRYjnYOvkeU6QuMlm3TO9iuFhAt8XOZ8mP5sthBVt94XZWg4zC+QvXcWGyMpHJJ80ZvGTe7+U5Gc3CCfyf1prkzsZT497KnREtLgt1TBqPR72p7Dk+nbsTOXpE8i/LKBTBOmMA8zp5xViBoRTFmqTj2+WvLoJj8p7oShD20nR+3Xk9tlwXr9lVHqWygc7cXypHRbk8nvKFBOTtBUtsAifyKiv6SrEmoExZMzt4DXB/RA0xOUmm6aKFuuay9yOb3LxHKcjSPB+FxVQyExJ8R1FudiiKfTiReH1lmnzw=='),(1040,1165,'card_expire_year','CHD87969f359dec7df5187b5c24bad659cdiOQRsfx0T8srQdwQlnHC2NuSrBD2tkbAAugh+h74nIk15v+TSceAaxzQwlGUbHTh+0okouRkj443hbA+0vdukWpGQE6BqZjisGTM/kTpi33TvZFaG8jc0cEYiGwnp1g1/E8AxD1EvMCiE+mc5VPoiPazvod/kyya9xpRm1XHUiSxUsOQrHs3BZsFlaE+j8MAZO4NpuK563VwMEhCwSmBm4W+dGcabHHDDOI8SNclkbcV9Q9RYM/OrHKL9dAC+k54/A61CX4XCil6od9YEoZsAlgmo78+8yPJ5pQBhov8+A9wY8QQl9weJmxDHM89aJdojKjtOG3PlTYquXA8H5HNJA=='),(1041,1165,'card_cvv2','CHD87969f359dec7df5187b5c24bad659cdYXOj3lAyTor9R0jTiVQwXpdAGM6qCWd/aW8mpoKG8L41tw4wUZU2QUtHGQtLB9fY9FKnUNgEt7TV81AuCz76A3FW648xEiXaqVf1dGEFgCgWCp7QvI/hEL86arIAttcqBaQZC0lDB8rd5m4Lqxet/COBRxg2duM2FvDOfe7MAzijEV7X5/lPK5ydUqa+TZ+MOMlX8ZEzE5RxgJKG2LapBJkd4d1s4kreeQboPM2hASmmar72V7zBIK8LJ1ibASou6sHTMMRGsHwDGychBtOW5P3iEwHgTz1jmD7/S1O6XtU5QkXSf+5jGgs3pfK+3ynywQSyudws8TrryctufJvaiw=='),(1042,1165,'card_name','CHD87969f359dec7df5187b5c24bad659cdLkKre/urq8Zumrqlteu0UciOuJeXQp70rvcV54anavijPcMAElaVunyaayBagHJraCOBJhBM0tAGQUwwvmHASzWbl38GYo5xm8VXTOLdx03Z1vtp92xJQj9cawSiVhsFKdhxMBXfhZ82mBUH7Rq0jrGuO+TY4c4+pi1VqSZJ2/Y3sVkZQoR6hCAT6Kt5IqINUfM6woDchFWRcwM+/9+awjH2F6opC04rZxIrrFByeYvfCwVOm73JPo/wE7I+RhYcscL01k10jxwsP/SFZnUy8TUrnp02SK5RlSPqI1iJD7g1AcHv2sN3GVP27FXDbjZj2rDPQTOaZ/cSb4NDZsQnVQ=='),(1043,1165,'card_expire','CHD87969f359dec7df5187b5c24bad659cdGNBQOK+fCdfVf/wQgv4xEFAGFd6zrlayTwLlkv3OP+YQGURLRJk+is5mgQaPm2BofLNSFA/R2uu1CLAi2DxZgl+Qr1QdP9fUVfKKCx06urIhEehG4jN15tKyuoO8YA8WFlV6+SgqtreI5lzT/N8j/ApoaHOEPEnJxn6d59KEF8Z7EpJpk+qK864GJLjNda5fI/ZDy4siGVWuTJRDXqiqQLev6PXf0bFFbbYocbD+lx6i0bS5s+NL88DqAEGsyIvkf+HGmTKBbi90dQWav76boktHtuSh4tNAqBvGtsZnW1ueg9e4yLFTF8vTZ95XVqLon9VyqdiTVyc8iRn4vJ9g/A=='),(1044,1166,'card_type','CHD87969f359dec7df5187b5c24bad659cdb3wZtve7OxZPINoMVwZZoenHDCnNVUhuHpjeLZZs1R5Stg8PO7HyadCmiLwIYLqLVyUM5U2EjiSmIuXpFLG5T/5Swm3/vh6SuSn+md5TkSQpl24OkoeObgh8I94ytrW891+msJnd0vVEe7AHRTKmHCA24f3m4stxDBpBcgkt3EEiLnZfhWvrCv+mh8vurh75o2K5/KSBrZqf+ruo7UjRbYYMGVtGPwCpQ44+1VIxTPwzOg1qQ+6Blj+5kBGuizOw8cnEBPq/HNxX+5pLKx3oU90ZEcD3ljHAZ1mSJtrtCoSiB0uNn5KwnL5Y0gqQp/GfeYZtmFI6pexl71Cqnjm2cw=='),(1045,1166,'card_number','CHD87969f359dec7df5187b5c24bad659cdGeyGEZCLNeBd4gnF/LLvZn2hwV8lCx6stUYtZxWmU/FEnaJsHXIlaQlbbpc/8uwUY1dT5ixuzYwtCqtEBgcXI+ai2dYPJgo++SpvBKFwyclAxLhwb3RGqFARz0fCX07QmQxQv9N111Rawemh0imBSwzWS0OQ4wkbfsnrmRwVPXLLl2rSYFgDxclSedx2Tpbl6UyaTNdMxqlcvOevpgl20CazLq4+GDL9Gqxt9Ugcq2BVMQMASNs+B6Rfzv5obes3y5YL5kL6wU0yqXGk15OQdg5Egzc99LZA51FNAjceHGQ/h/UmSM2EcMSRODth9EjZpjVGDOTlcsdybduiywQSJA=='),(1046,1166,'card_expire_month','CHD87969f359dec7df5187b5c24bad659cdEKfvT+t4Ectc64/hke7KYULgLd+x4QU/oRhC8bSaRVQj31VameShMayEHcEmcAo+lhspp7DjBcFlDOOKcl0vXRO9RD4kEO2IsyA77743ietvZsm0dtFmuEGu8OdhSIYaXubPTNoR2D+suFGNAHaGKmyvDpWmbrgBIfbLAvaCHrXHKEueTsaEndly9a/65fDslXrAo+91uzjmT2P5AyZF2bDTq1lynKgecPq2sJ/qty3Z2uQC9w6xn0wFTz0f4SH69sNhF+jiUiocJxUYZ9zsk3AXOsmyrI8DCnFJWic1rYLg7MupemtIDSNpcN5f7+CQtb6C7DPTCgGB+t+ImrYGxQ=='),(1047,1166,'card_expire_year','CHD87969f359dec7df5187b5c24bad659cdRYI58oUiZUWS58Nn8Z5S7MP5FMQ6U2CiHvS3vfYrr32fFe3RQD5R0nYpJiWj8q17AhEzXJvN3Wpso2n/PUixQ3HGVVcai2luqDGWzIu6bRtj2CXBvwkgO5B+01V7y9uSxDixoPo6E/RQH2nP4vK+B9JsoKR9J0MZptJNhqH/YUvCv94X58qWfkZproWfsTLfFIGWWwHxQqk3awGJ8Am3uo1SSTvAH7WPlY74Ipbz34NsgO+c17YtaZzVgz24Bqx6f2Izt9dylNw3MB2LHhIDW9AqJAfaAqkRwbOLH4ciI0HBjLs0s2m3hQfG/I2ji1LRPowqpS5r3p3N0Xj1+QY+Gw=='),(1048,1166,'card_cvv2','CHD87969f359dec7df5187b5c24bad659cdYKXi6TtXzDCpwuUNNDt8b3uWwLTRtHov9rJbheozBzUoHRwji/m1Mf17SWEihkV+rtolLTL85Xd5mSv+h86+tcqJnWCSWuo9EO33wDqpcmOLC24ywytm2M3FBKKvYMK6uKK5QkEO6PdBsd+04paLibsm9/NEk2UiZfuv0OeVJyMZ2LGtlb7nmSg41Nddf8Jlk1KReHhgct06z2QrT/spQi+7ENM2zKB9QMoApXGO+XaEUhsoJuVaaMYQlpLqCJDEdHqmNZPTBkgCvvcHTiqrJ6jEhefIVn3RNh6wPiEgRf8uYt7x1YIwvZPipUGrmSWgsPpKR40dnJ8LoaMV840lFA=='),(1049,1166,'card_name','CHD87969f359dec7df5187b5c24bad659cdW/P4wCbEfLxiLDw6tlFkaGNmFZf5+diJ/zdOFftyE9IOoC9WTlu16kIZC3+/QCK3wo/XNiyaOrauNnaf/ipcAvWt/n8Lkm+c17wDq5m5sthcgQkV91k2vazK0BrsXfKEP3t5aZgEf7nTxW8Ous9JJ4w168204WEH93Z3V+jdVv2dMLoANgihbAN6iZf7Jdiwi3yddIjVVgPP2FdMkOAtshjR0eOY8bpM2eu+ZM5ylcTWespzUkDfnY8i0dwijtvLAKmxBQuFQPz8+jxO4Aq4WKpE/r/KJ/2OLX3Ybt3bbmYFfw+HlCvwhtNod7pvcy0WDmZra6vXLCje2IyGsC1bUQ=='),(1050,1166,'card_expire','CHD87969f359dec7df5187b5c24bad659cdK1Y+3CJtbmVEVyaTAw8cTQ5t9ibN0H9xK0g2s06uKIptLyfWaQNda+ErpQjQjLub3TGD9WJkaFY+wJZXtTH3d0W1jHo6wPKi0V9meQMEFQ/cBfeecDlcgbaQ1XfbUVOAaRnI65qvFVzAHbSW+YQ4tlU6NdTJfV/nIiZDVKFEoWEPYATuAamuymKHvfH9dxG+jsTyaPobrXyq3GK8EBopjxHsfgPOITeBz0FmgfSTg7Nmr9jvp9VJeMl3r3NRHdTHelpBs2cfHpu9pYozEFR4Jg2bIr5tM17Pv42OjX9qX8D4KB+IAXoyd+IPDfleD/9mKaLXO4h2CLcYJIt9crLEZw=='),(1051,1167,'card_type','CHD87969f359dec7df5187b5c24bad659cdIJwzHOmsQJBYGOADc65v5pnkJmRtbAxW/93cn0QtQQtbEGn0tf/+BVk75dR6ZVNxrPFKJf7kAnpTdfU3WFvMh5J9MTlWKZW1/nCOtFm51QEPYdQpcyQXs+Pa7DYFSZmc/1bSH/EOnhNtXSWB+fYJmuSq4SrtzYY/9sQLznyOyyCOzSJVvoyINDBG2QI5pSxXfTDzWwxdTPI9Z8WyGhCXA4ReDxJgB4Gs101oqjxme8ZlFJOOv6bQ+R6XvcIeOtP6a0CJnxuHksXW/DQJTEsgWjBykIY3xfyLH6LTF2WOQXl4rch/wRVeKVD1Yv8QFnKzMo7yZsh72eN4BRH3Swwi6w=='),(1052,1167,'card_number','CHD87969f359dec7df5187b5c24bad659cdWnHHGCUv5yfaF3Ph9DyyWqFoZqOkaDGf00HOAMi1GaVv3Kz32TqESfdOIRTUo4EfgQCdRe7bfQPFVrlcWMI2Tt1IjdtyQfOH+3AUuQRzMcyelqVwHAOeVJug/qDtKGucEli1QqcMC1lupTcik4141zNdeHyFkQWJy1DIZSpH5A2wHGUmlC9QLQAPE0xRRNqtVwssVa2G/bDmNqGY0IS1jMUxXnlW6EqbqJ6pMSyYGMBk8hR7IqcNxaVHarFI3RKLfZUzpT4+6RIRT5ODHKQ7KTa4fkkM3onTQAthSTN4IiMO42mD0Sm6nrRHeiuwbt+05hOhpTPVk5113qon5F40MA=='),(1053,1167,'card_expire_month','CHD87969f359dec7df5187b5c24bad659cdWdtzqlpMmLfhMBjIPQg3uxdXRaO0j2YzohaJwo3X7dEwMW/qjaNdvBA0J7n+mQqRr7mlInQiwPxVBxk0/ETBgwyC1dflO4HPOGfmUS1X57J5qpxrW64n0XGEd8Kq9C5jsxyfwTc1S9vkzzNzp2A+rHaZL9HKmA592auZF4dc6WyJtJcvzRPCLGQiFRe1ZgZxASaq0FDnEWE/xCysPpSMAu2C3r0wAZWSaNa1hXLFZylu24x2+2Rf8XtlOH/AxSetI+aRJBFYdFzq0WEeaFg3jGkrjcHy3eghKgb4riF0A//G7wetTfLdLEj+r6uv+gQ3CoYyT6H6dyHyJ9AglBceGw=='),(1054,1167,'card_expire_year','CHD87969f359dec7df5187b5c24bad659cdaXIRXexCszomiH9xeBr0kKgk4BuW/AwKGUpIAvtOIQwIBNDKdUHv+0U2lipqsm3NE3goIWjWo5C44ZIOxkQqsDByV/1m53Ab6FUsrqpPEnN8lTrfe26plrr9Be/cjiZW+cwO6NcYgpS6WzVIbjkzqeWWEty2b84wlLhXXo3XD7lnwG7zM6seBDe04hH5Xaxth3b0aAJhQ+uAxHUWmnmBGbbaBA03M7QBFqj/cC/wmvuiIzTZ3/MRfWgDo37T0jF9zBzL02aZ0e1w3Dcpufk0/Irs+gC/SKfav2TihMhPx2dIu7R3J9myZP9T3qXu5sfIVoSaezkp2Ue1h4f8oPaFAA=='),(1055,1167,'card_cvv2','CHD87969f359dec7df5187b5c24bad659cdCOfr22VDMRTneEe0N4UHFBqZN7cvdF+THa5E2iTX6GH7jsaNdSTXkFZoekacsjdNOfFb99aYJrZOgOiV2B1Dp91TOtMH9AhQtVL4vUiv62VW8+IhFIkNAlnjhzXzYrBvS2lwo+XOv8X1WTwCX7V0RY6s5yKnsYb+tOiW5uMs/0sz/l0+2xzXicxNzcJTIgpMKJiVIidkrXjwobw7NWeHksTcZcTEoJ+QbexiYSZVyY5Wg4abbUzcpToUhxbXxlclGev7wyvuKfGs9g4PTuW6DvGQoh/IjWz7QvGP7W8je7fTVcEuN9QjIXdas+NeQr5jza4hB4fZESsupbewNvM3/A=='),(1056,1167,'card_name','CHD87969f359dec7df5187b5c24bad659cdhuqZUKonsBk9N4cqU37UT42DiPqKR0L0S7egvMrJ5kbEp4NbTOHLYgAVaIgy/i77lq3/HFzHUnG4QMtkOc0M+D17v8wtGGdY/GcanHuPQFWTouEFrrF8WXk9940rEoxmFwxGIdQPksjrZ4fYXW+ap4kQBe+u991qgiQn6ARLBRqHGA0RvgBzf6SL/pHPiNsdvs5nzzBRFcjIRE4CiQZ/08hjMu+X5SCncnI7Nu09JbDI5BtQT5TzdZv1ogS5eG/B/L4zNOZrdRi1HfkzO8XFn7wEwNtxtQUbFXO74OoR2p5ldQQXStPvIc4TapBB4bw+vEbRGAcMUISCwdK3KT4Frw=='),(1057,1167,'card_expire','CHD87969f359dec7df5187b5c24bad659cdWgmGi5tNWd3MAaWDZwhcPNrnabF4nQALEtFHMH6kfokxTWSIilxiy+QrpJArCrUu7nnDLJ9Kqi2m9EzN1cEezQfP5rUddI64MUNPan1ZYPiU8h/jdfJZzwSudYYO0LSHNV4IaXWeyRw1AIgqJlPoIOmufGxf9C6e32MFrdaBiWhn/Kxudp7mOBVNsBhKRiPZAY6y9oV1a6xkhPNUFHNczPX3vs1R+T9phK+wLgsh6mli6AZBZksJR66Nc9/mxrjQ+kwv4+hC8M9i63rVlMiqdhE0GDGkQ3rsoEZGxRa+m9gaaedozMAv6CmFbCW38SgVK9EXcQ41eJXjRczsdxzeLQ=='),(1058,1168,'card_type','CHD87969f359dec7df5187b5c24bad659cdT1SVbGFRu32UlOvuJ6kOeyYBq6eUVw3cqul0zVT+I7iHctZUpNso7gI2favhh5VVBoSOLIyEVqklYpC3Sh2uvVMzh4kJtMHHkqH7oekJk7A+esBDt49pmbvnBFMMXKlEM9rqKu5osLgVuL20AYao4ldNfQZheCnEXZkGYKIJ+PhXzsKHwV1a7revaGEgQ+G3f4rr8NE2c+iqQt8uryshmIyLTq9rmx1T8WQxj3RGqIKY1OHPdFnKcxjsplP/i7OxDdjk2J5yZ64IntUsI54+G/M93XsAWzmGIeojsNPV2srKUMiuCJLpL1knwJGlfH5SrNT6WRvo8CXAPajrPD86Nw=='),(1059,1168,'card_number','CHD87969f359dec7df5187b5c24bad659cdIHUKRly6Ve708xh7k9EH/2/i/K5EDcDhL+VH/YrwSIh5opG/ppKcx+lXTBkxMaBd1b13Qeu+u4lk0rcdnVOAaErTp5jboF+WcNsTs4EtRZq2teH7/ZpWbe2tQz6SQCfgrH1GOUYaD513zx+3QeepULNZ6pr3z2tfOO9cJuNTMzjVk4ly8vZTLgqDUQkVclV1bcCk/PY0wf+FM4FO6fNgcwdStnOkyEGo2APIg6GDnsAOKRUoaJMsHC3HWG4/0T9WYOnasANHxLqXBqSzVclx5X81jo326v7nyM+Z8W/cikE5kczQXac5JZC+wo/KKAWgZcDURplddxFZaFlKIa974g=='),(1060,1168,'card_expire_month','CHD87969f359dec7df5187b5c24bad659cdiSF5uRNZuBj5c+9WMJFAUBSQFrbJzMiF8M26UpQCgo8ve7F0Ky6yDhsCDN0hks0RraqgKVjCLYxoEYmuK+bICZfYR5zf9AiRxzIrVACelEEVusQn1mK43lw6vXZzciMhJ6bCL2ZgMznqU8CBy7UKcUznGddrQGNm+re9fyxlLbnReDAVWRREFlra/bS9a9ucoTdjbD8rGdIv7EpBIxmaQiYSLC+tyM02uBlYyUHtNKIjADasM85yo/DC5SxrN/qsRU7IaHddGLgCC2eIFDxPKWYiGdQW/wHpKhCZTgZf35q2+E5AvHglG3BemVHqVyRMERFKz+7T4jkiZclcY3TmaA=='),(1061,1168,'card_expire_year','CHD87969f359dec7df5187b5c24bad659cdcU0SrH1P8qVLdrbAUCunAv0G7FfPxW0ltTBpm/5jWMPuj/k3v+cY5E9lJD63YOwF618gRKrYwhlhG1pAZWxtEPZutlyvKlJS8crd1sTL0wFQsdaFQvJ9F14vPAj14fQmuMZ4KghvAnl5+6DriMQfBDXKXCc73BOhFGPWx4OUyO7B/dJ2V3a2yvkelF7OOvO7i7bHH5mlJl7QM10q+/emC8hHCxwqjs7FsUBTQaJbJF57TF9aFIQg5MpELqBvLFZqq7RAYNO2/nCZ9OIHIms/oI63loNzwaLFAgkfR2bAYAnk+OtNi/lFrcpxsNcNc8C+HolBW0v4sL98ddtxiqbBhw=='),(1062,1168,'card_cvv2','CHD87969f359dec7df5187b5c24bad659cdA2S+MxyMhPgVR3XVFO3pey7Tvbm1gkozyXWuBg07Ta5pBFftbDQQrxH/tELIF2mWT5Ik8UvncDktLoNl5oM5FWKNTFJRjHSkjIHGmlPmuUxaXrtoclL+SCYtv7ubvsQKVeDycvaspQYKC5Zl4IJxcOpyDMjBrVX6In304OpCOxjVPRmbylIBN/0JDiM+Pp/LGINm+H6toj0KhltAXOswxPdPmDiLSZUQnjvQiJwa1DBlUcsIXRu8WHsq2FT/j05fhdqkv8AMLNejwuz9lGCRkumz8O3g1EnfkavJ/YDiAtyx+xuraUzoxbhq6yfsrq2PKCRGRJ1KYlE5jrEfsVq4wA=='),(1063,1168,'card_name','CHD87969f359dec7df5187b5c24bad659cdjS6bb5+hk7v8Lk5xintJFYJ5zAszAeOU7NyhCpwLmed3avHVEi2kWKoPrWR3hWUdjE0lBFa4n7VGlxVNqz0+2Yuz+58aEH0eTsMa1jztSPYPpQhu2keasKd1qv4/sExerIuI9+I4aaDui1msXOQFtqaPZ3eue25vqaSV/gPbVLOgYE9PS5Yk5bgOL9D1HEDYLffLEUXXT5VPD8b9giotwnsuOYK4PwxBANilJ3atAAkaldq+vZsxdmIdoxa6c8Kir//xG1yhu1E+zLYl1mOygkcWJO60ecCSkXlM21MvWt6v54ixcfFK74XJyscelVdJuYfbnW5ay2n2ZOjgYJ6Waw=='),(1064,1168,'card_expire','CHD87969f359dec7df5187b5c24bad659cdE6d4DLuZ/MEKbSxrdCOyU/eXZnht0Mh8HgVXaAAb+Jpq3RNWjgTmCUsGvpwwbU5d6S3CPVwiBq1ooCz0rnwpguUOGMoOF3yw1NnI2t64PfNaf6Z4UNEJznRvBtUXmBIdJiqHCcxaFKPMYBI8nVqe81AEGf20aizT2L+3APVDDh01KYY6+zf9VJPiLwHl3fhzOflftkJHEpUm+17UuCkTXbGd23TLY2lY/LtoKj5AouuaXiLBkkDZ2PwEWxQp1HbQpqaozZJQoXXoY37CD6n/A9V7qwxhQ4hCsG1X/YlP/o/zFkcoLpTbzXMJgM6jhUVEo9ZwoMY96SCB4dQcnUj0Fg=='),(1065,1169,'card_type','CHD87969f359dec7df5187b5c24bad659cdZHHugHIU90mrfNhTFhKu7Qbu+RHY5Nxn10/58pMmzMaZKeBRZ+scKWT14w8qPAvCaAxN7jJmMyUXCHaCrwTIiKIOOLkfoHOHShW8rJXmeU6G42lWt/+jP+LpKfM5dl929rIKKwA7FDczB4wETJlNsl6hPL+AjHW9AGTQxW+dlqBBC8HWpL7QhgD2kHwysJYuR12CCGcnjP6BO/7A3x6aqIQ73sd91heCsJ6S2zTA2sNDnJedX1DA1/tKpQD857WIAvHqS29IAiQ5H52Dxbqf12fS1w0M9/WimcTtqCcnJQGoNIh8tqeKfQfIuSJ3qBAWbbNZ4oLO2xHsIRuEMg1X2w=='),(1066,1169,'card_number','CHD87969f359dec7df5187b5c24bad659cdOr/6Ea6y/Ct0pO/qgetb3R5/8QszmTz6NjLLs8g4SBipE008Td6a8HC2DJWC5vY3cIWdNghwSazSidEAnCbIQNKNXpc8maJWgAu2Ti6mmUYaTwokgaytTQwEd0tnMR/w7IPK1+jPyQx+qLKJ57lC13fq0dRO+DSU8ngboY0Tt2Rx/3YRdAwFzh/Gxs/6bpxkUhPV9STS4e2mWGHaojDbKTJ+vvXNrdvPIfqruKquWDrqUSDV6/f93FPuheL4N/hQ6ERskWklepLJL++IGoUhbFDys2ZFE0hHi5YK4YXN+UtYTlpaQIoqzB5Ww5fjQk8ycXMB6OJfvJ7xgNImK3h/AA=='),(1067,1169,'card_expire_month','CHD87969f359dec7df5187b5c24bad659cdq4aA0LKe83OfKzlUvca7g270Kt56GDr/CBUvqfxeY89ZQYS1bxFb8vdWamS7/2phURFWIE46UeFYyvqZ497b55H30xwBKTeC4A1tboXrGmbSV6hGj5lDCJd779x/05zQqsEnSmFFhBMhRwkZXlEvhZInFrQSg5NHv+S9pL8NcrsiNkqq2Dwn9d+ZVSceuug0MzmvVX2LId6TkOsbeLiIF+/bnZh3XpyQ23vZ7OBdnEbUEmmfTm2w1KrXTlQ73TT8875zosQBHvIUEJE/E4N3xPODhJEn9nnlq82WSyg3rexWkW39Gtf3CiTcBfw8izpp/tlPcwg/Kvk6zNB/6QknlQ=='),(1068,1169,'card_expire_year','CHD87969f359dec7df5187b5c24bad659cddTBK1/rCA81tYyPyihLI94E7ZayHLW3kNkSF7QzNiOSDyGO/71LMDRcY8YvzUlJ7qID/YyLwbBxAbCTkRc2SYWIlU/Lz8I8rU2UsxMZul/fTJ2sFtIW3/zKnxcCYuyDI4QfTb9ItSnU6Y37Um0x5p8OHXKPa4i8RrRIAmqDJdw0dBPLDf6hQTH47RvuNFRYXt1160X0aeuejlHnmCa1ZWMEJqpyCqqftxJk6wg33LdM9q8cPtEg3gdaYVoPitNsLH2GLZbVF/9fojGqNB32OAjO0VoGyQN8CYTmEi6XSvUnBMkyHiR31Mi7621VQ3aqJrMFBr2uzXNJys4HaexsPeQ=='),(1069,1169,'card_cvv2','CHD87969f359dec7df5187b5c24bad659cdLy6NvWzp4ur3kK687IuofzVBVi23mo165T7yWu/EQAZUlB/WzMsaXA3APBFnFl3IZcigCJEpQ73ug1Tys1PEggi2LUf3imBC9qr6oO83ASfovtwlBkaSQ62SkfuvSO209uBN5JeQB7OE9iGWw6oD10Hg6wozOQPDQnPN13pSe3w8B+jGEk5QGSSLbmvrIizhLPSVduD2InhkP5n4dequmxMacFT62uzZ/x5s/L2VrTHy3HJLabGsqdvn84Y0aKONkwV2BOLRp/HYzIXfjGRCyxrYEZlSwQMrOJgst15NOxMgKBiY9JkdvQLGocFnab1Um0Tqi08AjESXM+qV9A8UzQ=='),(1070,1169,'card_name','CHD87969f359dec7df5187b5c24bad659cdbqmIwVv0dW52T6yU+jrcOsfk8BkdxrEHj3epI+6FJlRNEahUTZRssivV/BNWZspHpj9id5xOljqGVv/XgIyoPDzEd9wZrGP/1v05YzAz0e+smZITBAqgxgvf87TsPL+S2kk7e937oenhjIGFGYPAqWPR0GvwXxI9fTItzpKPNFaL12fXlXxREAz1mrCyTW6T93e7AaOlhEXkdXuw/Td3x+XaABzysz6ZKlrItHeFCo7G7A6Tw9ESaaD31ULXkWJ2xV8ywWAYp2RCZkJcjLVsYxQ6vARf8uQAtbwx0WxA5L9jNX4Ahu/BsPTO3G67qClcezZXZiA8ACoBAqgPLhncxA=='),(1071,1169,'card_expire','CHD87969f359dec7df5187b5c24bad659cdYsamvz79Qtd3p7mfnAUbfGNEblXya9HHVDpK7Qq6serlQpMyyi/8XrztlDM5ufi42b+YRj1WmLFEb4O4PK4UYIHtohFdMfYthZR3nSgr+Qpvx1N/mXZkx7qMlw3sXK0KuNKrAE6DV89ioIIdiXWRq7Gf49C3kI+eGuBXU7Hf1/8mAROIrrQ/05QXONev3M4C2Aa8N570o040woiZrW3qW/VCUM5iXBI+Tourcy3Cq+mXmbo/JBmEPx1s1LjbqzXp2Naxrk8Qld3UhZXF36OXVuEHR6rjRxJTzLzZEq1+BcYa3uCA4DsfPOqbMUTBovW7tc7hvi2bN/fvQUayT7ZF7Q=='),(1072,1170,'card_type','CHD87969f359dec7df5187b5c24bad659cdB3D6DXqBc3982z9c2MJ4pYv96MYyvLV3uzltOHolP5DFa6Ab11kdqrAS/EsJbzjztTZk/r1eU2JqLYB6SQcAz6vFaDqCTaXWoG4Cps+eli8ygUFPDa/BmAuFawbxKyVM4Fp5K9D/hg9l9xLi8KL2cqBQVmfmWboKrEbQwcczWJOLl2QSqAV0s2oediCOaEiTt9Jy2JNmNpzO1L5B37mu95oN8+BUApyFPPlDlj1d0hwtBayF5za8rfmgXywfZtypMwbfDaTLjEX7MdL/hVaiClNbpwIq0V+SsrOjO4yO4ycuibT32esyKq5lew08L8+DcwKPq2QJlz/0cjP50ahNNQ=='),(1073,1170,'card_number','CHD87969f359dec7df5187b5c24bad659cdfKXCG4ar3HfYnvU04UzXrzOLzaUkSxnH3ktymOhLWl3ZJ7ICW3EoXXqN1YD97egUId+uJIuEM0sSnmC86npl5Z2k+NiYENGsk2a01Y2EImGugKG4oyxIzYwvXTbd4VcNVXSLbfkcXfzO3rldQ476M/6mXeUHBT9bBcEWDbJ2hiJkQKIQjUyMzTabpz6gSSNEofkgSNPXJ0FSdBuFAnagLoBlVnKEg728R1T0N6RrHjChiYUevDDYxYdy60AkwzgUptzsB20Un4K0rOu4Zlp33uWcrGW+WO1te3Hx9HQklMMzmaVGI2MurEKY9nMdCzj+c+97hEqmOTVeIYFYVV76lw=='),(1074,1170,'card_expire_month','CHD87969f359dec7df5187b5c24bad659cdJyCtqmPyQ5hMETPPKMGxlCulCUHjw4jXAdj7EEGHYBokg898UEjabLv/YVJZe6K0u0Pd5Wo2lewaEfvtJ+zijtaztKZvlufb+qqXkZtgtHdSHIiBgs+Elj/ZwU5r6B6b1pevzYnvRbB48ipv36U7WifHHDs9Ah2G6jl43VGx7spnPeKY9mqhv3aHTFLtQCaVoWnoVbytoEtBFZzbLAX+Ckj7ruT9ghHNV5/CToeH2rswTovnWxJl66ARA2GPR4Aa8W/C1rmxbE/+LZargzm3d41i6UnJ/5Hxvbsr/EPxMv9jN1LQy1ImfLu+cleDfyW0/uOciwfeYNzR48kd1Qv2aQ=='),(1075,1170,'card_expire_year','CHD87969f359dec7df5187b5c24bad659cdABHEz/qaE5EoxlNmkINCdvgNR0CGiMy6rhHUDWmt7KbdZzVA6qhYrhCOxFv+Ov63pqB5NhR2KX6R4lhcI2q44oLGOQwJiWDu+DoM4UfTiR253J1IdNB7ozKnTzLyXjY3dzTPAUqSZgDIyN+ZUsTX9A3r36JWBisji32zMsM51/vd+Hwxb9+Z/6n7gv7++IHY9elwI87I4zNAfe4sRV12dw0D+eicMyDXhAftDostVBkcU1T16/3X3axIadFpDz8Q7P3+XTEcsRQKnS8FFM4lgP/O/20Gmzp8ERxah2J8gsT25YTxnN5hZYafHC0jkePa426U5c9ihuzUgqVNv4wXVg=='),(1076,1170,'card_cvv2','CHD87969f359dec7df5187b5c24bad659cdE/EBFZzccqjJsy2rQoZ9yJ+rPWVfN4/pIVyvslk3tF3NWaifhl5UGHfhcX8wh5WUnQOiSCiCaU/9EMxVSYIECOxUcI7GhK6VKGCF36oQ7l80kcwTf6+/V82oQG5VgqsQt1nB9RxKyYlGHxKsrwYbNImBahRwjZPGAy1bXhQmgq1jox+zV098LsfE5r+ymh39Q11BIaMYrQoCcp79DB20HLiBlKLabioMEmqfo/ykWBO8hsJPZyAylzxOS0td7ha0S6qL247FbazpjCxtUkvjkAufaUHcH9Lpf8l466XOxrN8umKDGu6/ME3qP/M02CC0hXOqouGMAN95Eqhhr2gaUQ=='),(1077,1170,'card_name','CHD87969f359dec7df5187b5c24bad659cdmBH7j87tAVUo9wgYjaSnHGoGBW1ioHd/o25GMw1fxd4oc/sZiy7QZ3GXMoJKlj5zcQh/4I53Ch1DyH5pvz1+mr3wIrzKFPCmDo6GOtVQoG1nfRNyFFATxGndz56zushHspCCylHhcigL9Gfdkm5MPso0t5r93NI91Du2jEkqRp0/hnWDygqfwORGHl2pDHr7iaIUKWCASNhlURzF2jUJrBQO3Q/L7lsUxNYKpw94xNpoZgjcUodcUSeIUrtAXTxgQ/p2TBMFAHOmDge2twPloDf6Rf+AlmXJGr3GhtIPdr6wrE7VMH+y4xZXkajshUD6uvfGQur/fp3NwMULpmksQQ=='),(1078,1170,'card_expire','CHD87969f359dec7df5187b5c24bad659cdNNS/mFzdavpKehMuo0j7jI1OFdk6jXgUXQOGZm1/ygdb7kC02guMxbMgjq08gRb49Q1+6NUu1KTG/EmL1MVi4Ez1ntccgfGfgwoqF1oaDMlEnDpZ3atK+wfag+QMCwNZHk0A9J/+H4dWao48XJRStUT2hUqnSadxFVM2Qw2Sh79P/fr/pLrdCaxDscuRdFp44n+msqAIckubkPUe0g8ezZfDu7M7TzedoujG3n44AS+4w9jNRai4ojQCBvV6lPrh1whP08m8uTC2fPsmqNJA3uQaHWVObqQNm2fPuNH6avbMJrPd0bSoDkcIyu7FxM59AiIqn5aLyHEOVKq0902TqA=='),(1079,1171,'card_type','CHD87969f359dec7df5187b5c24bad659cdSyAZ0GbUgNJmR0nI3065bBHBx3NL5pBJ1vlQC3aWfbpBWeLuOEdUG//VzWHZ+kxxI+B1/B1B8zeu+i+ZDadmdApejT995/wa92VTXbXIdxl28XtQplm07zByfYRlEYCUpSzGgCZofeKVK14hX0xFSrRlwvLIk9oTQDzLtcKojIN8Eh23V0Xw1kbw0rz9AB+cvTewaU9l4sfI3SirEwKEfxDcNp6+ni1ACcUoe8gG5s8e5+KMt5fh+5vPuykKfSpMWAgKKGAhewwv20eTznq3JVCR0uf3RvD4g9efW5aUTVTXnxK3UQ5sxyeQeHBq7pge6cqAUhMNspIiWTE0Kxosfw=='),(1080,1171,'card_number','CHD87969f359dec7df5187b5c24bad659cdCP/yuwKe4GqEDqDmY6KrVMNB/1+xsYq5ttPUd/ijnpU/dV/hu0Oln0y2taxro9WTBJ+dFKPtf0ZKGo+towl2RTe6OCqaEEIWp6Emap1SgFQIYcrt2EfBf0CrCdSS/cy0Zb+nh9XsKqhQW96XloEf2Lx/ay9oq3KfNzBZKOguCO+3BSn1US8qPKupQHUDBF2plSabKYWI92KfKRnnbpNFyL5O/VIKRZQbUSO5+8IeCCSqCBSgJiFPL/iPu31B11MLxfq8ExQgdTf7nWJeVFqKGhzDA6O2hgEyOZ8MV9HNSUg6yE5DxI0v6+UCd7hpjhnXN9igk0dsZvTcx1cfmty4Vw=='),(1081,1171,'card_expire_month','CHD87969f359dec7df5187b5c24bad659cdTpPzdNQ2D2zc4r+TdB61PgCzQHcIzRK67YsvKBFMhIl/1ADKB5RJcjdSlOASQsQkAsLYU1BuZgKVfo2sD870st6+EOrA0sKLeZkIC4O8CbWyz3KPTsQWHp+vl1nuSn/mwUrtWJTva7Q8jMf99y4QAEvzc7uEgV5o7Ex/pqptnZdsPPbw1Am2DQnYP9kPzqWIXytQmS5brEKlUKbjovcvWzn58U4cm2jQW+eq3eXgqUuA+HT7mWfuL1aE7TBWFWep5FmGthQ31kDffhoXTydrqZD5FnYZLFn+OkBqA0p+TgG0WpIS3PDZXxghshugA89fMTHnZc/sQ5ClUXL65zZOgg=='),(1082,1171,'card_expire_year','CHD87969f359dec7df5187b5c24bad659cdioF5YkTu31sZnxsSvyhZHFfVaacs9+S/AClzYKRbbLA5xTPPRGOwvp22QcOJz0CNgHQknC1O+wDpb81SHKLVqtRjdXjmeu4SzzSw5vsC6lTdqcpExXv0/ifdG9wIH4Gr20g/U1YOw4vgWc2/4zhopLfCdl4l3UVOMLK3Kt0xxJpmKEXRAdcZNI8rnaeiN0/Lzsu2Ilj8xG8JRg8W/uFPOVhrg9j8DMxFDUf7s2/y586vW93fOOa6YNNuD3JOh7dSrQan43jlXjZ/nsM/cczHd8Ufem8lU7od34eOwMiTQnoB3XDH5ibRJpD+5s7m4R1yJAZ4Sh0/erv5ud63ywPjOA=='),(1083,1171,'card_cvv2','CHD87969f359dec7df5187b5c24bad659cdIa4o6ZsAkuK74aNQW1ZRWLwy+07wF49JbrchOsgpFNmFsxsWmUYqmPt84lLLh9XRnxyR62FsiOIv0tMCcVmcw22bZTKQn+0w/puWT5NytDRhbagnyWHLHnFmDlNPxcS1hG1lA6vc+gOhMsfICcZHQKpv9JNSkRV5LNixjeUU1LO5ptnx9HDRyQ2sruwIZqmYsZEF3ENfgRRHGVXy+Z4Br5vsi3g0kmrf/Esq7wX4yoF1mBfqN3r1CHgkjF8k4U2+OaYGHBuI2pXRZHd/O2IiZzKsKtq93aWRM9wXBLuzNNUbuAq0PMkfcIUDwmLW0KGTGhsVxPtoJrfQ4KgTmSE8QQ=='),(1084,1171,'card_name','CHD87969f359dec7df5187b5c24bad659cdb3UP8w8/vRt2EIzDycGt0w7Yf3Vx31+pH5RPAP/IkHhiOJef1WIyg/X5QqueF1P3R8pzN4R8RTmmXVaiT+NFU4haNQPqSDJ8ixrval0qrkdVRMOo+ayi12Qc0OA50q2xSklUL9mdNLbBwps/DzDdOLZp2tb0Arh8lpxot6E8rX+s9g3VbdVXC3aCd5nHxrNpFn+Kx+0w0CSuUC2J68ZCuqKm4/95GechrCwywOZYCrWm7GXMqMW/vhPvPcnuyAhAL+jXb/WoZy1eYL6PnwLcPrykYsZsEY2V5Pk9hn4wGa1KulxrbD1juygakyJ6Codc7e+ZKrdErZtP3ZHFI1n1Dg=='),(1085,1171,'card_expire','CHD87969f359dec7df5187b5c24bad659cdkTXRbWD4H2NF2RaEIEfyTcQJFJfz1z95pkvdMtdxABljpOa0blKm0Ni/EQ69q3XvZw8WrXe3pRUw2WSltZ8wrLAKkSOhfSmpTeDcRWER6ZTv/URYj2KlGJsBVMBFkW7vb6B1cXOzz++1RuguJwq08dHw5Je91qoFnlBG03/+AX5NpHMNfWP3E0VBrD/73p13Ljj/TcxNadZljdmO8toVMpq/1R0CVQ2HOsUuOL1dwbFCiBF1PfTvqi5ydGefZMH11QhUUQHGkneTdGoJPLdjFzERUnqzOSpQk4cgUtypfBYz7eie6noiqWPyKFp/sfNMzaM/Zfs5+0A96APMMgXgpg=='),(1143,1185,'card_type','CHD87969f359dec7df5187b5c24bad659cdpXapsaDU3b6JdZjPWBf4YO/vwtPrPrmvv8YVa9lpGUVYQcTfexuO+/lrw39u5cenTIfIcjYJ23FhCku4eaKMSaWlFnAJwVyHM1o2mqyOjznYBEhZnn26+X9W4wsOmNKpBI1xrj2iGzsLVCpVOc4J7rPeh7czQh50qQ0nkvqJnpSLDKRiFugjsUdBlPWyI2WvsPgsBbSJ4YGvzjrH0vRrRoPYxmfhoVdXV4k/J/eGUoLilg6441RwZOcmYis++bWxHiZWCtvASMmn5kzVbl8jzn5Hghio/XpU45Ll/EMdhiVwcu5vzmL7Q9ih+fwZdw4Kp9Pkd0RkkQ6pALtRA/hLgA=='),(1144,1185,'card_number','CHD87969f359dec7df5187b5c24bad659cdqaGEM185Fbpsj28rNzaitMp7DFWH7IRVlDAw7/jotta63avZQo03Ibbx1N1n2QXtuszosVF8sRYV7kztFba6sIOd2C8OSZfsT7jE4hbmnCO9NnqIFxTbb+m3eAybvxR+i4VFIfwwuAhEbzAa3e3O3/IgIrj2RinXIs5bvupKT6rGtCXDQOCAFpXtcEJxmVe2G8VmI99Do/FYwNfXhJHP9bkEksIMoGCkqeM+acRjUO4+qoWHm8Hw08nYmhIDjXWusy2eDJWpSqoNgzVVy/6DdpUfbf5QSAVw8jCwa2c0SyGcJDC6opFwZNKcQMZdDrISalZMKrUWslQ/NB5D2NkumQ=='),(1145,1185,'card_expire_month','CHD87969f359dec7df5187b5c24bad659cdUwFCrt7N15feze85VTl/kdyQR2KV2OS9sFurMj2i1M3njJGq2Ixq3kldL0eAniQdZzKoCnCUqbyIB3omthoMYycNS6HKgTdkpZvDnpPP+T5xwSF6f3D1P3vGE+gkkf/HnQ8w2nGLcvP6gH5GQxb1qy3AOry2Zf96fqnpAqBXyGT3R/QmhZNLSJ5FWBS2GjphaRr1+eaV3VZzHECUYDuHU04gvDKQVT6UtnsJj8o5uSGMV9yzwJWJmkIOyBlcWsxQnrRg8aYaw1N5eyPU4fYmWwaK/LsiNMxVi5RDjgyqbsM4LY0A+Ym+3iRCIx6My7FHdzmZijOgLPtvk3PKJE7NFg=='),(1146,1185,'card_expire_year','CHD87969f359dec7df5187b5c24bad659cdldgls9UUaoTwulheDmayPtzV8QuN6GFyaC/MqNnk1dFjhfvF9SLi3BpUyN/xzgNR3MxB+lhLHjtSltponsMHx3Ik3RoeO4xvBFJnoIybM/Q7ATOUJhhcsumyRkNVBUtxDQ6hEH9Fg6LaetD+ced9EThZ6tQBfBZxP5Bni92d7Kt4UYqoLCDbjn4XTvw5Oy8Z/B4UEp92kpUDBc52ygeRRKoJSBWtHh6P0sGWFxQqjGYLWj1ljRSruA+7ZsRyi1aQPAgtYmsFGewhyHuN1uKH+67C8b3BAwWCLae1jMzFLp9LD62VvunS1IVAF/Tvy/bn5BN0P66/xohHh0Y2MDMlig=='),(1147,1185,'card_cvv2','CHD87969f359dec7df5187b5c24bad659cdnQHgtfDsOx4ZJnJUeFon5X3h1yoADC0Q0AK1Ce3cWtDKj2w9quhNkvQKpLR0+3LUYbA6pSRHw6ltoYpJtB35i1VSshIkQ5vP/BpFlAljQ/V9A8pG0k/xmhCfJAsSLabIUogcjzIWsiMMzAbgKrsWp40Gf3wK+A0yYcfJ2uHyc99rgBYQ0mRiWFVrNyBywhofaFmZvvTKcy+OTReIkY81rSz5SqNgPe3Dlp5ZvsZM5J8XGMrPY7WhFmbqCwJ0Vwof2mBZ5RIcQA9fpBITKcUgGTf8HYpCQGoSqn9BDBEqhasGJS/Gd8YsMhGNCghEja/ij/Wya5qCB352WvJbl+yAPw=='),(1148,1185,'card_name','CHD87969f359dec7df5187b5c24bad659cdG0di/0FlR3JuMhu/HZn5UiylwR0N4VIUvZg17clZitBSa3d+W/T/lAb5KBx7dqILIXYsq5SFVO2RFtLMCP0uZ3BnhqTH3LXr7dKryWHRyYZBvh7KkW06Bq3KeTpU7IpEj2ZRQKlb2L635RoXUp2YWuu85OLJnF13ah2peRbdwS7tQtRzUCEgA1CmaAOjGLoF+qE+NRoNLthHolkZxVKyd7BVoBLTkoeIckZ0vi5lZqh41dVh4fXBF5FbHWGlhACxzuuOUSD+eWscCxg/b3FQTgd/Uf39wXCh1FtYemsSC4KqSb095TWz3aCzVtj7Zfr7zaEzv/zu/zEAAMdyjnOlwg=='),(1149,1185,'card_expire','CHD87969f359dec7df5187b5c24bad659cdhgY43FG/mEgNhw1rKju27p1Q47nw00yCcn/Lm3/EJv/GFD5jzJCyZ7mI/luoyu/kLERJhqHOzr8SRe9jCXjspaFk38S87hSVVb2VhZrnlADB+txoym94uD043BSg5/OU+QmCk8i2Tu0eIZlXFPOEnFNPBBfZEYdTTuI/dtcVRKI9k7Ivw1NU+0v4w8YnFUaxV1m9b3OVESTHk2iuhzTYHtFmV7u9ZSpsv2juXDnIew4lHZFkATGv8Vw2iAcccmWPNbtmCq+R+AlNkW1CnPGfohn4qbNyMBU+qU+497yNhjbhYYGbBS7TLc9ugiRwZDfmB5NXS2teMbq8CZJFNN4SGg=='),(1186,1192,'token_pan','CHD87969f359dec7df5187b5c24bad659cdo/q3nRZONSM14vJW7HjFHaE6Kbgkd3MLdiUmp0WCI5U0k+VmT9eNCvQeTb8T6i+z7+iMwE8ViNQBwDPd7QcTLCefg4qQS/WjbkmSnK18flfYRiu7t9maNgDOzFE9o7BDFilZXaZ3ovoLhxUokDABciL72gh/XVQbeWSWmATyW+QSWOjKBMwPHNbU7Daa4i2LS5YQPOA7Asp3EoRKFBBjYxq28+uaXSp/3eZxpIJw3WG1kXvYmv7guvrBWueJILqPiZJEjLz4X/0e989aulPZpjyXEfhRuj7BvPAuMaxgWGyi2z7JWsj2fJKId+mc359TvpkQDsOwxxuF+9178QqdYQ=='),(1187,1192,'token_expire','CHD87969f359dec7df5187b5c24bad659cdJQMPDuvkRv1+Q5gWezeamsjkJq6oRHmH/fpupJnohBEIYTCR/kyGeYA25i0EKrR58k+s3JVBOvPmyzDmJovdGB5p9XN4pMX45z9OoBQd4tzAqr/RmBpwDbDL4ydO8EtDENAW506w5zsAWldokmnQnmOJ8kzmf7k2v8BH3huML+EbU1zSmDJVUBH4gnNsMyfQMXCQTkhULhuGOYBi7UDlwspHZC4JqnoajAHDnK3AGrs85hbT2MMCbkeYABFvOEdV5LSo64E9Cv+qHEGdshCWXk/cIDBJfgTHjQZNCYMyzYkbsG35t0QMk/dUsQHQEh6UWVzZwXn5R7JkOkR+Enlr0A=='),(1188,1192,'token_expire_year','CHD87969f359dec7df5187b5c24bad659cdXWQZEw72ix45xEgU9Mlef30yFjMLvgFFQflD/NlUesx5XOqZRXoZRCfwms/FbTJx3ytaxVGAplt1ClHQSrpyqDSv9r+mVhVhR+M4CqQosQGZe3IseHZjIUU+4gL7yNhBWC2swAYk8YbTJnsIVlbeNJDRen30M5Pcj8LtRiksSdS4G3bmmG9bcr5hBTrFVwV0O7LD7LjDpHeWYyU9md/VK86nfHiZgtMIsvNxsiNWoqC3w6bj1X6gbgD4AsDe94kHSwNyJq7r1or2DFi2Lcq9VeMi+EQgLB0JXGEwqmJC2KQCv82RjxH9aKC4Pe83NcgPhAA2K6byFO393AgE3DOWQA=='),(1189,1192,'token_expire_month','CHD87969f359dec7df5187b5c24bad659cdJ2vVmy0ArKU5aPM4LbTQ1KJDUkNB5ttwzE5bGTgxgB0NV8jtKi3/l8bBD6KY/c8X0OdTTIa9kIWi0EJanDbTyzHzi5pXi4TsxWh0+/TTlIBXEQh1o9/RC01Z7Wqn54lVnYvDydZUCEJkBJ2HxnXMtSbOQLVGpzxr0M8VZ0KR7XwWUNXAIvpOH8UmpiI6SZvCCBMZOjlIDh9ecHYvkV2qA+jjCeJveZtlp6Iri8SOil3/8jW7SE1ls3ewijyHLIKvyMQefYNK3ATdEm8Y0g6NGyA59Ed+QsCuy/RdOUHf6LCBFJUi4NQZwBZA07FhL/VqI5L18medP6A6lg5kLmIGXA=='),(1190,1192,'token_cryptogram','CHD87969f359dec7df5187b5c24bad659cdIa6EWh0gmY0+Z8sumAcJxXRtSY3zp7o3tYkXjHPtcltGY0hizu1e+5/ilhJKapUoN9aRR6SE5DQuZ+6s5VzhYZDha2/O6gIulCxnPhta4D4e7TBhJocv9jNNlSi6WnFv2uXc7kbMt9hZZpiFZIPQ1h/kqBthH0KxpeTsDXMDPeuzxCSNTf1P2sNZwD6e1H/JGnvrpbRKmIYj+VeB6jzqOL5UGtYyVukrb9cwQeI11CYzcpukytBMx6AHrdyxBZ+jgofbzCMuOZB5ocUIqgdEbBOlDcF4/BhQDkxN6M5+HfNipYo9xFWhXBZkJw1x/x4IdvDII+lcYaUdZDdhD3m7lA=='),(1191,1192,'token_eci','CHD87969f359dec7df5187b5c24bad659cdVQqqMypk6pVqXxLJfhJAlIMW/4f9djK60X6C6g/l17/u1dD2IS4SlU0Giuv/s6ix7k1Ke07u4yJ2Tw3+EpLUo+27WfGwVzhFFhRWGdeaLS9RduZ4KTqLF2QCnPhkhmEoU28Xj2foDlgZsdMO6HZsJb3F4L8zCw8lzsAD8OVkBswc9+e0TtFbztKE7IbqqGlf3qRj+ohO7AwgqP33JBzAuhx8ndIyMIFhlC7v0wXf5WIiSZCu5EvuXoBLJrmv9V5ueLQ+mBMbdKcRoKd8UuyVtuG0IOmm7Uf0h434pm4NtMLlH3KPYYcuh0hJkBUtnsWfxP6HuIWUd4+5W+eK7j2U2w=='),(1192,1192,'card_type','CHD87969f359dec7df5187b5c24bad659cdTG1jaEYvtQm2IVzUblIpPmLPYWS2GkY1xj61eKaUlQuC1itlHBGpKl2ly5XuCGCCMReLeOcazWbfiTQgEWAu6+ZCxbDyojQRSagb/d0kKjGuGcGejqgARzFxSWJf9GwRay5kxjHiyRWr8reFz0LisO6KH+a+KsYdtLviRZv4ISOrYK05yZ12jw931yAqqFr0mRN3As4pXMKKz5ufTHq2zBkxAA/bugLKbHdIKkUatR9PlW3w/ujve3cGxkaqPOlEdQtv168ZY7TVqc5aYwqiPf5lltWlZpmz/EfuzbzokzoLCz4eDIGDfPIZ7RD4he03y/++GpOJPbWG1KCZhmdI6w=='),(1207,1195,'token_pan','CHD87969f359dec7df5187b5c24bad659cdqrCTivvidkq/pHSUZmxFIEuQA9Mn7bqVvPuByqoHhXME+y18f/vXKvQ0B3gK+9ObNx1jCN92L3m3xo+1kSByk9sHuw13Wwg5oWxqwdVq3DkkhMlNoKqigvdxrnZo80gdnNuG+rTR+xBjDNjQqv1d0ZKXmMgCKdtAVRIFZg6M45B7ZSyOsLU3wpI1TT7SC4+epd4zlsdo1tMYZtYH513sBK6Sb4R9ndbu0+2RVZhBpx7T20zTZL/hrdPQk59vGfE2l4/jWPM552gMg5kVrJ5xOxGjyJmv8V9nHBGRw/TZFBCQVyvwndn4WHXWnsql9vahscOeICQ4C46quphoqNFLCQ=='),(1208,1195,'token_expire','CHD87969f359dec7df5187b5c24bad659cdhAsYIYjaEM8zHpDq4QKDkr72L7C8ayxTjOPqIdepU3fiiXeEB8Uml0muDB0tIkfAAXdJ1z9CTDPa3FYLwZN/xlY810gLBJjo6AjYW0rI+Ln3z9h9NIhY24+9WciFGt4pHOp0yS+beIljK7Ch0usR/zd643VU9rQnqik6ZSi/eBit25BsM+o3Zdhq2rTOWUqD3rmsqR62aFEmtLYSwXPKjE63nQs+1KRDDM1HKI7YwDzfSghz+gyiCQmorUXCAfvQVm5oplT+cyZsS+8L6lXKTq5yEBBb2cO+o2ZK7dXRU9CeNz0YK1yamxozPLwr0CX9NFmFM9WV6IoY8xJb9VOKiA=='),(1209,1195,'token_expire_year','CHD87969f359dec7df5187b5c24bad659cdFjwAHwoCG/Jn/TSyFWz33uG7oHRkYOw5yDbgnDZ3d+f0yPPTlX2vBSwLe0xhVOz5h8x/hfo2uGL/ysrWbpq2Cjcwj+qAiRlIt7ePxZffMREggSYd4k26xQwPs2xFu7Tm6DJTrS8GCpNy/+TYfHdmXV2eC5Wi8coIcN4994vXD1YJRa86Q1tLk87lOcUhxbCp4IZ8jBvasz4TnysHEqJRj1dVfe7sUvNIagC0Sm8mjaV1wZZzLrmhtsxmQ+ABl1fe4mpgMMJ6wUbQmnRxYBgWqFvddJpiYB+BFBgIoYiqZ5kgOC7O5YqkBekrUY7PJ8eke7Fkl1SqiZaSdax+2IPM3Q=='),(1210,1195,'token_expire_month','CHD87969f359dec7df5187b5c24bad659cdi7qixGUTVPql0jT7NOnFjdnWwYDBH/2i9/u0ffsIWTJEx9ceYlP7CIpL0rsVtMZ1ohCi/9+8Oj1mb2XwR6XlzpSxEHf8qfjO6Fub2/dFV92nRDnh0D3LHip3TSfAjUiXiQ+IWCxaP6nEcJAGuzEXoXlybZQjGxLu4UcMVq5G+LnNrIFqtHqMYhUFZAkJxrz+P/Fwk8oFoRENt1wLvVFTPmd7uL4+gamA9hXKkWeo1rdWzsEz/AuxuePL1XgeHbJcA8TCPXvGziQ8CT3Iu6BgRN0Vh5WZTNYBYAXJ7LxUYFkf+Pfb4ZiogA8xuUK1426S42d1j6Jcw25smmgUrnoXwg=='),(1211,1195,'token_cryptogram','CHD87969f359dec7df5187b5c24bad659cdne8GwKLFtZQ8QFyBchLu5TtsZjgxxrJmQFK0+jpludjWCju7ZliuhqBRYUN3uqVhGkhB5kiwoxH0Qh+bRINJvdyo/ChHadre05VelLqhBr6n1Hdji0x4LVfqBNugiNQflx77pmWDjGqfU17CJL/lHA3RLru2cPwxsfr982kt1ZrPmGcPQtFdLaui+ge1inypZ+9IJ/AI0ww816E6H/ep66bX6J5UpO+6bR2vV7/37JpBMbltSd7L+Hy8Cp/vIcsFUhEKmCfdiTilVPe/kj0chy7EJ0sZdsXMTpCFBU1aI2Lq+9vO4DeKakCCzlo8+ibSpsHAsJw2aDe7VDRdX7r5Zg=='),(1212,1195,'token_eci','CHD87969f359dec7df5187b5c24bad659cdByvQy9p0MGYZr2YRO8RqMwWZvQgo0bKIINiBHwGZ0rSZLUeCJnvtcDLILRRa0Kfl2CywnLiABNKfHn3tEmpg0BbagN1OEOq/9LYfu/CO7nzwq7l3KNtvCo4K0gXemTJteOkNgrE9aSxAOLkT9QtG6aaTZafyqgUehWNBUmhC7QORcNuUlBWBD8AdvZPPOQHpja9D33/mxbROwtVvu6XnOK+dGW2DplwqeEPXLA+EN1GqLn3OWHYamTlzKWI4+tIVJy0Y6e4Z/J7Uzv7uu3JcCNEaMu25CIlCRwHgjTm9uGclanl8PKU/zTe3X00Rr2HSKP3fglgwNx7Ek4Yoq8/hag=='),(1213,1195,'card_type','CHD87969f359dec7df5187b5c24bad659cdi31tgNtRoATOx7p4NfFl12GAozdZaPN20D1QoMoDYCrkileUk4N/1oVw47OmZjpucBD/Bq4navhw7dHV3c86utlTttQPJi2ne9FufzE/8KBtGGF4slVs0iOnqO8GEVqhpTVnl0S6hIgup9bVsZGj3V/UaEgmcQxD57UQrPlLPg6BxO+WbqToWkkivyMHr6zSOOFxCHUeITxQWWRBpV1QkN15xGCmtTaCPKQQSpgNmUhu94pPDdGJUU37MAGipn1BeJFkhI/3rVIGeMdxWjUq49oZxUCRIKOUP9MUwJYo6tZWDkzJqhKXQr033PZYP2r4Tb/Q+AUSR5miFE8kbvMfEA=='),(1214,1196,'token_pan','CHD87969f359dec7df5187b5c24bad659cdipypY5jPKw5W9yrpn5QoCYxBR02MqLPjM8P6Veixo2PipigRAYoOvhlhr74QgKmITcA5S+e/NxMTfhzz4Zz/kSFMK15M20R/aHzPqLB9WnfVB83kUy7691llG7c1axCPcsAnNXDNOwaFXcS1hU3gjFiOqUDdlV14Z57XloHLaGTR6MMSR3hhhCxgfCiIJAj9/PixoVz3l7uAytm00xXMbZnF93ERd6y0gGWJKiLYPRnfx7e0YDyg6uVd+M6aS72uhtlllpcvc07/Qshwew3ej+fU47mjuG8D9puUdMynwATWfIsJ2ZLxT8KpvCZUDClHXdmL9WLa5IBflAydMBA5og=='),(1215,1196,'token_expire','CHD87969f359dec7df5187b5c24bad659cdGUEETNuG/SgzY8gqBPqvl2IpQbZq9iuubDkqmoU8tEP6eL0XSyBXZA/Kl4bu9iB0jx6bF+1HO6vRzQKV8EN1kae6HW71i+ffAfZa3GQWENFXi0izGlULN4jdIk7KPRO70Jw09ohrFL2ONd7oqLCU3NdL2Xkk+PRBv7iqz2zgrMJed7KMP+JDBDYF/6AbGSI/4TvKIgO2UOzOrzIyvIdcP9Z+bUacIuQ9pus7mZ3yw+mZByfQ1Lf8rgd2tJJxAaM2cC83bkfnGZuRSPrt86Nr3nNuOaor+xaclqv4aCiq1aDL4TVJvIv61qfaxXttSgYSPPtwH5UIDFLkJ6zHCZ0Nkg=='),(1216,1196,'token_expire_year','CHD87969f359dec7df5187b5c24bad659cdDpwBPdkc/tnjNNfR4kxINxO9VTmjv3qfOmU9Vfk0UShqrpFckEQ8eG3WlaNwdK7nVjTgE9n42vhekkRXJWnFPwerpFILOseQLBvTLDkf6598UXNIOUWFmYdVzDYVSMjAhinzOhlHkG5zYu9NTYWkr6vqRiJqXY82lXeWEIfBP5VqPNJH2ycDLTGaWfgVaoUmFjAxQc0rIfdOzwnlrvZH8v49YI4aBwVsWzARP9ipmOlSFmMxcN1H1yxRwSrSqwe5c0Oq/zCGyto9ghXixk5DbVPmoumbC4GTAbAL2RV8zVt8bEIUaVD1t72Ep0A3cDJ6zVJjHTecjL3EtW1l7KW/XA=='),(1217,1196,'token_expire_month','CHD87969f359dec7df5187b5c24bad659cdCEOsBIGgZLPYZNPR85KNVV4cSYrSo4i8yG5TK+FIyv9F8niGfkCYMl5cp2ml+QPMMdi97sKapaKvsTbVWNNeEAdX0/Z/s6WhquxyRgRwh8XhpzBohwH0I5BUUaeZbWhlWncM7Eu0fjhkY6ZuiGZGtVafoGtlXRw7gjKH4gSkxPO6euSOT4BPlGmn2YLcyGkfUbw1AE9lK4smHJWMMRNXZt4u+ERCfFkBur7Faex/tRu7Ut8dOfm9NUohicFpIoNO5Wk9tZEJYiOX9tQnjcKRPj6+ta3knnj7ZSQKGwv1PHmV6pau9YN/jXaui3DY578fSGPBW03W6wZwljYbLVPNJw=='),(1218,1196,'token_cryptogram','CHD87969f359dec7df5187b5c24bad659cdaOTE7OsGwmgtjOigO7i1P4BGEvEoJM3Dnrme0FekfonxHlZasEXGCXKOjAxyYgBrzZD9aF0BMqr0MHJZnSBcylJf3n2S1aHEhDiFfVcznW2S8lNyjUiP8grmeVYh84B97S+IEZZ1fUoYQX9CitWaWuKb9mnDHeye165tLzRWA+OS4gXxc/aHRCbwdJHmNvMf/UzfvVEpfOvFw4F2YYXR+0TrV1sq4XxNhtZA7WvF1LSK3EdASrcg6/jFDEXZkp0MFoZWBK7XefQeK8sFKUjMqd8tH6AEfsyBImUcu0m13cdEz35luoPdhpl12fzwYQ2Pew/o0jnFIYy7pCfyAsN5pQ=='),(1219,1196,'token_eci','CHD87969f359dec7df5187b5c24bad659cdMe4VNvLV4eiMl5abuAsGaqYMvnMqLgksYaOjEehVco3ssoHJXp5xXZgiFz1AWdL0sdSfMUzqJegJAstp60r1tRQiyvbf6xRdc9KyoxXySRvmsi9p3r7BvEm+Zr8hRf3ZqzseXS2P25K+0gcz5+XPUUVYQPz7MeyNto7qsEMnUtd1jCFmqSiBiHztGTBhYpJeUoST+2sOCUGrxa5bf6pD6aOEWBa3fXO9YNaKI9D8yA/vgePtRQ3LaggE2n6Pi+CQ66m5NeinS4WVxI+2ez7O+Ag4wuA1ar7tvZ+oy624qQYoUcOVxPZ5Oklvs5SJXT9xukafHZUq/6EHpjvgSGXefQ=='),(1220,1196,'card_type','CHD87969f359dec7df5187b5c24bad659cdo0TaFq6YI0edLIGDqYUZmlPJpaQh7Q/d/j6PtZ2h/2nGuX30JGg77BSWWe7qcbIYsrA2Lps03WYG/kkA8hz7/6OvlK47skpOeZ7BDENhtnRYUBmYP10gEbs+hTybYr4btUMuiFIDbb/c3rdQw5hp7b76h0SHdsg1Z2mad0amo6XWo2Kd3lX0umeWwjXf4QSpQJNA/OpdERJGQsI1DtNO5SRzi1CgW+37iUyGMPpI6wLtnLuie7Z0hVkUaa2EtkZIWrEPYK/dBl04FoHuiUyB/dOaP+nMngiTtgB1psH44IiR7tdHb+EcoigFU7jKCLX3JknGKxygei7/GgGpWPUVKg==');

--
